[INFO] cloning repository https://github.com/mohammadlashkari/blinky
[INFO] running `Command { std: "git" "-c" "credential.helper=" "-c" "credential.helper=/workspace/cargo-home/bin/git-credential-null" "clone" "--bare" "https://github.com/mohammadlashkari/blinky" "/workspace/cache/git-repos/https%3A%2F%2Fgithub.com%2Fmohammadlashkari%2Fblinky", kill_on_drop: false }`
[INFO] [stderr] Cloning into bare repository '/workspace/cache/git-repos/https%3A%2F%2Fgithub.com%2Fmohammadlashkari%2Fblinky'...
[INFO] running `Command { std: "git" "rev-parse" "HEAD", kill_on_drop: false }`
[INFO] [stdout] b073e4d9d298cbee4e6d7c1e35ff6d93413b39e1
[INFO] checking mohammadlashkari/blinky against 3154cc1a3e6424e44f438a95007d043ed5ceaaf6 for pr-133502-30
[INFO] running `Command { std: "git" "clone" "/workspace/cache/git-repos/https%3A%2F%2Fgithub.com%2Fmohammadlashkari%2Fblinky" "/workspace/builds/worker-1-tc2/source", kill_on_drop: false }`
[INFO] [stderr] Cloning into '/workspace/builds/worker-1-tc2/source'...
[INFO] [stderr] done.
[INFO] removed /workspace/builds/worker-1-tc2/source/.cargo/config.toml
[INFO] started tweaking git repo https://github.com/mohammadlashkari/blinky
[INFO] finished tweaking git repo https://github.com/mohammadlashkari/blinky
[INFO] tweaked toml for git repo https://github.com/mohammadlashkari/blinky written to /workspace/builds/worker-1-tc2/source/Cargo.toml
[INFO] validating manifest of git repo https://github.com/mohammadlashkari/blinky on toolchain 3154cc1a3e6424e44f438a95007d043ed5ceaaf6
[INFO] running `Command { std: CARGO_HOME="/workspace/cargo-home" RUSTUP_HOME="/workspace/rustup-home" "/workspace/cargo-home/bin/cargo" "+3154cc1a3e6424e44f438a95007d043ed5ceaaf6" "metadata" "--manifest-path" "Cargo.toml" "--no-deps", kill_on_drop: false }`
[INFO] crate git repo https://github.com/mohammadlashkari/blinky already has a lockfile, it will not be regenerated
[INFO] running `Command { std: CARGO_HOME="/workspace/cargo-home" RUSTUP_HOME="/workspace/rustup-home" "/workspace/cargo-home/bin/cargo" "+3154cc1a3e6424e44f438a95007d043ed5ceaaf6" "fetch" "--manifest-path" "Cargo.toml", kill_on_drop: false }`
[INFO] running `Command { std: "docker" "create" "-v" "/var/lib/crater-agent-workspace/builds/worker-1-tc2/source:/opt/rustwide/workdir:ro,Z" "-v" "/var/lib/crater-agent-workspace/builds/worker-1-tc2/target:/opt/rustwide/target:rw,Z" "-v" "/var/lib/crater-agent-workspace/cargo-home:/opt/rustwide/cargo-home:ro,Z" "-v" "/var/lib/crater-agent-workspace/rustup-home:/opt/rustwide/rustup-home:ro,Z" "-m" "1610612736" "--network" "none" "ghcr.io/rust-lang/crates-build-env/linux@sha256:77db811e55d90add9212f6832c23229e3de5f1c1f9905e8cb07319ea15df73ac" "sleep" "infinity", kill_on_drop: false }`
[INFO] [stdout] 0cd45c90f3728bfa5059083e45aaf9b115495619e1769f0e20cb890af13c75ed
[INFO] running `Command { std: "docker" "start" "0cd45c90f3728bfa5059083e45aaf9b115495619e1769f0e20cb890af13c75ed", kill_on_drop: false }`
[INFO] running `Command { std: "docker" "inspect" "0cd45c90f3728bfa5059083e45aaf9b115495619e1769f0e20cb890af13c75ed", kill_on_drop: false }`
[INFO] running `Command { std: "docker" "exec" "-e" "SOURCE_DIR=/opt/rustwide/workdir" "-e" "CARGO_HOME=/opt/rustwide/cargo-home" "-e" "RUSTUP_HOME=/opt/rustwide/rustup-home" "-e" "CARGO_TARGET_DIR=/opt/rustwide/target" "-w" "/opt/rustwide/workdir" "--user" "0:0" "0cd45c90f3728bfa5059083e45aaf9b115495619e1769f0e20cb890af13c75ed" "/opt/rustwide/cargo-home/bin/cargo" "+3154cc1a3e6424e44f438a95007d043ed5ceaaf6" "metadata" "--no-deps" "--format-version=1", kill_on_drop: false }`
[INFO] running `Command { std: "docker" "inspect" "0cd45c90f3728bfa5059083e45aaf9b115495619e1769f0e20cb890af13c75ed", kill_on_drop: false }`
[INFO] running `Command { std: "docker" "exec" "-e" "SOURCE_DIR=/opt/rustwide/workdir" "-e" "CARGO_HOME=/opt/rustwide/cargo-home" "-e" "RUSTUP_HOME=/opt/rustwide/rustup-home" "-e" "CARGO_TARGET_DIR=/opt/rustwide/target" "-e" "CARGO_INCREMENTAL=0" "-e" "RUST_BACKTRACE=full" "-e" "RUSTFLAGS=--cap-lints=forbid" "-e" "RUSTDOCFLAGS=--cap-lints=forbid" "-w" "/opt/rustwide/workdir" "--user" "0:0" "0cd45c90f3728bfa5059083e45aaf9b115495619e1769f0e20cb890af13c75ed" "/opt/rustwide/cargo-home/bin/cargo" "+3154cc1a3e6424e44f438a95007d043ed5ceaaf6" "check" "--frozen" "--all" "--all-targets" "--message-format=json", kill_on_drop: false }`
[INFO] [stderr]    Compiling memchr v2.8.3
[INFO] [stderr]    Compiling parking_lot_core v0.9.12
[INFO] [stderr]    Compiling quote v1.0.47
[INFO] [stderr]    Compiling smallvec v1.15.2
[INFO] [stderr]    Compiling regex-syntax v0.8.11
[INFO] [stderr]    Compiling crypto-common v0.1.7
[INFO] [stderr]    Compiling phf_shared v0.11.3
[INFO] [stderr]    Compiling bit-vec v0.8.0
[INFO] [stderr]    Compiling either v1.16.0
[INFO] [stderr]    Compiling digest v0.10.7
[INFO] [stderr]    Compiling syn v2.0.119
[INFO] [stderr]    Compiling aho-corasick v1.1.4
[INFO] [stderr]    Compiling term v1.2.1
[INFO] [stderr]    Compiling itertools v0.14.0
[INFO] [stderr]    Compiling bit-set v0.8.0
[INFO] [stderr]    Compiling sha3 v0.10.9
[INFO] [stderr]    Compiling ena v0.14.4
[INFO] [stderr]    Compiling parking_lot v0.12.5
[INFO] [stderr]    Compiling pico-args v0.5.0
[INFO] [stderr]    Compiling unicode-xid v0.2.6
[INFO] [stderr]    Compiling semver-parser v0.7.0
[INFO] [stderr]    Compiling arrayvec v0.7.8
[INFO] [stderr]    Compiling string_cache v0.8.9
[INFO] [stderr]    Compiling ascii-canvas v4.0.0
[INFO] [stderr]    Compiling semver v0.9.0
[INFO] [stderr]     Checking nb v1.1.0
[INFO] [stderr]    Compiling proc-macro-error-attr2 v2.0.0
[INFO] [stderr]    Compiling termcolor v1.4.1
[INFO] [stderr]     Checking vcell v0.1.3
[INFO] [stderr]    Compiling unicode-width v0.1.14
[INFO] [stderr]    Compiling portable-atomic v1.14.0
[INFO] [stderr]    Compiling rustc_version v0.2.3
[INFO] [stderr]    Compiling frunk_core v0.5.0
[INFO] [stderr]    Compiling bare-metal v0.2.5
[INFO] [stderr]    Compiling codespan-reporting v0.11.1
[INFO] [stderr]     Checking nb v0.1.3
[INFO] [stderr]     Checking embedded-hal v1.0.0
[INFO] [stderr]    Compiling rp235x-pac v0.2.0
[INFO] [stderr]     Checking gcd v2.3.0
[INFO] [stderr]    Compiling embedded-hal-async v1.0.0
[INFO] [stderr]     Checking embedded-hal v0.2.7
[INFO] [stderr]     Checking fugit v0.3.9
[INFO] [stderr]    Compiling cortex-m v0.7.7
[INFO] [stderr]     Checking frunk_core v0.4.4
[INFO] [stderr]    Compiling cortex-m-rt v0.7.5
[INFO] [stderr]     Checking critical-section v1.2.0
[INFO] [stderr]     Checking itertools v0.13.0
[INFO] [stderr]    Compiling regex-automata v0.4.16
[INFO] [stderr]     Checking usb-device v0.3.2
[INFO] [stderr]     Checking rp-hal-common v0.1.0
[INFO] [stderr]     Checking embedded-hal-nb v1.0.0
[INFO] [stderr]     Checking volatile-register v0.2.2
[INFO] [stderr]     Checking embedded-dma v0.2.0
[INFO] [stderr]     Checking bitfield v0.13.2
[INFO] [stderr]     Checking bitfield v0.14.0
[INFO] [stderr]     Checking rand_core v0.9.5
[INFO] [stderr]     Checking embedded-io v0.7.1
[INFO] [stderr]     Checking rp-binary-info v0.1.2
[INFO] [stderr]    Compiling frunk_proc_macro_helpers v0.1.5
[INFO] [stderr]    Compiling proc-macro-error2 v2.0.1
[INFO] [stderr]    Compiling num_enum_derive v0.7.6
[INFO] [stderr]    Compiling frunk_derives v0.4.4
[INFO] [stderr]    Compiling rp235x-hal-macros v0.1.0
[INFO] [stderr]    Compiling cortex-m-rt-macros v0.7.5
[INFO] [stderr]     Checking frunk v0.4.4
[INFO] [stderr]    Compiling regex v1.13.1
[INFO] [stderr]    Compiling lalrpop-util v0.22.2
[INFO] [stderr]    Compiling num_enum v0.7.6
[INFO] [stderr]    Compiling pio-core v0.3.0
[INFO] [stderr]    Compiling lalrpop v0.22.2
[INFO] [stderr]    Compiling pio-parser v0.3.0
[INFO] [stderr]    Compiling pio-proc v0.3.0
[INFO] [stderr]     Checking pio v0.3.0
[INFO] [stderr]     Checking rp235x-hal v0.4.0
[INFO] [stderr]     Checking blinky v0.1.0 (/opt/rustwide/workdir)
[INFO] [stdout] error[E0433]: cannot find `arch_entry` in `rp235x_hal`
[INFO] [stdout]    --> src/main.rs:24:1
[INFO] [stdout]     |
[INFO] [stdout]  24 | #[hal::entry]
[INFO] [stdout]     | ^^^^^^^^^^^^^ could not find `arch_entry` in `rp235x_hal`
[INFO] [stdout]     |
[INFO] [stdout] note: found an item that was configured out
[INFO] [stdout]    --> /opt/rustwide/cargo-home/registry/src/index.crates.io-1949cf8c6b5b557f/rp235x-hal-0.4.0/src/lib.rs:96:31
[INFO] [stdout]     |
[INFO] [stdout]  95 | #[cfg(all(target_arch = "arm", target_os = "none"))]
[INFO] [stdout]     |           ------------------- the item is gated behind the `arm` feature
[INFO] [stdout]  96 | pub use cortex_m_rt::entry as arch_entry;
[INFO] [stdout]     |                               ^^^^^^^^^^
[INFO] [stdout] note: found an item that was configured out
[INFO] [stdout]    --> /opt/rustwide/cargo-home/registry/src/index.crates.io-1949cf8c6b5b557f/rp235x-hal-0.4.0/src/lib.rs:100:28
[INFO] [stdout]     |
[INFO] [stdout]  99 | #[cfg(all(target_arch = "riscv32", target_os = "none"))]
[INFO] [stdout]     |           ----------------------- the item is gated behind the `riscv32` feature
[INFO] [stdout] 100 | pub use riscv_rt::entry as arch_entry;
[INFO] [stdout]     |                            ^^^^^^^^^^
[INFO] [stdout]     = note: this error originates in the attribute macro `hal::entry` (in Nightly builds, run with -Z macro-backtrace for more info)
[INFO] [stdout] 
[INFO] [stdout] 
[INFO] [stdout] error[E0152]: found duplicate lang item `panic_impl`
[INFO] [stdout]   --> src/main.rs:11:1
[INFO] [stdout]    |
[INFO] [stdout] 11 | / fn panic(_info: &PanicInfo) -> ! {
[INFO] [stdout] 12 | |     loop {}
[INFO] [stdout] 13 | | }
[INFO] [stdout]    | |_^
[INFO] [stdout]    |
[INFO] [stdout]    = note: the lang item is first defined in crate `std` (which `test` depends on)
[INFO] [stdout]    = note: first definition in `std` loaded from /opt/rustwide/rustup-home/toolchains/3154cc1a3e6424e44f438a95007d043ed5ceaaf6/lib/rustlib/x86_64-unknown-linux-gnu/lib/libstd-6ee2a0f0126c8a50.rmeta
[INFO] [stdout]    = note: second definition in the local crate (`blinky`)
[INFO] [stdout] 
[INFO] [stdout] 
[INFO] [stdout] error[E0433]: cannot find `arch_entry` in `rp235x_hal`
[INFO] [stdout]    --> src/main.rs:24:1
[INFO] [stdout]     |
[INFO] [stdout]  24 | #[hal::entry]
[INFO] [stdout]     | ^^^^^^^^^^^^^ could not find `arch_entry` in `rp235x_hal`
[INFO] [stdout]     |
[INFO] [stdout] note: found an item that was configured out
[INFO] [stdout]    --> /opt/rustwide/cargo-home/registry/src/index.crates.io-1949cf8c6b5b557f/rp235x-hal-0.4.0/src/lib.rs:96:31
[INFO] [stdout]     |
[INFO] [stdout]  95 | #[cfg(all(target_arch = "arm", target_os = "none"))]
[INFO] [stdout]     |           ------------------- the item is gated behind the `arm` feature
[INFO] [stdout]  96 | pub use cortex_m_rt::entry as arch_entry;
[INFO] [stdout]     |                               ^^^^^^^^^^
[INFO] [stdout] note: found an item that was configured out
[INFO] [stdout]    --> /opt/rustwide/cargo-home/registry/src/index.crates.io-1949cf8c6b5b557f/rp235x-hal-0.4.0/src/lib.rs:100:28
[INFO] [stdout]     |
[INFO] [stdout]  99 | #[cfg(all(target_arch = "riscv32", target_os = "none"))]
[INFO] [stdout]     |           ----------------------- the item is gated behind the `riscv32` feature
[INFO] [stdout] 100 | pub use riscv_rt::entry as arch_entry;
[INFO] [stdout]     |                            ^^^^^^^^^^
[INFO] [stdout]     = note: this error originates in the attribute macro `hal::entry` (in Nightly builds, run with -Z macro-backtrace for more info)
[INFO] [stdout] 
[INFO] [stdout] 
[INFO] [stdout] error: unwinding panics are not supported without std
[INFO] [stdout]   |
[INFO] [stdout]   = help: using nightly cargo, use -Zbuild-std with panic="abort" to avoid unwinding
[INFO] [stdout]   = note: since the core library is usually precompiled with panic="unwind", rebuilding your crate with panic="abort" may not be enough to fix the problem
[INFO] [stdout] 
[INFO] [stdout] 
[INFO] [stdout] Some errors have detailed explanations: E0152, E0433.
[INFO] [stdout] 
[INFO] [stdout] For more information about an error, try `rustc --explain E0152`.
[INFO] [stdout] 
[INFO] [stderr] error: could not compile `blinky` (bin "blinky" test) due to 2 previous errors
[INFO] [stderr] warning: build failed, waiting for other jobs to finish...
[INFO] [stdout] For more information about this error, try `rustc --explain E0433`.
[INFO] [stdout] 
[INFO] [stderr] error: could not compile `blinky` (bin "blinky") due to 2 previous errors
[INFO] running `Command { std: "docker" "inspect" "0cd45c90f3728bfa5059083e45aaf9b115495619e1769f0e20cb890af13c75ed", kill_on_drop: false }`
[INFO] running `Command { std: "docker" "rm" "-f" "0cd45c90f3728bfa5059083e45aaf9b115495619e1769f0e20cb890af13c75ed", kill_on_drop: false }`
[INFO] [stdout] 0cd45c90f3728bfa5059083e45aaf9b115495619e1769f0e20cb890af13c75ed
