[INFO] cloning repository https://github.com/mofa-org/makepad-flex-layout
[INFO] running `Command { std: "git" "-c" "credential.helper=" "-c" "credential.helper=/workspace/cargo-home/bin/git-credential-null" "clone" "--bare" "https://github.com/mofa-org/makepad-flex-layout" "/workspace/cache/git-repos/https%3A%2F%2Fgithub.com%2Fmofa-org%2Fmakepad-flex-layout", kill_on_drop: false }`
[INFO] [stderr] Cloning into bare repository '/workspace/cache/git-repos/https%3A%2F%2Fgithub.com%2Fmofa-org%2Fmakepad-flex-layout'...
[INFO] running `Command { std: "git" "rev-parse" "HEAD", kill_on_drop: false }`
[INFO] [stdout] 02cb8d0331bd9b8139e92ab894a010841124d414
[INFO] checking mofa-org/makepad-flex-layout against 3154cc1a3e6424e44f438a95007d043ed5ceaaf6+rustflags=-Znext-solver=coherence for pr-133502-30
[INFO] running `Command { std: "git" "clone" "/workspace/cache/git-repos/https%3A%2F%2Fgithub.com%2Fmofa-org%2Fmakepad-flex-layout" "/workspace/builds/worker-4-tc1/source", kill_on_drop: false }`
[INFO] [stderr] Cloning into '/workspace/builds/worker-4-tc1/source'...
[INFO] [stderr] done.
[INFO] started tweaking git repo https://github.com/mofa-org/makepad-flex-layout
[INFO] finished tweaking git repo https://github.com/mofa-org/makepad-flex-layout
[INFO] tweaked toml for git repo https://github.com/mofa-org/makepad-flex-layout written to /workspace/builds/worker-4-tc1/source/Cargo.toml
[INFO] validating manifest of git repo https://github.com/mofa-org/makepad-flex-layout on toolchain 3154cc1a3e6424e44f438a95007d043ed5ceaaf6
[INFO] running `Command { std: CARGO_HOME="/workspace/cargo-home" RUSTUP_HOME="/workspace/rustup-home" "/workspace/cargo-home/bin/cargo" "+3154cc1a3e6424e44f438a95007d043ed5ceaaf6" "metadata" "--manifest-path" "Cargo.toml" "--no-deps", kill_on_drop: false }`
[INFO] crate git repo https://github.com/mofa-org/makepad-flex-layout already has a lockfile, it will not be regenerated
[INFO] running `Command { std: CARGO_HOME="/workspace/cargo-home" RUSTUP_HOME="/workspace/rustup-home" "/workspace/cargo-home/bin/cargo" "+3154cc1a3e6424e44f438a95007d043ed5ceaaf6" "fetch" "--manifest-path" "Cargo.toml", kill_on_drop: false }`
[INFO] [stderr]     Updating git repository `https://github.com/makepad/makepad`
[INFO] [stderr]     Updating git repository `https://github.com/makepad/makepad`
[INFO] [stderr]     Updating crates.io index
[INFO] [stderr] warning: skipping duplicate package `bitflags v2.10.0 (https://github.com/makepad/makepad?branch=dev#ed3eb88d)`:
[INFO] [stderr]   /workspace/cargo-home/git/checkouts/makepad-ec2f134f34cd9f98/ed3eb88/libs/vulkan/bitflags/Cargo.toml
[INFO] [stderr] in favor of /workspace/cargo-home/git/checkouts/makepad-ec2f134f34cd9f98/ed3eb88/libs/bitflags/Cargo.toml
[INFO] [stderr] 
[INFO] [stderr] warning: skipping duplicate package `cfg-if v1.0.4 (https://github.com/makepad/makepad?branch=dev#ed3eb88d)`:
[INFO] [stderr]   /workspace/cargo-home/git/checkouts/makepad-ec2f134f34cd9f98/ed3eb88/libs/vulkan/cfg-if/Cargo.toml
[INFO] [stderr] in favor of /workspace/cargo-home/git/checkouts/makepad-ec2f134f34cd9f98/ed3eb88/libs/cfg-if/Cargo.toml
[INFO] [stderr] 
[INFO] [stderr]     Blocking waiting for file lock on package cache
[INFO] [stderr]  Downloading crates ...
[INFO] [stderr]   Downloaded zmij v1.0.14
[INFO] [stderr]   Downloaded ctor v0.2.9
[INFO] [stderr]   Downloaded napi-ohos v0.1.3
[INFO] [stderr]   Downloaded napi-sys-ohos v0.0.1
[INFO] [stderr]   Downloaded unicode-ccc v0.1.2
[INFO] [stderr]   Downloaded makepad-jni-sys v0.4.0
[INFO] [stderr]   Downloaded hilog-sys v0.1.7
[INFO] [stderr]   Downloaded ohos-sys v0.2.2
[INFO] [stderr]   Downloaded napi-derive-ohos v0.0.9
[INFO] [stderr]   Downloaded unicode-bidi-mirroring v0.1.0
[INFO] [stderr]   Downloaded makepad-android-state v0.1.0
[INFO] [stderr]   Downloaded sdfer v0.2.1
[INFO] [stderr]   Downloaded napi-derive-backend-ohos v0.0.7
[INFO] [stderr]   Downloaded pulldown-cmark v0.12.2
[INFO] [stderr]   Downloaded nix v0.31.1
[INFO] running `Command { std: "docker" "create" "-v" "/var/lib/crater-agent-workspace/builds/worker-4-tc1/source:/opt/rustwide/workdir:ro,Z" "-v" "/var/lib/crater-agent-workspace/builds/worker-4-tc1/target:/opt/rustwide/target:rw,Z" "-v" "/var/lib/crater-agent-workspace/cargo-home:/opt/rustwide/cargo-home:ro,Z" "-v" "/var/lib/crater-agent-workspace/rustup-home:/opt/rustwide/rustup-home:ro,Z" "-m" "1610612736" "--network" "none" "ghcr.io/rust-lang/crates-build-env/linux@sha256:77db811e55d90add9212f6832c23229e3de5f1c1f9905e8cb07319ea15df73ac" "sleep" "infinity", kill_on_drop: false }`
[INFO] [stdout] afee355b269f4eda43aee5c66b95d12c000c607b357219ed3caedfeeb02bdb49
[INFO] running `Command { std: "docker" "start" "afee355b269f4eda43aee5c66b95d12c000c607b357219ed3caedfeeb02bdb49", kill_on_drop: false }`
[INFO] running `Command { std: "docker" "inspect" "afee355b269f4eda43aee5c66b95d12c000c607b357219ed3caedfeeb02bdb49", kill_on_drop: false }`
[INFO] running `Command { std: "docker" "exec" "-e" "SOURCE_DIR=/opt/rustwide/workdir" "-e" "CARGO_HOME=/opt/rustwide/cargo-home" "-e" "RUSTUP_HOME=/opt/rustwide/rustup-home" "-e" "CARGO_TARGET_DIR=/opt/rustwide/target" "-w" "/opt/rustwide/workdir" "--user" "0:0" "afee355b269f4eda43aee5c66b95d12c000c607b357219ed3caedfeeb02bdb49" "/opt/rustwide/cargo-home/bin/cargo" "+3154cc1a3e6424e44f438a95007d043ed5ceaaf6" "metadata" "--no-deps" "--format-version=1", kill_on_drop: false }`
[INFO] running `Command { std: "docker" "inspect" "afee355b269f4eda43aee5c66b95d12c000c607b357219ed3caedfeeb02bdb49", kill_on_drop: false }`
[INFO] running `Command { std: "docker" "exec" "-e" "SOURCE_DIR=/opt/rustwide/workdir" "-e" "CARGO_HOME=/opt/rustwide/cargo-home" "-e" "RUSTUP_HOME=/opt/rustwide/rustup-home" "-e" "CARGO_TARGET_DIR=/opt/rustwide/target" "-e" "CARGO_INCREMENTAL=0" "-e" "RUST_BACKTRACE=full" "-e" "RUSTFLAGS=--cap-lints=forbid -Znext-solver=coherence" "-e" "RUSTDOCFLAGS=--cap-lints=forbid" "-w" "/opt/rustwide/workdir" "--user" "0:0" "afee355b269f4eda43aee5c66b95d12c000c607b357219ed3caedfeeb02bdb49" "/opt/rustwide/cargo-home/bin/cargo" "+3154cc1a3e6424e44f438a95007d043ed5ceaaf6" "check" "--frozen" "--all" "--all-targets" "--message-format=json", kill_on_drop: false }`
[INFO] [stderr] warning: skipping duplicate package `bitflags v2.10.0 (https://github.com/makepad/makepad?branch=dev#ed3eb88d)`:
[INFO] [stderr]   /opt/rustwide/cargo-home/git/checkouts/makepad-ec2f134f34cd9f98/ed3eb88/libs/vulkan/bitflags/Cargo.toml
[INFO] [stderr] in favor of /opt/rustwide/cargo-home/git/checkouts/makepad-ec2f134f34cd9f98/ed3eb88/libs/bitflags/Cargo.toml
[INFO] [stderr] 
[INFO] [stderr] warning: skipping duplicate package `cfg-if v1.0.4 (https://github.com/makepad/makepad?branch=dev#ed3eb88d)`:
[INFO] [stderr]   /opt/rustwide/cargo-home/git/checkouts/makepad-ec2f134f34cd9f98/ed3eb88/libs/vulkan/cfg-if/Cargo.toml
[INFO] [stderr] in favor of /opt/rustwide/cargo-home/git/checkouts/makepad-ec2f134f34cd9f98/ed3eb88/libs/cfg-if/Cargo.toml
[INFO] [stderr] 
[INFO] [stderr]    Compiling makepad-micro-proc-macro v1.0.0 (https://github.com/makepad/makepad?branch=dev#ed3eb88d)
[INFO] [stderr]     Checking smallvec v1.15.1
[INFO] [stderr]     Checking bitflags v2.10.0
[INFO] [stderr]    Compiling libc v0.2.180
[INFO] [stderr]    Compiling makepad-micro-proc-macro v0.4.0 (https://github.com/makepad/makepad?branch=rik#f27e2062)
[INFO] [stderr]     Checking simd-adler32 v0.3.8
[INFO] [stderr]    Compiling pkg-config v0.3.32 (https://github.com/makepad/makepad?branch=dev#ed3eb88d)
[INFO] [stderr]     Checking log v0.4.29 (https://github.com/makepad/makepad?branch=dev#ed3eb88d)
[INFO] [stderr]     Checking smallvec v1.15.1 (https://github.com/makepad/makepad?branch=dev#ed3eb88d)
[INFO] [stderr]    Compiling makepad-script v1.0.0 (https://github.com/makepad/makepad?branch=dev#ed3eb88d)
[INFO] [stderr]    Compiling wayland-backend v0.3.12 (https://github.com/makepad/makepad?branch=dev#ed3eb88d)
[INFO] [stderr]     Checking scoped-tls v1.0.1 (https://github.com/makepad/makepad?branch=dev#ed3eb88d)
[INFO] [stderr]     Checking makepad-zune-core v0.5.1 (https://github.com/makepad/makepad?branch=dev#ed3eb88d)
[INFO] [stderr]     Checking downcast-rs v1.2.1 (https://github.com/makepad/makepad?branch=dev#ed3eb88d)
[INFO] [stderr]    Compiling zerocopy v0.8.39 (https://github.com/makepad/makepad?branch=dev#ed3eb88d)
[INFO] [stderr]     Checking makepad-regex v0.1.0 (https://github.com/makepad/makepad?branch=dev#ed3eb88d)
[INFO] [stderr]    Compiling num-traits v0.2.20 (https://github.com/makepad/makepad?branch=dev#ed3eb88d)
[INFO] [stderr]     Checking bytemuck v1.24.0
[INFO] [stderr]     Checking miniz_oxide v0.8.9
[INFO] [stderr]    Compiling nix v0.31.1
[INFO] [stderr]     Checking foldhash v0.2.0 (https://github.com/makepad/makepad?branch=dev#ed3eb88d)
[INFO] [stderr]     Checking arrayvec v0.7.6
[INFO] [stderr]    Compiling proc-macro2 v1.0.105
[INFO] [stderr]    Compiling cfg_aliases v0.2.1 (https://github.com/makepad/makepad?branch=dev#ed3eb88d)
[INFO] [stderr]    Compiling thiserror v2.0.18 (https://github.com/makepad/makepad?branch=dev#ed3eb88d)
[INFO] [stderr]    Compiling wayland-client v0.31.12 (https://github.com/makepad/makepad?branch=dev#ed3eb88d)
[INFO] [stderr]     Checking bitflags v2.10.0 (https://github.com/makepad/makepad?branch=dev#ed3eb88d)
[INFO] [stderr]     Checking hashbrown v0.16.1 (https://github.com/makepad/makepad?branch=dev#ed3eb88d)
[INFO] [stderr]    Compiling makepad-live-id-macros v0.4.0 (https://github.com/makepad/makepad?branch=rik#f27e2062)
[INFO] [stderr]    Compiling makepad-micro-serde-derive v0.4.0 (https://github.com/makepad/makepad?branch=rik#f27e2062)
[INFO] [stderr]    Compiling makepad-live-id-macros v1.0.0 (https://github.com/makepad/makepad?branch=dev#ed3eb88d)
[INFO] [stderr]    Compiling makepad-micro-serde-derive v1.0.0 (https://github.com/makepad/makepad?branch=dev#ed3eb88d)
[INFO] [stderr]    Compiling makepad-script-derive v1.0.0 (https://github.com/makepad/makepad?branch=dev#ed3eb88d)
[INFO] [stderr]    Compiling thiserror-impl v2.0.18 (https://github.com/makepad/makepad?branch=dev#ed3eb88d)
[INFO] [stderr]    Compiling naga v27.0.3 (https://github.com/makepad/makepad?branch=dev#ed3eb88d)
[INFO] [stderr]     Checking bitflags v1.3.2
[INFO] [stderr]     Checking equivalent v1.0.2 (https://github.com/makepad/makepad?branch=dev#ed3eb88d)
[INFO] [stderr]    Compiling quote v1.0.43
[INFO] [stderr]     Checking makepad-live-id v0.4.0 (https://github.com/makepad/makepad?branch=rik#f27e2062)
[INFO] [stderr]     Checking makepad-live-id v1.0.0 (https://github.com/makepad/makepad?branch=dev#ed3eb88d)
[INFO] [stderr]    Compiling wayland-sys v0.31.8 (https://github.com/makepad/makepad?branch=dev#ed3eb88d)
[INFO] [stderr]     Checking makepad-html v1.0.0 (https://github.com/makepad/makepad?branch=dev#ed3eb88d)
[INFO] [stderr]     Checking simd-adler32 v0.3.9 (https://github.com/makepad/makepad?branch=dev#ed3eb88d)
[INFO] [stderr]     Checking flate2 v1.1.8
[INFO] [stderr]     Checking cfg-if v1.0.4 (https://github.com/makepad/makepad?branch=dev#ed3eb88d)
[INFO] [stderr]     Checking bit-vec v0.8.0 (https://github.com/makepad/makepad?branch=dev#ed3eb88d)
[INFO] [stderr]    Compiling makepad-derive-live v0.4.0 (https://github.com/makepad/makepad?branch=rik#f27e2062)
[INFO] [stderr]     Checking makepad-zune-inflate v0.2.54 (https://github.com/makepad/makepad?branch=dev#ed3eb88d)
[INFO] [stderr]     Checking makepad-micro-serde v0.4.0 (https://github.com/makepad/makepad?branch=rik#f27e2062)
[INFO] [stderr]     Checking tiny-skia-path v0.11.4
[INFO] [stderr]     Checking kurbo v0.11.3
[INFO] [stderr]     Checking makepad-micro-serde v1.0.0 (https://github.com/makepad/makepad?branch=dev#ed3eb88d)
[INFO] [stderr]     Checking spirv v0.3.0+sdk-1.3.268.0 (https://github.com/makepad/makepad?branch=dev#ed3eb88d)
[INFO] [stderr]     Checking fdeflate v0.3.7
[INFO] [stderr]     Checking bit-set v0.8.0 (https://github.com/makepad/makepad?branch=dev#ed3eb88d)
[INFO] [stderr]     Checking indexmap v2.13.0 (https://github.com/makepad/makepad?branch=dev#ed3eb88d)
[INFO] [stderr]     Checking hexf-parse v0.2.1 (https://github.com/makepad/makepad?branch=dev#ed3eb88d)
[INFO] [stderr]     Checking once_cell v1.21.3 (https://github.com/makepad/makepad?branch=dev#ed3eb88d)
[INFO] [stderr]    Compiling makepad-platform v2.0.0 (https://github.com/makepad/makepad?branch=dev#ed3eb88d)
[INFO] [stderr]     Checking ttf-parser v0.24.1 (https://github.com/makepad/makepad?branch=dev#ed3eb88d)
[INFO] [stderr]     Checking rustc-hash v1.1.0 (https://github.com/makepad/makepad?branch=dev#ed3eb88d)
[INFO] [stderr]     Checking siphasher v1.0.1
[INFO] [stderr]     Checking arrayvec v0.7.6 (https://github.com/makepad/makepad?branch=dev#ed3eb88d)
[INFO] [stderr]     Checking makepad-filesystem-watcher v0.1.0 (https://github.com/makepad/makepad?branch=dev#ed3eb88d)
[INFO] [stderr]     Checking unicode-ident v1.0.22
[INFO] [stderr]     Checking png v0.17.16
[INFO] [stderr]     Checking makepad-live-reload-core v0.1.0 (https://github.com/makepad/makepad?branch=dev#ed3eb88d)
[INFO] [stderr]     Checking makepad-zune-png v0.5.2 (https://github.com/makepad/makepad?branch=dev#ed3eb88d)
[INFO] [stderr]     Checking makepad-math v0.4.0 (https://github.com/makepad/makepad?branch=rik#f27e2062)
[INFO] [stderr]     Checking simplecss v0.2.2
[INFO] [stderr]     Checking makepad-error-log v1.0.0 (https://github.com/makepad/makepad?branch=dev#ed3eb88d)
[INFO] [stderr]     Checking makepad-math v1.0.0 (https://github.com/makepad/makepad?branch=dev#ed3eb88d)
[INFO] [stderr]    Compiling zmij v1.0.14
[INFO] [stderr]     Checking byteorder v1.5.0 (https://github.com/makepad/makepad?branch=dev#ed3eb88d)
[INFO] [stderr]     Checking weezl v0.1.12 (https://github.com/makepad/makepad?branch=dev#ed3eb88d)
[INFO] [stderr]     Checking makepad-shared-bytes v1.0.0 (https://github.com/makepad/makepad?branch=dev#ed3eb88d)
[INFO] [stderr]     Checking makepad-live-tokenizer v0.4.0 (https://github.com/makepad/makepad?branch=rik#f27e2062)
[INFO] [stderr]    Compiling pulldown-cmark v0.12.2 (https://github.com/makepad/makepad?branch=dev#ed3eb88d)
[INFO] [stderr]     Checking makepad-tsdf v0.1.0 (https://github.com/makepad/makepad?branch=dev#ed3eb88d)
[INFO] [stderr]     Checking memchr v2.7.6
[INFO] [stderr]     Checking makepad-futures v1.0.0 (https://github.com/makepad/makepad?branch=dev#ed3eb88d)
[INFO] [stderr]     Checking imagesize v0.12.0
[INFO] [stderr]     Checking unicode-properties v0.1.4 (https://github.com/makepad/makepad?branch=dev#ed3eb88d)
[INFO] [stderr]     Checking unicode-bidi-mirroring v0.3.0 (https://github.com/makepad/makepad?branch=dev#ed3eb88d)
[INFO] [stderr]     Checking makepad-byteorder-lite v0.1.0 (https://github.com/makepad/makepad?branch=dev#ed3eb88d)
[INFO] [stderr]     Checking bytemuck v1.25.0 (https://github.com/makepad/makepad?branch=dev#ed3eb88d)
[INFO] [stderr]     Checking unicode-script v0.5.8 (https://github.com/makepad/makepad?branch=dev#ed3eb88d)
[INFO] [stderr]     Checking unicode-ccc v0.3.0 (https://github.com/makepad/makepad?branch=dev#ed3eb88d)
[INFO] [stderr]     Checking svgtypes v0.15.3
[INFO] [stderr]     Checking makepad-gif v0.1.0 (https://github.com/makepad/makepad?branch=dev#ed3eb88d)
[INFO] [stderr]    Compiling syn v2.0.114
[INFO] [stderr]     Checking fxhash v0.2.1 (https://github.com/makepad/makepad?branch=dev#ed3eb88d)
[INFO] [stderr]     Checking makepad-svg v1.0.0 (https://github.com/makepad/makepad?branch=dev#ed3eb88d)
[INFO] [stderr]     Checking rgb v0.8.52
[INFO] [stderr]     Checking makepad-webp v0.2.4 (https://github.com/makepad/makepad?branch=dev#ed3eb88d)
[INFO] [stderr]     Checking makepad-zune-bmp v0.5.2 (https://github.com/makepad/makepad?branch=dev#ed3eb88d)
[INFO] [stderr]     Checking makepad-live-compiler v0.5.0 (https://github.com/makepad/makepad?branch=rik#f27e2062)
[INFO] [stderr]     Checking makepad-zune-qoi v0.5.2 (https://github.com/makepad/makepad?branch=dev#ed3eb88d)
[INFO] [stderr]     Checking makepad-zune-jpeg v0.5.15 (https://github.com/makepad/makepad?branch=dev#ed3eb88d)
[INFO] [stderr]     Checking ab_glyph_rasterizer v0.1.8 (https://github.com/makepad/makepad?branch=dev#ed3eb88d)
[INFO] [stderr]     Checking sdfer v0.2.1 (https://github.com/makepad/makepad?branch=dev#ed3eb88d)
[INFO] [stderr]    Compiling makepad-platform v0.6.0 (https://github.com/makepad/makepad?branch=rik#f27e2062)
[INFO] [stderr]     Checking unicode-bidi v0.3.18 (https://github.com/makepad/makepad?branch=dev#ed3eb88d)
[INFO] [stderr]     Checking usvg v0.42.0
[INFO] [stderr]     Checking unicode-linebreak v0.1.5 (https://github.com/makepad/makepad?branch=dev#ed3eb88d)
[INFO] [stderr]     Checking tiny-skia v0.11.4
[INFO] [stderr]     Checking unicode-segmentation v1.12.0 (https://github.com/makepad/makepad?branch=dev#ed3eb88d)
[INFO] [stderr]     Checking ttf-parser v0.21.1 (https://github.com/makepad/makepad?branch=rik#f27e2062)
[INFO] [stderr]     Checking wayland-egl v0.32.9 (https://github.com/makepad/makepad?branch=dev#ed3eb88d)
[INFO] [stderr]     Checking memchr v2.7.6 (https://github.com/makepad/makepad?branch=dev#ed3eb88d)
[INFO] [stderr]    Compiling makepad-widgets v2.0.0 (https://github.com/makepad/makepad?branch=dev#ed3eb88d)
[INFO] [stderr]     Checking unicase v2.9.0 (https://github.com/makepad/makepad?branch=dev#ed3eb88d)
[INFO] [stderr]     Checking dirs-sys v0.4.1
[INFO] [stderr]     Checking makepad-shader-compiler v0.5.0 (https://github.com/makepad/makepad?branch=rik#f27e2062)
[INFO] [stderr]    Compiling makepad-derive-widget v2.0.0 (https://github.com/makepad/makepad?branch=dev#ed3eb88d)
[INFO] [stderr]     Checking unicode-properties v0.1.4
[INFO] [stderr]     Checking makepad-futures v0.4.0 (https://github.com/makepad/makepad?branch=rik#f27e2062)
[INFO] [stderr]     Checking makepad-http v0.4.0 (https://github.com/makepad/makepad?branch=rik#f27e2062)
[INFO] [stderr]     Checking unicode-bidi-mirroring v0.1.0
[INFO] [stderr]     Checking unicode-ccc v0.1.2
[INFO] [stderr]    Compiling makepad-zune-jpeg v0.3.17 (https://github.com/makepad/makepad?branch=rik#f27e2062)
[INFO] [stderr]    Compiling pulldown-cmark v0.12.2
[INFO] [stderr]     Checking fxhash v0.2.1
[INFO] [stderr]     Checking serde_json v1.0.149
[INFO] [stderr]     Checking dirs v5.0.1
[INFO] [stderr]     Checking ctrlc v3.5.2
[INFO] [stderr]     Checking makepad-html v0.4.0 (https://github.com/makepad/makepad?branch=rik#f27e2062)
[INFO] [stderr]     Checking makepad-zune-core v0.2.14 (https://github.com/makepad/makepad?branch=rik#f27e2062)
[INFO] [stderr]     Checking zune-inflate v0.2.54
[INFO] [stderr]     Checking unicode-segmentation v1.12.0
[INFO] [stderr]     Checking zune-core v0.4.12
[INFO] [stderr]     Checking sdfer v0.2.1
[INFO] [stderr]     Checking ttf-parser v0.25.1
[INFO] [stderr]    Compiling makepad-widgets v0.6.0 (https://github.com/makepad/makepad?branch=rik#f27e2062)
[INFO] [stderr]     Checking ab_glyph_rasterizer v0.1.10
[INFO] [stderr]     Checking unicode-linebreak v0.1.5
[INFO] [stderr]     Checking makepad-zune-png v0.4.10 (https://github.com/makepad/makepad?branch=rik#f27e2062)
[INFO] [stderr]     Checking rustybuzz v0.18.0 (https://github.com/makepad/makepad?branch=dev#ed3eb88d)
[INFO] [stderr]     Checking makepad-latex-math v0.1.0 (https://github.com/makepad/makepad?branch=dev#ed3eb88d)
[INFO] [stderr]    Compiling makepad-derive-widget v0.4.0 (https://github.com/makepad/makepad?branch=rik#f27e2062)
[INFO] [stderr]     Checking resvg v0.42.0
[INFO] [stderr]    Compiling serde_derive v1.0.228
[INFO] [stderr]     Checking wayland-protocols v0.32.10 (https://github.com/makepad/makepad?branch=dev#ed3eb88d)
[INFO] [stderr]     Checking makepad-rustybuzz v0.8.0 (https://github.com/makepad/makepad?branch=rik#f27e2062)
[INFO] [stderr]     Checking makepad-vector v0.4.0 (https://github.com/makepad/makepad?branch=rik#f27e2062)
[INFO] [stderr]     Checking makepad-half v2.7.1 (https://github.com/makepad/makepad?branch=dev#ed3eb88d)
[INFO] [stderr]     Checking makepad-network v1.0.0 (https://github.com/makepad/makepad?branch=dev#ed3eb88d)
[INFO] [stderr]     Checking makepad-studio-protocol v0.1.0 (https://github.com/makepad/makepad?branch=dev#ed3eb88d)
[INFO] [stderr]     Checking serde v1.0.228
[INFO] [stderr]     Checking makepad-script-std v1.0.0 (https://github.com/makepad/makepad?branch=dev#ed3eb88d)
[INFO] [stderr]     Checking makepad-draw v0.6.0 (https://github.com/makepad/makepad?branch=rik#f27e2062)
[INFO] [stderr]     Checking makepad-draw v2.0.0 (https://github.com/makepad/makepad?branch=dev#ed3eb88d)
[INFO] [stderr]     Checking makepad-app-shell v0.1.0 (/opt/rustwide/workdir)
[INFO] [stdout] warning: unused import: `ShellHeaderAction`
[INFO] [stdout]  --> src/shell/layout.rs:6:28
[INFO] [stdout]   |
[INFO] [stdout] 6 | use crate::shell::header::{ShellHeaderAction, ShellHeaderWidgetExt};
[INFO] [stdout]   |                            ^^^^^^^^^^^^^^^^^
[INFO] [stdout]   |
[INFO] [stdout]   = note: `#[warn(unused_imports)]` (part of `#[warn(unused)]`) on by default
[INFO] [stdout] 
[INFO] [stdout] 
[INFO] [stdout] warning: unused import: `crate::shell::sidebar::ShellSidebarWidgetExt`
[INFO] [stdout]  --> src/shell/layout.rs:7:5
[INFO] [stdout]   |
[INFO] [stdout] 7 | use crate::shell::sidebar::ShellSidebarWidgetExt;
[INFO] [stdout]   |     ^^^^^^^^^^^^^^^^^^^^^^^^^^^^^^^^^^^^^^^^^^^^
[INFO] [stdout] 
[INFO] [stdout] 
[INFO] [stdout] warning: unused import: `crate::panel::PanelAction`
[INFO] [stdout]   --> src/shell/layout.rs:11:5
[INFO] [stdout]    |
[INFO] [stdout] 11 | use crate::panel::PanelAction;
[INFO] [stdout]    |     ^^^^^^^^^^^^^^^^^^^^^^^^^
[INFO] [stdout] 
[INFO] [stdout] 
[INFO] [stdout] warning: unused import: `ShellHeaderAction`
[INFO] [stdout]  --> src/shell/layout.rs:6:28
[INFO] [stdout]   |
[INFO] [stdout] 6 | use crate::shell::header::{ShellHeaderAction, ShellHeaderWidgetExt};
[INFO] [stdout]   |                            ^^^^^^^^^^^^^^^^^
[INFO] [stdout]   |
[INFO] [stdout]   = note: `#[warn(unused_imports)]` (part of `#[warn(unused)]`) on by default
[INFO] [stdout] 
[INFO] [stdout] 
[INFO] [stdout] warning: unused import: `crate::shell::sidebar::ShellSidebarWidgetExt`
[INFO] [stdout]  --> src/shell/layout.rs:7:5
[INFO] [stdout]   |
[INFO] [stdout] 7 | use crate::shell::sidebar::ShellSidebarWidgetExt;
[INFO] [stdout]   |     ^^^^^^^^^^^^^^^^^^^^^^^^^^^^^^^^^^^^^^^^^^^^
[INFO] [stdout] 
[INFO] [stdout] 
[INFO] [stdout] warning: unused import: `crate::panel::PanelAction`
[INFO] [stdout]   --> src/shell/layout.rs:11:5
[INFO] [stdout]    |
[INFO] [stdout] 11 | use crate::panel::PanelAction;
[INFO] [stdout]    |     ^^^^^^^^^^^^^^^^^^^^^^^^^
[INFO] [stdout] 
[INFO] [stdout] 
[INFO] [stdout] warning: variable does not need to be mutable
[INFO] [stdout]    --> src/grid/footer_grid.rs:289:13
[INFO] [stdout]     |
[INFO] [stdout] 289 |         let mut layout_changed = false;
[INFO] [stdout]     |             ----^^^^^^^^^^^^^^
[INFO] [stdout]     |             |
[INFO] [stdout]     |             help: remove this `mut`
[INFO] [stdout]     |
[INFO] [stdout]     = note: `#[warn(unused_mut)]` (part of `#[warn(unused)]`) on by default
[INFO] [stdout] 
[INFO] [stdout] 
[INFO] [stdout] warning: variable does not need to be mutable
[INFO] [stdout]    --> src/grid/footer_grid.rs:289:13
[INFO] [stdout]     |
[INFO] [stdout] 289 |         let mut layout_changed = false;
[INFO] [stdout]     |             ----^^^^^^^^^^^^^^
[INFO] [stdout]     |             |
[INFO] [stdout]     |             help: remove this `mut`
[INFO] [stdout]     |
[INFO] [stdout]     = note: `#[warn(unused_mut)]` (part of `#[warn(unused)]`) on by default
[INFO] [stdout] 
[INFO] [stdout] 
[INFO] [stdout] warning: constant `CLICK_DEBOUNCE_TIME` is never used
[INFO] [stdout]    --> src/shell/layout.rs:430:7
[INFO] [stdout]     |
[INFO] [stdout] 430 | const CLICK_DEBOUNCE_TIME: f64 = 0.3;     // 300ms
[INFO] [stdout]     |       ^^^^^^^^^^^^^^^^^^^
[INFO] [stdout]     |
[INFO] [stdout]     = note: `#[warn(dead_code)]` (part of `#[warn(unused)]`) on by default
[INFO] [stdout] 
[INFO] [stdout] 
[INFO] [stdout] warning: field `last_click_time` is never read
[INFO] [stdout]    --> src/shell/layout.rs:469:5
[INFO] [stdout]     |
[INFO] [stdout] 433 | pub struct ShellLayout {
[INFO] [stdout]     |            ----------- field in this struct
[INFO] [stdout] ...
[INFO] [stdout] 469 |     last_click_time: f64,
[INFO] [stdout]     |     ^^^^^^^^^^^^^^^
[INFO] [stdout] 
[INFO] [stdout] 
[INFO] [stdout] warning: method `toggle_sidebar_expanded` is never used
[INFO] [stdout]    --> src/shell/layout.rs:601:8
[INFO] [stdout]     |
[INFO] [stdout] 561 | impl ShellLayout {
[INFO] [stdout]     | ---------------- method in this implementation
[INFO] [stdout] ...
[INFO] [stdout] 601 |     fn toggle_sidebar_expanded(&mut self, cx: &mut Cx) {
[INFO] [stdout]     |        ^^^^^^^^^^^^^^^^^^^^^^^
[INFO] [stdout] 
[INFO] [stdout] 
[INFO] [stdout] warning: function `panel_id_to_live_id` is never used
[INFO] [stdout]    --> src/grid/footer_grid.rs:227:4
[INFO] [stdout]     |
[INFO] [stdout] 227 | fn panel_id_to_live_id(panel_id: &str) -> LiveId {
[INFO] [stdout]     |    ^^^^^^^^^^^^^^^^^^^
[INFO] [stdout] 
[INFO] [stdout] 
[INFO] [stdout] warning: methods `find_panel_by_live_id`, `close_panel`, `toggle_fullscreen`, `handle_drop`, and `compact_slots` are never used
[INFO] [stdout]    --> src/grid/footer_grid.rs:414:8
[INFO] [stdout]     |
[INFO] [stdout] 378 | impl FooterGrid {
[INFO] [stdout]     | --------------- methods in this implementation
[INFO] [stdout] ...
[INFO] [stdout] 414 |     fn find_panel_by_live_id(&self, id: LiveId) -> Option<String> {
[INFO] [stdout]     |        ^^^^^^^^^^^^^^^^^^^^^
[INFO] [stdout] ...
[INFO] [stdout] 487 |     fn close_panel(&mut self, cx: &mut Cx, panel_id: &str) {
[INFO] [stdout]     |        ^^^^^^^^^^^
[INFO] [stdout] ...
[INFO] [stdout] 510 |     fn toggle_fullscreen(&mut self, cx: &mut Cx, panel_id: &str) {
[INFO] [stdout]     |        ^^^^^^^^^^^^^^^^^
[INFO] [stdout] ...
[INFO] [stdout] 578 |     fn handle_drop(&mut self, cx: &mut Cx, dragged_id: &str, _abs: DVec2) {
[INFO] [stdout]     |        ^^^^^^^^^^^
[INFO] [stdout] ...
[INFO] [stdout] 628 |     fn compact_slots(&mut self) {
[INFO] [stdout]     |        ^^^^^^^^^^^^^
[INFO] [stdout] 
[INFO] [stdout] 
[INFO] [stdout] warning: constant `CLICK_DEBOUNCE_TIME` is never used
[INFO] [stdout]    --> src/shell/layout.rs:430:7
[INFO] [stdout]     |
[INFO] [stdout] 430 | const CLICK_DEBOUNCE_TIME: f64 = 0.3;     // 300ms
[INFO] [stdout]     |       ^^^^^^^^^^^^^^^^^^^
[INFO] [stdout]     |
[INFO] [stdout]     = note: `#[warn(dead_code)]` (part of `#[warn(unused)]`) on by default
[INFO] [stdout] 
[INFO] [stdout] 
[INFO] [stdout] warning: field `last_click_time` is never read
[INFO] [stdout]    --> src/shell/layout.rs:469:5
[INFO] [stdout]     |
[INFO] [stdout] 433 | pub struct ShellLayout {
[INFO] [stdout]     |            ----------- field in this struct
[INFO] [stdout] ...
[INFO] [stdout] 469 |     last_click_time: f64,
[INFO] [stdout]     |     ^^^^^^^^^^^^^^^
[INFO] [stdout] 
[INFO] [stdout] 
[INFO] [stdout] warning: method `toggle_sidebar_expanded` is never used
[INFO] [stdout]    --> src/shell/layout.rs:601:8
[INFO] [stdout]     |
[INFO] [stdout] 561 | impl ShellLayout {
[INFO] [stdout]     | ---------------- method in this implementation
[INFO] [stdout] ...
[INFO] [stdout] 601 |     fn toggle_sidebar_expanded(&mut self, cx: &mut Cx) {
[INFO] [stdout]     |        ^^^^^^^^^^^^^^^^^^^^^^^
[INFO] [stdout] 
[INFO] [stdout] 
[INFO] [stdout] warning: function `panel_id_to_live_id` is never used
[INFO] [stdout]    --> src/grid/footer_grid.rs:227:4
[INFO] [stdout]     |
[INFO] [stdout] 227 | fn panel_id_to_live_id(panel_id: &str) -> LiveId {
[INFO] [stdout]     |    ^^^^^^^^^^^^^^^^^^^
[INFO] [stdout] 
[INFO] [stdout] 
[INFO] [stdout] warning: methods `find_panel_by_live_id`, `close_panel`, `toggle_fullscreen`, `handle_drop`, and `compact_slots` are never used
[INFO] [stdout]    --> src/grid/footer_grid.rs:414:8
[INFO] [stdout]     |
[INFO] [stdout] 378 | impl FooterGrid {
[INFO] [stdout]     | --------------- methods in this implementation
[INFO] [stdout] ...
[INFO] [stdout] 414 |     fn find_panel_by_live_id(&self, id: LiveId) -> Option<String> {
[INFO] [stdout]     |        ^^^^^^^^^^^^^^^^^^^^^
[INFO] [stdout] ...
[INFO] [stdout] 487 |     fn close_panel(&mut self, cx: &mut Cx, panel_id: &str) {
[INFO] [stdout]     |        ^^^^^^^^^^^
[INFO] [stdout] ...
[INFO] [stdout] 510 |     fn toggle_fullscreen(&mut self, cx: &mut Cx, panel_id: &str) {
[INFO] [stdout]     |        ^^^^^^^^^^^^^^^^^
[INFO] [stdout] ...
[INFO] [stdout] 578 |     fn handle_drop(&mut self, cx: &mut Cx, dragged_id: &str, _abs: DVec2) {
[INFO] [stdout]     |        ^^^^^^^^^^^
[INFO] [stdout] ...
[INFO] [stdout] 628 |     fn compact_slots(&mut self) {
[INFO] [stdout]     |        ^^^^^^^^^^^^^
[INFO] [stdout] 
[INFO] [stdout] 
[INFO] [stderr]     Checking flex-layout-demo v0.1.0 (/opt/rustwide/workdir/examples/flex-layout-demo)
[INFO] [stdout] error[E0423]: cannot find function `live_design` in crate `crate::makepad_app_shell`
[INFO] [stdout]   --> examples/flex-layout-demo/src/app.rs:41:35
[INFO] [stdout]    |
[INFO] [stdout] 41 |         crate::makepad_app_shell::live_design(cx);
[INFO] [stdout]    |                                   ^^^^^^^^^^^ not found in `crate::makepad_app_shell`
[INFO] [stdout]    |
[INFO] [stdout]    = note: a module named `crate::makepad_app_shell::live_design` exists in another namespace
[INFO] [stdout] help: consider importing one of these functions instead
[INFO] [stdout]    |
[INFO] [stdout]  5 + use crate::app::adaptive_view::live_design;
[INFO] [stdout]    |
[INFO] [stdout]  5 + use crate::app::bare_step::live_design;
[INFO] [stdout]    |
[INFO] [stdout]  5 + use crate::app::button::live_design;
[INFO] [stdout]    |
[INFO] [stdout]  5 + use crate::app::cached_widget::live_design;
[INFO] [stdout]    |
[INFO] [stdout]    = and 163 other candidates
[INFO] [stdout] help: if you import `live_design`, refer to it directly
[INFO] [stdout]    |
[INFO] [stdout] 41 -         crate::makepad_app_shell::live_design(cx);
[INFO] [stdout] 41 +         live_design(cx);
[INFO] [stdout]    |
[INFO] [stdout] 
[INFO] [stdout] 
[INFO] [stdout] error[E0603]: module `live_design` is private
[INFO] [stdout]   --> examples/flex-layout-demo/src/app.rs:41:35
[INFO] [stdout]    |
[INFO] [stdout] 41 |         crate::makepad_app_shell::live_design(cx);
[INFO] [stdout]    |                                   ^^^^^^^^^^^ private module
[INFO] [stdout]    |
[INFO] [stdout] note: the module `live_design` is defined here
[INFO] [stdout]   --> src/lib.rs:41:1
[INFO] [stdout]    |
[INFO] [stdout] 41 | mod live_design;
[INFO] [stdout]    | ^^^^^^^^^^^^^^^
[INFO] [stdout] 
[INFO] [stdout] 
[INFO] [stdout] error[E0423]: cannot find function `live_design` in crate `crate::makepad_app_shell`
[INFO] [stdout]   --> examples/flex-layout-demo/src/app.rs:41:35
[INFO] [stdout]    |
[INFO] [stdout] 41 |         crate::makepad_app_shell::live_design(cx);
[INFO] [stdout]    |                                   ^^^^^^^^^^^ not found in `crate::makepad_app_shell`
[INFO] [stdout]    |
[INFO] [stdout]    = note: a module named `crate::makepad_app_shell::live_design` exists in another namespace
[INFO] [stdout] help: consider importing one of these functions instead
[INFO] [stdout]    |
[INFO] [stdout]  5 + use crate::app::adaptive_view::live_design;
[INFO] [stdout]    |
[INFO] [stdout]  5 + use crate::app::bare_step::live_design;
[INFO] [stdout]    |
[INFO] [stdout]  5 + use crate::app::button::live_design;
[INFO] [stdout]    |
[INFO] [stdout]  5 + use crate::app::cached_widget::live_design;
[INFO] [stdout]    |
[INFO] [stdout]    = and 163 other candidates
[INFO] [stdout] help: if you import `live_design`, refer to it directly
[INFO] [stdout]    |
[INFO] [stdout] 41 -         crate::makepad_app_shell::live_design(cx);
[INFO] [stdout] 41 +         live_design(cx);
[INFO] [stdout]    |
[INFO] [stdout] 
[INFO] [stdout] 
[INFO] [stdout] error[E0603]: module `live_design` is private
[INFO] [stdout]   --> examples/flex-layout-demo/src/app.rs:41:35
[INFO] [stdout]    |
[INFO] [stdout] 41 |         crate::makepad_app_shell::live_design(cx);
[INFO] [stdout]    |                                   ^^^^^^^^^^^ private module
[INFO] [stdout]    |
[INFO] [stdout] note: the module `live_design` is defined here
[INFO] [stdout]   --> src/lib.rs:41:1
[INFO] [stdout]    |
[INFO] [stdout] 41 | mod live_design;
[INFO] [stdout]    | ^^^^^^^^^^^^^^^
[INFO] [stdout] 
[INFO] [stdout] 
[INFO] [stdout] Some errors have detailed explanations: E0423, E0603.
[INFO] [stdout] 
[INFO] [stdout] Some errors have detailed explanations: E0423, E0603.
[INFO] [stdout] 
[INFO] [stdout] For more information about an error, try `rustc --explain E0423`.
[INFO] [stdout] 
[INFO] [stdout] For more information about an error, try `rustc --explain E0423`.
[INFO] [stdout] 
[INFO] [stderr] error: could not compile `flex-layout-demo` (bin "flex-layout-demo" test) due to 2 previous errors
[INFO] [stderr] warning: build failed, waiting for other jobs to finish...
[INFO] [stderr] error: could not compile `flex-layout-demo` (bin "flex-layout-demo") due to 2 previous errors
[INFO] running `Command { std: "docker" "inspect" "afee355b269f4eda43aee5c66b95d12c000c607b357219ed3caedfeeb02bdb49", kill_on_drop: false }`
[INFO] running `Command { std: "docker" "rm" "-f" "afee355b269f4eda43aee5c66b95d12c000c607b357219ed3caedfeeb02bdb49", kill_on_drop: false }`
[INFO] [stdout] afee355b269f4eda43aee5c66b95d12c000c607b357219ed3caedfeeb02bdb49
