[INFO] cloning repository https://github.com/mmelissagomes/CarteiraInvestimentosBootcamp
[INFO] running `Command { std: "git" "-c" "credential.helper=" "-c" "credential.helper=/workspace/cargo-home/bin/git-credential-null" "clone" "--bare" "https://github.com/mmelissagomes/CarteiraInvestimentosBootcamp" "/workspace/cache/git-repos/https%3A%2F%2Fgithub.com%2Fmmelissagomes%2FCarteiraInvestimentosBootcamp", kill_on_drop: false }`
[INFO] [stderr] Cloning into bare repository '/workspace/cache/git-repos/https%3A%2F%2Fgithub.com%2Fmmelissagomes%2FCarteiraInvestimentosBootcamp'...
[INFO] running `Command { std: "git" "rev-parse" "HEAD", kill_on_drop: false }`
[INFO] [stdout] 8e1d0d2dee56e796bfc67754924da0ad3b213317
[INFO] checking mmelissagomes/CarteiraInvestimentosBootcamp against 3154cc1a3e6424e44f438a95007d043ed5ceaaf6+rustflags=-Znext-solver=coherence for pr-133502-30
[INFO] running `Command { std: "git" "clone" "/workspace/cache/git-repos/https%3A%2F%2Fgithub.com%2Fmmelissagomes%2FCarteiraInvestimentosBootcamp" "/workspace/builds/worker-1-tc1/source", kill_on_drop: false }`
[INFO] [stderr] Cloning into '/workspace/builds/worker-1-tc1/source'...
[INFO] [stderr] done.
[INFO] started tweaking git repo https://github.com/mmelissagomes/CarteiraInvestimentosBootcamp
[INFO] finished tweaking git repo https://github.com/mmelissagomes/CarteiraInvestimentosBootcamp
[INFO] tweaked toml for git repo https://github.com/mmelissagomes/CarteiraInvestimentosBootcamp written to /workspace/builds/worker-1-tc1/source/Cargo.toml
[INFO] validating manifest of git repo https://github.com/mmelissagomes/CarteiraInvestimentosBootcamp on toolchain 3154cc1a3e6424e44f438a95007d043ed5ceaaf6
[INFO] running `Command { std: CARGO_HOME="/workspace/cargo-home" RUSTUP_HOME="/workspace/rustup-home" "/workspace/cargo-home/bin/cargo" "+3154cc1a3e6424e44f438a95007d043ed5ceaaf6" "metadata" "--manifest-path" "Cargo.toml" "--no-deps", kill_on_drop: false }`
[INFO] crate git repo https://github.com/mmelissagomes/CarteiraInvestimentosBootcamp already has a lockfile, it will not be regenerated
[INFO] running `Command { std: CARGO_HOME="/workspace/cargo-home" RUSTUP_HOME="/workspace/rustup-home" "/workspace/cargo-home/bin/cargo" "+3154cc1a3e6424e44f438a95007d043ed5ceaaf6" "fetch" "--manifest-path" "Cargo.toml", kill_on_drop: false }`
[INFO] [stderr]     Updating crates.io index
[INFO] [stderr]  Downloading crates ...
[INFO] [stderr]   Downloaded crc-catalog v2.5.0
[INFO] [stderr]   Downloaded libredox v0.1.20
[INFO] [stderr]   Downloaded spin v0.9.9
[INFO] [stderr]   Downloaded num-iter v0.1.46
[INFO] [stderr]   Downloaded generic-array v0.14.9
[INFO] [stderr]   Downloaded sponge-cursor v0.1.0
[INFO] [stderr]   Downloaded polyval v0.7.3
[INFO] [stderr]   Downloaded sec1 v0.7.3
[INFO] [stderr]   Downloaded ff v0.13.1
[INFO] [stderr]   Downloaded inout v0.2.2
[INFO] [stderr]   Downloaded hmac-sha1-compact v1.1.7
[INFO] [stderr]   Downloaded indenter v0.3.4
[INFO] [stderr]   Downloaded signature v3.0.0
[INFO] [stderr]   Downloaded hmac-sha512 v1.1.12
[INFO] [stderr]   Downloaded hmac-sha256 v1.1.14
[INFO] [stderr]   Downloaded universal-hash v0.6.1
[INFO] [stderr]   Downloaded rfc6979 v0.4.0
[INFO] [stderr]   Downloaded ct-codecs v1.1.7
[INFO] [stderr]   Downloaded binstring v0.1.7
[INFO] [stderr]   Downloaded tracing-error v0.2.1
[INFO] [stderr]   Downloaded color-spantrace v0.3.0
[INFO] [stderr]   Downloaded askama_macros v0.15.6
[INFO] [stderr]   Downloaded password-auth v1.0.0
[INFO] [stderr]   Downloaded aes-keywrap v0.9.0
[INFO] [stderr]   Downloaded cpubits v0.1.1
[INFO] [stderr]   Downloaded axum-extra v0.12.6
[INFO] [stderr]   Downloaded cpufeatures v0.3.0
[INFO] [stderr]   Downloaded ghash v0.6.0
[INFO] [stderr]   Downloaded fslock v0.2.1
[INFO] [stderr]   Downloaded spki v0.8.0
[INFO] [stderr]   Downloaded module-lattice v0.2.3
[INFO] [stderr]   Downloaded ctr v0.10.1
[INFO] [stderr]   Downloaded primeorder v0.13.6
[INFO] [stderr]   Downloaded base16ct v0.2.0
[INFO] [stderr]   Downloaded group v0.13.0
[INFO] [stderr]   Downloaded owo-colors v4.3.0
[INFO] [stderr]   Downloaded ctutils v0.4.2
[INFO] [stderr]   Downloaded aead v0.6.1
[INFO] [stderr]   Downloaded superboring v0.1.14
[INFO] [stderr]   Downloaded cipher v0.5.2
[INFO] [stderr]   Downloaded ecdsa v0.16.9
[INFO] [stderr]   Downloaded ed25519-compact v2.4.2
[INFO] [stderr]   Downloaded cookie v0.18.2
[INFO] [stderr]   Downloaded cmov v0.5.4
[INFO] [stderr]   Downloaded keccak v0.2.2
[INFO] [stderr]   Downloaded blake2b_simd v1.0.5
[INFO] [stderr]   Downloaded rustc-demangle v0.1.28
[INFO] [stderr]   Downloaded pkcs8 v0.11.0
[INFO] [stderr]   Downloaded aes-gcm v0.11.1
[INFO] [stderr]   Downloaded elliptic-curve v0.13.8
[INFO] [stderr]   Downloaded p256 v0.13.2
[INFO] [stderr]   Downloaded coarsetime v0.1.37
[INFO] [stderr]   Downloaded axum-macros v0.5.1
[INFO] [stderr]   Downloaded askama v0.15.6
[INFO] [stderr]   Downloaded basic-toml v0.1.10
[INFO] [stderr]   Downloaded askama_parser v0.15.6
[INFO] [stderr]   Downloaded jwt-simple v0.12.17
[INFO] [stderr]   Downloaded ml-dsa v0.1.1
[INFO] [stderr]   Downloaded k256 v0.13.4
[INFO] [stderr]   Downloaded eyre v0.6.14
[INFO] [stderr]   Downloaded crypto-bigint v0.5.5
[INFO] [stderr]   Downloaded askama_derive v0.15.6
[INFO] [stderr]   Downloaded aes v0.9.2
[INFO] [stderr]   Downloaded der v0.8.1
[INFO] [stderr]   Downloaded hyper v1.11.0
[INFO] [stderr]   Downloaded p384 v0.13.1
[INFO] [stderr]   Downloaded wasix v0.13.2
[INFO] [stderr]   Downloaded boring v5.2.0
[INFO] [stderr]   Downloaded shake v0.1.0
[INFO] [stderr]   Downloaded color-eyre v0.6.5
[INFO] [stderr]   Downloaded boring-sys v5.2.0
[INFO] running `Command { std: "docker" "create" "-v" "/var/lib/crater-agent-workspace/builds/worker-1-tc1/source:/opt/rustwide/workdir:ro,Z" "-v" "/var/lib/crater-agent-workspace/builds/worker-1-tc1/target:/opt/rustwide/target:rw,Z" "-v" "/var/lib/crater-agent-workspace/cargo-home:/opt/rustwide/cargo-home:ro,Z" "-v" "/var/lib/crater-agent-workspace/rustup-home:/opt/rustwide/rustup-home:ro,Z" "-m" "1610612736" "--network" "none" "ghcr.io/rust-lang/crates-build-env/linux@sha256:77db811e55d90add9212f6832c23229e3de5f1c1f9905e8cb07319ea15df73ac" "sleep" "infinity", kill_on_drop: false }`
[INFO] [stdout] b7953073e05ec57a37b10d0b96c0ccd2a344784e1ba3080bc383045adbd16489
[INFO] running `Command { std: "docker" "start" "b7953073e05ec57a37b10d0b96c0ccd2a344784e1ba3080bc383045adbd16489", kill_on_drop: false }`
[INFO] running `Command { std: "docker" "inspect" "b7953073e05ec57a37b10d0b96c0ccd2a344784e1ba3080bc383045adbd16489", kill_on_drop: false }`
[INFO] running `Command { std: "docker" "exec" "-e" "SOURCE_DIR=/opt/rustwide/workdir" "-e" "CARGO_HOME=/opt/rustwide/cargo-home" "-e" "RUSTUP_HOME=/opt/rustwide/rustup-home" "-e" "CARGO_TARGET_DIR=/opt/rustwide/target" "-w" "/opt/rustwide/workdir" "--user" "0:0" "b7953073e05ec57a37b10d0b96c0ccd2a344784e1ba3080bc383045adbd16489" "/opt/rustwide/cargo-home/bin/cargo" "+3154cc1a3e6424e44f438a95007d043ed5ceaaf6" "metadata" "--no-deps" "--format-version=1", kill_on_drop: false }`
[INFO] running `Command { std: "docker" "inspect" "b7953073e05ec57a37b10d0b96c0ccd2a344784e1ba3080bc383045adbd16489", kill_on_drop: false }`
[INFO] running `Command { std: "docker" "exec" "-e" "SOURCE_DIR=/opt/rustwide/workdir" "-e" "CARGO_HOME=/opt/rustwide/cargo-home" "-e" "RUSTUP_HOME=/opt/rustwide/rustup-home" "-e" "CARGO_TARGET_DIR=/opt/rustwide/target" "-e" "CARGO_INCREMENTAL=0" "-e" "RUST_BACKTRACE=full" "-e" "RUSTFLAGS=--cap-lints=forbid -Znext-solver=coherence" "-e" "RUSTDOCFLAGS=--cap-lints=forbid" "-w" "/opt/rustwide/workdir" "--user" "0:0" "b7953073e05ec57a37b10d0b96c0ccd2a344784e1ba3080bc383045adbd16489" "/opt/rustwide/cargo-home/bin/cargo" "+3154cc1a3e6424e44f438a95007d043ed5ceaaf6" "check" "--frozen" "--all" "--all-targets" "--message-format=json", kill_on_drop: false }`
[INFO] [stderr]    Compiling proc-macro2 v1.0.107
[INFO] [stderr]    Compiling quote v1.0.47
[INFO] [stderr]    Compiling unicode-ident v1.0.24
[INFO] [stderr]    Compiling libc v0.2.189
[INFO] [stderr]    Compiling serde v1.0.229
[INFO] [stderr]    Compiling version_check v0.9.5
[INFO] [stderr]     Checking cfg-if v1.0.4
[INFO] [stderr]     Checking zeroize v1.9.0
[INFO] [stderr]    Compiling serde_core v1.0.229
[INFO] [stderr]     Checking typenum v1.20.1
[INFO] [stderr]     Checking subtle v2.6.1
[INFO] [stderr]     Checking const-oid v0.9.6
[INFO] [stderr]    Compiling generic-array v0.14.9
[INFO] [stderr]    Compiling memchr v2.8.3
[INFO] [stderr]    Compiling icu_properties_data v2.3.0
[INFO] [stderr]     Checking pin-project-lite v0.2.17
[INFO] [stderr]    Compiling stable_deref_trait v1.2.1
[INFO] [stderr]    Compiling icu_normalizer_data v2.3.0
[INFO] [stderr]    Compiling syn v3.0.3
[INFO] [stderr]    Compiling syn v2.0.119
[INFO] [stderr]    Compiling zerocopy v0.8.56
[INFO] [stderr]     Checking once_cell v1.21.4
[INFO] [stderr]     Checking getrandom v0.2.17
[INFO] [stderr]     Checking itoa v1.0.18
[INFO] [stderr]     Checking rand_core v0.6.4
[INFO] [stderr]     Checking base64ct v1.8.3
[INFO] [stderr]    Compiling zmij v1.0.23
[INFO] [stderr]     Checking crypto-common v0.1.6
[INFO] [stderr]     Checking block-buffer v0.10.4
[INFO] [stderr]    Compiling autocfg v1.5.1
[INFO] [stderr]     Checking digest v0.10.7
[INFO] [stderr]    Compiling parking_lot_core v0.9.12
[INFO] [stderr]     Checking futures-core v0.3.34
[INFO] [stderr]     Checking bytes v1.12.1
[INFO] [stderr]     Checking hmac v0.12.1
[INFO] [stderr]     Checking tracing-core v0.1.36
[INFO] [stderr]    Compiling serde_json v1.0.151
[INFO] [stderr]     Checking log v0.4.34
[INFO] [stderr]    Compiling crossbeam-utils v0.8.22
[INFO] [stderr]    Compiling writeable v0.6.4
[INFO] [stderr]     Checking cpufeatures v0.2.17
[INFO] [stderr]    Compiling litemap v0.8.3
[INFO] [stderr]     Checking pem-rfc7468 v0.7.0
[INFO] [stderr]    Compiling utf8_iter v1.0.4
[INFO] [stderr]    Compiling thiserror v2.0.20
[INFO] [stderr]     Checking der v0.7.10
[INFO] [stderr]    Compiling num-traits v0.2.19
[INFO] [stderr]     Checking mio v1.2.2
[INFO] [stderr]     Checking socket2 v0.6.5
[INFO] [stderr]    Compiling bitflags v2.13.1
[INFO] [stderr]    Compiling glob v0.3.4
[INFO] [stderr]     Checking futures-sink v0.3.34
[INFO] [stderr]    Compiling rustc-hash v2.1.3
[INFO] [stderr]     Checking percent-encoding v2.3.2
[INFO] [stderr]     Checking sha2 v0.10.9
[INFO] [stderr]     Checking hkdf v0.12.4
[INFO] [stderr]    Compiling clang-sys v1.9.1
[INFO] [stderr]     Checking ff v0.13.1
[INFO] [stderr]     Checking spki v0.7.3
[INFO] [stderr]     Checking base16ct v0.2.0
[INFO] [stderr]    Compiling minimal-lexical v0.2.1
[INFO] [stderr]    Compiling equivalent v1.0.2
[INFO] [stderr]    Compiling scopeguard v1.2.0
[INFO] [stderr]    Compiling regex-syntax v0.8.11
[INFO] [stderr]     Checking pkcs8 v0.10.2
[INFO] [stderr]    Compiling lock_api v0.4.14
[INFO] [stderr]     Checking sec1 v0.7.3
[INFO] [stderr]    Compiling nom v7.1.3
[INFO] [stderr]     Checking group v0.13.0
[INFO] [stderr]     Checking form_urlencoded v1.2.2
[INFO] [stderr]     Checking http v1.5.0
[INFO] [stderr]     Checking crypto-bigint v0.5.5
[INFO] [stderr]    Compiling regex-automata v0.4.18
[INFO] [stderr]    Compiling synstructure v0.13.2
[INFO] [stderr]    Compiling libloading v0.8.9
[INFO] [stderr]    Compiling shlex v2.0.1
[INFO] [stderr]     Checking slab v0.4.12
[INFO] [stderr]    Compiling tinyvec_macros v0.1.1
[INFO] [stderr]     Checking futures-io v0.3.34
[INFO] [stderr]    Compiling find-msvc-tools v0.1.11
[INFO] [stderr]    Compiling allocator-api2 v0.2.21
[INFO] [stderr]     Checking futures-task v0.3.34
[INFO] [stderr]    Compiling bindgen v0.72.1
[INFO] [stderr]    Compiling foldhash v0.1.5
[INFO] [stderr]    Compiling serde_derive v1.0.229
[INFO] [stderr]    Compiling zerovec-derive v0.11.6
[INFO] [stderr]    Compiling displaydoc v0.2.7
[INFO] [stderr]    Compiling tokio-macros v2.7.2
[INFO] [stderr]    Compiling thiserror-impl v2.0.20
[INFO] [stderr]     Checking ppv-lite86 v0.2.21
[INFO] [stderr]    Compiling zerofrom-derive v0.1.7
[INFO] [stderr]    Compiling yoke-derive v0.8.2
[INFO] [stderr]    Compiling tracing-attributes v0.1.31
[INFO] [stderr]     Checking tokio v1.53.1
[INFO] [stderr]     Checking rand_chacha v0.3.1
[INFO] [stderr]    Compiling regex v1.13.1
[INFO] [stderr]    Compiling zerofrom v0.1.8
[INFO] [stderr]    Compiling yoke v0.8.3
[INFO] [stderr]    Compiling hashbrown v0.15.5
[INFO] [stderr]    Compiling zerovec v0.11.8
[INFO] [stderr]    Compiling zerotrie v0.2.5
[INFO] [stderr]     Checking tracing v0.1.44
[INFO] [stderr]     Checking futures-util v0.3.34
[INFO] [stderr]     Checking tinystr v0.8.4
[INFO] [stderr]     Checking potential_utf v0.1.6
[INFO] [stderr]     Checking icu_locale_core v2.3.0
[INFO] [stderr]    Compiling icu_collections v2.3.0
[INFO] [stderr]    Compiling cc v1.4.4
[INFO] [stderr]    Compiling tinyvec v1.12.0
[INFO] [stderr]     Checking icu_provider v2.3.1
[INFO] [stderr]     Checking smallvec v1.15.2
[INFO] [stderr]     Checking icu_properties v2.3.0
[INFO] [stderr]    Compiling either v1.18.0
[INFO] [stderr]    Compiling icu_normalizer v2.3.0
[INFO] [stderr]    Compiling parking_lot v0.12.5
[INFO] [stderr]    Compiling itertools v0.13.0
[INFO] [stderr]    Compiling cexpr v0.6.0
[INFO] [stderr]     Checking elliptic-curve v0.13.8
[INFO] [stderr]     Checking http-body v1.1.0
[INFO] [stderr]     Checking futures-channel v0.3.34
[INFO] [stderr]    Compiling idna_adapter v1.2.2
[INFO] [stderr]    Compiling crc-catalog v2.5.0
[INFO] [stderr]    Compiling idna v1.1.0
[INFO] [stderr]    Compiling shlex v1.3.0
[INFO] [stderr]    Compiling hashbrown v0.17.1
[INFO] [stderr]    Compiling parking v2.2.1
[INFO] [stderr]    Compiling httparse v1.10.1
[INFO] [stderr]    Compiling event-listener v5.4.2
[INFO] [stderr]    Compiling url v2.5.8
[INFO] [stderr]    Compiling tokio-stream v0.1.19
[INFO] [stderr]    Compiling indexmap v2.14.0
[INFO] [stderr]    Compiling crc v3.4.0
[INFO] [stderr]    Compiling crossbeam-queue v0.3.13
[INFO] [stderr]    Compiling futures-intrusive v0.5.0
[INFO] [stderr]    Compiling cmake v0.1.58
[INFO] [stderr]    Compiling unicode-normalization v0.1.25
[INFO] [stderr]    Compiling hashlink v0.10.0
[INFO] [stderr]     Checking rand v0.8.7
[INFO] [stderr]     Checking rfc6979 v0.4.0
[INFO] [stderr]     Checking signature v2.2.0
[INFO] [stderr]    Compiling fslock v0.2.1
[INFO] [stderr]     Checking base64 v0.22.1
[INFO] [stderr]     Checking tower-service v0.3.3
[INFO] [stderr]     Checking lazy_static v1.5.0
[INFO] [stderr]    Compiling fs_extra v1.3.0
[INFO] [stderr]    Compiling unicode-properties v0.1.4
[INFO] [stderr]    Compiling unicode-bidi v0.3.18
[INFO] [stderr]     Checking sharded-slab v0.1.7
[INFO] [stderr]    Compiling stringprep v0.1.5
[INFO] [stderr]    Compiling atoi v2.0.0
[INFO] [stderr]     Checking ecdsa v0.16.9
[INFO] [stderr]    Compiling md-5 v0.10.6
[INFO] [stderr]     Checking tracing-log v0.2.0
[INFO] [stderr]    Compiling winnow v1.0.4
[INFO] [stderr]     Checking thread_local v1.1.10
[INFO] [stderr]     Checking httpdate v1.0.3
[INFO] [stderr]     Checking tower-layer v0.3.3
[INFO] [stderr]    Compiling owo-colors v4.3.0
[INFO] [stderr]    Compiling whoami v1.6.1
[INFO] [stderr]     Checking atomic-waker v1.1.2
[INFO] [stderr]    Compiling time-core v0.1.9
[INFO] [stderr]    Compiling getrandom v0.4.3
[INFO] [stderr]    Compiling sqlx-core v0.8.6
[INFO] [stderr]    Compiling byteorder v1.5.0
[INFO] [stderr]    Compiling dotenvy v0.15.7
[INFO] [stderr]     Checking nu-ansi-term v0.50.3
[INFO] [stderr]    Compiling object v0.37.3
[INFO] [stderr]    Compiling num-conv v0.2.2
[INFO] [stderr]     Checking sync_wrapper v1.0.2
[INFO] [stderr]    Compiling home v0.5.12
[INFO] [stderr]    Compiling hex v0.4.3
[INFO] [stderr]     Checking tracing-subscriber v0.3.23
[INFO] [stderr]    Compiling time-macros v0.2.32
[INFO] [stderr]    Compiling askama_parser v0.15.6
[INFO] [stderr]     Checking hyper v1.11.0
[INFO] [stderr]     Checking primeorder v0.13.6
[INFO] [stderr]     Checking http-body-util v0.1.5
[INFO] [stderr]    Compiling basic-toml v0.1.10
[INFO] [stderr]    Compiling foreign-types-macros v0.2.4
[INFO] [stderr]     Checking deranged v0.5.8
[INFO] [stderr]    Compiling eyre v0.6.14
[INFO] [stderr]    Compiling cookie v0.18.2
[INFO] [stderr]    Compiling color-spantrace v0.3.0
[INFO] [stderr]     Checking gimli v0.32.3
[INFO] [stderr]     Checking mime v0.3.17
[INFO] [stderr]     Checking foreign-types-shared v0.3.1
[INFO] [stderr]    Compiling anyhow v1.0.104
[INFO] [stderr]    Compiling heck v0.5.0
[INFO] [stderr]     Checking powerfmt v0.2.0
[INFO] [stderr]     Checking ryu v1.0.23
[INFO] [stderr]     Checking adler2 v2.0.1
[INFO] [stderr]     Checking miniz_oxide v0.8.9
[INFO] [stderr]     Checking serde_urlencoded v0.7.1
[INFO] [stderr]     Checking foreign-types v0.5.0
[INFO] [stderr]     Checking axum-core v0.5.6
[INFO] [stderr]    Compiling sqlx-postgres v0.8.6
[INFO] [stderr]     Checking time v0.3.55
[INFO] [stderr]    Compiling askama_derive v0.15.6
[INFO] [stderr]     Checking addr2line v0.25.1
[INFO] [stderr]    Compiling boring-sys v5.2.0
[INFO] [stderr]     Checking hyper-util v0.1.20
[INFO] [stderr]     Checking tracing-error v0.2.1
[INFO] [stderr]     Checking tower v0.5.3
[INFO] [stderr]    Compiling openssl-macros v0.1.1
[INFO] [stderr]    Compiling axum-macros v0.5.1
[INFO] [stderr]     Checking serde_path_to_error v0.1.20
[INFO] [stderr]     Checking blake2 v0.10.6
[INFO] [stderr]     Checking password-hash v0.5.0
[INFO] [stderr]     Checking ct-codecs v1.1.7
[INFO] [stderr]     Checking arrayvec v0.7.8
[INFO] [stderr]     Checking constant_time_eq v0.4.2
[INFO] [stderr]     Checking matchit v0.8.4
[INFO] [stderr]     Checking indenter v0.3.4
[INFO] [stderr]     Checking rustc-demangle v0.1.28
[INFO] [stderr]     Checking blake2b_simd v1.0.5
[INFO] [stderr]     Checking argon2 v0.5.3
[INFO] [stderr]     Checking ed25519-compact v2.4.2
[INFO] [stderr]     Checking axum v0.8.9
[INFO] [stderr]     Checking p384 v0.13.1
[INFO] [stderr]     Checking p256 v0.13.2
[INFO] [stderr]     Checking k256 v0.13.4
[INFO] [stderr]    Compiling askama_macros v0.15.6
[INFO] [stderr]     Checking hmac-sha512 v1.1.12
[INFO] [stderr]     Checking hmac-sha256 v1.1.14
[INFO] [stderr]     Checking coarsetime v0.1.37
[INFO] [stderr]    Compiling sqlx-macros-core v0.8.6
[INFO] [stderr]     Checking hmac-sha1-compact v1.1.7
[INFO] [stderr]     Checking binstring v0.1.7
[INFO] [stderr]     Checking askama v0.15.6
[INFO] [stderr]     Checking password-auth v1.0.0
[INFO] [stderr]     Checking backtrace v0.3.76
[INFO] [stderr]     Checking color-eyre v0.6.5
[INFO] [stderr]    Compiling sqlx-macros v0.8.6
[INFO] [stderr]     Checking sqlx v0.8.6
[INFO] [stderr]     Checking axum-extra v0.12.6
[INFO] [stderr]     Checking boring v5.2.0
[INFO] [stderr]     Checking jwt-simple v0.12.17
[INFO] [stderr]     Checking CarteiraInvestimentosBootcamp v0.1.0 (/opt/rustwide/workdir)
[INFO] [stdout] error[E0432]: unresolved import `auth::get_cookie_key`
[INFO] [stdout]  --> src/main.rs:7:5
[INFO] [stdout]   |
[INFO] [stdout] 7 | use auth::get_cookie_key;
[INFO] [stdout]   |     ^^^^^^--------------
[INFO] [stdout]   |           |
[INFO] [stdout]   |           no `get_cookie_key` in `auth`
[INFO] [stdout] 
[INFO] [stdout] 
[INFO] [stdout] error[E0432]: unresolved import `auth::get_cookie_key`
[INFO] [stdout]  --> src/main.rs:7:5
[INFO] [stdout]   |
[INFO] [stdout] 7 | use auth::get_cookie_key;
[INFO] [stdout]   |     ^^^^^^--------------
[INFO] [stdout]   |           |
[INFO] [stdout]   |           no `get_cookie_key` in `auth`
[INFO] [stdout] 
[INFO] [stdout] 
[INFO] [stdout] error[E0432]: unresolved imports `db::setup_database`, `db::AppState`
[INFO] [stdout]   --> src/main.rs:12:10
[INFO] [stdout]    |
[INFO] [stdout] 12 | use db::{setup_database, AppState};
[INFO] [stdout]    |          ^^^^^^^^^^^^^^  ^^^^^^^^ no `AppState` in `db`
[INFO] [stdout]    |          |
[INFO] [stdout]    |          no `setup_database` in `db`
[INFO] [stdout] 
[INFO] [stdout] 
[INFO] [stdout] error[E0432]: unresolved imports `routes::asset_routes`, `routes::auth_routes`
[INFO] [stdout]   --> src/main.rs:14:5
[INFO] [stdout]    |
[INFO] [stdout] 14 |     asset_routes::{list_assets, register_purchase},
[INFO] [stdout]    |     ^^^^^^^^^^^^ could not find `asset_routes` in `routes`
[INFO] [stdout] 15 |     auth_routes::{login_page, login_post, logout},
[INFO] [stdout]    |     ^^^^^^^^^^^ could not find `auth_routes` in `routes`
[INFO] [stdout] 
[INFO] [stdout] 
[INFO] [stdout] error[E0432]: unresolved imports `db::setup_database`, `db::AppState`
[INFO] [stdout]   --> src/main.rs:12:10
[INFO] [stdout]    |
[INFO] [stdout] 12 | use db::{setup_database, AppState};
[INFO] [stdout]    |          ^^^^^^^^^^^^^^  ^^^^^^^^ no `AppState` in `db`
[INFO] [stdout]    |          |
[INFO] [stdout]    |          no `setup_database` in `db`
[INFO] [stdout] 
[INFO] [stdout] 
[INFO] [stdout] error[E0432]: unresolved imports `routes::asset_routes`, `routes::auth_routes`
[INFO] [stdout]   --> src/main.rs:14:5
[INFO] [stdout]    |
[INFO] [stdout] 14 |     asset_routes::{list_assets, register_purchase},
[INFO] [stdout]    |     ^^^^^^^^^^^^ could not find `asset_routes` in `routes`
[INFO] [stdout] 15 |     auth_routes::{login_page, login_post, logout},
[INFO] [stdout]    |     ^^^^^^^^^^^ could not find `auth_routes` in `routes`
[INFO] [stdout] 
[INFO] [stdout] 
[INFO] [stdout] For more information about this error, try `rustc --explain E0432`.
[INFO] [stdout] 
[INFO] [stderr] error: could not compile `CarteiraInvestimentosBootcamp` (bin "CarteiraInvestimentosBootcamp") due to 3 previous errors
[INFO] [stderr] warning: build failed, waiting for other jobs to finish...
[INFO] [stdout] For more information about this error, try `rustc --explain E0432`.
[INFO] [stdout] 
[INFO] [stderr] error: could not compile `CarteiraInvestimentosBootcamp` (bin "CarteiraInvestimentosBootcamp" test) due to 3 previous errors
[INFO] [stderr] warning: unused dependency `askama`
[INFO] [stderr]   --> Cargo.toml:11:15
[INFO] [stderr]    |
[INFO] [stderr] 11 | [dependencies.askama]
[INFO] [stderr]    |               ^^^^^^^
[INFO] [stderr]    |
[INFO] [stderr]    = note: `cargo::unused_dependencies` is set to `warn` by default
[INFO] [stderr] help: consider removing the dependency on `askama`
[INFO] [stderr] warning: unused dependency `axum-extra`
[INFO] [stderr]   --> Cargo.toml:19:15
[INFO] [stderr]    |
[INFO] [stderr] 19 | [dependencies.axum-extra]
[INFO] [stderr]    |               ^^^^^^^^^^^
[INFO] [stderr]    |
[INFO] [stderr] help: consider removing the dependency on `axum-extra`
[INFO] [stderr] warning: unused dependency `color-eyre`
[INFO] [stderr]  --> Cargo.toml:2:1
[INFO] [stderr]   |
[INFO] [stderr] 2 | color-eyre = "0.6.5"
[INFO] [stderr]   | ^^^^^^^^^^^^^^^^^^^^
[INFO] [stderr]   |
[INFO] [stderr] help: consider removing the dependency on `color-eyre`
[INFO] [stderr] warning: unused dependency `jwt-simple`
[INFO] [stderr]  --> Cargo.toml:4:1
[INFO] [stderr]   |
[INFO] [stderr] 4 | jwt-simple = "0.12.14"
[INFO] [stderr]   | ^^^^^^^^^^^^^^^^^^^^^^
[INFO] [stderr]   |
[INFO] [stderr] help: consider removing the dependency on `jwt-simple`
[INFO] [stderr] warning: unused dependency `password-auth`
[INFO] [stderr]  --> Cargo.toml:5:1
[INFO] [stderr]   |
[INFO] [stderr] 5 | password-auth = "1.0.0"
[INFO] [stderr]   | ^^^^^^^^^^^^^^^^^^^^^^^
[INFO] [stderr]   |
[INFO] [stderr] help: consider removing the dependency on `password-auth`
[INFO] [stderr] warning: unused dependency `sqlx`
[INFO] [stderr]   --> Cargo.toml:27:15
[INFO] [stderr]    |
[INFO] [stderr] 27 | [dependencies.sqlx]
[INFO] [stderr]    |               ^^^^^
[INFO] [stderr]    |
[INFO] [stderr] help: consider removing the dependency on `sqlx`
[INFO] [stderr] warning: `CarteiraInvestimentosBootcamp` (manifest) generated 6 warnings
[INFO] running `Command { std: "docker" "inspect" "b7953073e05ec57a37b10d0b96c0ccd2a344784e1ba3080bc383045adbd16489", kill_on_drop: false }`
[INFO] running `Command { std: "docker" "rm" "-f" "b7953073e05ec57a37b10d0b96c0ccd2a344784e1ba3080bc383045adbd16489", kill_on_drop: false }`
[INFO] [stdout] b7953073e05ec57a37b10d0b96c0ccd2a344784e1ba3080bc383045adbd16489
