[INFO] cloning repository https://github.com/mmcomando/ZenKit-rs
[INFO] running `Command { std: "git" "-c" "credential.helper=" "-c" "credential.helper=/workspace/cargo-home/bin/git-credential-null" "clone" "--bare" "https://github.com/mmcomando/ZenKit-rs" "/workspace/cache/git-repos/https%3A%2F%2Fgithub.com%2Fmmcomando%2FZenKit-rs", kill_on_drop: false }`
[INFO] [stderr] Cloning into bare repository '/workspace/cache/git-repos/https%3A%2F%2Fgithub.com%2Fmmcomando%2FZenKit-rs'...
[INFO] running `Command { std: "git" "rev-parse" "HEAD", kill_on_drop: false }`
[INFO] [stdout] 3569091272cac1bc2fe149aa7439ab136bfc73b9
[INFO] checking mmcomando/ZenKit-rs against 3154cc1a3e6424e44f438a95007d043ed5ceaaf6+rustflags=-Znext-solver=coherence for pr-133502-30
[INFO] running `Command { std: "git" "clone" "/workspace/cache/git-repos/https%3A%2F%2Fgithub.com%2Fmmcomando%2FZenKit-rs" "/workspace/builds/worker-5-tc1/source", kill_on_drop: false }`
[INFO] [stderr] Cloning into '/workspace/builds/worker-5-tc1/source'...
[INFO] [stderr] done.
[INFO] started tweaking git repo https://github.com/mmcomando/ZenKit-rs
[INFO] finished tweaking git repo https://github.com/mmcomando/ZenKit-rs
[INFO] tweaked toml for git repo https://github.com/mmcomando/ZenKit-rs written to /workspace/builds/worker-5-tc1/source/Cargo.toml
[INFO] validating manifest of git repo https://github.com/mmcomando/ZenKit-rs on toolchain 3154cc1a3e6424e44f438a95007d043ed5ceaaf6
[INFO] running `Command { std: CARGO_HOME="/workspace/cargo-home" RUSTUP_HOME="/workspace/rustup-home" "/workspace/cargo-home/bin/cargo" "+3154cc1a3e6424e44f438a95007d043ed5ceaaf6" "metadata" "--manifest-path" "Cargo.toml" "--no-deps", kill_on_drop: false }`
[INFO] crate git repo https://github.com/mmcomando/ZenKit-rs already has a lockfile, it will not be regenerated
[INFO] running `Command { std: CARGO_HOME="/workspace/cargo-home" RUSTUP_HOME="/workspace/rustup-home" "/workspace/cargo-home/bin/cargo" "+3154cc1a3e6424e44f438a95007d043ed5ceaaf6" "fetch" "--manifest-path" "Cargo.toml", kill_on_drop: false }`
[INFO] [stderr]     Updating git repository `https://github.com/mmcomando/ZenKit-sys.git`
[INFO] [stderr]     Updating git submodule `https://github.com/GothicKit/ZenKitCAPI.git`
[INFO] [stderr]     Updating git submodule `https://github.com/GothicKit/ZenKit.git`
[INFO] [stderr]     Updating git submodule `https://github.com/doctest/doctest.git`
[INFO] [stderr]     Updating git submodule `https://github.com/lmichaelis/phoenix-libsquish.git`
[INFO] [stderr]     Blocking waiting for file lock on package cache
[INFO] running `Command { std: "docker" "create" "-v" "/var/lib/crater-agent-workspace/builds/worker-5-tc1/source:/opt/rustwide/workdir:ro,Z" "-v" "/var/lib/crater-agent-workspace/builds/worker-5-tc1/target:/opt/rustwide/target:rw,Z" "-v" "/var/lib/crater-agent-workspace/cargo-home:/opt/rustwide/cargo-home:ro,Z" "-v" "/var/lib/crater-agent-workspace/rustup-home:/opt/rustwide/rustup-home:ro,Z" "-m" "1610612736" "--network" "none" "ghcr.io/rust-lang/crates-build-env/linux@sha256:77db811e55d90add9212f6832c23229e3de5f1c1f9905e8cb07319ea15df73ac" "sleep" "infinity", kill_on_drop: false }`
[INFO] [stdout] fd1b07f87afa490ad10c0fa86d4d558f0a843353edd80690fa6ed338d56c59f7
[INFO] running `Command { std: "docker" "start" "fd1b07f87afa490ad10c0fa86d4d558f0a843353edd80690fa6ed338d56c59f7", kill_on_drop: false }`
[INFO] running `Command { std: "docker" "inspect" "fd1b07f87afa490ad10c0fa86d4d558f0a843353edd80690fa6ed338d56c59f7", kill_on_drop: false }`
[INFO] running `Command { std: "docker" "exec" "-e" "SOURCE_DIR=/opt/rustwide/workdir" "-e" "CARGO_HOME=/opt/rustwide/cargo-home" "-e" "RUSTUP_HOME=/opt/rustwide/rustup-home" "-e" "CARGO_TARGET_DIR=/opt/rustwide/target" "-w" "/opt/rustwide/workdir" "--user" "0:0" "fd1b07f87afa490ad10c0fa86d4d558f0a843353edd80690fa6ed338d56c59f7" "/opt/rustwide/cargo-home/bin/cargo" "+3154cc1a3e6424e44f438a95007d043ed5ceaaf6" "metadata" "--no-deps" "--format-version=1", kill_on_drop: false }`
[INFO] running `Command { std: "docker" "inspect" "fd1b07f87afa490ad10c0fa86d4d558f0a843353edd80690fa6ed338d56c59f7", kill_on_drop: false }`
[INFO] running `Command { std: "docker" "exec" "-e" "SOURCE_DIR=/opt/rustwide/workdir" "-e" "CARGO_HOME=/opt/rustwide/cargo-home" "-e" "RUSTUP_HOME=/opt/rustwide/rustup-home" "-e" "CARGO_TARGET_DIR=/opt/rustwide/target" "-e" "CARGO_INCREMENTAL=0" "-e" "RUST_BACKTRACE=full" "-e" "RUSTFLAGS=--cap-lints=forbid -Znext-solver=coherence" "-e" "RUSTDOCFLAGS=--cap-lints=forbid" "-w" "/opt/rustwide/workdir" "--user" "0:0" "fd1b07f87afa490ad10c0fa86d4d558f0a843353edd80690fa6ed338d56c59f7" "/opt/rustwide/cargo-home/bin/cargo" "+3154cc1a3e6424e44f438a95007d043ed5ceaaf6" "check" "--frozen" "--all" "--all-targets" "--message-format=json", kill_on_drop: false }`
[INFO] [stderr]    Compiling find-msvc-tools v0.1.9
[INFO] [stderr]    Compiling shlex v1.3.0
[INFO] [stderr]    Compiling cc v1.2.56
[INFO] [stderr]    Compiling cmake v0.1.57
[INFO] [stderr]    Compiling ZenKitCAPI-sys v0.1.0 (https://github.com/mmcomando/ZenKit-sys.git?rev=7f1b7e4ed5cde91c5e04250775b348efd75a49aa#7f1b7e4e)
[INFO] [stderr] error: failed to run custom build command for `ZenKitCAPI-sys v0.1.0 (https://github.com/mmcomando/ZenKit-sys.git?rev=7f1b7e4ed5cde91c5e04250775b348efd75a49aa#7f1b7e4e)`
[INFO] [stderr] note: To improve backtraces for build dependencies, set the CARGO_PROFILE_DEV_BUILD_OVERRIDE_DEBUG=true environment variable to enable debug information generation.
[INFO] [stderr] 
[INFO] [stderr] Caused by:
[INFO] [stderr]   process didn't exit successfully: `/opt/rustwide/target/debug/build/ZenKitCAPI-sys/9d967376631acf3a/out/build_script_build` (exit status: 101)
[INFO] [stderr]   --- stdout
[INFO] [stderr]   CMAKE_TOOLCHAIN_FILE_x86_64-unknown-linux-gnu = None
[INFO] [stderr]   CMAKE_TOOLCHAIN_FILE_x86_64_unknown_linux_gnu = None
[INFO] [stderr]   HOST_CMAKE_TOOLCHAIN_FILE = None
[INFO] [stderr]   CMAKE_TOOLCHAIN_FILE = None
[INFO] [stderr]   CMAKE_GENERATOR_x86_64-unknown-linux-gnu = None
[INFO] [stderr]   CMAKE_GENERATOR_x86_64_unknown_linux_gnu = None
[INFO] [stderr]   HOST_CMAKE_GENERATOR = None
[INFO] [stderr]   CMAKE_GENERATOR = None
[INFO] [stderr]   CMAKE_PREFIX_PATH_x86_64-unknown-linux-gnu = None
[INFO] [stderr]   CMAKE_PREFIX_PATH_x86_64_unknown_linux_gnu = None
[INFO] [stderr]   HOST_CMAKE_PREFIX_PATH = None
[INFO] [stderr]   CMAKE_PREFIX_PATH = None
[INFO] [stderr]   CMAKE_x86_64-unknown-linux-gnu = None
[INFO] [stderr]   CMAKE_x86_64_unknown_linux_gnu = None
[INFO] [stderr]   HOST_CMAKE = None
[INFO] [stderr]   CMAKE = None
[INFO] [stderr]   -- The CXX compiler identification is GNU 15.2.0
[INFO] [stderr]   -- The C compiler identification is GNU 15.2.0
[INFO] [stderr]   -- Detecting CXX compiler ABI info
[INFO] [stderr]   -- Detecting CXX compiler ABI info - done
[INFO] [stderr]   -- Check for working CXX compiler: /usr/bin/c++ - skipped
[INFO] [stderr]   -- Detecting CXX compile features
[INFO] [stderr]   -- Detecting CXX compile features - done
[INFO] [stderr]   -- Detecting C compiler ABI info
[INFO] [stderr]   -- Detecting C compiler ABI info - done
[INFO] [stderr]   -- Check for working C compiler: /usr/bin/cc - skipped
[INFO] [stderr]   -- Detecting C compile features
[INFO] [stderr]   -- Detecting C compile features - done
[INFO] [stderr]   -- Performing Test COMPILER_HAS_HIDDEN_VISIBILITY
[INFO] [stderr]   -- Performing Test COMPILER_HAS_HIDDEN_VISIBILITY - Success
[INFO] [stderr]   -- Performing Test COMPILER_HAS_HIDDEN_INLINE_VISIBILITY
[INFO] [stderr]   -- Performing Test COMPILER_HAS_HIDDEN_INLINE_VISIBILITY - Success
[INFO] [stderr]   -- Performing Test COMPILER_HAS_DEPRECATED_ATTR
[INFO] [stderr]   -- Performing Test COMPILER_HAS_DEPRECATED_ATTR - Success
[INFO] [stderr]   -- ZenKit: ASAN enabled
[INFO] [stderr]   -- Performing Test _HAS_POSIX_MMAP
[INFO] [stderr]   -- Performing Test _HAS_POSIX_MMAP - Success
[INFO] [stderr]   -- Performing Test _HAS_WIN32_MMAP
[INFO] [stderr]   -- Performing Test _HAS_WIN32_MMAP - Failed
[INFO] [stderr]   -- ZenKit: Building with POSIX memory mapping support
[INFO] [stderr]   -- ZenKit: Building WITHOUT zipped VDF support
[INFO] [stderr]   -- Configuring done (2.2s)
[INFO] [stderr]   -- Generating done (0.1s)
[INFO] [stderr]   -- Build files have been written to: /opt/rustwide/target/debug/build/ZenKitCAPI-sys/0115252d31038e7c/out/build
[INFO] [stderr]   [  1%] Building CXX object vendor/ZenKit/vendor/libsquish/CMakeFiles/squish.dir/colourfit.cpp.o
[INFO] [stderr]   [  2%] Building CXX object vendor/ZenKit/vendor/libsquish/CMakeFiles/squish.dir/clusterfit.cpp.o
[INFO] [stderr]   [  3%] Building CXX object vendor/ZenKit/vendor/libsquish/CMakeFiles/squish.dir/colourset.cpp.o
[INFO] [stderr]   [  4%] Building CXX object vendor/ZenKit/vendor/libsquish/CMakeFiles/squish.dir/alpha.cpp.o
[INFO] [stderr]   [  5%] Building CXX object vendor/ZenKit/vendor/libsquish/CMakeFiles/squish.dir/maths.cpp.o
[INFO] [stderr]   [  6%] Building CXX object vendor/ZenKit/vendor/libsquish/CMakeFiles/squish.dir/singlecolourfit.cpp.o
[INFO] [stderr]   [  7%] Building CXX object vendor/ZenKit/vendor/libsquish/CMakeFiles/squish.dir/rangefit.cpp.o
[INFO] [stderr]   [  7%] Building CXX object vendor/ZenKit/vendor/libsquish/CMakeFiles/squish.dir/squish.cpp.o
[INFO] [stderr]   [  8%] Building CXX object vendor/ZenKit/vendor/libsquish/CMakeFiles/squish.dir/colourblock.cpp.o
[INFO] [stderr]   [  9%] Linking CXX static library libsquishd.a
[INFO] [stderr]   [  9%] Built target squish
[INFO] [stderr]   [ 10%] Building CXX object vendor/ZenKit/CMakeFiles/zenkit.dir/src/world/VobTree.cc.o
[INFO] [stderr]   [ 11%] Building CXX object vendor/ZenKit/CMakeFiles/zenkit.dir/src/world/BspTree.cc.o
[INFO] [stderr]   [ 12%] Building CXX object vendor/ZenKit/CMakeFiles/zenkit.dir/src/world/WayNet.cc.o
[INFO] [stderr]   [ 13%] Building CXX object vendor/ZenKit/CMakeFiles/zenkit.dir/src/vobs/Sound.cc.o
[INFO] [stderr]   [ 14%] Building CXX object vendor/ZenKit/CMakeFiles/zenkit.dir/src/vobs/MovableObject.cc.o
[INFO] [stderr]   [ 15%] Building CXX object vendor/ZenKit/CMakeFiles/zenkit.dir/src/addon/daedalus.cc.o
[INFO] [stderr]   [ 16%] Building CXX object vendor/ZenKit/CMakeFiles/zenkit.dir/src/archive/ArchiveBinary.cc.o
[INFO] [stderr]   [ 17%] Building CXX object vendor/ZenKit/CMakeFiles/zenkit.dir/src/archive/ArchiveAscii.cc.o
[INFO] [stderr]   [ 18%] Building CXX object vendor/ZenKit/CMakeFiles/zenkit.dir/src/addon/texcvt.cc.o
[INFO] [stderr]   [ 19%] Building CXX object vendor/ZenKit/CMakeFiles/zenkit.dir/src/vobs/Misc.cc.o
[INFO] [stderr]   [ 20%] Building CXX object vendor/ZenKit/CMakeFiles/zenkit.dir/src/vobs/Zone.cc.o
[INFO] [stderr]   [ 21%] Building CXX object vendor/ZenKit/CMakeFiles/zenkit.dir/src/vobs/VirtualObject.cc.o
[INFO] [stderr]   [ 21%] Building CXX object vendor/ZenKit/CMakeFiles/zenkit.dir/src/vobs/Trigger.cc.o
[INFO] [stderr]   [ 22%] Building CXX object vendor/ZenKit/CMakeFiles/zenkit.dir/src/vobs/Camera.cc.o
[INFO] [stderr]   [ 23%] Building CXX object vendor/ZenKit/CMakeFiles/zenkit.dir/src/archive/ArchiveBinsafe.cc.o
[INFO] [stderr]   [ 24%] Building CXX object vendor/ZenKit/CMakeFiles/zenkit.dir/src/vobs/Light.cc.o
[INFO] [stderr] 
[INFO] [stderr]   --- stderr
[INFO] [stderr]   running: cd "/opt/rustwide/target/debug/build/ZenKitCAPI-sys/0115252d31038e7c/out/build" && CMAKE_PREFIX_PATH="" LC_ALL="C" "cmake" "/opt/rustwide/cargo-home/git/checkouts/zenkit-sys-121c713e187815b3/7f1b7e4/vendor/ZenKitCAPI" "-B" "/opt/rustwide/target/debug/build/ZenKitCAPI-sys/0115252d31038e7c/out/build" "-DCMAKE_DEBUG_POSTFIX=" "-DZK_ENABLE_INSTALL=NO" "-DCMAKE_INSTALL_PREFIX=/opt/rustwide/target/debug/build/ZenKitCAPI-sys/0115252d31038e7c/out" "-DCMAKE_C_FLAGS= -ffunction-sections -fdata-sections -fPIC -m64 -w" "-DCMAKE_C_COMPILER=/usr/bin/cc" "-DCMAKE_CXX_FLAGS= -ffunction-sections -fdata-sections -fPIC -m64 -w" "-DCMAKE_CXX_COMPILER=/usr/bin/c++" "-DCMAKE_ASM_FLAGS= -ffunction-sections -fdata-sections -fPIC -m64 -w" "-DCMAKE_ASM_COMPILER=/usr/bin/cc" "-DCMAKE_BUILD_TYPE=Debug"
[INFO] [stderr]   CMake Deprecation Warning at vendor/ZenKit/vendor/doctest/CMakeLists.txt:1 (cmake_minimum_required):
[INFO] [stderr]     Compatibility with CMake < 3.10 will be removed from a future version of
[INFO] [stderr]     CMake.
[INFO] [stderr] 
[INFO] [stderr]     Update the VERSION argument <min> value.  Or, use the <min>...<max> syntax
[INFO] [stderr]     to tell CMake that the project requires at least <min> but has been updated
[INFO] [stderr]     to work with policies introduced by <max> or earlier.
[INFO] [stderr] 
[INFO] [stderr] 
[INFO] [stderr]   CMake Deprecation Warning at vendor/ZenKit/vendor/libsquish/CMakeLists.txt:14 (CMAKE_MINIMUM_REQUIRED):
[INFO] [stderr]     Compatibility with CMake < 3.10 will be removed from a future version of
[INFO] [stderr]     CMake.
[INFO] [stderr] 
[INFO] [stderr]     Update the VERSION argument <min> value.  Or, use the <min>...<max> syntax
[INFO] [stderr]     to tell CMake that the project requires at least <min> but has been updated
[INFO] [stderr]     to work with policies introduced by <max> or earlier.
[INFO] [stderr] 
[INFO] [stderr] 
[INFO] [stderr]   CMake Warning (dev) at vendor/ZenKit/vendor/libsquish/CMakeLists.txt:21 (OPTION):
[INFO] [stderr]     Policy CMP0077 is not set: option() honors normal variables.  Run "cmake
[INFO] [stderr]     --help-policy CMP0077" for policy details.  Use the cmake_policy command to
[INFO] [stderr]     set the policy and suppress this warning.
[INFO] [stderr] 
[INFO] [stderr]     For compatibility with older versions of CMake, option is clearing the
[INFO] [stderr]     normal variable 'BUILD_SHARED_LIBS'.
[INFO] [stderr]   This warning is for project developers.  Use -Wno-dev to suppress it.
[INFO] [stderr] 
[INFO] [stderr]   CMake Warning:
[INFO] [stderr]     Manually-specified variables were not used by the project:
[INFO] [stderr] 
[INFO] [stderr]       CMAKE_ASM_COMPILER
[INFO] [stderr]       CMAKE_ASM_FLAGS
[INFO] [stderr] 
[INFO] [stderr] 
[INFO] [stderr]   running: cd "/opt/rustwide/target/debug/build/ZenKitCAPI-sys/0115252d31038e7c/out/build" && LC_ALL="C" MAKEFLAGS="-j --jobserver-fds=4,5 --jobserver-auth=4,5" "cmake" "--build" "/opt/rustwide/target/debug/build/ZenKitCAPI-sys/0115252d31038e7c/out/build" "--target" "install" "--config" "Debug"
[INFO] [stderr]   c++: fatal error: Killed signal terminated program cc1plus
[INFO] [stderr]   compilation terminated.
[INFO] [stderr]   gmake[2]: *** [vendor/ZenKit/CMakeFiles/zenkit.dir/build.make:107: vendor/ZenKit/CMakeFiles/zenkit.dir/src/world/WayNet.cc.o] Error 1
[INFO] [stderr]   gmake[2]: *** Waiting for unfinished jobs....
[INFO] [stderr]   c++: fatal error: Killed signal terminated program cc1plus
[INFO] [stderr]   compilation terminated.
[INFO] [stderr]   c++: fatal error: Killed signal terminated program cc1plus
[INFO] [stderr]   compilation terminated.
[INFO] [stderr]   gmake[2]: *** [vendor/ZenKit/CMakeFiles/zenkit.dir/build.make:205: vendor/ZenKit/CMakeFiles/zenkit.dir/src/vobs/VirtualObject.cc.o] Error 1
[INFO] [stderr]   gmake[2]: *** [vendor/ZenKit/CMakeFiles/zenkit.dir/build.make:247: vendor/ZenKit/CMakeFiles/zenkit.dir/src/addon/texcvt.cc.o] Error 1
[INFO] [stderr]   c++: fatal error: Killed signal terminated program cc1plus
[INFO] [stderr]   compilation terminated.
[INFO] [stderr]   gmake[2]: *** [vendor/ZenKit/CMakeFiles/zenkit.dir/build.make:121: vendor/ZenKit/CMakeFiles/zenkit.dir/src/vobs/Camera.cc.o] Error 1
[INFO] [stderr]   c++: fatal error: Killed signal terminated program cc1plus
[INFO] [stderr]   compilation terminated.
[INFO] [stderr]   gmake[2]: *** [vendor/ZenKit/CMakeFiles/zenkit.dir/build.make:93: vendor/ZenKit/CMakeFiles/zenkit.dir/src/world/VobTree.cc.o] Error 1
[INFO] [stderr]   c++: fatal error: Killed signal terminated program cc1plus
[INFO] [stderr]   compilation terminated.
[INFO] [stderr]   gmake[2]: *** [vendor/ZenKit/CMakeFiles/zenkit.dir/build.make:135: vendor/ZenKit/CMakeFiles/zenkit.dir/src/vobs/Light.cc.o] Error 1
[INFO] [stderr]   c++: fatal error: Killed signal terminated program cc1plus
[INFO] [stderr]   compilation terminated.
[INFO] [stderr]   gmake[2]: *** [vendor/ZenKit/CMakeFiles/zenkit.dir/build.make:261: vendor/ZenKit/CMakeFiles/zenkit.dir/src/archive/ArchiveAscii.cc.o] Error 1
[INFO] [stderr]   gmake[1]: *** [CMakeFiles/Makefile2:203: vendor/ZenKit/CMakeFiles/zenkit.dir/all] Error 2
[INFO] [stderr]   gmake: *** [Makefile:136: all] Error 2
[INFO] [stderr] 
[INFO] [stderr]   thread 'main' (119) panicked at /opt/rustwide/cargo-home/registry/src/index.crates.io-1949cf8c6b5b557f/cmake-0.1.57/src/lib.rs:1132:5:
[INFO] [stderr] 
[INFO] [stderr]   command did not execute successfully, got: exit status: 2
[INFO] [stderr] 
[INFO] [stderr]   build script failed, must exit now
[INFO] [stderr]   stack backtrace:
[INFO] [stderr]      0:     0x5f6d7ed18f71 - std[3164a59e47d3bde]::backtrace_rs::backtrace::libunwind::trace
[INFO] [stderr]                                  at /rustc/3154cc1a3e6424e44f438a95007d043ed5ceaaf6/library/std/src/../../backtrace/src/backtrace/libunwind.rs:117:9
[INFO] [stderr]      1:     0x5f6d7ed18f71 - std[3164a59e47d3bde]::backtrace_rs::backtrace::trace_unsynchronized::<std[3164a59e47d3bde]::sys::backtrace::_print_fmt::{closure#1}>
[INFO] [stderr]                                  at /rustc/3154cc1a3e6424e44f438a95007d043ed5ceaaf6/library/std/src/../../backtrace/src/backtrace/mod.rs:66:14
[INFO] [stderr]      2:     0x5f6d7ed18f71 - std[3164a59e47d3bde]::sys::backtrace::_print_fmt
[INFO] [stderr]                                  at /rustc/3154cc1a3e6424e44f438a95007d043ed5ceaaf6/library/std/src/sys/backtrace.rs:74:9
[INFO] [stderr]      3:     0x5f6d7ed18f71 - <<std[3164a59e47d3bde]::sys::backtrace::BacktraceLock>::print::DisplayBacktrace as core[934024a1e6126fb4]::fmt::Display>::fmt
[INFO] [stderr]                                  at /rustc/3154cc1a3e6424e44f438a95007d043ed5ceaaf6/library/std/src/sys/backtrace.rs:44:26
[INFO] [stderr]      4:     0x5f6d7ed2d1da - <core[934024a1e6126fb4]::fmt::rt::Argument>::fmt
[INFO] [stderr]                                  at /rustc/3154cc1a3e6424e44f438a95007d043ed5ceaaf6/library/core/src/fmt/rt.rs:152:76
[INFO] [stderr]      5:     0x5f6d7ed2d1da - core[934024a1e6126fb4]::fmt::write
[INFO] [stderr]      6:     0x5f6d7ed1ea2c - core[934024a1e6126fb4]::io::write::default_write_fmt::<std[3164a59e47d3bde]::sys::stdio::unix::Stderr>
[INFO] [stderr]                                  at /rustc/3154cc1a3e6424e44f438a95007d043ed5ceaaf6/library/core/src/io/write.rs:402:11
[INFO] [stderr]      7:     0x5f6d7ed1ea2c - <std[3164a59e47d3bde]::sys::stdio::unix::Stderr as core[934024a1e6126fb4]::io::write::Write>::write_fmt
[INFO] [stderr]                                  at /rustc/3154cc1a3e6424e44f438a95007d043ed5ceaaf6/library/core/src/io/write.rs:335:13
[INFO] [stderr]      8:     0x5f6d7ecf8546 - <std[3164a59e47d3bde]::sys::backtrace::BacktraceLock>::print
[INFO] [stderr]                                  at /rustc/3154cc1a3e6424e44f438a95007d043ed5ceaaf6/library/std/src/sys/backtrace.rs:47:9
[INFO] [stderr]      9:     0x5f6d7ecf8546 - std[3164a59e47d3bde]::panicking::default_hook::{closure#0}
[INFO] [stderr]                                  at /rustc/3154cc1a3e6424e44f438a95007d043ed5ceaaf6/library/std/src/panicking.rs:289:27
[INFO] [stderr]     10:     0x5f6d7ed13c91 - std[3164a59e47d3bde]::panicking::default_hook
[INFO] [stderr]                                  at /rustc/3154cc1a3e6424e44f438a95007d043ed5ceaaf6/library/std/src/panicking.rs:316:9
[INFO] [stderr]     11:     0x5f6d7ed13e4b - std[3164a59e47d3bde]::panicking::panic_with_hook
[INFO] [stderr]                                  at /rustc/3154cc1a3e6424e44f438a95007d043ed5ceaaf6/library/std/src/panicking.rs:811:13
[INFO] [stderr]     12:     0x5f6d7ecf85f2 - std[3164a59e47d3bde]::panicking::panic_handler::{closure#0}
[INFO] [stderr]                                  at /rustc/3154cc1a3e6424e44f438a95007d043ed5ceaaf6/library/std/src/panicking.rs:685:13
[INFO] [stderr]     13:     0x5f6d7ecf1299 - std[3164a59e47d3bde]::sys::backtrace::__rust_end_short_backtrace::<std[3164a59e47d3bde]::panicking::panic_handler::{closure#0}, !>
[INFO] [stderr]                                  at /rustc/3154cc1a3e6424e44f438a95007d043ed5ceaaf6/library/std/src/sys/backtrace.rs:182:18
[INFO] [stderr]     14:     0x5f6d7ecf8ddd - __rustc[2e7b49d4226056d3]::rust_begin_unwind
[INFO] [stderr]                                  at /rustc/3154cc1a3e6424e44f438a95007d043ed5ceaaf6/library/std/src/panicking.rs:676:5
[INFO] [stderr]     15:     0x5f6d7ed2d9cc - core[934024a1e6126fb4]::panicking::panic_fmt
[INFO] [stderr]                                  at /rustc/3154cc1a3e6424e44f438a95007d043ed5ceaaf6/library/core/src/panicking.rs:80:14
[INFO] [stderr]     16:     0x5f6d7ec82887 - cmake[68c1d85db26f340d]::fail
[INFO] [stderr]     17:     0x5f6d7ec82513 - cmake[68c1d85db26f340d]::run
[INFO] [stderr]     18:     0x5f6d7ec884e5 - <cmake[68c1d85db26f340d]::Config>::build
[INFO] [stderr]     19:     0x5f6d7ec74a9a - build_script_build[69226b9cb0dbdbc4]::main
[INFO] [stderr]     20:     0x5f6d7ec75063 - <fn() as core[934024a1e6126fb4]::ops::function::FnOnce<()>>::call_once
[INFO] [stderr]     21:     0x5f6d7ec7492e - std[3164a59e47d3bde]::sys::backtrace::__rust_begin_short_backtrace::<fn(), ()>
[INFO] [stderr]     22:     0x5f6d7ec74939 - std[3164a59e47d3bde]::rt::lang_start::<()>::{closure#0}
[INFO] [stderr]     23:     0x5f6d7ed12f98 - <&dyn core[934024a1e6126fb4]::ops::function::Fn<(), Output = i32> + core[934024a1e6126fb4]::marker::Sync + core[934024a1e6126fb4]::panic::unwind_safe::RefUnwindSafe as core[934024a1e6126fb4]::ops::function::FnOnce<()>>::call_once
[INFO] [stderr]                                  at /rustc/3154cc1a3e6424e44f438a95007d043ed5ceaaf6/library/core/src/ops/function.rs:287:21
[INFO] [stderr]     24:     0x5f6d7ed12f98 - std[3164a59e47d3bde]::panicking::catch_unwind::do_call::<&dyn core[934024a1e6126fb4]::ops::function::Fn<(), Output = i32> + core[934024a1e6126fb4]::marker::Sync + core[934024a1e6126fb4]::panic::unwind_safe::RefUnwindSafe, i32>
[INFO] [stderr]                                  at /rustc/3154cc1a3e6424e44f438a95007d043ed5ceaaf6/library/std/src/panicking.rs:573:43
[INFO] [stderr]     25:     0x5f6d7ed12f98 - std[3164a59e47d3bde]::panicking::catch_unwind::<i32, &dyn core[934024a1e6126fb4]::ops::function::Fn<(), Output = i32> + core[934024a1e6126fb4]::marker::Sync + core[934024a1e6126fb4]::panic::unwind_safe::RefUnwindSafe>
[INFO] [stderr]                                  at /rustc/3154cc1a3e6424e44f438a95007d043ed5ceaaf6/library/std/src/panicking.rs:541:19
[INFO] [stderr]     26:     0x5f6d7ed12f98 - std[3164a59e47d3bde]::panic::catch_unwind::<&dyn core[934024a1e6126fb4]::ops::function::Fn<(), Output = i32> + core[934024a1e6126fb4]::marker::Sync + core[934024a1e6126fb4]::panic::unwind_safe::RefUnwindSafe, i32>
[INFO] [stderr]                                  at /rustc/3154cc1a3e6424e44f438a95007d043ed5ceaaf6/library/std/src/panic.rs:359:14
[INFO] [stderr]     27:     0x5f6d7ed12f98 - std[3164a59e47d3bde]::rt::lang_start_internal::{closure#0}
[INFO] [stderr]                                  at /rustc/3154cc1a3e6424e44f438a95007d043ed5ceaaf6/library/std/src/rt.rs:175:24
[INFO] [stderr]     28:     0x5f6d7ed12f98 - std[3164a59e47d3bde]::panicking::catch_unwind::do_call::<std[3164a59e47d3bde]::rt::lang_start_internal::{closure#0}, isize>
[INFO] [stderr]                                  at /rustc/3154cc1a3e6424e44f438a95007d043ed5ceaaf6/library/std/src/panicking.rs:573:43
[INFO] [stderr]     29:     0x5f6d7ed12f98 - std[3164a59e47d3bde]::panicking::catch_unwind::<isize, std[3164a59e47d3bde]::rt::lang_start_internal::{closure#0}>
[INFO] [stderr]                                  at /rustc/3154cc1a3e6424e44f438a95007d043ed5ceaaf6/library/std/src/panicking.rs:541:19
[INFO] [stderr]     30:     0x5f6d7ed12f98 - std[3164a59e47d3bde]::panic::catch_unwind::<std[3164a59e47d3bde]::rt::lang_start_internal::{closure#0}, isize>
[INFO] [stderr]                                  at /rustc/3154cc1a3e6424e44f438a95007d043ed5ceaaf6/library/std/src/panic.rs:359:14
[INFO] [stderr]     31:     0x5f6d7ed12f98 - std[3164a59e47d3bde]::rt::lang_start_internal
[INFO] [stderr]                                  at /rustc/3154cc1a3e6424e44f438a95007d043ed5ceaaf6/library/std/src/rt.rs:171:5
[INFO] [stderr]     32:     0x5f6d7ec74921 - std[3164a59e47d3bde]::rt::lang_start::<()>
[INFO] [stderr]     33:     0x5f6d7ec750d5 - main
[INFO] [stderr]     34:     0x71881fb5a601 - <unknown>
[INFO] [stderr]     35:     0x71881fb5a718 - __libc_start_main
[INFO] [stderr]     36:     0x5f6d7ec738a5 - _start
[INFO] [stderr]     37:                0x0 - <unknown>
[INFO] running `Command { std: "docker" "inspect" "fd1b07f87afa490ad10c0fa86d4d558f0a843353edd80690fa6ed338d56c59f7", kill_on_drop: false }`
[INFO] running `Command { std: "docker" "rm" "-f" "fd1b07f87afa490ad10c0fa86d4d558f0a843353edd80690fa6ed338d56c59f7", kill_on_drop: false }`
[INFO] [stdout] fd1b07f87afa490ad10c0fa86d4d558f0a843353edd80690fa6ed338d56c59f7
