[INFO] cloning repository https://github.com/mlyoung101/panslopticon
[INFO] running `Command { std: "git" "-c" "credential.helper=" "-c" "credential.helper=/workspace/cargo-home/bin/git-credential-null" "clone" "--bare" "https://github.com/mlyoung101/panslopticon" "/workspace/cache/git-repos/https%3A%2F%2Fgithub.com%2Fmlyoung101%2Fpanslopticon", kill_on_drop: false }`
[INFO] [stderr] Cloning into bare repository '/workspace/cache/git-repos/https%3A%2F%2Fgithub.com%2Fmlyoung101%2Fpanslopticon'...
[INFO] running `Command { std: "git" "rev-parse" "HEAD", kill_on_drop: false }`
[INFO] [stdout] 1b68622e4b5cd528f086b013748f26de060534af
[INFO] checking mlyoung101/panslopticon against 3154cc1a3e6424e44f438a95007d043ed5ceaaf6+rustflags=-Znext-solver=coherence for pr-133502-30
[INFO] running `Command { std: "git" "clone" "/workspace/cache/git-repos/https%3A%2F%2Fgithub.com%2Fmlyoung101%2Fpanslopticon" "/workspace/builds/worker-6-tc1/source", kill_on_drop: false }`
[INFO] [stderr] Cloning into '/workspace/builds/worker-6-tc1/source'...
[INFO] [stderr] done.
[INFO] started tweaking git repo https://github.com/mlyoung101/panslopticon
[INFO] finished tweaking git repo https://github.com/mlyoung101/panslopticon
[INFO] tweaked toml for git repo https://github.com/mlyoung101/panslopticon written to /workspace/builds/worker-6-tc1/source/Cargo.toml
[INFO] validating manifest of git repo https://github.com/mlyoung101/panslopticon on toolchain 3154cc1a3e6424e44f438a95007d043ed5ceaaf6
[INFO] running `Command { std: CARGO_HOME="/workspace/cargo-home" RUSTUP_HOME="/workspace/rustup-home" "/workspace/cargo-home/bin/cargo" "+3154cc1a3e6424e44f438a95007d043ed5ceaaf6" "metadata" "--manifest-path" "Cargo.toml" "--no-deps", kill_on_drop: false }`
[INFO] crate git repo https://github.com/mlyoung101/panslopticon already has a lockfile, it will not be regenerated
[INFO] running `Command { std: CARGO_HOME="/workspace/cargo-home" RUSTUP_HOME="/workspace/rustup-home" "/workspace/cargo-home/bin/cargo" "+3154cc1a3e6424e44f438a95007d043ed5ceaaf6" "fetch" "--manifest-path" "Cargo.toml", kill_on_drop: false }`
[INFO] [stderr]     Updating crates.io index
[INFO] [stderr]  Downloading crates ...
[INFO] [stderr]   Downloaded subprocess v1.2.1
[INFO] [stderr]   Downloaded retry-policies v0.5.2
[INFO] [stderr]   Downloaded reqwest-retry v0.9.1
[INFO] [stderr]   Downloaded reqwest-middleware v0.5.2
[INFO] [stderr]   Downloaded h2 v0.4.17
[INFO] [stderr]   Downloaded lru-cache v0.1.2
[INFO] [stderr]   Downloaded regex-cache v0.2.1
[INFO] [stderr]   Downloaded oncemutex v0.1.1
[INFO] [stderr]   Downloaded octocrab v0.54.1
[INFO] [stderr]   Downloaded jsonwebtoken v10.4.0
[INFO] [stderr]   Downloaded http-serde v2.1.1
[INFO] [stderr]   Downloaded counter v0.7.1
[INFO] [stderr]   Downloaded lingua-korean-language-model v1.3.0
[INFO] [stderr]   Downloaded lingua-japanese-language-model v1.3.0
[INFO] [stderr]   Downloaded lingua-chinese-language-model v1.3.0
[INFO] [stderr]   Downloaded lingua-punjabi-language-model v1.3.0
[INFO] [stderr]   Downloaded color-spantrace v0.3.0
[INFO] [stderr]   Downloaded tracing-error v0.2.1
[INFO] [stderr]   Downloaded indenter v0.3.4
[INFO] [stderr]   Downloaded lingua-tamil-language-model v1.3.0
[INFO] [stderr]   Downloaded git2 v0.21.0
[INFO] [stderr]   Downloaded eyre v0.6.14
[INFO] [stderr]   Downloaded lingua-tswana-language-model v1.3.0
[INFO] [stderr]   Downloaded lingua-tsonga-language-model v1.3.0
[INFO] [stderr]   Downloaded lingua-telugu-language-model v1.3.0
[INFO] [stderr]   Downloaded lingua-gujarati-language-model v1.3.0
[INFO] [stderr]   Downloaded lingua-bengali-language-model v1.3.0
[INFO] [stderr]   Downloaded lingua-marathi-language-model v1.3.0
[INFO] [stderr]   Downloaded lingua-hindi-language-model v1.3.0
[INFO] [stderr]   Downloaded lingua-swahili-language-model v1.3.0
[INFO] [stderr]   Downloaded lingua-sotho-language-model v1.3.0
[INFO] [stderr]   Downloaded lingua-yoruba-language-model v1.3.0
[INFO] [stderr]   Downloaded lingua-maori-language-model v1.3.0
[INFO] [stderr]   Downloaded lingua-shona-language-model v1.3.0
[INFO] [stderr]   Downloaded lingua-xhosa-language-model v1.3.0
[INFO] [stderr]   Downloaded color-eyre v0.6.5
[INFO] [stderr]   Downloaded lingua-somali-language-model v1.3.0
[INFO] [stderr]   Downloaded lingua-zulu-language-model v1.3.0
[INFO] [stderr]   Downloaded lingua-tagalog-language-model v1.3.0
[INFO] [stderr]   Downloaded lingua-malay-language-model v1.3.0
[INFO] [stderr]   Downloaded lingua-vietnamese-language-model v1.3.0
[INFO] [stderr]   Downloaded lingua-welsh-language-model v1.3.0
[INFO] [stderr]   Downloaded lingua-ganda-language-model v1.3.0
[INFO] [stderr]   Downloaded lingua-basque-language-model v1.3.0
[INFO] [stderr]   Downloaded lingua-latin-language-model v1.3.0
[INFO] [stderr]   Downloaded lingua-irish-language-model v1.3.0
[INFO] [stderr]   Downloaded lingua-macedonian-language-model v1.3.0
[INFO] [stderr]   Downloaded lingua-armenian-language-model v1.3.0
[INFO] [stderr]   Downloaded lingua-afrikaans-language-model v1.3.0
[INFO] [stderr]   Downloaded lingua-mongolian-language-model v1.3.0
[INFO] [stderr]   Downloaded lingua-bosnian-language-model v1.3.0
[INFO] [stderr]   Downloaded lingua-indonesian-language-model v1.3.0
[INFO] [stderr]   Downloaded libgit2-sys v0.18.7+1.9.6
[INFO] [stderr]   Downloaded lingua-portuguese-language-model v1.3.0
[INFO] [stderr]   Downloaded lingua-italian-language-model v1.3.0
[INFO] [stderr]   Downloaded lingua-catalan-language-model v1.3.0
[INFO] [stderr]   Downloaded lingua-nynorsk-language-model v1.3.0
[INFO] [stderr]   Downloaded lingua-albanian-language-model v1.3.0
[INFO] [stderr]   Downloaded lingua-spanish-language-model v1.3.0
[INFO] [stderr]   Downloaded lingua-english-language-model v1.3.0
[INFO] [stderr]   Downloaded lingua-french-language-model v1.3.0
[INFO] [stderr]   Downloaded lingua-georgian-language-model v1.3.0
[INFO] [stderr]   Downloaded lingua-thai-language-model v1.3.0
[INFO] [stderr]   Downloaded lingua-esperanto-language-model v1.3.0
[INFO] [stderr]   Downloaded lingua-dutch-language-model v1.3.0
[INFO] [stderr]   Downloaded lingua-bokmal-language-model v1.3.0
[INFO] [stderr]   Downloaded lingua-turkish-language-model v1.3.0
[INFO] [stderr]   Downloaded lingua-kazakh-language-model v1.3.0
[INFO] [stderr]   Downloaded lingua-bulgarian-language-model v1.3.0
[INFO] [stderr]   Downloaded lingua v1.8.0
[INFO] [stderr]   Downloaded lingua-slovene-language-model v1.3.0
[INFO] [stderr]   Downloaded lingua-romanian-language-model v1.3.0
[INFO] [stderr]   Downloaded lingua-azerbaijani-language-model v1.3.0
[INFO] [stderr]   Downloaded lingua-finnish-language-model v1.3.0
[INFO] [stderr]   Downloaded lingua-urdu-language-model v1.3.0
[INFO] [stderr]   Downloaded lingua-ukrainian-language-model v1.3.0
[INFO] [stderr]   Downloaded lingua-russian-language-model v1.3.0
[INFO] [stderr]   Downloaded lingua-danish-language-model v1.3.0
[INFO] [stderr]   Downloaded lingua-estonian-language-model v1.3.0
[INFO] [stderr]   Downloaded lingua-croatian-language-model v1.3.0
[INFO] [stderr]   Downloaded lingua-persian-language-model v1.3.0
[INFO] [stderr]   Downloaded lingua-belarusian-language-model v1.3.0
[INFO] [stderr]   Downloaded lingua-hebrew-language-model v1.3.0
[INFO] [stderr]   Downloaded lingua-german-language-model v1.3.0
[INFO] [stderr]   Downloaded lingua-serbian-language-model v1.3.0
[INFO] [stderr]   Downloaded lingua-swedish-language-model v1.3.0
[INFO] [stderr]   Downloaded lingua-icelandic-language-model v1.3.0
[INFO] [stderr]   Downloaded lingua-polish-language-model v1.3.0
[INFO] [stderr]   Downloaded lingua-latvian-language-model v1.3.0
[INFO] [stderr]   Downloaded lingua-lithuanian-language-model v1.3.0
[INFO] [stderr]   Downloaded lingua-slovak-language-model v1.3.0
[INFO] [stderr]   Downloaded lingua-greek-language-model v1.3.0
[INFO] [stderr]   Downloaded lingua-arabic-language-model v1.3.0
[INFO] [stderr]   Downloaded lingua-czech-language-model v1.3.0
[INFO] [stderr]   Downloaded lingua-hungarian-language-model v1.3.0
[INFO] running `Command { std: "docker" "create" "-v" "/var/lib/crater-agent-workspace/builds/worker-6-tc1/source:/opt/rustwide/workdir:ro,Z" "-v" "/var/lib/crater-agent-workspace/builds/worker-6-tc1/target:/opt/rustwide/target:rw,Z" "-v" "/var/lib/crater-agent-workspace/cargo-home:/opt/rustwide/cargo-home:ro,Z" "-v" "/var/lib/crater-agent-workspace/rustup-home:/opt/rustwide/rustup-home:ro,Z" "-m" "1610612736" "--network" "none" "ghcr.io/rust-lang/crates-build-env/linux@sha256:77db811e55d90add9212f6832c23229e3de5f1c1f9905e8cb07319ea15df73ac" "sleep" "infinity", kill_on_drop: false }`
[INFO] [stdout] a519933e04c16cfb6954d24c8eefc87a00d62735a6bbb1b3c179471e074d3134
[INFO] running `Command { std: "docker" "start" "a519933e04c16cfb6954d24c8eefc87a00d62735a6bbb1b3c179471e074d3134", kill_on_drop: false }`
[INFO] running `Command { std: "docker" "inspect" "a519933e04c16cfb6954d24c8eefc87a00d62735a6bbb1b3c179471e074d3134", kill_on_drop: false }`
[INFO] running `Command { std: "docker" "exec" "-e" "SOURCE_DIR=/opt/rustwide/workdir" "-e" "CARGO_HOME=/opt/rustwide/cargo-home" "-e" "RUSTUP_HOME=/opt/rustwide/rustup-home" "-e" "CARGO_TARGET_DIR=/opt/rustwide/target" "-w" "/opt/rustwide/workdir" "--user" "0:0" "a519933e04c16cfb6954d24c8eefc87a00d62735a6bbb1b3c179471e074d3134" "/opt/rustwide/cargo-home/bin/cargo" "+3154cc1a3e6424e44f438a95007d043ed5ceaaf6" "metadata" "--no-deps" "--format-version=1", kill_on_drop: false }`
[INFO] running `Command { std: "docker" "inspect" "a519933e04c16cfb6954d24c8eefc87a00d62735a6bbb1b3c179471e074d3134", kill_on_drop: false }`
[INFO] running `Command { std: "docker" "exec" "-e" "SOURCE_DIR=/opt/rustwide/workdir" "-e" "CARGO_HOME=/opt/rustwide/cargo-home" "-e" "RUSTUP_HOME=/opt/rustwide/rustup-home" "-e" "CARGO_TARGET_DIR=/opt/rustwide/target" "-e" "CARGO_INCREMENTAL=0" "-e" "RUST_BACKTRACE=full" "-e" "RUSTFLAGS=--cap-lints=forbid -Znext-solver=coherence" "-e" "RUSTDOCFLAGS=--cap-lints=forbid" "-w" "/opt/rustwide/workdir" "--user" "0:0" "a519933e04c16cfb6954d24c8eefc87a00d62735a6bbb1b3c179471e074d3134" "/opt/rustwide/cargo-home/bin/cargo" "+3154cc1a3e6424e44f438a95007d043ed5ceaaf6" "check" "--frozen" "--all" "--all-targets" "--message-format=json", kill_on_drop: false }`
[INFO] [stderr]    Compiling serde v1.0.229
[INFO] [stderr]    Compiling serde_core v1.0.229
[INFO] [stderr]    Compiling syn v3.0.3
[INFO] [stderr]    Compiling include_dir_macros v0.7.4
[INFO] [stderr]    Compiling jobserver v0.1.35
[INFO] [stderr]     Checking getrandom v0.2.17
[INFO] [stderr]     Checking mio v1.2.2
[INFO] [stderr]    Compiling num-traits v0.2.19
[INFO] [stderr]    Compiling zeroize_derive v1.5.0
[INFO] [stderr]     Checking futures-channel v0.3.34
[INFO] [stderr]     Checking base64ct v1.8.3
[INFO] [stderr]     Checking futures-io v0.3.34
[INFO] [stderr]    Compiling serde_json v1.0.151
[INFO] [stderr]    Compiling zmij v1.0.23
[INFO] [stderr]     Checking spin v0.9.9
[INFO] [stderr]     Checking rand_core v0.6.4
[INFO] [stderr]    Compiling cmov v0.5.4
[INFO] [stderr]     Checking lazy_static v1.5.0
[INFO] [stderr]    Compiling generic-array v0.14.9
[INFO] [stderr]    Compiling icu_properties_data v2.3.0
[INFO] [stderr]    Compiling icu_normalizer_data v2.3.0
[INFO] [stderr]    Compiling cc v1.4.3
[INFO] [stderr]     Checking ff v0.13.1
[INFO] [stderr]     Checking pem-rfc7468 v0.7.0
[INFO] [stderr]    Compiling crossbeam-utils v0.8.22
[INFO] [stderr]     Checking zeroize v1.9.0
[INFO] [stderr]     Checking include_dir v0.7.4
[INFO] [stderr]    Compiling ctutils v0.4.2
[INFO] [stderr]    Compiling lock_api v0.4.14
[INFO] [stderr]     Checking rustls-pki-types v1.15.1
[INFO] [stderr]     Checking group v0.13.0
[INFO] [stderr]     Checking der v0.7.10
[INFO] [stderr]    Compiling crypto-common v0.1.6
[INFO] [stderr]    Compiling block-buffer v0.10.4
[INFO] [stderr]    Compiling digest v0.11.3
[INFO] [stderr]    Compiling socket2 v0.6.5
[INFO] [stderr]    Compiling cpufeatures v0.3.0
[INFO] [stderr]    Compiling rustls v0.23.43
[INFO] [stderr]     Checking ipnet v2.12.1
[INFO] [stderr]    Compiling rand_core v0.10.1
[INFO] [stderr]    Compiling hashbrown v0.16.1
[INFO] [stderr]    Compiling digest v0.10.7
[INFO] [stderr]     Checking rustls-native-certs v0.8.4
[INFO] [stderr]    Compiling tinyvec v1.12.0
[INFO] [stderr]    Compiling parking v2.2.1
[INFO] [stderr]    Compiling iana-time-zone v0.1.65
[INFO] [stderr]    Compiling crc-catalog v2.5.0
[INFO] [stderr]    Compiling camino v1.2.5
[INFO] [stderr]    Compiling tracing v0.1.44
[INFO] [stderr]    Compiling crc v3.4.0
[INFO] [stderr]     Checking num-integer v0.1.47
[INFO] [stderr]    Compiling futures-util v0.3.34
[INFO] [stderr]    Compiling tokio v1.53.1
[INFO] [stderr]     Checking crypto-bigint v0.5.5
[INFO] [stderr]    Compiling unicode-normalization v0.1.25
[INFO] [stderr]    Compiling cmake v0.1.58
[INFO] [stderr]    Compiling chrono v0.4.45
[INFO] [stderr]     Checking spki v0.7.3
[INFO] [stderr]    Compiling crossbeam-queue v0.3.13
[INFO] [stderr]    Compiling event-listener v5.4.2
[INFO] [stderr]    Compiling sha2 v0.10.9
[INFO] [stderr]     Checking regex-automata v0.4.18
[INFO] [stderr]     Checking pkcs8 v0.10.2
[INFO] [stderr]     Checking sec1 v0.7.3
[INFO] [stderr]     Checking hmac v0.12.1
[INFO] [stderr]     Checking signature v2.2.0
[INFO] [stderr]    Compiling hashlink v0.11.1
[INFO] [stderr]     Checking hkdf v0.12.4
[INFO] [stderr]     Checking rfc6979 v0.4.0
[INFO] [stderr]    Compiling indexmap v2.14.0
[INFO] [stderr]     Checking rand_chacha v0.3.1
[INFO] [stderr]    Compiling chacha20 v0.10.1
[INFO] [stderr]    Compiling getrandom v0.4.3
[INFO] [stderr]    Compiling hmac v0.13.0
[INFO] [stderr]    Compiling webpki-roots v1.0.9
[INFO] [stderr]    Compiling base64 v0.22.1
[INFO] [stderr]    Compiling unicode-properties v0.1.4
[INFO] [stderr]    Compiling num-bigint-dig v0.8.6
[INFO] [stderr]     Checking rand v0.8.7
[INFO] [stderr]    Compiling hkdf v0.13.0
[INFO] [stderr]    Compiling rand v0.10.2
[INFO] [stderr]    Compiling ring v0.17.14
[INFO] [stderr]    Compiling aws-lc-sys v0.44.0
[INFO] [stderr]    Compiling libz-sys v1.1.29
[INFO] [stderr]    Compiling stringprep v0.1.5
[INFO] [stderr]     Checking elliptic-curve v0.13.8
[INFO] [stderr]     Checking num-iter v0.1.46
[INFO] [stderr]    Compiling atoi v2.0.0
[INFO] [stderr]    Compiling md-5 v0.11.0
[INFO] [stderr]    Compiling sha2 v0.11.0
[INFO] [stderr]     Checking primeorder v0.13.6
[INFO] [stderr]     Checking ecdsa v0.16.9
[INFO] [stderr]     Checking sharded-slab v0.1.7
[INFO] [stderr]    Compiling curve25519-dalek-derive v0.1.1
[INFO] [stderr]    Compiling object v0.37.3
[INFO] [stderr]    Compiling owo-colors v4.3.0
[INFO] [stderr]    Compiling whoami v2.1.3
[INFO] [stderr]     Checking time v0.3.55
[INFO] [stderr]     Checking tracing-subscriber v0.3.23
[INFO] [stderr]    Compiling libgit2-sys v0.18.7+1.9.6
[INFO] [stderr]     Checking ed25519 v2.2.3
[INFO] [stderr]     Checking pkcs1 v0.7.5
[INFO] [stderr]     Checking num-bigint v0.4.8
[INFO] [stderr]    Compiling semver v1.0.28
[INFO] [stderr]    Compiling cargo-platform v0.3.3
[INFO] [stderr]     Checking regex v1.13.1
[INFO] [stderr]    Compiling eyre v0.6.14
[INFO] [stderr]    Compiling fst v0.4.7
[INFO] [stderr]     Checking gimli v0.32.3
[INFO] [stderr]    Compiling color-spantrace v0.3.0
[INFO] [stderr]    Compiling rustc_version v0.4.1
[INFO] [stderr]    Compiling rustix v1.1.4
[INFO] [stderr]     Checking tracing-error v0.2.1
[INFO] [stderr]     Checking miniz_oxide v0.8.9
[INFO] [stderr]    Compiling curve25519-dalek v4.1.3
[INFO] [stderr]     Checking p384 v0.13.1
[INFO] [stderr]     Checking p256 v0.13.2
[INFO] [stderr]    Compiling snafu-derive v0.8.9
[INFO] [stderr]    Compiling pin-project-internal v1.1.13
[INFO] [stderr]     Checking indenter v0.3.4
[INFO] [stderr]     Checking hashbrown v0.14.5
[INFO] [stderr]     Checking winnow v1.0.4
[INFO] [stderr]     Checking rustc-demangle v0.1.28
[INFO] [stderr]     Checking linked-hash-map v0.5.6
[INFO] [stderr]     Checking jiff-core v0.1.0
[INFO] [stderr]     Checking linux-raw-sys v0.12.1
[INFO] [stderr]     Checking fastrand v2.5.0
[INFO] [stderr]     Checking pin-project v1.1.13
[INFO] [stderr]     Checking ed25519-dalek v2.2.0
[INFO] [stderr]     Checking toml_parser v1.1.3+spec-1.1.0
[INFO] [stderr]     Checking console v0.16.4
[INFO] [stderr]     Checking lru-cache v0.1.2
[INFO] [stderr]     Checking env_filter v2.0.0
[INFO] [stderr]     Checking serde_spanned v1.1.1
[INFO] [stderr]     Checking toml_datetime v1.1.1+spec-1.1.0
[INFO] [stderr]     Checking serde_path_to_error v0.1.20
[INFO] [stderr]     Checking counter v0.7.1
[INFO] [stderr]     Checking secrecy v0.10.3
[INFO] [stderr]     Checking lingua-welsh-language-model v1.3.0
[INFO] [stderr]     Checking lingua-spanish-language-model v1.3.0
[INFO] [stderr]     Checking lingua-nynorsk-language-model v1.3.0
[INFO] [stderr]     Checking lingua-irish-language-model v1.3.0
[INFO] [stderr]     Checking lingua-estonian-language-model v1.3.0
[INFO] [stderr]     Checking lingua-belarusian-language-model v1.3.0
[INFO] [stderr]     Checking lingua-vietnamese-language-model v1.3.0
[INFO] [stderr]    Compiling tokio-stream v0.1.19
[INFO] [stderr]     Checking lingua-sotho-language-model v1.3.0
[INFO] [stderr]     Checking lingua-mongolian-language-model v1.3.0
[INFO] [stderr]     Checking lingua-indonesian-language-model v1.3.0
[INFO] [stderr]     Checking lingua-esperanto-language-model v1.3.0
[INFO] [stderr]     Checking lingua-basque-language-model v1.3.0
[INFO] [stderr]     Checking lingua-urdu-language-model v1.3.0
[INFO] [stderr]     Checking lingua-somali-language-model v1.3.0
[INFO] [stderr]     Checking lingua-marathi-language-model v1.3.0
[INFO] [stderr]     Checking lingua-icelandic-language-model v1.3.0
[INFO] [stderr]     Checking lingua-english-language-model v1.3.0
[INFO] [stderr]     Checking lingua-azerbaijani-language-model v1.3.0
[INFO] [stderr]     Checking lingua-ukrainian-language-model v1.3.0
[INFO] [stderr]     Checking jiff v0.2.35
[INFO] [stderr]     Checking lingua-slovene-language-model v1.3.0
[INFO] [stderr]     Checking lingua-maori-language-model v1.3.0
[INFO] [stderr]     Checking lingua-hungarian-language-model v1.3.0
[INFO] [stderr]     Checking lingua-dutch-language-model v1.3.0
[INFO] [stderr]     Checking lingua-armenian-language-model v1.3.0
[INFO] [stderr]     Checking lingua-turkish-language-model v1.3.0
[INFO] [stderr]     Checking lingua-slovak-language-model v1.3.0
[INFO] [stderr]     Checking lingua-malay-language-model v1.3.0
[INFO] [stderr]     Checking lingua-hindi-language-model v1.3.0
[INFO] [stderr]     Checking lingua-danish-language-model v1.3.0
[INFO] [stderr]     Checking lingua-arabic-language-model v1.3.0
[INFO] [stderr]     Checking lingua-tswana-language-model v1.3.0
[INFO] [stderr]     Checking lingua-shona-language-model v1.3.0
[INFO] [stderr]     Checking lingua-macedonian-language-model v1.3.0
[INFO] [stderr]     Checking lingua-hebrew-language-model v1.3.0
[INFO] [stderr]     Checking lingua-czech-language-model v1.3.0
[INFO] [stderr]     Checking lingua-albanian-language-model v1.3.0
[INFO] [stderr]     Checking lingua-tsonga-language-model v1.3.0
[INFO] [stderr]     Checking lingua-serbian-language-model v1.3.0
[INFO] [stderr]     Checking lingua-lithuanian-language-model v1.3.0
[INFO] [stderr]     Checking lingua-gujarati-language-model v1.3.0
[INFO] [stderr]     Checking lingua-croatian-language-model v1.3.0
[INFO] [stderr]     Checking lingua-afrikaans-language-model v1.3.0
[INFO] [stderr]     Checking lingua-thai-language-model v1.3.0
[INFO] [stderr]     Checking lingua-russian-language-model v1.3.0
[INFO] [stderr]     Checking lingua-latvian-language-model v1.3.0
[INFO] [stderr]     Checking lingua-greek-language-model v1.3.0
[INFO] [stderr]    Compiling serde_derive v1.0.229
[INFO] [stderr]    Compiling zerovec-derive v0.11.5
[INFO] [stderr]    Compiling displaydoc v0.2.7
[INFO] [stderr]    Compiling tokio-macros v2.7.2
[INFO] [stderr]    Compiling thiserror-impl v2.0.20
[INFO] [stderr]    Compiling futures-macro v0.3.34
[INFO] [stderr]    Compiling async-trait v0.1.92
[INFO] [stderr]     Checking zerotrie v0.2.5
[INFO] [stderr]     Checking snafu v0.8.9
[INFO] [stderr]    Compiling clap_derive v4.6.4
[INFO] [stderr]    Compiling rustls-webpki v0.103.14
[INFO] [stderr]     Checking addr2line v0.25.1
[INFO] [stderr]     Checking zerovec v0.11.8
[INFO] [stderr]     Checking lingua-chinese-language-model v1.3.0
[INFO] [stderr]     Checking backtrace v0.3.76
[INFO] [stderr]     Checking lingua-telugu-language-model v1.3.0
[INFO] [stderr]     Checking lingua-romanian-language-model v1.3.0
[INFO] [stderr]     Checking lingua-latin-language-model v1.3.0
[INFO] [stderr]     Checking lingua-german-language-model v1.3.0
[INFO] [stderr]     Checking lingua-catalan-language-model v1.3.0
[INFO] [stderr]     Checking lingua-tamil-language-model v1.3.0
[INFO] [stderr]     Checking lingua-punjabi-language-model v1.3.0
[INFO] [stderr]     Checking lingua-korean-language-model v1.3.0
[INFO] [stderr]     Checking lingua-georgian-language-model v1.3.0
[INFO] [stderr]     Checking lingua-bulgarian-language-model v1.3.0
[INFO] [stderr]     Checking lingua-zulu-language-model v1.3.0
[INFO] [stderr]     Checking lingua-tagalog-language-model v1.3.0
[INFO] [stderr]     Checking lingua-portuguese-language-model v1.3.0
[INFO] [stderr]     Checking lingua-kazakh-language-model v1.3.0
[INFO] [stderr]    Compiling thiserror v2.0.20
[INFO] [stderr]     Checking lingua-ganda-language-model v1.3.0
[INFO] [stderr]     Checking lingua-bosnian-language-model v1.3.0
[INFO] [stderr]     Checking tinystr v0.8.4
[INFO] [stderr]     Checking potential_utf v0.1.6
[INFO] [stderr]     Checking simple_asn1 v0.6.4
[INFO] [stderr]     Checking lingua-yoruba-language-model v1.3.0
[INFO] [stderr]     Checking lingua-swedish-language-model v1.3.0
[INFO] [stderr]     Checking lingua-polish-language-model v1.3.0
[INFO] [stderr]     Checking icu_collections v2.3.0
[INFO] [stderr]     Checking icu_locale_core v2.3.0
[INFO] [stderr]     Checking lingua-japanese-language-model v1.3.0
[INFO] [stderr]     Checking lingua-french-language-model v1.3.0
[INFO] [stderr]     Checking lingua-bokmal-language-model v1.3.0
[INFO] [stderr]     Checking lingua-xhosa-language-model v1.3.0
[INFO] [stderr]     Checking lingua-swahili-language-model v1.3.0
[INFO] [stderr]     Checking lingua-persian-language-model v1.3.0
[INFO] [stderr]     Checking lingua-italian-language-model v1.3.0
[INFO] [stderr]     Checking lingua-finnish-language-model v1.3.0
[INFO] [stderr]     Checking lingua-bengali-language-model v1.3.0
[INFO] [stderr]    Compiling strum_macros v0.27.2
[INFO] [stderr]     Checking regex-syntax v0.6.29
[INFO] [stderr]     Checking unit-prefix v0.5.2
[INFO] [stderr]     Checking strum v0.27.2
[INFO] [stderr]     Checking toml_writer v1.1.2+spec-1.1.0
[INFO] [stderr]     Checking oncemutex v0.1.1
[INFO] [stderr]     Checking web-time v1.1.0
[INFO] [stderr]     Checking maplit v1.0.2
[INFO] [stderr]     Checking toml v1.1.4+spec-1.1.0
[INFO] [stderr]     Checking color-eyre v0.6.5
[INFO] [stderr]     Checking tempfile v3.27.0
[INFO] [stderr]     Checking subprocess v1.2.1
[INFO] [stderr]     Checking icu_provider v2.3.0
[INFO] [stderr]     Checking clap v4.6.6
[INFO] [stderr]     Checking env_logger v0.11.11
[INFO] [stderr]     Checking icu_properties v2.3.0
[INFO] [stderr]     Checking regex-cache v0.2.1
[INFO] [stderr]     Checking smallvec v1.15.2
[INFO] [stderr]     Checking either v1.17.0
[INFO] [stderr]     Checking icu_normalizer v2.3.0
[INFO] [stderr]     Checking parking_lot_core v0.9.12
[INFO] [stderr]     Checking futures-executor v0.3.34
[INFO] [stderr]     Checking http-serde v2.1.1
[INFO] [stderr]     Checking parking_lot v0.12.5
[INFO] [stderr]    Compiling cargo_metadata v0.23.1
[INFO] [stderr]     Checking futures v0.3.34
[INFO] [stderr]     Checking dashmap v6.2.1
[INFO] [stderr]     Checking rayon v1.12.0
[INFO] [stderr]     Checking itertools v0.14.0
[INFO] [stderr]     Checking idna_adapter v1.2.2
[INFO] [stderr]     Checking futures-intrusive v0.5.0
[INFO] [stderr]     Checking idna v1.1.0
[INFO] [stderr]     Checking serde_urlencoded v0.7.1
[INFO] [stderr]     Checking url v2.5.8
[INFO] [stderr]     Checking retry-policies v0.5.2
[INFO] [stderr]     Checking rsa v0.9.10
[INFO] [stderr]     Checking jsonwebtoken v10.4.0
[INFO] [stderr]     Checking tokio-util v0.7.19
[INFO] [stderr]     Checking indicatif v0.18.6
[INFO] [stderr]    Compiling sqlx-core v0.9.0
[INFO] [stderr]    Compiling octocrab v0.54.1
[INFO] [stderr]     Checking h2 v0.4.17
[INFO] [stderr]     Checking tower v0.5.3
[INFO] [stderr]     Checking lingua v1.8.0
[INFO] [stderr]     Checking tower-http v0.6.11
[INFO] [stderr]    Compiling sqlx-postgres v0.9.0
[INFO] [stderr]     Checking git2 v0.21.0
[INFO] [stderr]     Checking hyper v1.11.0
[INFO] [stderr]     Checking hyper-util v0.1.20
[INFO] [stderr]    Compiling sqlx-macros-core v0.9.0
[INFO] [stderr]     Checking hyper-timeout v0.5.2
[INFO] [stderr]    Compiling aws-lc-rs v1.18.0
[INFO] [stderr]    Compiling sqlx-macros v0.9.0
[INFO] [stderr]     Checking tokio-rustls v0.26.4
[INFO] [stderr]     Checking rustls-platform-verifier v0.7.0
[INFO] [stderr]     Checking hyper-rustls v0.27.9
[INFO] [stderr]     Checking reqwest v0.13.4
[INFO] [stderr]     Checking reqwest-middleware v0.5.2
[INFO] [stderr]     Checking reqwest-retry v0.9.1
[INFO] [stderr]     Checking sqlx v0.9.0
[INFO] [stderr]     Checking panslopticon v0.12.0 (/opt/rustwide/workdir)
[INFO] [stdout] error: error communicating with database: Connection refused (os error 111)
[INFO] [stdout]    --> src/analyser.rs:261:13
[INFO] [stdout]     |
[INFO] [stdout] 261 | /             sqlx::query!(
[INFO] [stdout] 262 | |                 "INSERT INTO ham_full_text(id, file, text) VALUES ($1, $2, $3);",
[INFO] [stdout] 263 | |                 id,
[INFO] [stdout] 264 | |                 actual_path,
[INFO] [stdout] 265 | |                 contents
[INFO] [stdout] 266 | |             )
[INFO] [stdout]     | |_____________^
[INFO] [stdout]     |
[INFO] [stdout]     = note: this error originates in the macro `$crate::sqlx_macros::expand_query` which comes from the expansion of the macro `sqlx::query` (in Nightly builds, run with -Z macro-backtrace for more info)
[INFO] [stdout] 
[INFO] [stdout] 
[INFO] [stdout] error: error communicating with database: Connection refused (os error 111)
[INFO] [stdout]    --> src/analyser.rs:270:13
[INFO] [stdout]     |
[INFO] [stdout] 270 | /             sqlx::query!(
[INFO] [stdout] 271 | |                 "INSERT INTO full_text(slop_id, file, text) VALUES ($1, $2, $3);",
[INFO] [stdout] 272 | |                 id,
[INFO] [stdout] 273 | |                 actual_path,
[INFO] [stdout] 274 | |                 contents
[INFO] [stdout] 275 | |             )
[INFO] [stdout]     | |_____________^
[INFO] [stdout]     |
[INFO] [stdout]     = note: this error originates in the macro `$crate::sqlx_macros::expand_query` which comes from the expansion of the macro `sqlx::query` (in Nightly builds, run with -Z macro-backtrace for more info)
[INFO] [stdout] 
[INFO] [stdout] 
[INFO] [stdout] error: error communicating with database: Connection refused (os error 111)
[INFO] [stdout]    --> src/analyser.rs:286:13
[INFO] [stdout]     |
[INFO] [stdout] 286 |     let _ = sqlx::query!("DELETE FROM ingress WHERE id = $1;", id)
[INFO] [stdout]     |             ^^^^^^^^^^^^^^^^^^^^^^^^^^^^^^^^^^^^^^^^^^^^^^^^^^^^^^
[INFO] [stdout]     |
[INFO] [stdout]     = note: this error originates in the macro `$crate::sqlx_macros::expand_query` which comes from the expansion of the macro `sqlx::query` (in Nightly builds, run with -Z macro-backtrace for more info)
[INFO] [stdout] 
[INFO] [stdout] 
[INFO] [stdout] error: error communicating with database: Connection refused (os error 111)
[INFO] [stdout]    --> src/analyser.rs:347:18
[INFO] [stdout]     |
[INFO] [stdout] 347 |           let id = sqlx::query!(
[INFO] [stdout]     |  __________________^
[INFO] [stdout] 348 | |             r#"
[INFO] [stdout] 349 | |                 INSERT INTO slop
[INFO] [stdout] 350 | |                     (url, date_added, score, panslop_version, date_last_seen, dataset_path, origin_platform,
[INFO] [stdout] ...   |
[INFO] [stdout] 362 | |             item.origin_src
[INFO] [stdout] 363 | |         )
[INFO] [stdout]     | |_________^
[INFO] [stdout]     |
[INFO] [stdout]     = note: this error originates in the macro `$crate::sqlx_macros::expand_query` which comes from the expansion of the macro `sqlx::query` (in Nightly builds, run with -Z macro-backtrace for more info)
[INFO] [stdout] 
[INFO] [stdout] 
[INFO] [stdout] error: error communicating with database: Connection refused (os error 111)
[INFO] [stdout]    --> src/analyser.rs:368:13
[INFO] [stdout]     |
[INFO] [stdout] 368 | /             sqlx::query!(
[INFO] [stdout] 369 | |                 "INSERT INTO agents(slop_id, agent) VALUES ($1, $2);",
[INFO] [stdout] 370 | |                 id,
[INFO] [stdout] 371 | |                 agent
[INFO] [stdout] 372 | |             )
[INFO] [stdout]     | |_____________^
[INFO] [stdout]     |
[INFO] [stdout]     = note: this error originates in the macro `$crate::sqlx_macros::expand_query` which comes from the expansion of the macro `sqlx::query` (in Nightly builds, run with -Z macro-backtrace for more info)
[INFO] [stdout] 
[INFO] [stdout] 
[INFO] [stdout] error: error communicating with database: Connection refused (os error 111)
[INFO] [stdout]    --> src/analyser.rs:380:9
[INFO] [stdout]     |
[INFO] [stdout] 380 | /         sqlx::query!(
[INFO] [stdout] 381 | |             r#"
[INFO] [stdout] 382 | |                 INSERT INTO not_slop (url, date_added, score) VALUES ($1, $2, $3);
[INFO] [stdout] 383 | |             "#,
[INFO] [stdout] ...   |
[INFO] [stdout] 386 | |             score as f32
[INFO] [stdout] 387 | |         )
[INFO] [stdout]     | |_________^
[INFO] [stdout]     |
[INFO] [stdout]     = note: this error originates in the macro `$crate::sqlx_macros::expand_query` which comes from the expansion of the macro `sqlx::query` (in Nightly builds, run with -Z macro-backtrace for more info)
[INFO] [stdout] 
[INFO] [stdout] 
[INFO] [stdout] error: error communicating with database: Connection refused (os error 111)
[INFO] [stdout]    --> src/analyser.rs:408:25
[INFO] [stdout]     |
[INFO] [stdout] 408 |           let maybe_row = sqlx::query_as!(
[INFO] [stdout]     |  _________________________^
[INFO] [stdout] 409 | |             IngressItem,
[INFO] [stdout] 410 | |             r#"
[INFO] [stdout] 411 | |         SELECT id, url, date_added, origin_platform, origin_src FROM ingress ORDER BY id LIMIT 1;
[INFO] [stdout] 412 | |             "#
[INFO] [stdout] 413 | |         )
[INFO] [stdout]     | |_________^
[INFO] [stdout]     |
[INFO] [stdout]     = note: this error originates in the macro `$crate::sqlx_macros::expand_query` which comes from the expansion of the macro `sqlx::query_as` (in Nightly builds, run with -Z macro-backtrace for more info)
[INFO] [stdout] 
[INFO] [stdout] 
[INFO] [stdout] error: error communicating with database: Connection refused (os error 111)
[INFO] [stdout]    --> src/analyser.rs:261:13
[INFO] [stdout]     |
[INFO] [stdout] 261 | /             sqlx::query!(
[INFO] [stdout] 262 | |                 "INSERT INTO ham_full_text(id, file, text) VALUES ($1, $2, $3);",
[INFO] [stdout] 263 | |                 id,
[INFO] [stdout] 264 | |                 actual_path,
[INFO] [stdout] 265 | |                 contents
[INFO] [stdout] 266 | |             )
[INFO] [stdout]     | |_____________^
[INFO] [stdout]     |
[INFO] [stdout]     = note: this error originates in the macro `$crate::sqlx_macros::expand_query` which comes from the expansion of the macro `sqlx::query` (in Nightly builds, run with -Z macro-backtrace for more info)
[INFO] [stdout] 
[INFO] [stdout] 
[INFO] [stdout] error: error communicating with database: Connection refused (os error 111)
[INFO] [stdout]   --> src/ingress.rs:23:27
[INFO] [stdout]    |
[INFO] [stdout] 23 |       let not_slop_result = sqlx::query!(
[INFO] [stdout]    |  ___________________________^
[INFO] [stdout] 24 | |         r#"SELECT COUNT(*) AS count FROM not_slop WHERE url = $1;"#,
[INFO] [stdout] 25 | |         url
[INFO] [stdout] 26 | |     )
[INFO] [stdout]    | |_____^
[INFO] [stdout]    |
[INFO] [stdout]    = note: this error originates in the macro `$crate::sqlx_macros::expand_query` which comes from the expansion of the macro `sqlx::query` (in Nightly builds, run with -Z macro-backtrace for more info)
[INFO] [stdout] 
[INFO] [stdout] 
[INFO] [stdout] error: error communicating with database: Connection refused (os error 111)
[INFO] [stdout]    --> src/analyser.rs:270:13
[INFO] [stdout]     |
[INFO] [stdout] 270 | /             sqlx::query!(
[INFO] [stdout] 271 | |                 "INSERT INTO full_text(slop_id, file, text) VALUES ($1, $2, $3);",
[INFO] [stdout] 272 | |                 id,
[INFO] [stdout] 273 | |                 actual_path,
[INFO] [stdout] 274 | |                 contents
[INFO] [stdout] 275 | |             )
[INFO] [stdout]     | |_____________^
[INFO] [stdout]     |
[INFO] [stdout]     = note: this error originates in the macro `$crate::sqlx_macros::expand_query` which comes from the expansion of the macro `sqlx::query` (in Nightly builds, run with -Z macro-backtrace for more info)
[INFO] [stdout] 
[INFO] [stdout] 
[INFO] [stdout] error: error communicating with database: Connection refused (os error 111)
[INFO] [stdout]   --> src/ingress.rs:32:22
[INFO] [stdout]    |
[INFO] [stdout] 32 |     let ham_result = sqlx::query!(r#"SELECT COUNT(*) AS count FROM ham WHERE url = $1;"#, url)
[INFO] [stdout]    |                      ^^^^^^^^^^^^^^^^^^^^^^^^^^^^^^^^^^^^^^^^^^^^^^^^^^^^^^^^^^^^^^^^^^^^^^^^^
[INFO] [stdout]    |
[INFO] [stdout]    = note: this error originates in the macro `$crate::sqlx_macros::expand_query` which comes from the expansion of the macro `sqlx::query` (in Nightly builds, run with -Z macro-backtrace for more info)
[INFO] [stdout] 
[INFO] [stdout] 
[INFO] [stdout] error: error communicating with database: Connection refused (os error 111)
[INFO] [stdout]   --> src/ingress.rs:43:18
[INFO] [stdout]    |
[INFO] [stdout] 43 |     let result = sqlx::query!(r#"SELECT COUNT(*) AS count FROM slop WHERE url = $1;"#, url)
[INFO] [stdout]    |                  ^^^^^^^^^^^^^^^^^^^^^^^^^^^^^^^^^^^^^^^^^^^^^^^^^^^^^^^^^^^^^^^^^^^^^^^^^^
[INFO] [stdout]    |
[INFO] [stdout]    = note: this error originates in the macro `$crate::sqlx_macros::expand_query` which comes from the expansion of the macro `sqlx::query` (in Nightly builds, run with -Z macro-backtrace for more info)
[INFO] [stdout] 
[INFO] [stdout] 
[INFO] [stdout] error: error communicating with database: Connection refused (os error 111)
[INFO] [stdout]    --> src/analyser.rs:286:13
[INFO] [stdout]     |
[INFO] [stdout] 286 |     let _ = sqlx::query!("DELETE FROM ingress WHERE id = $1;", id)
[INFO] [stdout]     |             ^^^^^^^^^^^^^^^^^^^^^^^^^^^^^^^^^^^^^^^^^^^^^^^^^^^^^^
[INFO] [stdout]     |
[INFO] [stdout]     = note: this error originates in the macro `$crate::sqlx_macros::expand_query` which comes from the expansion of the macro `sqlx::query` (in Nightly builds, run with -Z macro-backtrace for more info)
[INFO] [stdout] 
[INFO] [stdout] 
[INFO] [stdout] error: error communicating with database: Connection refused (os error 111)
[INFO] [stdout]   --> src/ingress.rs:82:18
[INFO] [stdout]    |
[INFO] [stdout] 82 |       let insert = sqlx::query!(
[INFO] [stdout]    |  __________________^
[INFO] [stdout] 83 | |         r#"
[INFO] [stdout] 84 | |             INSERT INTO ingress(url, date_added, origin_platform, origin_src)
[INFO] [stdout] 85 | |             VALUES ($1, $2, $3, $4);"#,
[INFO] [stdout] ...  |
[INFO] [stdout] 89 | |         source
[INFO] [stdout] 90 | |     )
[INFO] [stdout]    | |_____^
[INFO] [stdout]    |
[INFO] [stdout]    = note: this error originates in the macro `$crate::sqlx_macros::expand_query` which comes from the expansion of the macro `sqlx::query` (in Nightly builds, run with -Z macro-backtrace for more info)
[INFO] [stdout] 
[INFO] [stdout] 
[INFO] [stdout] error: error communicating with database: Connection refused (os error 111)
[INFO] [stdout]    --> src/analyser.rs:347:18
[INFO] [stdout]     |
[INFO] [stdout] 347 |           let id = sqlx::query!(
[INFO] [stdout]     |  __________________^
[INFO] [stdout] 348 | |             r#"
[INFO] [stdout] 349 | |                 INSERT INTO slop
[INFO] [stdout] 350 | |                     (url, date_added, score, panslop_version, date_last_seen, dataset_path, origin_platform,
[INFO] [stdout] ...   |
[INFO] [stdout] 362 | |             item.origin_src
[INFO] [stdout] 363 | |         )
[INFO] [stdout]     | |_________^
[INFO] [stdout]     |
[INFO] [stdout]     = note: this error originates in the macro `$crate::sqlx_macros::expand_query` which comes from the expansion of the macro `sqlx::query` (in Nightly builds, run with -Z macro-backtrace for more info)
[INFO] [stdout] 
[INFO] [stdout] 
[INFO] [stdout] error: error communicating with database: Connection refused (os error 111)
[INFO] [stdout]    --> src/analyser.rs:368:13
[INFO] [stdout]     |
[INFO] [stdout] 368 | /             sqlx::query!(
[INFO] [stdout] 369 | |                 "INSERT INTO agents(slop_id, agent) VALUES ($1, $2);",
[INFO] [stdout] 370 | |                 id,
[INFO] [stdout] 371 | |                 agent
[INFO] [stdout] 372 | |             )
[INFO] [stdout]     | |_____________^
[INFO] [stdout]     |
[INFO] [stdout]     = note: this error originates in the macro `$crate::sqlx_macros::expand_query` which comes from the expansion of the macro `sqlx::query` (in Nightly builds, run with -Z macro-backtrace for more info)
[INFO] [stdout] 
[INFO] [stdout] 
[INFO] [stdout] error: error communicating with database: Connection refused (os error 111)
[INFO] [stdout]    --> src/ingress.rs:235:26
[INFO] [stdout]     |
[INFO] [stdout] 235 |                   let id = sqlx::query!(
[INFO] [stdout]     |  __________________________^
[INFO] [stdout] 236 | |                 r#"
[INFO] [stdout] 237 | |                     INSERT INTO ham (url, date_added, score, panslop_version, origin_platform, origin_src, date_last_seen, dead)
[INFO] [stdout] 238 | |                     VALUES ($1, $2, $3, $4, $5, $6, $7, false) RETURNING id;
[INFO] [stdout] ...   |
[INFO] [stdout] 246 | |                     now
[INFO] [stdout] 247 | |                 )
[INFO] [stdout]     | |_________________^
[INFO] [stdout]     |
[INFO] [stdout]     = note: this error originates in the macro `$crate::sqlx_macros::expand_query` which comes from the expansion of the macro `sqlx::query` (in Nightly builds, run with -Z macro-backtrace for more info)
[INFO] [stdout] 
[INFO] [stdout] 
[INFO] [stdout] error: error communicating with database: Connection refused (os error 111)
[INFO] [stdout]    --> src/analyser.rs:380:9
[INFO] [stdout]     |
[INFO] [stdout] 380 | /         sqlx::query!(
[INFO] [stdout] 381 | |             r#"
[INFO] [stdout] 382 | |                 INSERT INTO not_slop (url, date_added, score) VALUES ($1, $2, $3);
[INFO] [stdout] 383 | |             "#,
[INFO] [stdout] ...   |
[INFO] [stdout] 386 | |             score as f32
[INFO] [stdout] 387 | |         )
[INFO] [stdout]     | |_________^
[INFO] [stdout]     |
[INFO] [stdout]     = note: this error originates in the macro `$crate::sqlx_macros::expand_query` which comes from the expansion of the macro `sqlx::query` (in Nightly builds, run with -Z macro-backtrace for more info)
[INFO] [stdout] 
[INFO] [stdout] 
[INFO] [stdout] error: error communicating with database: Connection refused (os error 111)
[INFO] [stdout]    --> src/analyser.rs:408:25
[INFO] [stdout]     |
[INFO] [stdout] 408 |           let maybe_row = sqlx::query_as!(
[INFO] [stdout]     |  _________________________^
[INFO] [stdout] 409 | |             IngressItem,
[INFO] [stdout] 410 | |             r#"
[INFO] [stdout] 411 | |         SELECT id, url, date_added, origin_platform, origin_src FROM ingress ORDER BY id LIMIT 1;
[INFO] [stdout] 412 | |             "#
[INFO] [stdout] 413 | |         )
[INFO] [stdout]     | |_________^
[INFO] [stdout]     |
[INFO] [stdout]     = note: this error originates in the macro `$crate::sqlx_macros::expand_query` which comes from the expansion of the macro `sqlx::query_as` (in Nightly builds, run with -Z macro-backtrace for more info)
[INFO] [stdout] 
[INFO] [stdout] 
[INFO] [stdout] error: error communicating with database: Connection refused (os error 111)
[INFO] [stdout]    --> src/ingress.rs:261:26
[INFO] [stdout]     |
[INFO] [stdout] 261 |                   let id = sqlx::query!(
[INFO] [stdout]     |  __________________________^
[INFO] [stdout] 262 | |                 r#"
[INFO] [stdout] 263 | |                     INSERT INTO slop (url, date_added, score, panslop_version, origin_platform, origin_src, date_last_seen, dead)
[INFO] [stdout] 264 | |                     VALUES ($1, $2, $3, $4, $5, $6, $7, false) RETURNING id;
[INFO] [stdout] ...   |
[INFO] [stdout] 272 | |                     now
[INFO] [stdout] 273 | |                 )
[INFO] [stdout]     | |_________________^
[INFO] [stdout]     |
[INFO] [stdout]     = note: this error originates in the macro `$crate::sqlx_macros::expand_query` which comes from the expansion of the macro `sqlx::query` (in Nightly builds, run with -Z macro-backtrace for more info)
[INFO] [stdout] 
[INFO] [stdout] 
[INFO] [stdout] error: error communicating with database: Connection refused (os error 111)
[INFO] [stdout]   --> src/ingress.rs:23:27
[INFO] [stdout]    |
[INFO] [stdout] 23 |       let not_slop_result = sqlx::query!(
[INFO] [stdout]    |  ___________________________^
[INFO] [stdout] 24 | |         r#"SELECT COUNT(*) AS count FROM not_slop WHERE url = $1;"#,
[INFO] [stdout] 25 | |         url
[INFO] [stdout] 26 | |     )
[INFO] [stdout]    | |_____^
[INFO] [stdout]    |
[INFO] [stdout]    = note: this error originates in the macro `$crate::sqlx_macros::expand_query` which comes from the expansion of the macro `sqlx::query` (in Nightly builds, run with -Z macro-backtrace for more info)
[INFO] [stdout] 
[INFO] [stdout] 
[INFO] [stdout] error: error communicating with database: Connection refused (os error 111)
[INFO] [stdout]   --> src/ingress.rs:32:22
[INFO] [stdout]    |
[INFO] [stdout] 32 |     let ham_result = sqlx::query!(r#"SELECT COUNT(*) AS count FROM ham WHERE url = $1;"#, url)
[INFO] [stdout]    |                      ^^^^^^^^^^^^^^^^^^^^^^^^^^^^^^^^^^^^^^^^^^^^^^^^^^^^^^^^^^^^^^^^^^^^^^^^^
[INFO] [stdout]    |
[INFO] [stdout]    = note: this error originates in the macro `$crate::sqlx_macros::expand_query` which comes from the expansion of the macro `sqlx::query` (in Nightly builds, run with -Z macro-backtrace for more info)
[INFO] [stdout] 
[INFO] [stdout] 
[INFO] [stdout] error: error communicating with database: Connection refused (os error 111)
[INFO] [stdout]   --> src/ingress.rs:43:18
[INFO] [stdout]    |
[INFO] [stdout] 43 |     let result = sqlx::query!(r#"SELECT COUNT(*) AS count FROM slop WHERE url = $1;"#, url)
[INFO] [stdout]    |                  ^^^^^^^^^^^^^^^^^^^^^^^^^^^^^^^^^^^^^^^^^^^^^^^^^^^^^^^^^^^^^^^^^^^^^^^^^^
[INFO] [stdout]    |
[INFO] [stdout]    = note: this error originates in the macro `$crate::sqlx_macros::expand_query` which comes from the expansion of the macro `sqlx::query` (in Nightly builds, run with -Z macro-backtrace for more info)
[INFO] [stdout] 
[INFO] [stdout] 
[INFO] [stdout] error: error communicating with database: Connection refused (os error 111)
[INFO] [stdout]   --> src/ingress.rs:82:18
[INFO] [stdout]    |
[INFO] [stdout] 82 |       let insert = sqlx::query!(
[INFO] [stdout]    |  __________________^
[INFO] [stdout] 83 | |         r#"
[INFO] [stdout] 84 | |             INSERT INTO ingress(url, date_added, origin_platform, origin_src)
[INFO] [stdout] 85 | |             VALUES ($1, $2, $3, $4);"#,
[INFO] [stdout] ...  |
[INFO] [stdout] 89 | |         source
[INFO] [stdout] 90 | |     )
[INFO] [stdout]    | |_____^
[INFO] [stdout]    |
[INFO] [stdout]    = note: this error originates in the macro `$crate::sqlx_macros::expand_query` which comes from the expansion of the macro `sqlx::query` (in Nightly builds, run with -Z macro-backtrace for more info)
[INFO] [stdout] 
[INFO] [stdout] 
[INFO] [stdout] error: error communicating with database: Connection refused (os error 111)
[INFO] [stdout]    --> src/ingress.rs:235:26
[INFO] [stdout]     |
[INFO] [stdout] 235 |                   let id = sqlx::query!(
[INFO] [stdout]     |  __________________________^
[INFO] [stdout] 236 | |                 r#"
[INFO] [stdout] 237 | |                     INSERT INTO ham (url, date_added, score, panslop_version, origin_platform, origin_src, date_last_seen, dead)
[INFO] [stdout] 238 | |                     VALUES ($1, $2, $3, $4, $5, $6, $7, false) RETURNING id;
[INFO] [stdout] ...   |
[INFO] [stdout] 246 | |                     now
[INFO] [stdout] 247 | |                 )
[INFO] [stdout]     | |_________________^
[INFO] [stdout]     |
[INFO] [stdout]     = note: this error originates in the macro `$crate::sqlx_macros::expand_query` which comes from the expansion of the macro `sqlx::query` (in Nightly builds, run with -Z macro-backtrace for more info)
[INFO] [stdout] 
[INFO] [stdout] 
[INFO] [stdout] error: error communicating with database: Connection refused (os error 111)
[INFO] [stdout]    --> src/ingress.rs:261:26
[INFO] [stdout]     |
[INFO] [stdout] 261 |                   let id = sqlx::query!(
[INFO] [stdout]     |  __________________________^
[INFO] [stdout] 262 | |                 r#"
[INFO] [stdout] 263 | |                     INSERT INTO slop (url, date_added, score, panslop_version, origin_platform, origin_src, date_last_seen, dead)
[INFO] [stdout] 264 | |                     VALUES ($1, $2, $3, $4, $5, $6, $7, false) RETURNING id;
[INFO] [stdout] ...   |
[INFO] [stdout] 272 | |                     now
[INFO] [stdout] 273 | |                 )
[INFO] [stdout]     | |_________________^
[INFO] [stdout]     |
[INFO] [stdout]     = note: this error originates in the macro `$crate::sqlx_macros::expand_query` which comes from the expansion of the macro `sqlx::query` (in Nightly builds, run with -Z macro-backtrace for more info)
[INFO] [stdout] 
[INFO] [stdout] 
[INFO] [stdout] error: error communicating with database: Connection refused (os error 111)
[INFO] [stdout]   --> src/update.rs:40:20
[INFO] [stdout]    |
[INFO] [stdout] 40 |           let slop = sqlx::query_as!(
[INFO] [stdout]    |  ____________________^
[INFO] [stdout] 41 | |         SlopItem,
[INFO] [stdout] 42 | |         r#"
[INFO] [stdout] 43 | |             SELECT
[INFO] [stdout] ...  |
[INFO] [stdout] 50 | |         "#
[INFO] [stdout] 51 | |     )
[INFO] [stdout]    | |_____^
[INFO] [stdout]    |
[INFO] [stdout]    = note: this error originates in the macro `$crate::sqlx_macros::expand_query` which comes from the expansion of the macro `sqlx::query_as` (in Nightly builds, run with -Z macro-backtrace for more info)
[INFO] [stdout] 
[INFO] [stdout] 
[INFO] [stdout] error: error communicating with database: Connection refused (os error 111)
[INFO] [stdout]   --> src/update.rs:68:17
[INFO] [stdout]    |
[INFO] [stdout] 68 | /                 sqlx::query!(
[INFO] [stdout] 69 | |                     "UPDATE slop SET date_last_seen = $1 WHERE id = $2;",
[INFO] [stdout] 70 | |                     now,
[INFO] [stdout] 71 | |                     item.id
[INFO] [stdout] 72 | |                 )
[INFO] [stdout]    | |_________________^
[INFO] [stdout]    |
[INFO] [stdout]    = note: this error originates in the macro `$crate::sqlx_macros::expand_query` which comes from the expansion of the macro `sqlx::query` (in Nightly builds, run with -Z macro-backtrace for more info)
[INFO] [stdout] 
[INFO] [stdout] 
[INFO] [stdout] error: error communicating with database: Connection refused (os error 111)
[INFO] [stdout]   --> src/update.rs:88:17
[INFO] [stdout]    |
[INFO] [stdout] 88 |                 sqlx::query!("UPDATE slop SET dead = TRUE WHERE id = $1", item.id)
[INFO] [stdout]    |                 ^^^^^^^^^^^^^^^^^^^^^^^^^^^^^^^^^^^^^^^^^^^^^^^^^^^^^^^^^^^^^^^^^^
[INFO] [stdout]    |
[INFO] [stdout]    = note: this error originates in the macro `$crate::sqlx_macros::expand_query` which comes from the expansion of the macro `sqlx::query` (in Nightly builds, run with -Z macro-backtrace for more info)
[INFO] [stdout] 
[INFO] [stdout] 
[INFO] [stdout] error: error communicating with database: Connection refused (os error 111)
[INFO] [stdout]    --> src/update.rs:105:20
[INFO] [stdout]     |
[INFO] [stdout] 105 |           let slop = sqlx::query_as!(
[INFO] [stdout]     |  ____________________^
[INFO] [stdout] 106 | |         HamItem,
[INFO] [stdout] 107 | |         r#"
[INFO] [stdout] 108 | |             SELECT
[INFO] [stdout] ...   |
[INFO] [stdout] 114 | |         "#
[INFO] [stdout] 115 | |         )
[INFO] [stdout]     | |_________^
[INFO] [stdout]     |
[INFO] [stdout]     = note: this error originates in the macro `$crate::sqlx_macros::expand_query` which comes from the expansion of the macro `sqlx::query_as` (in Nightly builds, run with -Z macro-backtrace for more info)
[INFO] [stdout] 
[INFO] [stdout] 
[INFO] [stdout] error: error communicating with database: Connection refused (os error 111)
[INFO] [stdout]    --> src/update.rs:132:17
[INFO] [stdout]     |
[INFO] [stdout] 132 | /                 sqlx::query!(
[INFO] [stdout] 133 | |                     "UPDATE ham SET date_last_seen = $1 WHERE id = $2;",
[INFO] [stdout] 134 | |                     now,
[INFO] [stdout] 135 | |                     item.id
[INFO] [stdout] 136 | |                 )
[INFO] [stdout]     | |_________________^
[INFO] [stdout]     |
[INFO] [stdout]     = note: this error originates in the macro `$crate::sqlx_macros::expand_query` which comes from the expansion of the macro `sqlx::query` (in Nightly builds, run with -Z macro-backtrace for more info)
[INFO] [stdout] 
[INFO] [stdout] 
[INFO] [stdout] error: error communicating with database: Connection refused (os error 111)
[INFO] [stdout]    --> src/update.rs:152:17
[INFO] [stdout]     |
[INFO] [stdout] 152 |                 sqlx::query!("UPDATE ham SET dead = TRUE WHERE id = $1", item.id)
[INFO] [stdout]     |                 ^^^^^^^^^^^^^^^^^^^^^^^^^^^^^^^^^^^^^^^^^^^^^^^^^^^^^^^^^^^^^^^^^
[INFO] [stdout]     |
[INFO] [stdout]     = note: this error originates in the macro `$crate::sqlx_macros::expand_query` which comes from the expansion of the macro `sqlx::query` (in Nightly builds, run with -Z macro-backtrace for more info)
[INFO] [stdout] 
[INFO] [stdout] 
[INFO] [stdout] error: error communicating with database: Connection refused (os error 111)
[INFO] [stdout]    --> src/update.rs:182:20
[INFO] [stdout]     |
[INFO] [stdout] 182 |       let not_slop = sqlx::query_as!(
[INFO] [stdout]     |  ____________________^
[INFO] [stdout] 183 | |         NotSlopItem,
[INFO] [stdout] 184 | |         r#"
[INFO] [stdout] 185 | |             SELECT id, url, date_added, score
[INFO] [stdout] ...   |
[INFO] [stdout] 190 | |         thresh as f32
[INFO] [stdout] 191 | |     )
[INFO] [stdout]     | |_____^
[INFO] [stdout]     |
[INFO] [stdout]     = note: this error originates in the macro `$crate::sqlx_macros::expand_query` which comes from the expansion of the macro `sqlx::query_as` (in Nightly builds, run with -Z macro-backtrace for more info)
[INFO] [stdout] 
[INFO] [stdout] 
[INFO] [stdout] error: error communicating with database: Connection refused (os error 111)
[INFO] [stdout]    --> src/update.rs:219:13
[INFO] [stdout]     |
[INFO] [stdout] 219 |             sqlx::query!("DELETE FROM not_slop WHERE id = $1;", item.id)
[INFO] [stdout]     |             ^^^^^^^^^^^^^^^^^^^^^^^^^^^^^^^^^^^^^^^^^^^^^^^^^^^^^^^^^^^^
[INFO] [stdout]     |
[INFO] [stdout]     = note: this error originates in the macro `$crate::sqlx_macros::expand_query` which comes from the expansion of the macro `sqlx::query` (in Nightly builds, run with -Z macro-backtrace for more info)
[INFO] [stdout] 
[INFO] [stdout] 
[INFO] [stdout] error: error communicating with database: Connection refused (os error 111)
[INFO] [stdout]   --> src/update.rs:40:20
[INFO] [stdout]    |
[INFO] [stdout] 40 |           let slop = sqlx::query_as!(
[INFO] [stdout]    |  ____________________^
[INFO] [stdout] 41 | |         SlopItem,
[INFO] [stdout] 42 | |         r#"
[INFO] [stdout] 43 | |             SELECT
[INFO] [stdout] ...  |
[INFO] [stdout] 50 | |         "#
[INFO] [stdout] 51 | |     )
[INFO] [stdout]    | |_____^
[INFO] [stdout]    |
[INFO] [stdout]    = note: this error originates in the macro `$crate::sqlx_macros::expand_query` which comes from the expansion of the macro `sqlx::query_as` (in Nightly builds, run with -Z macro-backtrace for more info)
[INFO] [stdout] 
[INFO] [stdout] 
[INFO] [stdout] error: error communicating with database: Connection refused (os error 111)
[INFO] [stdout]    --> src/update.rs:223:22
[INFO] [stdout]     |
[INFO] [stdout] 223 |               let id = sqlx::query!(
[INFO] [stdout]     |  ______________________^
[INFO] [stdout] 224 | |                 r#"
[INFO] [stdout] 225 | |                     INSERT INTO slop
[INFO] [stdout] 226 | |                         (url, date_added, score, panslop_version, date_last_seen, dataset_path, origin_platform,
[INFO] [stdout] ...   |
[INFO] [stdout] 238 | |                 "reconsider_not_slop"
[INFO] [stdout] 239 | |             )
[INFO] [stdout]     | |_____________^
[INFO] [stdout]     |
[INFO] [stdout]     = note: this error originates in the macro `$crate::sqlx_macros::expand_query` which comes from the expansion of the macro `sqlx::query` (in Nightly builds, run with -Z macro-backtrace for more info)
[INFO] [stdout] 
[INFO] [stdout] 
[INFO] [stdout] error: error communicating with database: Connection refused (os error 111)
[INFO] [stdout]    --> src/update.rs:244:17
[INFO] [stdout]     |
[INFO] [stdout] 244 | /                 sqlx::query!(
[INFO] [stdout] 245 | |                     "INSERT INTO agents(slop_id, agent) VALUES ($1, $2);",
[INFO] [stdout] 246 | |                     id,
[INFO] [stdout] 247 | |                     agent
[INFO] [stdout] 248 | |                 )
[INFO] [stdout]     | |_________________^
[INFO] [stdout]     |
[INFO] [stdout]     = note: this error originates in the macro `$crate::sqlx_macros::expand_query` which comes from the expansion of the macro `sqlx::query` (in Nightly builds, run with -Z macro-backtrace for more info)
[INFO] [stdout] 
[INFO] [stdout] 
[INFO] [stdout] error: error communicating with database: Connection refused (os error 111)
[INFO] [stdout]   --> src/update.rs:68:17
[INFO] [stdout]    |
[INFO] [stdout] 68 | /                 sqlx::query!(
[INFO] [stdout] 69 | |                     "UPDATE slop SET date_last_seen = $1 WHERE id = $2;",
[INFO] [stdout] 70 | |                     now,
[INFO] [stdout] 71 | |                     item.id
[INFO] [stdout] 72 | |                 )
[INFO] [stdout]    | |_________________^
[INFO] [stdout]    |
[INFO] [stdout]    = note: this error originates in the macro `$crate::sqlx_macros::expand_query` which comes from the expansion of the macro `sqlx::query` (in Nightly builds, run with -Z macro-backtrace for more info)
[INFO] [stdout] 
[INFO] [stdout] 
[INFO] [stdout] error: error communicating with database: Connection refused (os error 111)
[INFO] [stdout]   --> src/update.rs:88:17
[INFO] [stdout]    |
[INFO] [stdout] 88 |                 sqlx::query!("UPDATE slop SET dead = TRUE WHERE id = $1", item.id)
[INFO] [stdout]    |                 ^^^^^^^^^^^^^^^^^^^^^^^^^^^^^^^^^^^^^^^^^^^^^^^^^^^^^^^^^^^^^^^^^^
[INFO] [stdout]    |
[INFO] [stdout]    = note: this error originates in the macro `$crate::sqlx_macros::expand_query` which comes from the expansion of the macro `sqlx::query` (in Nightly builds, run with -Z macro-backtrace for more info)
[INFO] [stdout] 
[INFO] [stdout] 
[INFO] [stdout] error: error communicating with database: Connection refused (os error 111)
[INFO] [stdout]    --> src/update.rs:105:20
[INFO] [stdout]     |
[INFO] [stdout] 105 |           let slop = sqlx::query_as!(
[INFO] [stdout]     |  ____________________^
[INFO] [stdout] 106 | |         HamItem,
[INFO] [stdout] 107 | |         r#"
[INFO] [stdout] 108 | |             SELECT
[INFO] [stdout] ...   |
[INFO] [stdout] 114 | |         "#
[INFO] [stdout] 115 | |         )
[INFO] [stdout]     | |_________^
[INFO] [stdout]     |
[INFO] [stdout]     = note: this error originates in the macro `$crate::sqlx_macros::expand_query` which comes from the expansion of the macro `sqlx::query_as` (in Nightly builds, run with -Z macro-backtrace for more info)
[INFO] [stdout] 
[INFO] [stdout] 
[INFO] [stdout] error: error communicating with database: Connection refused (os error 111)
[INFO] [stdout]    --> src/update.rs:132:17
[INFO] [stdout]     |
[INFO] [stdout] 132 | /                 sqlx::query!(
[INFO] [stdout] 133 | |                     "UPDATE ham SET date_last_seen = $1 WHERE id = $2;",
[INFO] [stdout] 134 | |                     now,
[INFO] [stdout] 135 | |                     item.id
[INFO] [stdout] 136 | |                 )
[INFO] [stdout]     | |_________________^
[INFO] [stdout]     |
[INFO] [stdout]     = note: this error originates in the macro `$crate::sqlx_macros::expand_query` which comes from the expansion of the macro `sqlx::query` (in Nightly builds, run with -Z macro-backtrace for more info)
[INFO] [stdout] 
[INFO] [stdout] 
[INFO] [stdout] error: error communicating with database: Connection refused (os error 111)
[INFO] [stdout]    --> src/update.rs:256:13
[INFO] [stdout]     |
[INFO] [stdout] 256 | /             sqlx::query!(
[INFO] [stdout] 257 | |                 "UPDATE not_slop SET did_reconsider = TRUE WHERE id = $1",
[INFO] [stdout] 258 | |                 item.id
[INFO] [stdout] 259 | |             )
[INFO] [stdout]     | |_____________^
[INFO] [stdout]     |
[INFO] [stdout]     = note: this error originates in the macro `$crate::sqlx_macros::expand_query` which comes from the expansion of the macro `sqlx::query` (in Nightly builds, run with -Z macro-backtrace for more info)
[INFO] [stdout] 
[INFO] [stdout] 
[INFO] [stdout] error: error communicating with database: Connection refused (os error 111)
[INFO] [stdout]    --> src/update.rs:152:17
[INFO] [stdout]     |
[INFO] [stdout] 152 |                 sqlx::query!("UPDATE ham SET dead = TRUE WHERE id = $1", item.id)
[INFO] [stdout]     |                 ^^^^^^^^^^^^^^^^^^^^^^^^^^^^^^^^^^^^^^^^^^^^^^^^^^^^^^^^^^^^^^^^^
[INFO] [stdout]     |
[INFO] [stdout]     = note: this error originates in the macro `$crate::sqlx_macros::expand_query` which comes from the expansion of the macro `sqlx::query` (in Nightly builds, run with -Z macro-backtrace for more info)
[INFO] [stdout] 
[INFO] [stdout] 
[INFO] [stdout] error: error communicating with database: Connection refused (os error 111)
[INFO] [stdout]    --> src/update.rs:182:20
[INFO] [stdout]     |
[INFO] [stdout] 182 |       let not_slop = sqlx::query_as!(
[INFO] [stdout]     |  ____________________^
[INFO] [stdout] 183 | |         NotSlopItem,
[INFO] [stdout] 184 | |         r#"
[INFO] [stdout] 185 | |             SELECT id, url, date_added, score
[INFO] [stdout] ...   |
[INFO] [stdout] 190 | |         thresh as f32
[INFO] [stdout] 191 | |     )
[INFO] [stdout]     | |_____^
[INFO] [stdout]     |
[INFO] [stdout]     = note: this error originates in the macro `$crate::sqlx_macros::expand_query` which comes from the expansion of the macro `sqlx::query_as` (in Nightly builds, run with -Z macro-backtrace for more info)
[INFO] [stdout] 
[INFO] [stdout] 
[INFO] [stdout] error: error communicating with database: Connection refused (os error 111)
[INFO] [stdout]    --> src/update.rs:219:13
[INFO] [stdout]     |
[INFO] [stdout] 219 |             sqlx::query!("DELETE FROM not_slop WHERE id = $1;", item.id)
[INFO] [stdout]     |             ^^^^^^^^^^^^^^^^^^^^^^^^^^^^^^^^^^^^^^^^^^^^^^^^^^^^^^^^^^^^
[INFO] [stdout]     |
[INFO] [stdout]     = note: this error originates in the macro `$crate::sqlx_macros::expand_query` which comes from the expansion of the macro `sqlx::query` (in Nightly builds, run with -Z macro-backtrace for more info)
[INFO] [stdout] 
[INFO] [stdout] 
[INFO] [stdout] error: error communicating with database: Connection refused (os error 111)
[INFO] [stdout]    --> src/update.rs:223:22
[INFO] [stdout]     |
[INFO] [stdout] 223 |               let id = sqlx::query!(
[INFO] [stdout]     |  ______________________^
[INFO] [stdout] 224 | |                 r#"
[INFO] [stdout] 225 | |                     INSERT INTO slop
[INFO] [stdout] 226 | |                         (url, date_added, score, panslop_version, date_last_seen, dataset_path, origin_platform,
[INFO] [stdout] ...   |
[INFO] [stdout] 238 | |                 "reconsider_not_slop"
[INFO] [stdout] 239 | |             )
[INFO] [stdout]     | |_____________^
[INFO] [stdout]     |
[INFO] [stdout]     = note: this error originates in the macro `$crate::sqlx_macros::expand_query` which comes from the expansion of the macro `sqlx::query` (in Nightly builds, run with -Z macro-backtrace for more info)
[INFO] [stdout] 
[INFO] [stdout] 
[INFO] [stdout] error: error communicating with database: Connection refused (os error 111)
[INFO] [stdout]    --> src/update.rs:244:17
[INFO] [stdout]     |
[INFO] [stdout] 244 | /                 sqlx::query!(
[INFO] [stdout] 245 | |                     "INSERT INTO agents(slop_id, agent) VALUES ($1, $2);",
[INFO] [stdout] 246 | |                     id,
[INFO] [stdout] 247 | |                     agent
[INFO] [stdout] 248 | |                 )
[INFO] [stdout]     | |_________________^
[INFO] [stdout]     |
[INFO] [stdout]     = note: this error originates in the macro `$crate::sqlx_macros::expand_query` which comes from the expansion of the macro `sqlx::query` (in Nightly builds, run with -Z macro-backtrace for more info)
[INFO] [stdout] 
[INFO] [stdout] 
[INFO] [stdout] error: error communicating with database: Connection refused (os error 111)
[INFO] [stdout]    --> src/update.rs:256:13
[INFO] [stdout]     |
[INFO] [stdout] 256 | /             sqlx::query!(
[INFO] [stdout] 257 | |                 "UPDATE not_slop SET did_reconsider = TRUE WHERE id = $1",
[INFO] [stdout] 258 | |                 item.id
[INFO] [stdout] 259 | |             )
[INFO] [stdout]     | |_____________^
[INFO] [stdout]     |
[INFO] [stdout]     = note: this error originates in the macro `$crate::sqlx_macros::expand_query` which comes from the expansion of the macro `sqlx::query` (in Nightly builds, run with -Z macro-backtrace for more info)
[INFO] [stdout] 
[INFO] [stdout] 
[INFO] [stdout] warning: unused imports: `HamItem`, `NotSlopItem`, `SlopItem`, and `VERSION`
[INFO] [stdout]   --> src/update.rs:13:5
[INFO] [stdout]    |
[INFO] [stdout] 13 |     VERSION,
[INFO] [stdout]    |     ^^^^^^^
[INFO] [stdout] ...
[INFO] [stdout] 16 |     types::{HamItem, NotSlopItem, PanslopConfig, SlopItem},
[INFO] [stdout]    |             ^^^^^^^  ^^^^^^^^^^^                 ^^^^^^^^
[INFO] [stdout]    |
[INFO] [stdout]    = note: `#[warn(unused_imports)]` (part of `#[warn(unused)]`) on by default
[INFO] [stdout] 
[INFO] [stdout] 
[INFO] [stdout] warning: unused imports: `HamItem`, `NotSlopItem`, `SlopItem`, and `VERSION`
[INFO] [stdout]   --> src/update.rs:13:5
[INFO] [stdout]    |
[INFO] [stdout] 13 |     VERSION,
[INFO] [stdout]    |     ^^^^^^^
[INFO] [stdout] ...
[INFO] [stdout] 16 |     types::{HamItem, NotSlopItem, PanslopConfig, SlopItem},
[INFO] [stdout]    |             ^^^^^^^  ^^^^^^^^^^^                 ^^^^^^^^
[INFO] [stdout]    |
[INFO] [stdout]    = note: `#[warn(unused_imports)]` (part of `#[warn(unused)]`) on by default
[INFO] [stdout] 
[INFO] [stdout] 
[INFO] [stderr] error: could not compile `panslopticon` (bin "panslopticon") due to 24 previous errors; 1 warning emitted
[INFO] [stderr] warning: build failed, waiting for other jobs to finish...
[INFO] [stderr] error: could not compile `panslopticon` (bin "panslopticon" test) due to 24 previous errors; 1 warning emitted
[INFO] running `Command { std: "docker" "inspect" "a519933e04c16cfb6954d24c8eefc87a00d62735a6bbb1b3c179471e074d3134", kill_on_drop: false }`
[INFO] running `Command { std: "docker" "rm" "-f" "a519933e04c16cfb6954d24c8eefc87a00d62735a6bbb1b3c179471e074d3134", kill_on_drop: false }`
[INFO] [stdout] a519933e04c16cfb6954d24c8eefc87a00d62735a6bbb1b3c179471e074d3134
