[INFO] cloning repository https://github.com/miyabi-satoh/saddle-stitcher
[INFO] running `Command { std: "git" "-c" "credential.helper=" "-c" "credential.helper=/workspace/cargo-home/bin/git-credential-null" "clone" "--bare" "https://github.com/miyabi-satoh/saddle-stitcher" "/workspace/cache/git-repos/https%3A%2F%2Fgithub.com%2Fmiyabi-satoh%2Fsaddle-stitcher", kill_on_drop: false }`
[INFO] [stderr] Cloning into bare repository '/workspace/cache/git-repos/https%3A%2F%2Fgithub.com%2Fmiyabi-satoh%2Fsaddle-stitcher'...
[INFO] running `Command { std: "git" "rev-parse" "HEAD", kill_on_drop: false }`
[INFO] [stdout] 02284469a8e1ac189d60c9f20e0bd21051280c3c
[INFO] checking miyabi-satoh/saddle-stitcher against 3154cc1a3e6424e44f438a95007d043ed5ceaaf6+rustflags=-Znext-solver=coherence for pr-133502-30
[INFO] running `Command { std: "git" "clone" "/workspace/cache/git-repos/https%3A%2F%2Fgithub.com%2Fmiyabi-satoh%2Fsaddle-stitcher" "/workspace/builds/worker-0-tc1/source", kill_on_drop: false }`
[INFO] [stderr] Cloning into '/workspace/builds/worker-0-tc1/source'...
[INFO] [stderr] done.
[INFO] started tweaking git repo https://github.com/miyabi-satoh/saddle-stitcher
[INFO] finished tweaking git repo https://github.com/miyabi-satoh/saddle-stitcher
[INFO] tweaked toml for git repo https://github.com/miyabi-satoh/saddle-stitcher written to /workspace/builds/worker-0-tc1/source/Cargo.toml
[INFO] validating manifest of git repo https://github.com/miyabi-satoh/saddle-stitcher on toolchain 3154cc1a3e6424e44f438a95007d043ed5ceaaf6
[INFO] running `Command { std: CARGO_HOME="/workspace/cargo-home" RUSTUP_HOME="/workspace/rustup-home" "/workspace/cargo-home/bin/cargo" "+3154cc1a3e6424e44f438a95007d043ed5ceaaf6" "metadata" "--manifest-path" "Cargo.toml" "--no-deps", kill_on_drop: false }`
[INFO] crate git repo https://github.com/miyabi-satoh/saddle-stitcher already has a lockfile, it will not be regenerated
[INFO] running `Command { std: CARGO_HOME="/workspace/cargo-home" RUSTUP_HOME="/workspace/rustup-home" "/workspace/cargo-home/bin/cargo" "+3154cc1a3e6424e44f438a95007d043ed5ceaaf6" "fetch" "--manifest-path" "Cargo.toml", kill_on_drop: false }`
[INFO] [stderr]     Updating crates.io index
[INFO] [stderr]  Downloading crates ...
[INFO] [stderr]   Downloaded multiversion v0.8.0
[INFO] [stderr]   Downloaded target-features v0.1.6
[INFO] [stderr]   Downloaded utoipa-axum v0.2.0
[INFO] [stderr]   Downloaded multiversion-macros v0.8.0
[INFO] [stderr]   Downloaded symlink v0.1.0
[INFO] [stderr]   Downloaded compression-codecs v0.4.40
[INFO] [stderr]   Downloaded tracing-appender v0.2.5
[INFO] [stderr]   Downloaded crossbeam-queue v0.3.14
[INFO] [stderr]   Downloaded async-compression v0.4.45
[INFO] [stderr]   Downloaded tower-http v0.7.1
[INFO] [stderr]   Downloaded tao v0.37.0
[INFO] [stderr]   Downloaded crossbeam-deque v0.8.8
[INFO] [stderr]   Downloaded open v5.4.3
[INFO] [stderr]   Downloaded crossbeam-epoch v0.9.21
[INFO] [stderr]   Downloaded encoding_rs v0.8.40
[INFO] [stderr]   Downloaded weezl v0.2.1
[INFO] [stderr]   Downloaded smappservice-rs v0.1.3
[INFO] [stderr]   Downloaded objc2-service-management v0.3.2
[INFO] [stderr]   Downloaded lopdf v0.44.0
[INFO] [stderr]   Downloaded ecb v0.2.1
[INFO] [stderr]   Downloaded auto-launch v0.6.0
[INFO] running `Command { std: "docker" "create" "-v" "/var/lib/crater-agent-workspace/builds/worker-0-tc1/source:/opt/rustwide/workdir:ro,Z" "-v" "/var/lib/crater-agent-workspace/builds/worker-0-tc1/target:/opt/rustwide/target:rw,Z" "-v" "/var/lib/crater-agent-workspace/cargo-home:/opt/rustwide/cargo-home:ro,Z" "-v" "/var/lib/crater-agent-workspace/rustup-home:/opt/rustwide/rustup-home:ro,Z" "-m" "1610612736" "--network" "none" "ghcr.io/rust-lang/crates-build-env/linux@sha256:77db811e55d90add9212f6832c23229e3de5f1c1f9905e8cb07319ea15df73ac" "sleep" "infinity", kill_on_drop: false }`
[INFO] [stdout] e1a4908c21f8f0054bf46680ebb09d117c59e84d286f9dd33b5c83bf3957eded
[INFO] running `Command { std: "docker" "start" "e1a4908c21f8f0054bf46680ebb09d117c59e84d286f9dd33b5c83bf3957eded", kill_on_drop: false }`
[INFO] running `Command { std: "docker" "inspect" "e1a4908c21f8f0054bf46680ebb09d117c59e84d286f9dd33b5c83bf3957eded", kill_on_drop: false }`
[INFO] running `Command { std: "docker" "exec" "-e" "SOURCE_DIR=/opt/rustwide/workdir" "-e" "CARGO_HOME=/opt/rustwide/cargo-home" "-e" "RUSTUP_HOME=/opt/rustwide/rustup-home" "-e" "CARGO_TARGET_DIR=/opt/rustwide/target" "-w" "/opt/rustwide/workdir" "--user" "0:0" "e1a4908c21f8f0054bf46680ebb09d117c59e84d286f9dd33b5c83bf3957eded" "/opt/rustwide/cargo-home/bin/cargo" "+3154cc1a3e6424e44f438a95007d043ed5ceaaf6" "metadata" "--no-deps" "--format-version=1", kill_on_drop: false }`
[INFO] running `Command { std: "docker" "inspect" "e1a4908c21f8f0054bf46680ebb09d117c59e84d286f9dd33b5c83bf3957eded", kill_on_drop: false }`
[INFO] running `Command { std: "docker" "exec" "-e" "SOURCE_DIR=/opt/rustwide/workdir" "-e" "CARGO_HOME=/opt/rustwide/cargo-home" "-e" "RUSTUP_HOME=/opt/rustwide/rustup-home" "-e" "CARGO_TARGET_DIR=/opt/rustwide/target" "-e" "CARGO_INCREMENTAL=0" "-e" "RUST_BACKTRACE=full" "-e" "RUSTFLAGS=--cap-lints=forbid -Znext-solver=coherence" "-e" "RUSTDOCFLAGS=--cap-lints=forbid" "-w" "/opt/rustwide/workdir" "--user" "0:0" "e1a4908c21f8f0054bf46680ebb09d117c59e84d286f9dd33b5c83bf3957eded" "/opt/rustwide/cargo-home/bin/cargo" "+3154cc1a3e6424e44f438a95007d043ed5ceaaf6" "check" "--frozen" "--all" "--all-targets" "--message-format=json", kill_on_drop: false }`
[INFO] [stderr]    Compiling libc v0.2.189
[INFO] [stderr]    Compiling serde_core v1.0.229
[INFO] [stderr]    Compiling serde v1.0.229
[INFO] [stderr]    Compiling typenum v1.20.1
[INFO] [stderr]    Compiling syn v3.0.5
[INFO] [stderr]    Compiling zerofrom v0.1.8
[INFO] [stderr]     Checking smallvec v1.16.0
[INFO] [stderr]     Checking hybrid-array v0.4.14
[INFO] [stderr]    Compiling yoke v0.8.3
[INFO] [stderr]    Compiling memchr v2.8.3
[INFO] [stderr]    Compiling crossbeam-utils v0.8.23
[INFO] [stderr]    Compiling serde_json v1.0.151
[INFO] [stderr]    Compiling num-traits v0.2.19
[INFO] [stderr]    Compiling litemap v0.8.3
[INFO] [stderr]    Compiling thiserror v2.0.20
[INFO] [stderr]    Compiling writeable v0.6.4
[INFO] [stderr]    Compiling futures-core v0.3.34
[INFO] [stderr]     Checking crypto-common v0.2.2
[INFO] [stderr]     Checking tracing v0.1.44
[INFO] [stderr]     Checking mio v1.2.3
[INFO] [stderr]     Checking socket2 v0.6.5
[INFO] [stderr]    Compiling target-features v0.1.6
[INFO] [stderr]    Compiling find-msvc-tools v0.1.12
[INFO] [stderr]    Compiling cc v1.4.5
[INFO] [stderr]    Compiling generic-array v0.14.7
[INFO] [stderr]    Compiling icu_normalizer_data v2.3.0
[INFO] [stderr]    Compiling icu_properties_data v2.3.0
[INFO] [stderr]     Checking slab v0.4.12
[INFO] [stderr]    Compiling futures-sink v0.3.34
[INFO] [stderr]    Compiling form_urlencoded v1.2.2
[INFO] [stderr]     Checking futures-util v0.3.34
[INFO] [stderr]    Compiling parking_lot_core v0.9.12
[INFO] [stderr]    Compiling crypto-common v0.1.7
[INFO] [stderr]    Compiling block-buffer v0.10.4
[INFO] [stderr]    Compiling futures-io v0.3.34
[INFO] [stderr]    Compiling futures-task v0.3.34
[INFO] [stderr]     Checking cpufeatures v0.3.1
[INFO] [stderr]    Compiling bytes v1.12.1
[INFO] [stderr]    Compiling crc32fast v1.5.1
[INFO] [stderr]     Checking indexmap v2.14.2
[INFO] [stderr]    Compiling libsqlite3-sys v0.30.1
[INFO] [stderr]    Compiling tokio v1.53.1
[INFO] [stderr]    Compiling multiversion-macros v0.8.0
[INFO] [stderr]    Compiling digest v0.10.7
[INFO] [stderr]    Compiling parking_lot v0.12.5
[INFO] [stderr]    Compiling encoding_rs v0.8.40
[INFO] [stderr]     Checking spin v0.9.9
[INFO] [stderr]     Checking block-padding v0.4.2
[INFO] [stderr]     Checking block-buffer v0.12.1
[INFO] [stderr]    Compiling zmij v1.0.23
[INFO] [stderr]     Checking simd-adler32 v0.3.10
[INFO] [stderr]    Compiling crossbeam-epoch v0.9.21
[INFO] [stderr]    Compiling log v0.4.34
[INFO] [stderr]    Compiling unicase v2.9.0
[INFO] [stderr]     Checking miniz_oxide v0.9.1
[INFO] [stderr]    Compiling mime_guess v2.0.5
[INFO] [stderr]    Compiling sha2 v0.10.9
[INFO] [stderr]    Compiling event-listener v5.4.2
[INFO] [stderr]     Checking digest v0.11.3
[INFO] [stderr]    Compiling crossbeam-queue v0.3.14
[INFO] [stderr]     Checking inout v0.2.2
[INFO] [stderr]     Checking multiversion v0.8.0
[INFO] [stderr]    Compiling futures-intrusive v0.5.0
[INFO] [stderr]    Compiling zerovec-derive v0.11.6
[INFO] [stderr]    Compiling displaydoc v0.2.7
[INFO] [stderr]    Compiling serde_derive v1.0.229
[INFO] [stderr]    Compiling tokio-macros v2.7.2
[INFO] [stderr]    Compiling thiserror-impl v2.0.20
[INFO] [stderr]    Compiling zerotrie v0.2.5
[INFO] [stderr]    Compiling zerovec v0.11.8
[INFO] [stderr]    Compiling tinystr v0.8.4
[INFO] [stderr]    Compiling potential_utf v0.1.6
[INFO] [stderr]    Compiling icu_collections v2.3.0
[INFO] [stderr]    Compiling icu_locale_core v2.3.0
[INFO] [stderr]    Compiling tokio-stream v0.1.19
[INFO] [stderr]     Checking icu_provider v2.3.1
[INFO] [stderr]     Checking icu_normalizer v2.3.0
[INFO] [stderr]    Compiling icu_properties v2.3.0
[INFO] [stderr]    Compiling aho-corasick v1.1.5
[INFO] [stderr]     Checking simdutf8 v0.1.5
[INFO] [stderr]    Compiling ryu v1.0.23
[INFO] [stderr]     Checking core_detect v1.0.0
[INFO] [stderr]    Compiling regex-syntax v0.8.11
[INFO] [stderr]    Compiling crossbeam-deque v0.8.8
[INFO] [stderr]    Compiling idna_adapter v1.2.2
[INFO] [stderr]    Compiling idna v1.1.0
[INFO] [stderr]    Compiling either v1.18.0
[INFO] [stderr]    Compiling multiversion_no_op v1.0.0
[INFO] [stderr]    Compiling const-oid v0.10.2
[INFO] [stderr]    Compiling url v2.5.8
[INFO] [stderr]    Compiling serde_urlencoded v0.7.1
[INFO] [stderr]    Compiling atoi v2.0.0
[INFO] [stderr]    Compiling flume v0.11.1
[INFO] [stderr]     Checking flate2 v1.1.10
[INFO] [stderr]    Compiling sqlx-core v0.8.6
[INFO] [stderr]    Compiling futures-executor v0.3.34
[INFO] [stderr]     Checking cipher v0.5.2
[INFO] [stderr]    Compiling futures-channel v0.3.34
[INFO] [stderr]    Compiling same-file v1.0.6
[INFO] [stderr]    Compiling regex-automata v0.4.18
[INFO] [stderr]    Compiling rayon-core v1.13.0
[INFO] [stderr]     Checking sync_wrapper v1.0.2
[INFO] [stderr]    Compiling getrandom v0.4.3
[INFO] [stderr]     Checking hyper v1.11.1
[INFO] [stderr]     Checking tinyvec v1.13.2
[INFO] [stderr]    Compiling sha2 v0.11.0
[INFO] [stderr]    Compiling walkdir v2.5.0
[INFO] [stderr]     Checking compression-core v0.4.33
[INFO] [stderr]    Compiling mime v0.3.17
[INFO] [stderr]    Compiling paste v1.0.15
[INFO] [stderr]     Checking base64 v0.22.1
[INFO] [stderr]     Checking time v0.3.55
[INFO] [stderr]     Checking compression-codecs v0.4.40
[INFO] [stderr]     Checking axum-core v0.5.6
[INFO] [stderr]    Compiling rust-embed-utils v8.12.0
[INFO] [stderr]     Checking hyper-util v0.1.20
[INFO] [stderr]     Checking multer v3.1.0
[INFO] [stderr]     Checking unicode-normalization v0.1.25
[INFO] [stderr]    Compiling sqlx-sqlite v0.8.6
[INFO] [stderr]    Compiling regex v1.13.1
[INFO] [stderr]     Checking matchers v0.2.0
[INFO] [stderr]     Checking tower v0.5.3
[INFO] [stderr]     Checking chacha20 v0.10.2
[INFO] [stderr]     Checking serde_path_to_error v0.1.20
[INFO] [stderr]     Checking jiff-core v0.1.0
[INFO] [stderr]     Checking winnow v1.0.4
[INFO] [stderr]     Checking bitflags v2.13.1
[INFO] [stderr]     Checking dirs-sys v0.5.0
[INFO] [stderr]     Checking axum v0.8.9
[INFO] [stderr]     Checking stringprep v0.1.5
[INFO] [stderr]     Checking aes v0.9.3
[INFO] [stderr]     Checking tracing-subscriber v0.3.23
[INFO] [stderr]    Compiling utoipa-gen v5.5.0
[INFO] [stderr]     Checking toml_parser v1.1.3+spec-1.1.0
[INFO] [stderr]     Checking jiff v0.2.35
[INFO] [stderr]     Checking chrono v0.4.45
[INFO] [stderr]     Checking rand v0.10.2
[INFO] [stderr]     Checking rayon v1.12.0
[INFO] [stderr]    Compiling rust-embed-impl v8.12.0
[INFO] [stderr]    Compiling sqlx-macros-core v0.8.6
[INFO] [stderr]     Checking async-compression v0.4.45
[INFO] [stderr]     Checking ecb v0.2.1
[INFO] [stderr]     Checking cbc v0.2.1
[INFO] [stderr]     Checking tokio-util v0.7.19
[INFO] [stderr]     Checking md-5 v0.11.0
[INFO] [stderr]     Checking serde_spanned v1.1.1
[INFO] [stderr]     Checking toml_datetime v1.1.1+spec-1.1.0
[INFO] [stderr]     Checking crossbeam-channel v0.5.17
[INFO] [stderr]     Checking nom v8.0.0
[INFO] [stderr]     Checking weezl v0.2.1
[INFO] [stderr]     Checking rangemap v1.8.0
[INFO] [stderr]     Checking symlink v0.1.0
[INFO] [stderr]     Checking toml_writer v1.1.2+spec-1.1.0
[INFO] [stderr]     Checking tracing-appender v0.2.5
[INFO] [stderr]    Compiling sqlx-macros v0.8.6
[INFO] [stderr]     Checking toml v1.1.5+spec-1.1.0
[INFO] [stderr]     Checking tower-http v0.7.1
[INFO] [stderr]     Checking rust-embed v8.12.0
[INFO] [stderr]     Checking directories v6.0.0
[INFO] [stderr]     Checking sqlx v0.8.6
[INFO] [stderr]     Checking utoipa v5.5.0
[INFO] [stderr]     Checking lopdf v0.44.0
[INFO] [stderr]     Checking utoipa-axum v0.2.0
[INFO] [stderr]     Checking saddle-stitcher v0.1.0 (/opt/rustwide/workdir)
[INFO] [stdout] error: #[derive(RustEmbed)] folder '/opt/rustwide/workdir/frontend/build/' does not exist. cwd: '/opt/rustwide/workdir'
[INFO] [stdout]   --> src/static_files.rs:9:1
[INFO] [stdout]    |
[INFO] [stdout]  9 | / /// `frontend/build/` は SvelteKit (adapter-static, SPA fallback: `index.html`) の
[INFO] [stdout] 10 | | /// ビルド成果物を配置する場所。release ビルド時にバイナリへ埋め込まれる
[INFO] [stdout] 11 | | /// (debug ビルドではディスクから直接読む)。
[INFO] [stdout] 12 | | #[derive(RustEmbed)]
[INFO] [stdout] 13 | | #[folder = "frontend/build/"]
[INFO] [stdout] 14 | | struct Assets;
[INFO] [stdout]    | |______________^
[INFO] [stdout] 
[INFO] [stdout] 
[INFO] [stdout] error: #[derive(RustEmbed)] folder '/opt/rustwide/workdir/frontend/build/' does not exist. cwd: '/opt/rustwide/workdir'
[INFO] [stdout]   --> src/static_files.rs:9:1
[INFO] [stdout]    |
[INFO] [stdout]  9 | / /// `frontend/build/` は SvelteKit (adapter-static, SPA fallback: `index.html`) の
[INFO] [stdout] 10 | | /// ビルド成果物を配置する場所。release ビルド時にバイナリへ埋め込まれる
[INFO] [stdout] 11 | | /// (debug ビルドではディスクから直接読む)。
[INFO] [stdout] 12 | | #[derive(RustEmbed)]
[INFO] [stdout] 13 | | #[folder = "frontend/build/"]
[INFO] [stdout] 14 | | struct Assets;
[INFO] [stdout]    | |______________^
[INFO] [stdout] 
[INFO] [stdout] 
[INFO] [stdout] error[E0599]: no associated function or constant named `get` found for struct `Assets` in the current scope
[INFO] [stdout]   --> src/static_files.rs:25:19
[INFO] [stdout]    |
[INFO] [stdout] 14 | struct Assets;
[INFO] [stdout]    | ------------- associated function or constant `get` not found for this struct
[INFO] [stdout] ...
[INFO] [stdout] 25 |     match Assets::get(path) {
[INFO] [stdout]    |                   ^^^ associated function or constant not found in `Assets`
[INFO] [stdout]    |
[INFO] [stdout]    = help: items from traits can only be used if the trait is implemented and in scope
[INFO] [stdout]    = note: the following traits define an item `get`, perhaps you need to implement one of them:
[INFO] [stdout]            candidate #1: `Embed`
[INFO] [stdout]            candidate #2: `Row`
[INFO] [stdout]            candidate #3: `SliceIndex`
[INFO] [stdout]            candidate #4: `icu_collections::codepointtrie::cptrie::TypedCodePointTrie`
[INFO] [stdout]            candidate #5: `icu_properties::names::PropertyEnumToValueNameLookup`
[INFO] [stdout]            candidate #6: `icu_provider::baked::DataStore`
[INFO] [stdout]            candidate #7: `toml_parser::source::SourceIndex`
[INFO] [stdout] 
[INFO] [stdout] 
[INFO] [stdout] error[E0599]: no associated function or constant named `get` found for struct `Assets` in the current scope
[INFO] [stdout]   --> src/static_files.rs:27:31
[INFO] [stdout]    |
[INFO] [stdout] 14 | struct Assets;
[INFO] [stdout]    | ------------- associated function or constant `get` not found for this struct
[INFO] [stdout] ...
[INFO] [stdout] 27 |         None => match Assets::get(INDEX_HTML) {
[INFO] [stdout]    |                               ^^^ associated function or constant not found in `Assets`
[INFO] [stdout]    |
[INFO] [stdout]    = help: items from traits can only be used if the trait is implemented and in scope
[INFO] [stdout]    = note: the following traits define an item `get`, perhaps you need to implement one of them:
[INFO] [stdout]            candidate #1: `Embed`
[INFO] [stdout]            candidate #2: `Row`
[INFO] [stdout]            candidate #3: `SliceIndex`
[INFO] [stdout]            candidate #4: `icu_collections::codepointtrie::cptrie::TypedCodePointTrie`
[INFO] [stdout]            candidate #5: `icu_properties::names::PropertyEnumToValueNameLookup`
[INFO] [stdout]            candidate #6: `icu_provider::baked::DataStore`
[INFO] [stdout]            candidate #7: `toml_parser::source::SourceIndex`
[INFO] [stdout] 
[INFO] [stdout] 
[INFO] [stdout] error[E0599]: no associated function or constant named `get` found for struct `Assets` in the current scope
[INFO] [stdout]   --> src/static_files.rs:25:19
[INFO] [stdout]    |
[INFO] [stdout] 14 | struct Assets;
[INFO] [stdout]    | ------------- associated function or constant `get` not found for this struct
[INFO] [stdout] ...
[INFO] [stdout] 25 |     match Assets::get(path) {
[INFO] [stdout]    |                   ^^^ associated function or constant not found in `Assets`
[INFO] [stdout]    |
[INFO] [stdout]    = help: items from traits can only be used if the trait is implemented and in scope
[INFO] [stdout]    = note: the following traits define an item `get`, perhaps you need to implement one of them:
[INFO] [stdout]            candidate #1: `Embed`
[INFO] [stdout]            candidate #2: `Row`
[INFO] [stdout]            candidate #3: `SliceIndex`
[INFO] [stdout]            candidate #4: `icu_collections::codepointtrie::cptrie::TypedCodePointTrie`
[INFO] [stdout]            candidate #5: `icu_properties::names::PropertyEnumToValueNameLookup`
[INFO] [stdout]            candidate #6: `icu_provider::baked::DataStore`
[INFO] [stdout]            candidate #7: `toml_parser::source::SourceIndex`
[INFO] [stdout] 
[INFO] [stdout] 
[INFO] [stdout] error[E0599]: no associated function or constant named `get` found for struct `Assets` in the current scope
[INFO] [stdout]   --> src/static_files.rs:27:31
[INFO] [stdout]    |
[INFO] [stdout] 14 | struct Assets;
[INFO] [stdout]    | ------------- associated function or constant `get` not found for this struct
[INFO] [stdout] ...
[INFO] [stdout] 27 |         None => match Assets::get(INDEX_HTML) {
[INFO] [stdout]    |                               ^^^ associated function or constant not found in `Assets`
[INFO] [stdout]    |
[INFO] [stdout]    = help: items from traits can only be used if the trait is implemented and in scope
[INFO] [stdout]    = note: the following traits define an item `get`, perhaps you need to implement one of them:
[INFO] [stdout]            candidate #1: `Embed`
[INFO] [stdout]            candidate #2: `Row`
[INFO] [stdout]            candidate #3: `SliceIndex`
[INFO] [stdout]            candidate #4: `icu_collections::codepointtrie::cptrie::TypedCodePointTrie`
[INFO] [stdout]            candidate #5: `icu_properties::names::PropertyEnumToValueNameLookup`
[INFO] [stdout]            candidate #6: `icu_provider::baked::DataStore`
[INFO] [stdout]            candidate #7: `toml_parser::source::SourceIndex`
[INFO] [stdout] 
[INFO] [stdout] 
[INFO] [stdout] For more information about this error, try `rustc --explain E0599`.
[INFO] [stdout] 
[INFO] [stdout] For more information about this error, try `rustc --explain E0599`.
[INFO] [stdout] 
[INFO] [stderr] error: could not compile `saddle-stitcher` (lib test) due to 3 previous errors
[INFO] [stderr] warning: build failed, waiting for other jobs to finish...
[INFO] [stderr] error: could not compile `saddle-stitcher` (lib) due to 3 previous errors
[INFO] running `Command { std: "docker" "inspect" "e1a4908c21f8f0054bf46680ebb09d117c59e84d286f9dd33b5c83bf3957eded", kill_on_drop: false }`
[INFO] running `Command { std: "docker" "rm" "-f" "e1a4908c21f8f0054bf46680ebb09d117c59e84d286f9dd33b5c83bf3957eded", kill_on_drop: false }`
[INFO] [stdout] e1a4908c21f8f0054bf46680ebb09d117c59e84d286f9dd33b5c83bf3957eded
