[INFO] cloning repository https://github.com/minsangOh/ChatOMS
[INFO] running `Command { std: "git" "-c" "credential.helper=" "-c" "credential.helper=/workspace/cargo-home/bin/git-credential-null" "clone" "--bare" "https://github.com/minsangOh/ChatOMS" "/workspace/cache/git-repos/https%3A%2F%2Fgithub.com%2FminsangOh%2FChatOMS", kill_on_drop: false }`
[INFO] [stderr] Cloning into bare repository '/workspace/cache/git-repos/https%3A%2F%2Fgithub.com%2FminsangOh%2FChatOMS'...
[INFO] running `Command { std: "git" "rev-parse" "HEAD", kill_on_drop: false }`
[INFO] [stdout] 1dbac98b042152db25de63fcefea3db2904585df
[INFO] checking minsangOh/ChatOMS against 3154cc1a3e6424e44f438a95007d043ed5ceaaf6+rustflags=-Znext-solver=coherence for pr-133502-30
[INFO] running `Command { std: "git" "clone" "/workspace/cache/git-repos/https%3A%2F%2Fgithub.com%2FminsangOh%2FChatOMS" "/workspace/builds/worker-6-tc1/source", kill_on_drop: false }`
[INFO] [stderr] Cloning into '/workspace/builds/worker-6-tc1/source'...
[INFO] [stderr] done.
[INFO] removed /workspace/builds/worker-6-tc1/source/rust-toolchain.toml
[INFO] started tweaking git repo https://github.com/minsangOh/ChatOMS
[INFO] finished tweaking git repo https://github.com/minsangOh/ChatOMS
[INFO] tweaked toml for git repo https://github.com/minsangOh/ChatOMS written to /workspace/builds/worker-6-tc1/source/Cargo.toml
[INFO] validating manifest of git repo https://github.com/minsangOh/ChatOMS on toolchain 3154cc1a3e6424e44f438a95007d043ed5ceaaf6
[INFO] running `Command { std: CARGO_HOME="/workspace/cargo-home" RUSTUP_HOME="/workspace/rustup-home" "/workspace/cargo-home/bin/cargo" "+3154cc1a3e6424e44f438a95007d043ed5ceaaf6" "metadata" "--manifest-path" "Cargo.toml" "--no-deps", kill_on_drop: false }`
[INFO] crate git repo https://github.com/minsangOh/ChatOMS already has a lockfile, it will not be regenerated
[INFO] running `Command { std: CARGO_HOME="/workspace/cargo-home" RUSTUP_HOME="/workspace/rustup-home" "/workspace/cargo-home/bin/cargo" "+3154cc1a3e6424e44f438a95007d043ed5ceaaf6" "fetch" "--manifest-path" "Cargo.toml", kill_on_drop: false }`
[INFO] running `Command { std: "docker" "create" "-v" "/var/lib/crater-agent-workspace/builds/worker-6-tc1/source:/opt/rustwide/workdir:ro,Z" "-v" "/var/lib/crater-agent-workspace/builds/worker-6-tc1/target:/opt/rustwide/target:rw,Z" "-v" "/var/lib/crater-agent-workspace/cargo-home:/opt/rustwide/cargo-home:ro,Z" "-v" "/var/lib/crater-agent-workspace/rustup-home:/opt/rustwide/rustup-home:ro,Z" "-m" "1610612736" "--network" "none" "ghcr.io/rust-lang/crates-build-env/linux@sha256:77db811e55d90add9212f6832c23229e3de5f1c1f9905e8cb07319ea15df73ac" "sleep" "infinity", kill_on_drop: false }`
[INFO] [stdout] b7a7b97bd111cc3718dd62b668b7ec99cfcdb573e408bc16f97a7fc4a8fdee22
[INFO] running `Command { std: "docker" "start" "b7a7b97bd111cc3718dd62b668b7ec99cfcdb573e408bc16f97a7fc4a8fdee22", kill_on_drop: false }`
[INFO] running `Command { std: "docker" "inspect" "b7a7b97bd111cc3718dd62b668b7ec99cfcdb573e408bc16f97a7fc4a8fdee22", kill_on_drop: false }`
[INFO] running `Command { std: "docker" "exec" "-e" "SOURCE_DIR=/opt/rustwide/workdir" "-e" "CARGO_HOME=/opt/rustwide/cargo-home" "-e" "RUSTUP_HOME=/opt/rustwide/rustup-home" "-e" "CARGO_TARGET_DIR=/opt/rustwide/target" "-w" "/opt/rustwide/workdir" "--user" "0:0" "b7a7b97bd111cc3718dd62b668b7ec99cfcdb573e408bc16f97a7fc4a8fdee22" "/opt/rustwide/cargo-home/bin/cargo" "+3154cc1a3e6424e44f438a95007d043ed5ceaaf6" "metadata" "--no-deps" "--format-version=1", kill_on_drop: false }`
[INFO] running `Command { std: "docker" "inspect" "b7a7b97bd111cc3718dd62b668b7ec99cfcdb573e408bc16f97a7fc4a8fdee22", kill_on_drop: false }`
[INFO] running `Command { std: "docker" "exec" "-e" "SOURCE_DIR=/opt/rustwide/workdir" "-e" "CARGO_HOME=/opt/rustwide/cargo-home" "-e" "RUSTUP_HOME=/opt/rustwide/rustup-home" "-e" "CARGO_TARGET_DIR=/opt/rustwide/target" "-e" "CARGO_INCREMENTAL=0" "-e" "RUST_BACKTRACE=full" "-e" "RUSTFLAGS=--cap-lints=forbid -Znext-solver=coherence" "-e" "RUSTDOCFLAGS=--cap-lints=forbid" "-w" "/opt/rustwide/workdir" "--user" "0:0" "b7a7b97bd111cc3718dd62b668b7ec99cfcdb573e408bc16f97a7fc4a8fdee22" "/opt/rustwide/cargo-home/bin/cargo" "+3154cc1a3e6424e44f438a95007d043ed5ceaaf6" "check" "--frozen" "--all" "--all-targets" "--message-format=json", kill_on_drop: false }`
[INFO] [stderr]    Compiling syn v3.0.3
[INFO] [stderr]    Compiling syn v2.0.119
[INFO] [stderr]     Checking uuid v1.24.0
[INFO] [stderr]    Compiling libsqlite3-sys v0.38.1
[INFO] [stderr]     Checking symlink v0.1.0
[INFO] [stderr]     Checking futures-core v0.3.33
[INFO] [stderr]     Checking cookie v0.18.1
[INFO] [stderr]     Checking futures-channel v0.3.33
[INFO] [stderr]     Checking cfb v0.7.3
[INFO] [stderr]     Checking infer v0.19.0
[INFO] [stderr]    Compiling serde_derive v1.0.229
[INFO] [stderr]    Compiling thiserror-impl v2.0.19
[INFO] [stderr]    Compiling displaydoc v0.2.7
[INFO] [stderr]    Compiling serde_repr v0.1.21
[INFO] [stderr]     Checking thiserror v2.0.19
[INFO] [stderr]    Compiling synstructure v0.13.2
[INFO] [stderr]    Compiling darling_core v0.23.0
[INFO] [stderr]    Compiling serde_derive_internals v0.29.1
[INFO] [stderr]    Compiling serde v1.0.229
[INFO] [stderr]    Compiling tracing-attributes v0.1.31
[INFO] [stderr]    Compiling zerofrom-derive v0.1.7
[INFO] [stderr]    Compiling yoke-derive v0.8.2
[INFO] [stderr]    Compiling zerovec-derive v0.11.3
[INFO] [stderr]    Compiling thiserror-impl v1.0.69
[INFO] [stderr]    Compiling phf_macros v0.13.1
[INFO] [stderr]    Compiling futures-macro v0.3.33
[INFO] [stderr]    Compiling cssparser-macros v0.6.1
[INFO] [stderr]    Compiling derive_more-impl v2.1.1
[INFO] [stderr]    Compiling dlopen2_derive v0.4.3
[INFO] [stderr]    Compiling serialize-to-javascript-impl v0.1.2
[INFO] [stderr]     Checking chatoms-domain v0.1.0 (/opt/rustwide/workdir/crates/chatoms-domain)
[INFO] [stderr]     Checking tracing-serde v0.2.0
[INFO] [stderr]     Checking tracing-subscriber v0.3.23
[INFO] [stderr]    Compiling toml_datetime v0.6.3
[INFO] [stderr]    Compiling serde_spanned v0.6.9
[INFO] [stderr]    Compiling schemars_derive v0.8.22
[INFO] [stderr]    Compiling cargo-platform v0.1.9
[INFO] [stderr]    Compiling indexmap v1.9.3
[INFO] [stderr]     Checking futures-util v0.3.33
[INFO] [stderr]    Compiling toml_edit v0.20.2
[INFO] [stderr]    Compiling jsonptr v0.6.3
[INFO] [stderr]    Compiling phf v0.13.1
[INFO] [stderr]    Compiling cargo_metadata v0.19.2
[INFO] [stderr]    Compiling web_atoms v0.2.5
[INFO] [stderr]     Checking chatoms-ports v0.1.0 (/opt/rustwide/workdir/crates/chatoms-ports)
[INFO] [stderr]    Compiling derive_more v2.1.1
[INFO] [stderr]    Compiling cssparser v0.36.0
[INFO] [stderr]     Checking thiserror v1.0.69
[INFO] [stderr]    Compiling plist v1.10.0
[INFO] [stderr]    Compiling zerofrom v0.1.8
[INFO] [stderr]    Compiling json-patch v3.0.1
[INFO] [stderr]    Compiling toml_edit v0.19.15
[INFO] [stderr]    Compiling yoke v0.8.3
[INFO] [stderr]     Checking tracing v0.1.44
[INFO] [stderr]     Checking zerovec v0.11.6
[INFO] [stderr]    Compiling markup5ever v0.38.0
[INFO] [stderr]    Compiling zerotrie v0.2.4
[INFO] [stderr]     Checking chatoms-application v0.1.0 (/opt/rustwide/workdir/crates/chatoms-application)
[INFO] [stderr]     Checking chatoms-platform v0.1.0 (/opt/rustwide/workdir/crates/chatoms-platform)
[INFO] [stdout] warning: unused import: `FilesystemIdentityPort`
[INFO] [stdout]  --> crates/chatoms-platform/src/lib.rs:8:37
[INFO] [stdout]   |
[INFO] [stdout] 8 |     filesystem::{DirectoryIdentity, FilesystemIdentityPort},
[INFO] [stdout]   |                                     ^^^^^^^^^^^^^^^^^^^^^^
[INFO] [stdout]   |
[INFO] [stdout]   = note: `#[warn(unused_imports)]` (part of `#[warn(unused)]`) on by default
[INFO] [stdout] 
[INFO] [stdout] 
[INFO] [stderr]     Checking tracing-appender v0.2.5
[INFO] [stderr]    Compiling html5ever v0.38.0
[INFO] [stderr]    Compiling cargo_toml v0.22.3
[INFO] [stderr]     Checking dpi v0.1.2
[INFO] [stderr]    Compiling selectors v0.36.1
[INFO] [stderr]     Checking tinystr v0.8.3
[INFO] [stderr]     Checking potential_utf v0.1.5
[INFO] [stderr]     Checking icu_collections v2.2.0
[INFO] [stderr]     Checking icu_locale_core v2.2.0
[INFO] [stderr]     Checking dlopen2 v0.8.2
[INFO] [stderr]     Checking keyboard-types v0.7.0
[INFO] [stderr]     Checking serialize-to-javascript v0.1.2
[INFO] [stderr]    Compiling darling_macro v0.23.0
[INFO] [stderr]     Checking icu_provider v2.2.0
[INFO] [stderr]    Compiling darling v0.23.0
[INFO] [stderr]    Compiling serde_with_macros v3.21.0
[INFO] [stderr]    Compiling proc-macro-crate v1.3.1
[INFO] [stderr]     Checking icu_properties v2.2.0
[INFO] [stderr]     Checking icu_normalizer v2.2.0
[INFO] [stderr]     Checking futures-executor v0.3.33
[INFO] [stderr]    Compiling dom_query v0.27.0
[INFO] [stderr]    Compiling toml v0.8.2
[INFO] [stderr]    Compiling proc-macro-crate v2.0.2
[INFO] [stderr]    Compiling system-deps v6.2.2
[INFO] [stderr]    Compiling serde_with v3.21.0
[INFO] [stdout] error[E0432]: unresolved import `chatoms_platform::path::WindowsPathResolver`
[INFO] [stdout]  --> crates/chatoms-platform/tests/path_resolver.rs:7:55
[INFO] [stdout]   |
[INFO] [stdout] 7 | use chatoms_platform::{PlatformError, SecureAppPaths, path::WindowsPathResolver};
[INFO] [stdout]   |                                                       ^^^^^^-------------------
[INFO] [stdout]   |                                                             |
[INFO] [stdout]   |                                                             no `WindowsPathResolver` in `path`
[INFO] [stdout]   |
[INFO] [stdout] note: found an item that was configured out
[INFO] [stdout]  --> crates/chatoms-platform/src/path/mod.rs:9:18
[INFO] [stdout]   |
[INFO] [stdout] 8 | #[cfg(windows)]
[INFO] [stdout]   |       ------- the item is gated here
[INFO] [stdout] 9 | pub use windows::WindowsPathResolver;
[INFO] [stdout]   |                  ^^^^^^^^^^^^^^^^^^^
[INFO] [stdout] 
[INFO] [stdout] 
[INFO] [stdout] error[E0433]: cannot find `windows` in `os`
[INFO] [stdout]    --> crates/chatoms-platform/tests/path_resolver.rs:188:20
[INFO] [stdout]     |
[INFO] [stdout] 188 |     match std::os::windows::fs::symlink_dir(&target, &app_root) {
[INFO] [stdout]     |                    ^^^^^^^ could not find `windows` in `os`
[INFO] [stdout]     |
[INFO] [stdout] note: found an item that was configured out
[INFO] [stdout]    --> /rustc/3154cc1a3e6424e44f438a95007d043ed5ceaaf6/library/std/src/os/mod.rs:62:4
[INFO] [stdout]     |
[INFO] [stdout]     = note: the item is gated behind the `windows` feature
[INFO] [stdout] 
[INFO] [stdout] 
[INFO] [stdout] Some errors have detailed explanations: E0432, E0433.
[INFO] [stdout] 
[INFO] [stdout] For more information about an error, try `rustc --explain E0432`.
[INFO] [stdout] 
[INFO] [stderr] error: could not compile `chatoms-platform` (test "path_resolver") due to 2 previous errors
[INFO] [stderr] warning: build failed, waiting for other jobs to finish...
[INFO] [stdout] error[E0433]: cannot find `windows` in `os`
[INFO] [stdout]  --> crates/chatoms-platform/tests/windows_permissions.rs:4:9
[INFO] [stdout]   |
[INFO] [stdout] 4 |     os::windows::ffi::OsStrExt,
[INFO] [stdout]   |         ^^^^^^^ could not find `windows` in `os`
[INFO] [stdout]   |
[INFO] [stdout] note: found an item that was configured out
[INFO] [stdout]  --> /rustc/3154cc1a3e6424e44f438a95007d043ed5ceaaf6/library/std/src/os/mod.rs:62:4
[INFO] [stdout]   |
[INFO] [stdout]   = note: the item is gated behind the `windows` feature
[INFO] [stdout] 
[INFO] [stdout] 
[INFO] [stdout] error[E0433]: cannot find module or crate `windows_sys` in this scope
[INFO] [stdout]   --> crates/chatoms-platform/tests/windows_permissions.rs:16:5
[INFO] [stdout]    |
[INFO] [stdout] 16 | use windows_sys::Win32::{
[INFO] [stdout]    |     ^^^^^^^^^^^ use of unresolved module or unlinked crate `windows_sys`
[INFO] [stdout]    |
[INFO] [stdout]    = help: if you wanted to use a crate named `windows_sys`, use `cargo add windows_sys` to add it to your `Cargo.toml`
[INFO] [stdout] 
[INFO] [stdout] 
[INFO] [stdout] error[E0432]: unresolved imports `chatoms_platform::path::WindowsPathResolver`, `chatoms_platform::permissions::WindowsPermissionManager`
[INFO] [stdout]   --> crates/chatoms-platform/tests/windows_permissions.rs:10:21
[INFO] [stdout]    |
[INFO] [stdout] 10 |     SecureAppPaths, path::WindowsPathResolver, permissions::WindowsPermissionManager,
[INFO] [stdout]    |                     ^^^^^^-------------------  ^^^^^^^^^^^^^------------------------
[INFO] [stdout]    |                           |                                 |
[INFO] [stdout]    |                           |                                 no `WindowsPermissionManager` in `permissions`
[INFO] [stdout]    |                           no `WindowsPathResolver` in `path`
[INFO] [stdout]    |
[INFO] [stdout] note: found an item that was configured out
[INFO] [stdout]   --> crates/chatoms-platform/src/path/mod.rs:9:18
[INFO] [stdout]    |
[INFO] [stdout]  8 | #[cfg(windows)]
[INFO] [stdout]    |       ------- the item is gated here
[INFO] [stdout]  9 | pub use windows::WindowsPathResolver;
[INFO] [stdout]    |                  ^^^^^^^^^^^^^^^^^^^
[INFO] [stdout] note: found an item that was configured out
[INFO] [stdout]   --> crates/chatoms-platform/src/permissions/mod.rs:9:18
[INFO] [stdout]    |
[INFO] [stdout]  8 | #[cfg(windows)]
[INFO] [stdout]    |       ------- the item is gated here
[INFO] [stdout]  9 | pub use windows::WindowsPermissionManager;
[INFO] [stdout]    |                  ^^^^^^^^^^^^^^^^^^^^^^^^
[INFO] [stdout] 
[INFO] [stdout] 
[INFO] [stdout] error[E0599]: no method named `encode_wide` found for reference `&OsStr` in the current scope
[INFO] [stdout]    --> crates/chatoms-platform/tests/windows_permissions.rs:205:10
[INFO] [stdout]     |
[INFO] [stdout] 203 |     let wide_path: Vec<u16> = path
[INFO] [stdout] 204 |         .as_os_str()
[INFO] [stdout] 205 |         .encode_wide()
[INFO] [stdout]     |          ^^^^^^^^^^^ method not found in `&OsStr`
[INFO] [stdout] 
[INFO] [stdout] 
[INFO] [stdout] Some errors have detailed explanations: E0432, E0433, E0599.
[INFO] [stdout] 
[INFO] [stdout] For more information about an error, try `rustc --explain E0432`.
[INFO] [stdout] 
[INFO] [stderr] error: could not compile `chatoms-platform` (test "windows_permissions") due to 4 previous errors
[INFO] running `Command { std: "docker" "inspect" "b7a7b97bd111cc3718dd62b668b7ec99cfcdb573e408bc16f97a7fc4a8fdee22", kill_on_drop: false }`
[INFO] running `Command { std: "docker" "rm" "-f" "b7a7b97bd111cc3718dd62b668b7ec99cfcdb573e408bc16f97a7fc4a8fdee22", kill_on_drop: false }`
[INFO] [stdout] b7a7b97bd111cc3718dd62b668b7ec99cfcdb573e408bc16f97a7fc4a8fdee22
