[INFO] cloning repository https://github.com/mineichen/imagemask
[INFO] running `Command { std: "git" "-c" "credential.helper=" "-c" "credential.helper=/workspace/cargo-home/bin/git-credential-null" "clone" "--bare" "https://github.com/mineichen/imagemask" "/workspace/cache/git-repos/https%3A%2F%2Fgithub.com%2Fmineichen%2Fimagemask", kill_on_drop: false }`
[INFO] [stderr] Cloning into bare repository '/workspace/cache/git-repos/https%3A%2F%2Fgithub.com%2Fmineichen%2Fimagemask'...
[INFO] running `Command { std: "git" "rev-parse" "HEAD", kill_on_drop: false }`
[INFO] [stdout] beff9c2e98438803abcaf09e9cd3d7292588d63a
[INFO] checking mineichen/imagemask against 3154cc1a3e6424e44f438a95007d043ed5ceaaf6 for pr-133502-30
[INFO] running `Command { std: "git" "clone" "/workspace/cache/git-repos/https%3A%2F%2Fgithub.com%2Fmineichen%2Fimagemask" "/workspace/builds/worker-2-tc2/source", kill_on_drop: false }`
[INFO] [stderr] Cloning into '/workspace/builds/worker-2-tc2/source'...
[INFO] [stderr] done.
[INFO] started tweaking git repo https://github.com/mineichen/imagemask
[INFO] finished tweaking git repo https://github.com/mineichen/imagemask
[INFO] tweaked toml for git repo https://github.com/mineichen/imagemask written to /workspace/builds/worker-2-tc2/source/Cargo.toml
[INFO] validating manifest of git repo https://github.com/mineichen/imagemask on toolchain 3154cc1a3e6424e44f438a95007d043ed5ceaaf6
[INFO] running `Command { std: CARGO_HOME="/workspace/cargo-home" RUSTUP_HOME="/workspace/rustup-home" "/workspace/cargo-home/bin/cargo" "+3154cc1a3e6424e44f438a95007d043ed5ceaaf6" "metadata" "--manifest-path" "Cargo.toml" "--no-deps", kill_on_drop: false }`
[INFO] running `Command { std: CARGO_HOME="/workspace/cargo-home" RUSTUP_HOME="/workspace/rustup-home" "/workspace/cargo-home/bin/cargo" "+3154cc1a3e6424e44f438a95007d043ed5ceaaf6" "generate-lockfile" "--manifest-path" "Cargo.toml", kill_on_drop: false }`
[INFO] [stderr]     Updating crates.io index
[INFO] [stderr]     Blocking waiting for file lock on package cache
[INFO] [stderr]      Locking 202 packages to highest Rust 1.101.0-nightly compatible versions
[INFO] [stderr]       Adding range-set-blaze v0.5.1 (available: v0.8.0)
[INFO] running `Command { std: CARGO_HOME="/workspace/cargo-home" RUSTUP_HOME="/workspace/rustup-home" "/workspace/cargo-home/bin/cargo" "+3154cc1a3e6424e44f438a95007d043ed5ceaaf6" "fetch" "--manifest-path" "Cargo.toml", kill_on_drop: false }`
[INFO] running `Command { std: "docker" "create" "-v" "/var/lib/crater-agent-workspace/builds/worker-2-tc2/source:/opt/rustwide/workdir:ro,Z" "-v" "/var/lib/crater-agent-workspace/builds/worker-2-tc2/target:/opt/rustwide/target:rw,Z" "-v" "/var/lib/crater-agent-workspace/cargo-home:/opt/rustwide/cargo-home:ro,Z" "-v" "/var/lib/crater-agent-workspace/rustup-home:/opt/rustwide/rustup-home:ro,Z" "-m" "1610612736" "--network" "none" "ghcr.io/rust-lang/crates-build-env/linux@sha256:77db811e55d90add9212f6832c23229e3de5f1c1f9905e8cb07319ea15df73ac" "sleep" "infinity", kill_on_drop: false }`
[INFO] [stdout] 9084246d235594d3208f3fe6b7087cda7f8520869e8abe9b51af04c1631db76d
[INFO] running `Command { std: "docker" "start" "9084246d235594d3208f3fe6b7087cda7f8520869e8abe9b51af04c1631db76d", kill_on_drop: false }`
[INFO] running `Command { std: "docker" "inspect" "9084246d235594d3208f3fe6b7087cda7f8520869e8abe9b51af04c1631db76d", kill_on_drop: false }`
[INFO] running `Command { std: "docker" "exec" "-e" "SOURCE_DIR=/opt/rustwide/workdir" "-e" "CARGO_HOME=/opt/rustwide/cargo-home" "-e" "RUSTUP_HOME=/opt/rustwide/rustup-home" "-e" "CARGO_TARGET_DIR=/opt/rustwide/target" "-w" "/opt/rustwide/workdir" "--user" "0:0" "9084246d235594d3208f3fe6b7087cda7f8520869e8abe9b51af04c1631db76d" "/opt/rustwide/cargo-home/bin/cargo" "+3154cc1a3e6424e44f438a95007d043ed5ceaaf6" "metadata" "--no-deps" "--format-version=1", kill_on_drop: false }`
[INFO] running `Command { std: "docker" "inspect" "9084246d235594d3208f3fe6b7087cda7f8520869e8abe9b51af04c1631db76d", kill_on_drop: false }`
[INFO] running `Command { std: "docker" "exec" "-e" "SOURCE_DIR=/opt/rustwide/workdir" "-e" "CARGO_HOME=/opt/rustwide/cargo-home" "-e" "RUSTUP_HOME=/opt/rustwide/rustup-home" "-e" "CARGO_TARGET_DIR=/opt/rustwide/target" "-e" "CARGO_INCREMENTAL=0" "-e" "RUST_BACKTRACE=full" "-e" "RUSTFLAGS=--cap-lints=forbid" "-e" "RUSTDOCFLAGS=--cap-lints=forbid" "-w" "/opt/rustwide/workdir" "--user" "0:0" "9084246d235594d3208f3fe6b7087cda7f8520869e8abe9b51af04c1631db76d" "/opt/rustwide/cargo-home/bin/cargo" "+3154cc1a3e6424e44f438a95007d043ed5ceaaf6" "check" "--frozen" "--all" "--all-targets" "--message-format=json", kill_on_drop: false }`
[INFO] [stderr]     Checking either v1.19.0
[INFO] [stderr]    Compiling crossbeam-utils v0.8.23
[INFO] [stderr]    Compiling crossbeam-epoch v0.9.21
[INFO] [stderr]    Compiling crossbeam-deque v0.8.8
[INFO] [stderr]     Checking bytemuck v1.25.2
[INFO] [stderr]    Compiling syn v2.0.119
[INFO] [stderr]    Compiling syn v3.0.7
[INFO] [stderr]    Compiling zerocopy v0.8.62
[INFO] [stderr]    Compiling libc v0.2.190
[INFO] [stderr]    Compiling thiserror v2.0.21
[INFO] [stderr]    Compiling crc32fast v1.5.2
[INFO] [stderr]     Checking itertools v0.14.0
[INFO] [stderr]    Compiling find-msvc-tools v0.1.14
[INFO] [stderr]     Checking num-complex v0.4.6
[INFO] [stderr]     Checking safe_arch v1.2.0
[INFO] [stderr]    Compiling cc v1.7.0
[INFO] [stderr]     Checking nom v8.0.0
[INFO] [stderr]     Checking no_std_io2 v0.9.4
[INFO] [stderr]    Compiling matrixmultiply v0.3.11
[INFO] [stderr]    Compiling serde_json v1.0.152
[INFO] [stderr]     Checking simdutf8 v0.1.5
[INFO] [stderr]     Checking rayon-core v1.13.0
[INFO] [stderr]     Checking bitstream-io v4.10.0
[INFO] [stderr]     Checking wide v1.7.1
[INFO] [stderr]     Checking rayon v1.12.0
[INFO] [stderr]     Checking flate2 v1.1.10
[INFO] [stderr]     Checking raw-cpuid v11.6.0
[INFO] [stderr]     Checking approx v0.5.1
[INFO] [stderr]    Compiling alloca v0.4.0
[INFO] [stderr]    Compiling simd_helpers v0.1.0
[INFO] [stderr]    Compiling range-set-blaze v0.5.1
[INFO] [stderr]     Checking clap_lex v1.1.1
[INFO] [stderr]     Checking plotters-svg v0.3.7
[INFO] [stderr]     Checking clap_builder v4.6.7
[INFO] [stderr]     Checking regex-automata v0.4.18
[INFO] [stderr]     Checking pulp v0.22.3
[INFO] [stderr]     Checking maybe-rayon v0.1.1
[INFO] [stderr]     Checking itertools v0.13.0
[INFO] [stderr]     Checking smallvec v1.16.3
[INFO] [stderr]    Compiling ptr_meta_derive v0.3.2
[INFO] [stderr]    Compiling thiserror-impl v2.0.21
[INFO] [stderr]     Checking ptr_meta v0.3.2
[INFO] [stderr]    Compiling serde_derive v1.0.229
[INFO] [stderr]     Checking rancor v0.1.3
[INFO] [stderr]    Compiling bytecheck_derive v0.8.3
[INFO] [stderr]    Compiling zerocopy-derive v0.8.62
[INFO] [stderr]    Compiling equator-macro v0.4.2
[INFO] [stderr]    Compiling arg_enum_proc_macro v0.3.4
[INFO] [stderr]    Compiling profiling-procmacros v1.0.18
[INFO] [stderr]     Checking profiling v1.0.18
[INFO] [stderr]     Checking equator v0.4.2
[INFO] [stderr]     Checking bytecheck v0.8.3
[INFO] [stderr]    Compiling munge_macro v0.4.7
[INFO] [stderr]    Compiling num-derive v0.4.2
[INFO] [stderr]     Checking aligned-vec v0.6.4
[INFO] [stderr]     Checking rend v0.5.4
[INFO] [stderr]     Checking v_frame v0.3.9
[INFO] [stderr]     Checking munge v0.4.7
[INFO] [stderr]    Compiling nalgebra-macros v0.3.0
[INFO] [stderr]     Checking av-scenechange v0.14.1
[INFO] [stderr]     Checking av1-grain v0.2.5
[INFO] [stderr]    Compiling rkyv_derive v0.8.18
[INFO] [stderr]     Checking gen_ops v0.4.0
[INFO] [stderr]     Checking criterion-plot v0.8.2
[INFO] [stderr]     Checking rav1e v0.8.1
[INFO] [stderr]    Compiling futures-macro v0.3.34
[INFO] [stderr]     Checking serde v1.0.229
[INFO] [stderr]    Compiling tokio-macros v2.7.2
[INFO] [stderr]     Checking simba v0.10.2
[INFO] [stderr]     Checking png v0.18.1
[INFO] [stderr]     Checking clap v4.6.7
[INFO] [stderr]     Checking tinytemplate v1.2.1
[INFO] [stderr]     Checking regex v1.13.1
[INFO] [stderr]     Checking plotters v0.3.7
[INFO] [stderr]     Checking page_size v0.6.0
[INFO] [stderr]     Checking qoi v0.4.1
[INFO] [stderr]     Checking itertools v0.15.0
[INFO] [stderr]     Checking futures-util v0.3.34
[INFO] [stderr]     Checking tokio v1.53.2
[INFO] [stderr]     Checking testresult v0.4.2
[INFO] [stderr]     Checking rkyv v0.8.18
[INFO] [stderr]     Checking ravif v0.13.0
[INFO] [stderr]     Checking half v2.7.1
[INFO] [stderr]     Checking ciborium-ll v0.2.2
[INFO] [stderr]     Checking exr v1.74.2
[INFO] [stderr]     Checking tiff v0.11.3
[INFO] [stderr]     Checking ciborium v0.2.2
[INFO] [stderr]     Checking nalgebra v0.35.0
[INFO] [stderr]     Checking criterion v0.8.2
[INFO] [stderr]     Checking image v0.25.10
[INFO] [stderr]     Checking imask v0.0.1 (/opt/rustwide/workdir)
[INFO] [stdout] error[E0277]: the trait bound `i32: SignedNonZeroable` is not satisfied
[INFO] [stdout]    --> benches/span_iter.rs:188:27
[INFO] [stdout]     |
[INFO] [stdout] 188 |         let clip_bounds = Roi::new(0..200, 0..200);
[INFO] [stdout]     |                           ^^^^^^^^ the trait `SignedNonZeroable` is not implemented for `i32`
[INFO] [stdout]     |
[INFO] [stdout]     = help: the following other types implement trait `SignedNonZeroable`:
[INFO] [stdout]               u16
[INFO] [stdout]               u32
[INFO] [stdout]               u64
[INFO] [stdout]               u8
[INFO] [stdout]               usize
[INFO] [stdout]     = note: required for `std::ops::Range<i32>` to implement `CreateRange`
[INFO] [stdout] note: required by a bound in `imask::Roi::<T>::new`
[INFO] [stdout]    --> src/roi.rs:58:34
[INFO] [stdout]     |
[INFO] [stdout]  54 | impl<T: SignedNonZeroable> Roi<T> {
[INFO] [stdout] ...
[INFO] [stdout]  58 |     pub fn new<TNew: CreateRange<Item = T> + TryInto<NonZeroRange<T>, Error: Debug>>(
[INFO] [stdout]     |                                  ^^^^^^^^ required by this bound in `Roi::<T>::new`
[INFO] [stdout] 
[INFO] [stdout] 
[INFO] [stdout] error[E0277]: the trait bound `imask::Roi<u32>: From<imask::Roi<i32>>` is not satisfied
[INFO] [stdout]    --> benches/span_iter.rs:194:21
[INFO] [stdout]     |
[INFO] [stdout] 192 |                 ClipSpanIter::new(
[INFO] [stdout]     |                 ----------------- required by a bound introduced by this call
[INFO] [stdout] 193 |                     dilate_union(r.into_spans().with_bounds(W, H), radius),
[INFO] [stdout] 194 |                     clip_bounds,
[INFO] [stdout]     |                     ^^^^^^^^^^^ the trait `From<imask::Roi<i32>>` is not implemented for `imask::Roi<u32>`
[INFO] [stdout]     |
[INFO] [stdout] help: `imask::Roi<u32>` implements trait `From<T>`
[INFO] [stdout]    --> src/roi.rs:24:9
[INFO] [stdout]     |
[INFO] [stdout]  24 |         impl From<Roi<$src>> for Roi<$dst> {
[INFO] [stdout]     |         ^^^^^^^^^^^^^^^^^^^^^^^^^^^^^^^^^^
[INFO] [stdout]     |         |
[INFO] [stdout]     |         `From<imask::Roi<u16>>`
[INFO] [stdout]     |         `From<imask::Roi<u8>>`
[INFO] [stdout] ...
[INFO] [stdout]  36 | impl_from!(u8, u32);
[INFO] [stdout]     | ------------------- in this macro invocation
[INFO] [stdout]  37 | impl_from!(u8, u64);
[INFO] [stdout]  38 | impl_from!(u16, u32);
[INFO] [stdout]     | -------------------- in this macro invocation
[INFO] [stdout]     = note: required for `imask::Roi<i32>` to implement `Into<imask::Roi<u32>>`
[INFO] [stdout] note: required by a bound in `imask::ClipSpanIter::<TIter, T>::new`
[INFO] [stdout]    --> src/span/clip.rs:27:45
[INFO] [stdout]     |
[INFO] [stdout]  16 | impl<TIter, T> ClipSpanIter<TIter, T>
[INFO] [stdout] ...
[INFO] [stdout]  27 |     pub fn new(mut parent: TIter, roi: impl Into<Roi<u32>>) -> Result<Self, PipelineError> {
[INFO] [stdout]     |                                             ^^^^^^^^^^^^^^ required by this bound in `ClipSpanIter::<TIter, T>::new`
[INFO] [stdout]     = note: this error originates in the macro `impl_from` (in Nightly builds, run with -Z macro-backtrace for more info)
[INFO] [stdout] 
[INFO] [stdout] 
[INFO] [stdout] error[E0277]: the trait bound `i32: SignedNonZeroable` is not satisfied
[INFO] [stdout]    --> benches/span_iter.rs:192:17
[INFO] [stdout]     |
[INFO] [stdout] 192 |                 ClipSpanIter::new(
[INFO] [stdout]     |                 ^^^^^^^^^^^^^^^^^ the trait `SignedNonZeroable` is not implemented for `i32`
[INFO] [stdout]     |
[INFO] [stdout]     = help: the following other types implement trait `SignedNonZeroable`:
[INFO] [stdout]               u16
[INFO] [stdout]               u32
[INFO] [stdout]               u64
[INFO] [stdout]               u8
[INFO] [stdout]               usize
[INFO] [stdout] note: required by a bound in `imask::Roi`
[INFO] [stdout]    --> src/roi.rs:17:19
[INFO] [stdout]     |
[INFO] [stdout]  17 | pub struct Roi<T: SignedNonZeroable> {
[INFO] [stdout]     |                   ^^^^^^^^^^^^^^^^^ required by this bound in `Roi`
[INFO] [stdout] 
[INFO] [stdout] 
[INFO] [stdout] error[E0277]: the trait bound `i32: SignedNonZeroable` is not satisfied
[INFO] [stdout]    --> benches/span_iter.rs:205:27
[INFO] [stdout]     |
[INFO] [stdout] 205 |         let clip_bounds = Roi::new(0..200, 0..200);
[INFO] [stdout]     |                           ^^^^^^^^ the trait `SignedNonZeroable` is not implemented for `i32`
[INFO] [stdout]     |
[INFO] [stdout]     = help: the following other types implement trait `SignedNonZeroable`:
[INFO] [stdout]               u16
[INFO] [stdout]               u32
[INFO] [stdout]               u64
[INFO] [stdout]               u8
[INFO] [stdout]               usize
[INFO] [stdout]     = note: required for `std::ops::Range<i32>` to implement `CreateRange`
[INFO] [stdout] note: required by a bound in `imask::Roi::<T>::new`
[INFO] [stdout]    --> src/roi.rs:58:34
[INFO] [stdout]     |
[INFO] [stdout]  54 | impl<T: SignedNonZeroable> Roi<T> {
[INFO] [stdout] ...
[INFO] [stdout]  58 |     pub fn new<TNew: CreateRange<Item = T> + TryInto<NonZeroRange<T>, Error: Debug>>(
[INFO] [stdout]     |                                  ^^^^^^^^ required by this bound in `Roi::<T>::new`
[INFO] [stdout] 
[INFO] [stdout] 
[INFO] [stdout] error[E0277]: the trait bound `imask::Roi<u32>: From<imask::Roi<i32>>` is not satisfied
[INFO] [stdout]    --> benches/span_iter.rs:211:21
[INFO] [stdout]     |
[INFO] [stdout] 209 |                 ClipSpanIter::new(
[INFO] [stdout]     |                 ----------------- required by a bound introduced by this call
[INFO] [stdout] 210 |                     dilate_union(Union::new(a.clone(), b.clone()).with_bounds(W, H), radius),
[INFO] [stdout] 211 |                     clip_bounds,
[INFO] [stdout]     |                     ^^^^^^^^^^^ the trait `From<imask::Roi<i32>>` is not implemented for `imask::Roi<u32>`
[INFO] [stdout]     |
[INFO] [stdout] help: `imask::Roi<u32>` implements trait `From<T>`
[INFO] [stdout]    --> src/roi.rs:24:9
[INFO] [stdout]     |
[INFO] [stdout]  24 |         impl From<Roi<$src>> for Roi<$dst> {
[INFO] [stdout]     |         ^^^^^^^^^^^^^^^^^^^^^^^^^^^^^^^^^^
[INFO] [stdout]     |         |
[INFO] [stdout]     |         `From<imask::Roi<u16>>`
[INFO] [stdout]     |         `From<imask::Roi<u8>>`
[INFO] [stdout] ...
[INFO] [stdout]  36 | impl_from!(u8, u32);
[INFO] [stdout]     | ------------------- in this macro invocation
[INFO] [stdout]  37 | impl_from!(u8, u64);
[INFO] [stdout]  38 | impl_from!(u16, u32);
[INFO] [stdout]     | -------------------- in this macro invocation
[INFO] [stdout]     = note: required for `imask::Roi<i32>` to implement `Into<imask::Roi<u32>>`
[INFO] [stdout] note: required by a bound in `imask::ClipSpanIter::<TIter, T>::new`
[INFO] [stdout]    --> src/span/clip.rs:27:45
[INFO] [stdout]     |
[INFO] [stdout]  16 | impl<TIter, T> ClipSpanIter<TIter, T>
[INFO] [stdout] ...
[INFO] [stdout]  27 |     pub fn new(mut parent: TIter, roi: impl Into<Roi<u32>>) -> Result<Self, PipelineError> {
[INFO] [stdout]     |                                             ^^^^^^^^^^^^^^ required by this bound in `ClipSpanIter::<TIter, T>::new`
[INFO] [stdout]     = note: this error originates in the macro `impl_from` (in Nightly builds, run with -Z macro-backtrace for more info)
[INFO] [stdout] 
[INFO] [stdout] 
[INFO] [stdout] error[E0277]: the trait bound `i32: SignedNonZeroable` is not satisfied
[INFO] [stdout]    --> benches/span_iter.rs:209:17
[INFO] [stdout]     |
[INFO] [stdout] 209 |                 ClipSpanIter::new(
[INFO] [stdout]     |                 ^^^^^^^^^^^^^^^^^ the trait `SignedNonZeroable` is not implemented for `i32`
[INFO] [stdout]     |
[INFO] [stdout]     = help: the following other types implement trait `SignedNonZeroable`:
[INFO] [stdout]               u16
[INFO] [stdout]               u32
[INFO] [stdout]               u64
[INFO] [stdout]               u8
[INFO] [stdout]               usize
[INFO] [stdout] note: required by a bound in `imask::Roi`
[INFO] [stdout]    --> src/roi.rs:17:19
[INFO] [stdout]     |
[INFO] [stdout]  17 | pub struct Roi<T: SignedNonZeroable> {
[INFO] [stdout]     |                   ^^^^^^^^^^^^^^^^^ required by this bound in `Roi`
[INFO] [stdout] 
[INFO] [stdout] 
[INFO] [stdout] error[E0277]: the trait bound `i32: SignedNonZeroable` is not satisfied
[INFO] [stdout]    --> benches/span_iter.rs:223:27
[INFO] [stdout]     |
[INFO] [stdout] 223 |         let clip_bounds = Roi::new(0..150, 0..150);
[INFO] [stdout]     |                           ^^^^^^^^ the trait `SignedNonZeroable` is not implemented for `i32`
[INFO] [stdout]     |
[INFO] [stdout]     = help: the following other types implement trait `SignedNonZeroable`:
[INFO] [stdout]               u16
[INFO] [stdout]               u32
[INFO] [stdout]               u64
[INFO] [stdout]               u8
[INFO] [stdout]               usize
[INFO] [stdout]     = note: required for `std::ops::Range<i32>` to implement `CreateRange`
[INFO] [stdout] note: required by a bound in `imask::Roi::<T>::new`
[INFO] [stdout]    --> src/roi.rs:58:34
[INFO] [stdout]     |
[INFO] [stdout]  54 | impl<T: SignedNonZeroable> Roi<T> {
[INFO] [stdout] ...
[INFO] [stdout]  58 |     pub fn new<TNew: CreateRange<Item = T> + TryInto<NonZeroRange<T>, Error: Debug>>(
[INFO] [stdout]     |                                  ^^^^^^^^ required by this bound in `Roi::<T>::new`
[INFO] [stdout] 
[INFO] [stdout] 
[INFO] [stdout] error[E0277]: the trait bound `imask::Roi<u32>: From<imask::Roi<i32>>` is not satisfied
[INFO] [stdout]    --> benches/span_iter.rs:228:21
[INFO] [stdout]     |
[INFO] [stdout] 226 |                 ClipSpanIter::new(
[INFO] [stdout]     |                 ----------------- required by a bound introduced by this call
[INFO] [stdout] 227 |                     Subtract::new(Union::new(a.clone(), b.clone()), hole.clone()),
[INFO] [stdout] 228 |                     clip_bounds,
[INFO] [stdout]     |                     ^^^^^^^^^^^ the trait `From<imask::Roi<i32>>` is not implemented for `imask::Roi<u32>`
[INFO] [stdout]     |
[INFO] [stdout] help: `imask::Roi<u32>` implements trait `From<T>`
[INFO] [stdout]    --> src/roi.rs:24:9
[INFO] [stdout]     |
[INFO] [stdout]  24 |         impl From<Roi<$src>> for Roi<$dst> {
[INFO] [stdout]     |         ^^^^^^^^^^^^^^^^^^^^^^^^^^^^^^^^^^
[INFO] [stdout]     |         |
[INFO] [stdout]     |         `From<imask::Roi<u16>>`
[INFO] [stdout]     |         `From<imask::Roi<u8>>`
[INFO] [stdout] ...
[INFO] [stdout]  36 | impl_from!(u8, u32);
[INFO] [stdout]     | ------------------- in this macro invocation
[INFO] [stdout]  37 | impl_from!(u8, u64);
[INFO] [stdout]  38 | impl_from!(u16, u32);
[INFO] [stdout]     | -------------------- in this macro invocation
[INFO] [stdout]     = note: required for `imask::Roi<i32>` to implement `Into<imask::Roi<u32>>`
[INFO] [stdout] note: required by a bound in `imask::ClipSpanIter::<TIter, T>::new`
[INFO] [stdout]    --> src/span/clip.rs:27:45
[INFO] [stdout]     |
[INFO] [stdout]  16 | impl<TIter, T> ClipSpanIter<TIter, T>
[INFO] [stdout] ...
[INFO] [stdout]  27 |     pub fn new(mut parent: TIter, roi: impl Into<Roi<u32>>) -> Result<Self, PipelineError> {
[INFO] [stdout]     |                                             ^^^^^^^^^^^^^^ required by this bound in `ClipSpanIter::<TIter, T>::new`
[INFO] [stdout]     = note: this error originates in the macro `impl_from` (in Nightly builds, run with -Z macro-backtrace for more info)
[INFO] [stdout] 
[INFO] [stdout] 
[INFO] [stdout] error[E0277]: the trait bound `i32: SignedNonZeroable` is not satisfied
[INFO] [stdout]    --> benches/span_iter.rs:226:17
[INFO] [stdout]     |
[INFO] [stdout] 226 |                 ClipSpanIter::new(
[INFO] [stdout]     |                 ^^^^^^^^^^^^^^^^^ the trait `SignedNonZeroable` is not implemented for `i32`
[INFO] [stdout]     |
[INFO] [stdout]     = help: the following other types implement trait `SignedNonZeroable`:
[INFO] [stdout]               u16
[INFO] [stdout]               u32
[INFO] [stdout]               u64
[INFO] [stdout]               u8
[INFO] [stdout]               usize
[INFO] [stdout] note: required by a bound in `imask::Roi`
[INFO] [stdout]    --> src/roi.rs:17:19
[INFO] [stdout]     |
[INFO] [stdout]  17 | pub struct Roi<T: SignedNonZeroable> {
[INFO] [stdout]     |                   ^^^^^^^^^^^^^^^^^ required by this bound in `Roi`
[INFO] [stdout] 
[INFO] [stdout] 
[INFO] [stdout] error[E0277]: the trait bound `i32: SignedNonZeroable` is not satisfied
[INFO] [stdout]    --> benches/span_iter.rs:238:27
[INFO] [stdout]     |
[INFO] [stdout] 238 |         let clip_bounds = Roi::new(0..500, 0..500);
[INFO] [stdout]     |                           ^^^^^^^^ the trait `SignedNonZeroable` is not implemented for `i32`
[INFO] [stdout]     |
[INFO] [stdout]     = help: the following other types implement trait `SignedNonZeroable`:
[INFO] [stdout]               u16
[INFO] [stdout]               u32
[INFO] [stdout]               u64
[INFO] [stdout]               u8
[INFO] [stdout]               usize
[INFO] [stdout]     = note: required for `std::ops::Range<i32>` to implement `CreateRange`
[INFO] [stdout] note: required by a bound in `imask::Roi::<T>::new`
[INFO] [stdout]    --> src/roi.rs:58:34
[INFO] [stdout]     |
[INFO] [stdout]  54 | impl<T: SignedNonZeroable> Roi<T> {
[INFO] [stdout] ...
[INFO] [stdout]  58 |     pub fn new<TNew: CreateRange<Item = T> + TryInto<NonZeroRange<T>, Error: Debug>>(
[INFO] [stdout]     |                                  ^^^^^^^^ required by this bound in `Roi::<T>::new`
[INFO] [stdout] 
[INFO] [stdout] 
[INFO] [stdout] error[E0277]: the trait bound `imask::Roi<u32>: From<imask::Roi<i32>>` is not satisfied
[INFO] [stdout]    --> benches/span_iter.rs:244:21
[INFO] [stdout]     |
[INFO] [stdout] 242 |                 ClipSpanIter::new(
[INFO] [stdout]     |                 ----------------- required by a bound introduced by this call
[INFO] [stdout] 243 |                     dilate_acc(r.into_spans().with_bounds(W, H), radius),
[INFO] [stdout] 244 |                     clip_bounds,
[INFO] [stdout]     |                     ^^^^^^^^^^^ the trait `From<imask::Roi<i32>>` is not implemented for `imask::Roi<u32>`
[INFO] [stdout]     |
[INFO] [stdout] help: `imask::Roi<u32>` implements trait `From<T>`
[INFO] [stdout]    --> src/roi.rs:24:9
[INFO] [stdout]     |
[INFO] [stdout]  24 |         impl From<Roi<$src>> for Roi<$dst> {
[INFO] [stdout]     |         ^^^^^^^^^^^^^^^^^^^^^^^^^^^^^^^^^^
[INFO] [stdout]     |         |
[INFO] [stdout]     |         `From<imask::Roi<u16>>`
[INFO] [stdout]     |         `From<imask::Roi<u8>>`
[INFO] [stdout] ...
[INFO] [stdout]  36 | impl_from!(u8, u32);
[INFO] [stdout]     | ------------------- in this macro invocation
[INFO] [stdout]  37 | impl_from!(u8, u64);
[INFO] [stdout]  38 | impl_from!(u16, u32);
[INFO] [stdout]     | -------------------- in this macro invocation
[INFO] [stdout]     = note: required for `imask::Roi<i32>` to implement `Into<imask::Roi<u32>>`
[INFO] [stdout] note: required by a bound in `imask::ClipSpanIter::<TIter, T>::new`
[INFO] [stdout]    --> src/span/clip.rs:27:45
[INFO] [stdout]     |
[INFO] [stdout]  16 | impl<TIter, T> ClipSpanIter<TIter, T>
[INFO] [stdout] ...
[INFO] [stdout]  27 |     pub fn new(mut parent: TIter, roi: impl Into<Roi<u32>>) -> Result<Self, PipelineError> {
[INFO] [stdout]     |                                             ^^^^^^^^^^^^^^ required by this bound in `ClipSpanIter::<TIter, T>::new`
[INFO] [stdout]     = note: this error originates in the macro `impl_from` (in Nightly builds, run with -Z macro-backtrace for more info)
[INFO] [stdout] 
[INFO] [stdout] 
[INFO] [stdout] error[E0277]: the trait bound `i32: SignedNonZeroable` is not satisfied
[INFO] [stdout]    --> benches/span_iter.rs:242:17
[INFO] [stdout]     |
[INFO] [stdout] 242 |                 ClipSpanIter::new(
[INFO] [stdout]     |                 ^^^^^^^^^^^^^^^^^ the trait `SignedNonZeroable` is not implemented for `i32`
[INFO] [stdout]     |
[INFO] [stdout]     = help: the following other types implement trait `SignedNonZeroable`:
[INFO] [stdout]               u16
[INFO] [stdout]               u32
[INFO] [stdout]               u64
[INFO] [stdout]               u8
[INFO] [stdout]               usize
[INFO] [stdout] note: required by a bound in `imask::Roi`
[INFO] [stdout]    --> src/roi.rs:17:19
[INFO] [stdout]     |
[INFO] [stdout]  17 | pub struct Roi<T: SignedNonZeroable> {
[INFO] [stdout]     |                   ^^^^^^^^^^^^^^^^^ required by this bound in `Roi`
[INFO] [stdout] 
[INFO] [stdout] 
[INFO] [stdout] error[E0277]: the trait bound `i32: SignedNonZeroable` is not satisfied
[INFO] [stdout]    --> benches/span_iter.rs:190:9
[INFO] [stdout]     |
[INFO] [stdout] 190 | /         bencher.iter(|| {
[INFO] [stdout] 191 | |             consume_range(
[INFO] [stdout] 192 | |                 ClipSpanIter::new(
[INFO] [stdout] 193 | |                     dilate_union(r.into_spans().with_bounds(W, H), radius),
[INFO] [stdout] ...   |
[INFO] [stdout] 198 | |             );
[INFO] [stdout] 199 | |         });
[INFO] [stdout]     | |__________^ the trait `SignedNonZeroable` is not implemented for `i32`
[INFO] [stdout]     |
[INFO] [stdout]     = help: the following other types implement trait `SignedNonZeroable`:
[INFO] [stdout]               u16
[INFO] [stdout]               u32
[INFO] [stdout]               u64
[INFO] [stdout]               u8
[INFO] [stdout]               usize
[INFO] [stdout] note: required by a bound in `imask::Roi`
[INFO] [stdout]    --> src/roi.rs:17:19
[INFO] [stdout]     |
[INFO] [stdout]  17 | pub struct Roi<T: SignedNonZeroable> {
[INFO] [stdout]     |                   ^^^^^^^^^^^^^^^^^ required by this bound in `Roi`
[INFO] [stdout] 
[INFO] [stdout] 
[INFO] [stdout] error[E0277]: the trait bound `i32: SignedNonZeroable` is not satisfied
[INFO] [stdout]    --> benches/span_iter.rs:207:9
[INFO] [stdout]     |
[INFO] [stdout] 207 | /         bencher.iter(|| {
[INFO] [stdout] 208 | |             consume_range(
[INFO] [stdout] 209 | |                 ClipSpanIter::new(
[INFO] [stdout] 210 | |                     dilate_union(Union::new(a.clone(), b.clone()).with_bounds(W, H), radius),
[INFO] [stdout] ...   |
[INFO] [stdout] 215 | |             );
[INFO] [stdout] 216 | |         });
[INFO] [stdout]     | |__________^ the trait `SignedNonZeroable` is not implemented for `i32`
[INFO] [stdout]     |
[INFO] [stdout]     = help: the following other types implement trait `SignedNonZeroable`:
[INFO] [stdout]               u16
[INFO] [stdout]               u32
[INFO] [stdout]               u64
[INFO] [stdout]               u8
[INFO] [stdout]               usize
[INFO] [stdout] note: required by a bound in `imask::Roi`
[INFO] [stdout]    --> src/roi.rs:17:19
[INFO] [stdout]     |
[INFO] [stdout]  17 | pub struct Roi<T: SignedNonZeroable> {
[INFO] [stdout]     |                   ^^^^^^^^^^^^^^^^^ required by this bound in `Roi`
[INFO] [stdout] 
[INFO] [stdout] 
[INFO] [stdout] error[E0277]: the trait bound `i32: SignedNonZeroable` is not satisfied
[INFO] [stdout]    --> benches/span_iter.rs:224:9
[INFO] [stdout]     |
[INFO] [stdout] 224 | /         bencher.iter(|| {
[INFO] [stdout] 225 | |             consume_range(
[INFO] [stdout] 226 | |                 ClipSpanIter::new(
[INFO] [stdout] 227 | |                     Subtract::new(Union::new(a.clone(), b.clone()), hole.clone()),
[INFO] [stdout] ...   |
[INFO] [stdout] 232 | |             );
[INFO] [stdout] 233 | |         });
[INFO] [stdout]     | |__________^ the trait `SignedNonZeroable` is not implemented for `i32`
[INFO] [stdout]     |
[INFO] [stdout]     = help: the following other types implement trait `SignedNonZeroable`:
[INFO] [stdout]               u16
[INFO] [stdout]               u32
[INFO] [stdout]               u64
[INFO] [stdout]               u8
[INFO] [stdout]               usize
[INFO] [stdout] note: required by a bound in `imask::Roi`
[INFO] [stdout]    --> src/roi.rs:17:19
[INFO] [stdout]     |
[INFO] [stdout]  17 | pub struct Roi<T: SignedNonZeroable> {
[INFO] [stdout]     |                   ^^^^^^^^^^^^^^^^^ required by this bound in `Roi`
[INFO] [stdout] 
[INFO] [stdout] 
[INFO] [stdout] error[E0277]: the trait bound `i32: SignedNonZeroable` is not satisfied
[INFO] [stdout]    --> benches/span_iter.rs:240:9
[INFO] [stdout]     |
[INFO] [stdout] 240 | /         bencher.iter(|| {
[INFO] [stdout] 241 | |             consume_range(
[INFO] [stdout] 242 | |                 ClipSpanIter::new(
[INFO] [stdout] 243 | |                     dilate_acc(r.into_spans().with_bounds(W, H), radius),
[INFO] [stdout] ...   |
[INFO] [stdout] 248 | |             );
[INFO] [stdout] 249 | |         });
[INFO] [stdout]     | |__________^ the trait `SignedNonZeroable` is not implemented for `i32`
[INFO] [stdout]     |
[INFO] [stdout]     = help: the following other types implement trait `SignedNonZeroable`:
[INFO] [stdout]               u16
[INFO] [stdout]               u32
[INFO] [stdout]               u64
[INFO] [stdout]               u8
[INFO] [stdout]               usize
[INFO] [stdout] note: required by a bound in `imask::Roi`
[INFO] [stdout]    --> src/roi.rs:17:19
[INFO] [stdout]     |
[INFO] [stdout]  17 | pub struct Roi<T: SignedNonZeroable> {
[INFO] [stdout]     |                   ^^^^^^^^^^^^^^^^^ required by this bound in `Roi`
[INFO] [stdout] 
[INFO] [stdout] 
[INFO] [stdout] For more information about this error, try `rustc --explain E0277`.
[INFO] [stdout] 
[INFO] [stderr] error: could not compile `imask` (bench "span_iter") due to 16 previous errors
[INFO] [stderr] warning: build failed, waiting for other jobs to finish...
[INFO] [stderr] warning: unused dependency `itertools`
[INFO] [stderr]  --> Cargo.toml:6:1
[INFO] [stderr]   |
[INFO] [stderr] 6 | itertools = "0.15.0"
[INFO] [stderr]   | ^^^^^^^^^^^^^^^^^^^^
[INFO] [stderr]   |
[INFO] [stderr]   = note: `cargo::unused_dependencies` is set to `warn` by default
[INFO] [stderr] help: consider removing the dependency on `itertools`
[INFO] [stderr] warning: `imask` (manifest) generated 1 warning
[INFO] running `Command { std: "docker" "inspect" "9084246d235594d3208f3fe6b7087cda7f8520869e8abe9b51af04c1631db76d", kill_on_drop: false }`
[INFO] running `Command { std: "docker" "rm" "-f" "9084246d235594d3208f3fe6b7087cda7f8520869e8abe9b51af04c1631db76d", kill_on_drop: false }`
[INFO] [stdout] 9084246d235594d3208f3fe6b7087cda7f8520869e8abe9b51af04c1631db76d
