[INFO] cloning repository https://github.com/milude-kent/netpilot
[INFO] running `Command { std: "git" "-c" "credential.helper=" "-c" "credential.helper=/workspace/cargo-home/bin/git-credential-null" "clone" "--bare" "https://github.com/milude-kent/netpilot" "/workspace/cache/git-repos/https%3A%2F%2Fgithub.com%2Fmilude-kent%2Fnetpilot", kill_on_drop: false }`
[INFO] [stderr] Cloning into bare repository '/workspace/cache/git-repos/https%3A%2F%2Fgithub.com%2Fmilude-kent%2Fnetpilot'...
[INFO] running `Command { std: "git" "rev-parse" "HEAD", kill_on_drop: false }`
[INFO] [stdout] 4a800dc0037e0139d76e4ceaec954503eef5c4d8
[INFO] checking milude-kent/netpilot against 3154cc1a3e6424e44f438a95007d043ed5ceaaf6 for pr-133502-30
[INFO] running `Command { std: "git" "clone" "/workspace/cache/git-repos/https%3A%2F%2Fgithub.com%2Fmilude-kent%2Fnetpilot" "/workspace/builds/worker-5-tc2/source", kill_on_drop: false }`
[INFO] [stderr] Cloning into '/workspace/builds/worker-5-tc2/source'...
[INFO] [stderr] done.
[INFO] removed /workspace/builds/worker-5-tc2/source/rust-toolchain.toml
[INFO] started tweaking git repo https://github.com/milude-kent/netpilot
[INFO] finished tweaking git repo https://github.com/milude-kent/netpilot
[INFO] tweaked toml for git repo https://github.com/milude-kent/netpilot written to /workspace/builds/worker-5-tc2/source/Cargo.toml
[INFO] validating manifest of git repo https://github.com/milude-kent/netpilot on toolchain 3154cc1a3e6424e44f438a95007d043ed5ceaaf6
[INFO] running `Command { std: CARGO_HOME="/workspace/cargo-home" RUSTUP_HOME="/workspace/rustup-home" "/workspace/cargo-home/bin/cargo" "+3154cc1a3e6424e44f438a95007d043ed5ceaaf6" "metadata" "--manifest-path" "Cargo.toml" "--no-deps", kill_on_drop: false }`
[INFO] crate git repo https://github.com/milude-kent/netpilot already has a lockfile, it will not be regenerated
[INFO] running `Command { std: CARGO_HOME="/workspace/cargo-home" RUSTUP_HOME="/workspace/rustup-home" "/workspace/cargo-home/bin/cargo" "+3154cc1a3e6424e44f438a95007d043ed5ceaaf6" "fetch" "--manifest-path" "Cargo.toml", kill_on_drop: false }`
[INFO] [stderr] warning: unused field `repository` in `workspace.package`
[INFO] [stderr]    --> Cargo.toml:108:1
[INFO] [stderr]     |
[INFO] [stderr] 108 | repository = "https://github.com/netpilot/netpilot"
[INFO] [stderr]     | ^^^^^^^^^^
[INFO] [stderr]     |
[INFO] [stderr]     = note: `cargo::unused_workspace_package_fields` is set to `warn` by default
[INFO] [stderr] help: consider removing the field `workspace.package.repository`
[INFO] [stderr] warning: workspace (manifest) generated 1 warning
[INFO] running `Command { std: "docker" "create" "-v" "/var/lib/crater-agent-workspace/builds/worker-5-tc2/source:/opt/rustwide/workdir:ro,Z" "-v" "/var/lib/crater-agent-workspace/builds/worker-5-tc2/target:/opt/rustwide/target:rw,Z" "-v" "/var/lib/crater-agent-workspace/cargo-home:/opt/rustwide/cargo-home:ro,Z" "-v" "/var/lib/crater-agent-workspace/rustup-home:/opt/rustwide/rustup-home:ro,Z" "-m" "1610612736" "--network" "none" "ghcr.io/rust-lang/crates-build-env/linux@sha256:77db811e55d90add9212f6832c23229e3de5f1c1f9905e8cb07319ea15df73ac" "sleep" "infinity", kill_on_drop: false }`
[INFO] [stdout] 40c0898ab86dc4495efe7c22c2a422076d16a7d3624182fe5a1e4ceecf45c962
[INFO] running `Command { std: "docker" "start" "40c0898ab86dc4495efe7c22c2a422076d16a7d3624182fe5a1e4ceecf45c962", kill_on_drop: false }`
[INFO] running `Command { std: "docker" "inspect" "40c0898ab86dc4495efe7c22c2a422076d16a7d3624182fe5a1e4ceecf45c962", kill_on_drop: false }`
[INFO] running `Command { std: "docker" "exec" "-e" "SOURCE_DIR=/opt/rustwide/workdir" "-e" "CARGO_HOME=/opt/rustwide/cargo-home" "-e" "RUSTUP_HOME=/opt/rustwide/rustup-home" "-e" "CARGO_TARGET_DIR=/opt/rustwide/target" "-w" "/opt/rustwide/workdir" "--user" "0:0" "40c0898ab86dc4495efe7c22c2a422076d16a7d3624182fe5a1e4ceecf45c962" "/opt/rustwide/cargo-home/bin/cargo" "+3154cc1a3e6424e44f438a95007d043ed5ceaaf6" "metadata" "--no-deps" "--format-version=1", kill_on_drop: false }`
[INFO] running `Command { std: "docker" "inspect" "40c0898ab86dc4495efe7c22c2a422076d16a7d3624182fe5a1e4ceecf45c962", kill_on_drop: false }`
[INFO] running `Command { std: "docker" "exec" "-e" "SOURCE_DIR=/opt/rustwide/workdir" "-e" "CARGO_HOME=/opt/rustwide/cargo-home" "-e" "RUSTUP_HOME=/opt/rustwide/rustup-home" "-e" "CARGO_TARGET_DIR=/opt/rustwide/target" "-e" "CARGO_INCREMENTAL=0" "-e" "RUST_BACKTRACE=full" "-e" "RUSTFLAGS=--cap-lints=forbid" "-e" "RUSTDOCFLAGS=--cap-lints=forbid" "-w" "/opt/rustwide/workdir" "--user" "0:0" "40c0898ab86dc4495efe7c22c2a422076d16a7d3624182fe5a1e4ceecf45c962" "/opt/rustwide/cargo-home/bin/cargo" "+3154cc1a3e6424e44f438a95007d043ed5ceaaf6" "check" "--frozen" "--all" "--all-targets" "--message-format=json", kill_on_drop: false }`
[INFO] [stderr] warning: unused field `repository` in `workspace.package`
[INFO] [stderr]    --> Cargo.toml:108:1
[INFO] [stderr]     |
[INFO] [stderr] 108 | repository = "https://github.com/netpilot/netpilot"
[INFO] [stderr]     | ^^^^^^^^^^
[INFO] [stderr]     |
[INFO] [stderr]     = note: `cargo::unused_workspace_package_fields` is set to `warn` by default
[INFO] [stderr] help: consider removing the field `workspace.package.repository`
[INFO] [stderr] warning: workspace (manifest) generated 1 warning
[INFO] [stderr]    Compiling cc v1.4.5
[INFO] [stderr]    Compiling syn v3.0.5
[INFO] [stderr]     Checking deranged v0.5.8
[INFO] [stderr]     Checking mio v1.2.3
[INFO] [stderr]     Checking serde_json v1.0.151
[INFO] [stderr]     Checking crypto-common v0.1.7
[INFO] [stderr]     Checking tracing v0.1.44
[INFO] [stderr]    Compiling zerofrom v0.1.8
[INFO] [stderr]    Compiling serde_core v1.0.229
[INFO] [stderr]     Checking rand v0.8.8
[INFO] [stderr]     Checking der v0.7.10
[INFO] [stderr]    Compiling curve25519-dalek v4.1.3
[INFO] [stderr]    Compiling curve25519-dalek-derive v0.1.1
[INFO] [stderr]    Compiling crossbeam-utils v0.8.23
[INFO] [stderr]     Checking rustls-native-certs v0.8.4
[INFO] [stderr]    Compiling getrandom v0.2.17
[INFO] [stderr]    Compiling thiserror-impl v1.0.69
[INFO] [stderr]    Compiling yoke v0.8.3
[INFO] [stderr]     Checking rustls-pemfile v2.2.0
[INFO] [stderr]     Checking digest v0.10.7
[INFO] [stderr]    Compiling rustls-pki-types v1.15.1
[INFO] [stderr]    Compiling socket2 v0.6.5
[INFO] [stderr]     Checking rustls-native-certs v0.7.3
[INFO] [stderr]     Checking sha2 v0.10.9
[INFO] [stderr]     Checking signature v2.2.0
[INFO] [stderr]     Checking ed25519 v2.2.3
[INFO] [stderr]    Compiling zerocopy v0.8.56
[INFO] [stderr]     Checking clap_builder v4.6.6
[INFO] [stderr]    Compiling time v0.3.55
[INFO] [stderr]    Compiling webpki-roots v1.0.9
[INFO] [stderr]    Compiling tinyvec v1.13.2
[INFO] [stderr]    Compiling webpki-roots v0.26.11
[INFO] [stderr]    Compiling tokio v1.53.1
[INFO] [stderr]     Checking spki v0.7.3
[INFO] [stderr]    Compiling crossbeam-queue v0.3.14
[INFO] [stderr]     Checking pkcs8 v0.10.2
[INFO] [stderr]     Checking signatory v0.27.1
[INFO] [stderr]     Checking nuid v0.5.0
[INFO] [stderr]    Compiling num-traits v0.2.19
[INFO] [stderr]    Compiling rand_core v0.6.4
[INFO] [stderr]    Compiling hmac v0.12.1
[INFO] [stderr]    Compiling unicode-normalization v0.1.25
[INFO] [stderr]    Compiling hkdf v0.12.4
[INFO] [stderr]    Compiling md-5 v0.10.6
[INFO] [stderr]    Compiling futures-executor v0.3.34
[INFO] [stderr]     Checking uuid v1.26.0
[INFO] [stderr]     Checking ed25519-dalek v2.2.0
[INFO] [stderr]    Compiling stringprep v0.1.5
[INFO] [stderr]     Checking inout v0.1.4
[INFO] [stderr]    Compiling cpufeatures v0.3.1
[INFO] [stderr]     Checking nkeys v0.4.5
[INFO] [stderr]    Compiling sha2 v0.11.0
[INFO] [stderr]     Checking thiserror v1.0.69
[INFO] [stderr]     Checking cipher v0.4.4
[INFO] [stderr]     Checking atoi v2.0.0
[INFO] [stderr]     Checking universal-hash v0.5.1
[INFO] [stderr]    Compiling mime v0.3.17
[INFO] [stderr]    Compiling crc32fast v1.5.1
[INFO] [stderr]     Checking polyval v0.6.2
[INFO] [stderr]     Checking flume v0.11.1
[INFO] [stderr]    Compiling mime_guess v2.0.5
[INFO] [stderr]    Compiling rust-embed-utils v8.12.0
[INFO] [stderr]     Checking phc v0.6.1
[INFO] [stderr]    Compiling ring v0.17.14
[INFO] [stderr]    Compiling blake3 v1.8.7
[INFO] [stderr]    Compiling libsqlite3-sys v0.30.1
[INFO] [stderr]     Checking whoami v1.6.1
[INFO] [stderr]     Checking ghash v0.5.1
[INFO] [stderr]     Checking password-hash v0.6.1
[INFO] [stderr]     Checking ctr v0.9.2
[INFO] [stderr]     Checking aes v0.8.4
[INFO] [stderr]    Compiling rust-embed-impl v8.12.0
[INFO] [stderr]     Checking blake2 v0.11.0
[INFO] [stderr]     Checking aead v0.5.2
[INFO] [stderr]    Compiling axum-macros v0.5.1
[INFO] [stderr]     Checking serde_path_to_error v0.1.20
[INFO] [stderr]    Compiling netpilot-server v0.1.0 (/opt/rustwide/workdir/crates/netpilot-server)
[INFO] [stderr]     Checking argon2 v0.6.0
[INFO] [stderr]     Checking flate2 v1.1.10
[INFO] [stderr]    Compiling nix v0.31.3
[INFO] [stderr]     Checking pem v4.0.0
[INFO] [stderr]     Checking rust-embed v8.12.0
[INFO] [stderr]     Checking aes-gcm v0.10.3
[INFO] [stderr]     Checking yasna v0.5.2
[INFO] [stderr]     Checking yasna v0.6.0
[INFO] [stderr]    Compiling serde_derive v1.0.229
[INFO] [stderr]    Compiling zerovec-derive v0.11.6
[INFO] [stderr]    Compiling displaydoc v0.2.7
[INFO] [stderr]    Compiling thiserror-impl v2.0.20
[INFO] [stderr]    Compiling tokio-macros v2.7.2
[INFO] [stderr]    Compiling futures-macro v0.3.34
[INFO] [stderr]    Compiling serde_repr v0.1.21
[INFO] [stderr]    Compiling async-trait v0.1.92
[INFO] [stderr]    Compiling clap_derive v4.6.4
[INFO] [stderr]    Compiling rustls v0.23.43
[INFO] [stderr]     Checking zerovec v0.11.8
[INFO] [stderr]    Compiling tokio-stream v0.1.19
[INFO] [stderr]     Checking futures-util v0.3.34
[INFO] [stderr]     Checking zerotrie v0.2.5
[INFO] [stderr]    Compiling ppv-lite86 v0.2.21
[INFO] [stderr]     Checking rustls-webpki v0.103.15
[INFO] [stderr]     Checking rustls-webpki v0.102.8
[INFO] [stderr]     Checking rcgen v0.13.2
[INFO] [stderr]     Checking rcgen v0.14.10
[INFO] [stderr]    Compiling rand_chacha v0.3.1
[INFO] [stderr]     Checking tinystr v0.8.4
[INFO] [stderr]     Checking potential_utf v0.1.6
[INFO] [stderr]     Checking thiserror v2.0.20
[INFO] [stderr]     Checking icu_collections v2.3.0
[INFO] [stderr]     Checking icu_locale_core v2.3.0
[INFO] [stderr]     Checking clap v4.6.6
[INFO] [stderr]     Checking serde v1.0.229
[INFO] [stderr]    Compiling icu_provider v2.3.1
[INFO] [stderr]    Compiling icu_properties v2.3.0
[INFO] [stderr]     Checking futures v0.3.34
[INFO] [stderr]    Compiling smallvec v1.16.0
[INFO] [stderr]    Compiling either v1.18.0
[INFO] [stderr]    Compiling serde_urlencoded v0.7.1
[INFO] [stderr]    Compiling icu_normalizer v2.3.0
[INFO] [stderr]    Compiling parking_lot_core v0.9.12
[INFO] [stderr]     Checking bytes v1.12.1
[INFO] [stderr]     Checking ipnet v2.12.1
[INFO] [stderr]     Checking ulid v1.2.1
[INFO] [stderr]     Checking serde_nanos v0.1.4
[INFO] [stderr]    Compiling parking_lot v0.12.5
[INFO] [stderr]     Checking toml_datetime v0.6.11
[INFO] [stderr]     Checking serde_spanned v0.6.9
[INFO] [stderr]     Checking serde_yaml v0.9.34+deprecated
[INFO] [stderr]     Checking tracing-subscriber v0.3.23
[INFO] [stderr]     Checking toml_edit v0.22.27
[INFO] [stderr]    Compiling futures-intrusive v0.5.0
[INFO] [stderr]     Checking netpilot-model v0.1.0 (/opt/rustwide/workdir/crates/netpilot-model)
[INFO] [stderr]     Checking http v1.5.0
[INFO] [stderr]     Checking idna_adapter v1.2.2
[INFO] [stderr]     Checking idna v1.1.0
[INFO] [stderr]     Checking url v2.5.8
[INFO] [stderr]     Checking http-body v1.1.0
[INFO] [stderr]     Checking http-body-util v0.1.5
[INFO] [stderr]     Checking axum-core v0.5.6
[INFO] [stderr]     Checking toml v0.8.23
[INFO] [stderr]     Checking netpilot-render v0.1.0 (/opt/rustwide/workdir/crates/netpilot-render)
[INFO] [stderr]    Compiling sqlx-core v0.8.6
[INFO] [stderr]     Checking tokio-util v0.7.19
[INFO] [stderr]     Checking tokio-rustls v0.26.5
[INFO] [stderr]     Checking tryhard v0.5.2
[INFO] [stderr]     Checking hyper v1.11.1
[INFO] [stderr]     Checking tower v0.5.3
[INFO] [stderr]    Compiling sqlx-sqlite v0.8.6
[INFO] [stderr]    Compiling sqlx-postgres v0.8.6
[INFO] [stderr]     Checking tower-http v0.6.11
[INFO] [stderr]     Checking tokio-websockets v0.10.1
[INFO] [stderr]     Checking hyper-util v0.1.20
[INFO] [stderr]     Checking async-nats v0.38.0
[INFO] [stderr]     Checking hyper-rustls v0.27.9
[INFO] [stderr]     Checking axum v0.8.9
[INFO] [stderr]     Checking reqwest v0.12.28
[INFO] [stderr]    Compiling sqlx-macros-core v0.8.6
[INFO] [stderr]    Compiling sqlx-macros v0.8.6
[INFO] [stderr]     Checking netpilot-bus v0.1.0 (/opt/rustwide/workdir/crates/netpilot-bus)
[INFO] [stderr]     Checking sqlx v0.8.6
[INFO] [stderr]     Checking netpilot-agent v0.1.0 (/opt/rustwide/workdir/crates/netpilot-agent)
[INFO] [stdout] error: #[derive(RustEmbed)] folder '/opt/rustwide/workdir/crates/netpilot-server/../../web/dist' does not exist. cwd: '/opt/rustwide/workdir'
[INFO] [stdout]   --> crates/netpilot-server/src/assets.rs:11:1
[INFO] [stdout]    |
[INFO] [stdout] 11 | / #[folder = "../../web/dist"]
[INFO] [stdout] 12 | | struct Dist;
[INFO] [stdout]    | |____________^
[INFO] [stdout] 
[INFO] [stdout] 
[INFO] [stdout] error: #[derive(RustEmbed)] folder '/opt/rustwide/workdir/crates/netpilot-server/../../web/dist' does not exist. cwd: '/opt/rustwide/workdir'
[INFO] [stdout]   --> crates/netpilot-server/src/assets.rs:11:1
[INFO] [stdout]    |
[INFO] [stdout] 11 | / #[folder = "../../web/dist"]
[INFO] [stdout] 12 | | struct Dist;
[INFO] [stdout]    | |____________^
[INFO] [stdout] 
[INFO] [stdout] 
[INFO] [stdout] error[E0599]: no associated function or constant named `get` found for struct `Dist` in the current scope
[INFO] [stdout]   --> crates/netpilot-server/src/assets.rs:23:31
[INFO] [stdout]    |
[INFO] [stdout] 12 | struct Dist;
[INFO] [stdout]    | ----------- associated function or constant `get` not found for this struct
[INFO] [stdout] ...
[INFO] [stdout] 23 |     if let Some(file) = Dist::get(path) {
[INFO] [stdout]    |                               ^^^ associated function or constant not found in `Dist`
[INFO] [stdout]    |
[INFO] [stdout]    = help: items from traits can only be used if the trait is implemented and in scope
[INFO] [stdout]    = note: the following traits define an item `get`, perhaps you need to implement one of them:
[INFO] [stdout]            candidate #1: `config::Env`
[INFO] [stdout]            candidate #2: `Embed`
[INFO] [stdout]            candidate #3: `SliceIndex`
[INFO] [stdout]            candidate #4: `icu_collections::codepointtrie::cptrie::TypedCodePointTrie`
[INFO] [stdout]            candidate #5: `icu_properties::names::PropertyEnumToValueNameLookup`
[INFO] [stdout]            candidate #6: `icu_provider::baked::DataStore`
[INFO] [stdout]            candidate #7: `rustls::server::server_conn::StoresServerSessions`
[INFO] [stdout]            candidate #8: `sqlx::Row`
[INFO] [stdout]            candidate #9: `toml_edit::table::TableLike`
[INFO] [stdout] 
[INFO] [stdout] 
[INFO] [stdout] error[E0599]: no associated function or constant named `get` found for struct `Dist` in the current scope
[INFO] [stdout]   --> crates/netpilot-server/src/assets.rs:23:31
[INFO] [stdout]    |
[INFO] [stdout] 12 | struct Dist;
[INFO] [stdout]    | ----------- associated function or constant `get` not found for this struct
[INFO] [stdout] ...
[INFO] [stdout] 23 |     if let Some(file) = Dist::get(path) {
[INFO] [stdout]    |                               ^^^ associated function or constant not found in `Dist`
[INFO] [stdout]    |
[INFO] [stdout]    = help: items from traits can only be used if the trait is implemented and in scope
[INFO] [stdout]    = note: the following traits define an item `get`, perhaps you need to implement one of them:
[INFO] [stdout]            candidate #1: `Env`
[INFO] [stdout]            candidate #2: `Embed`
[INFO] [stdout]            candidate #3: `SliceIndex`
[INFO] [stdout]            candidate #4: `icu_collections::codepointtrie::cptrie::TypedCodePointTrie`
[INFO] [stdout]            candidate #5: `icu_properties::names::PropertyEnumToValueNameLookup`
[INFO] [stdout]            candidate #6: `icu_provider::baked::DataStore`
[INFO] [stdout]            candidate #7: `rustls::server::server_conn::StoresServerSessions`
[INFO] [stdout]            candidate #8: `sqlx::Row`
[INFO] [stdout]            candidate #9: `toml_edit::table::TableLike`
[INFO] [stdout] 
[INFO] [stdout] 
[INFO] [stdout] error[E0599]: no associated function or constant named `get` found for struct `Dist` in the current scope
[INFO] [stdout]   --> crates/netpilot-server/src/assets.rs:34:17
[INFO] [stdout]    |
[INFO] [stdout] 12 | struct Dist;
[INFO] [stdout]    | ----------- associated function or constant `get` not found for this struct
[INFO] [stdout] ...
[INFO] [stdout] 34 |     match Dist::get("index.html") {
[INFO] [stdout]    |                 ^^^ associated function or constant not found in `Dist`
[INFO] [stdout]    |
[INFO] [stdout]    = help: items from traits can only be used if the trait is implemented and in scope
[INFO] [stdout]    = note: the following traits define an item `get`, perhaps you need to implement one of them:
[INFO] [stdout]            candidate #1: `config::Env`
[INFO] [stdout]            candidate #2: `Embed`
[INFO] [stdout]            candidate #3: `SliceIndex`
[INFO] [stdout]            candidate #4: `icu_collections::codepointtrie::cptrie::TypedCodePointTrie`
[INFO] [stdout]            candidate #5: `icu_properties::names::PropertyEnumToValueNameLookup`
[INFO] [stdout]            candidate #6: `icu_provider::baked::DataStore`
[INFO] [stdout]            candidate #7: `rustls::server::server_conn::StoresServerSessions`
[INFO] [stdout]            candidate #8: `sqlx::Row`
[INFO] [stdout]            candidate #9: `toml_edit::table::TableLike`
[INFO] [stdout] 
[INFO] [stdout] 
[INFO] [stdout] error[E0599]: no associated function or constant named `get` found for struct `Dist` in the current scope
[INFO] [stdout]   --> crates/netpilot-server/src/assets.rs:34:17
[INFO] [stdout]    |
[INFO] [stdout] 12 | struct Dist;
[INFO] [stdout]    | ----------- associated function or constant `get` not found for this struct
[INFO] [stdout] ...
[INFO] [stdout] 34 |     match Dist::get("index.html") {
[INFO] [stdout]    |                 ^^^ associated function or constant not found in `Dist`
[INFO] [stdout]    |
[INFO] [stdout]    = help: items from traits can only be used if the trait is implemented and in scope
[INFO] [stdout]    = note: the following traits define an item `get`, perhaps you need to implement one of them:
[INFO] [stdout]            candidate #1: `Env`
[INFO] [stdout]            candidate #2: `Embed`
[INFO] [stdout]            candidate #3: `SliceIndex`
[INFO] [stdout]            candidate #4: `icu_collections::codepointtrie::cptrie::TypedCodePointTrie`
[INFO] [stdout]            candidate #5: `icu_properties::names::PropertyEnumToValueNameLookup`
[INFO] [stdout]            candidate #6: `icu_provider::baked::DataStore`
[INFO] [stdout]            candidate #7: `rustls::server::server_conn::StoresServerSessions`
[INFO] [stdout]            candidate #8: `sqlx::Row`
[INFO] [stdout]            candidate #9: `toml_edit::table::TableLike`
[INFO] [stdout] 
[INFO] [stdout] 
[INFO] [stdout] For more information about this error, try `rustc --explain E0599`.
[INFO] [stdout] 
[INFO] [stderr] error: could not compile `netpilot-server` (lib) due to 3 previous errors
[INFO] [stderr] warning: build failed, waiting for other jobs to finish...
[INFO] [stdout] For more information about this error, try `rustc --explain E0599`.
[INFO] [stdout] 
[INFO] [stderr] error: could not compile `netpilot-server` (lib test) due to 3 previous errors
[INFO] [stderr] warning: unused dependency `time`
[INFO] [stderr]   --> crates/netpilot-model/Cargo.toml:17:1
[INFO] [stderr]    |
[INFO] [stderr] 17 | time.workspace = true
[INFO] [stderr]    | ^^^^
[INFO] [stderr]    |
[INFO] [stderr]    = note: `cargo::unused_dependencies` is set to `warn` by default
[INFO] [stderr] help: consider removing the dependency on `time`
[INFO] [stderr] warning: `netpilot-model` (manifest) generated 1 warning
[INFO] running `Command { std: "docker" "inspect" "40c0898ab86dc4495efe7c22c2a422076d16a7d3624182fe5a1e4ceecf45c962", kill_on_drop: false }`
[INFO] running `Command { std: "docker" "rm" "-f" "40c0898ab86dc4495efe7c22c2a422076d16a7d3624182fe5a1e4ceecf45c962", kill_on_drop: false }`
[INFO] [stdout] 40c0898ab86dc4495efe7c22c2a422076d16a7d3624182fe5a1e4ceecf45c962
