[INFO] cloning repository https://github.com/millw14/baton
[INFO] running `Command { std: "git" "-c" "credential.helper=" "-c" "credential.helper=/workspace/cargo-home/bin/git-credential-null" "clone" "--bare" "https://github.com/millw14/baton" "/workspace/cache/git-repos/https%3A%2F%2Fgithub.com%2Fmillw14%2Fbaton", kill_on_drop: false }`
[INFO] [stderr] Cloning into bare repository '/workspace/cache/git-repos/https%3A%2F%2Fgithub.com%2Fmillw14%2Fbaton'...
[INFO] running `Command { std: "git" "rev-parse" "HEAD", kill_on_drop: false }`
[INFO] [stdout] 1ae41cc7fff8e974430f43a3732af10b5a661c4c
[INFO] checking millw14/baton against 3154cc1a3e6424e44f438a95007d043ed5ceaaf6+rustflags=-Znext-solver=coherence for pr-133502-30
[INFO] running `Command { std: "git" "clone" "/workspace/cache/git-repos/https%3A%2F%2Fgithub.com%2Fmillw14%2Fbaton" "/workspace/builds/worker-5-tc1/source", kill_on_drop: false }`
[INFO] [stderr] Cloning into '/workspace/builds/worker-5-tc1/source'...
[INFO] [stderr] done.
[INFO] started tweaking git repo https://github.com/millw14/baton
[INFO] finished tweaking git repo https://github.com/millw14/baton
[INFO] tweaked toml for git repo https://github.com/millw14/baton written to /workspace/builds/worker-5-tc1/source/Cargo.toml
[INFO] validating manifest of git repo https://github.com/millw14/baton on toolchain 3154cc1a3e6424e44f438a95007d043ed5ceaaf6
[INFO] running `Command { std: CARGO_HOME="/workspace/cargo-home" RUSTUP_HOME="/workspace/rustup-home" "/workspace/cargo-home/bin/cargo" "+3154cc1a3e6424e44f438a95007d043ed5ceaaf6" "metadata" "--manifest-path" "Cargo.toml" "--no-deps", kill_on_drop: false }`
[INFO] crate git repo https://github.com/millw14/baton already has a lockfile, it will not be regenerated
[INFO] running `Command { std: CARGO_HOME="/workspace/cargo-home" RUSTUP_HOME="/workspace/rustup-home" "/workspace/cargo-home/bin/cargo" "+3154cc1a3e6424e44f438a95007d043ed5ceaaf6" "fetch" "--manifest-path" "Cargo.toml", kill_on_drop: false }`
[INFO] running `Command { std: "docker" "create" "-v" "/var/lib/crater-agent-workspace/builds/worker-5-tc1/source:/opt/rustwide/workdir:ro,Z" "-v" "/var/lib/crater-agent-workspace/builds/worker-5-tc1/target:/opt/rustwide/target:rw,Z" "-v" "/var/lib/crater-agent-workspace/cargo-home:/opt/rustwide/cargo-home:ro,Z" "-v" "/var/lib/crater-agent-workspace/rustup-home:/opt/rustwide/rustup-home:ro,Z" "-m" "1610612736" "--network" "none" "ghcr.io/rust-lang/crates-build-env/linux@sha256:77db811e55d90add9212f6832c23229e3de5f1c1f9905e8cb07319ea15df73ac" "sleep" "infinity", kill_on_drop: false }`
[INFO] [stdout] 672ecc69dc07d679e2351731faa31e0aacac207967243189b6c8f2d438a7faa5
[INFO] running `Command { std: "docker" "start" "672ecc69dc07d679e2351731faa31e0aacac207967243189b6c8f2d438a7faa5", kill_on_drop: false }`
[INFO] running `Command { std: "docker" "inspect" "672ecc69dc07d679e2351731faa31e0aacac207967243189b6c8f2d438a7faa5", kill_on_drop: false }`
[INFO] running `Command { std: "docker" "exec" "-e" "SOURCE_DIR=/opt/rustwide/workdir" "-e" "CARGO_HOME=/opt/rustwide/cargo-home" "-e" "RUSTUP_HOME=/opt/rustwide/rustup-home" "-e" "CARGO_TARGET_DIR=/opt/rustwide/target" "-w" "/opt/rustwide/workdir" "--user" "0:0" "672ecc69dc07d679e2351731faa31e0aacac207967243189b6c8f2d438a7faa5" "/opt/rustwide/cargo-home/bin/cargo" "+3154cc1a3e6424e44f438a95007d043ed5ceaaf6" "metadata" "--no-deps" "--format-version=1", kill_on_drop: false }`
[INFO] running `Command { std: "docker" "inspect" "672ecc69dc07d679e2351731faa31e0aacac207967243189b6c8f2d438a7faa5", kill_on_drop: false }`
[INFO] running `Command { std: "docker" "exec" "-e" "SOURCE_DIR=/opt/rustwide/workdir" "-e" "CARGO_HOME=/opt/rustwide/cargo-home" "-e" "RUSTUP_HOME=/opt/rustwide/rustup-home" "-e" "CARGO_TARGET_DIR=/opt/rustwide/target" "-e" "CARGO_INCREMENTAL=0" "-e" "RUST_BACKTRACE=full" "-e" "RUSTFLAGS=--cap-lints=forbid -Znext-solver=coherence" "-e" "RUSTDOCFLAGS=--cap-lints=forbid" "-w" "/opt/rustwide/workdir" "--user" "0:0" "672ecc69dc07d679e2351731faa31e0aacac207967243189b6c8f2d438a7faa5" "/opt/rustwide/cargo-home/bin/cargo" "+3154cc1a3e6424e44f438a95007d043ed5ceaaf6" "check" "--frozen" "--all" "--all-targets" "--message-format=json", kill_on_drop: false }`
[INFO] [stderr]    Compiling syn v3.0.3
[INFO] [stderr]    Compiling windows_x86_64_gnu v0.52.6
[INFO] [stderr]    Compiling syn v2.0.119
[INFO] [stderr]     Checking serde_json v1.0.151
[INFO] [stderr]     Checking windows-targets v0.52.6
[INFO] [stderr]     Checking windows-result v0.2.0
[INFO] [stderr]     Checking windows-strings v0.1.0
[INFO] [stderr]    Compiling serde_derive v1.0.229
[INFO] [stderr]    Compiling windows-implement v0.58.0
[INFO] [stderr]    Compiling windows-interface v0.58.0
[INFO] [stderr]     Checking windows-core v0.58.0
[INFO] [stderr]     Checking windows v0.58.0
[INFO] [stderr]     Checking serde v1.0.229
[INFO] [stderr]     Checking toml_datetime v0.6.11
[INFO] [stderr]     Checking serde_spanned v0.6.9
[INFO] [stderr]     Checking serde_yaml v0.9.34+deprecated
[INFO] [stderr]     Checking toml_edit v0.22.27
[INFO] [stderr]     Checking toml v0.8.23
[INFO] [stderr]     Checking baton v0.1.0 (/opt/rustwide/workdir)
[INFO] [stdout] error[E0433]: cannot find `Win32` in `windows`
[INFO] [stdout]   --> src/registry.rs:11:14
[INFO] [stdout]    |
[INFO] [stdout] 11 | use windows::Win32::Foundation::{ERROR_FILE_NOT_FOUND, ERROR_SUCCESS, HWND, LPARAM, WPARAM};
[INFO] [stdout]    |              ^^^^^ could not find `Win32` in `windows`
[INFO] [stdout] 
[INFO] [stdout] 
[INFO] [stdout] error[E0433]: cannot find `Win32` in `windows`
[INFO] [stdout]   --> src/registry.rs:12:14
[INFO] [stdout]    |
[INFO] [stdout] 12 | use windows::Win32::System::Registry::{
[INFO] [stdout]    |              ^^^^^ could not find `Win32` in `windows`
[INFO] [stdout] 
[INFO] [stdout] 
[INFO] [stdout] error[E0433]: cannot find `Win32` in `windows`
[INFO] [stdout]   --> src/registry.rs:17:14
[INFO] [stdout]    |
[INFO] [stdout] 17 | use windows::Win32::UI::WindowsAndMessaging::{
[INFO] [stdout]    |              ^^^^^ could not find `Win32` in `windows`
[INFO] [stdout] 
[INFO] [stdout] 
[INFO] [stdout] error[E0433]: cannot find `windows` in `os`
[INFO] [stdout]    --> src/zebar.rs:153:18
[INFO] [stdout]     |
[INFO] [stdout] 153 |     use std::os::windows::process::CommandExt;
[INFO] [stdout]     |                  ^^^^^^^ could not find `windows` in `os`
[INFO] [stdout]     |
[INFO] [stdout] note: found an item that was configured out
[INFO] [stdout]    --> /rustc/3154cc1a3e6424e44f438a95007d043ed5ceaaf6/library/std/src/os/mod.rs:62:4
[INFO] [stdout]     |
[INFO] [stdout]     = note: the item is gated behind the `windows` feature
[INFO] [stdout] 
[INFO] [stdout] 
[INFO] [stdout] error[E0432]: unresolved import `windows::core`
[INFO] [stdout]   --> src/registry.rs:10:14
[INFO] [stdout]    |
[INFO] [stdout] 10 | use windows::core::PCWSTR;
[INFO] [stdout]    |              ^^^^ could not find `core` in `windows`
[INFO] [stdout] 
[INFO] [stdout] 
[INFO] [stdout] error[E0433]: cannot find `Win32` in `windows`
[INFO] [stdout]   --> src/registry.rs:11:14
[INFO] [stdout]    |
[INFO] [stdout] 11 | use windows::Win32::Foundation::{ERROR_FILE_NOT_FOUND, ERROR_SUCCESS, HWND, LPARAM, WPARAM};
[INFO] [stdout]    |              ^^^^^ could not find `Win32` in `windows`
[INFO] [stdout] 
[INFO] [stdout] 
[INFO] [stdout] error[E0433]: cannot find `Win32` in `windows`
[INFO] [stdout]   --> src/registry.rs:12:14
[INFO] [stdout]    |
[INFO] [stdout] 12 | use windows::Win32::System::Registry::{
[INFO] [stdout]    |              ^^^^^ could not find `Win32` in `windows`
[INFO] [stdout] 
[INFO] [stdout] 
[INFO] [stdout] error[E0433]: cannot find `Win32` in `windows`
[INFO] [stdout]   --> src/registry.rs:17:14
[INFO] [stdout]    |
[INFO] [stdout] 17 | use windows::Win32::UI::WindowsAndMessaging::{
[INFO] [stdout]    |              ^^^^^ could not find `Win32` in `windows`
[INFO] [stdout] 
[INFO] [stdout] 
[INFO] [stdout] error[E0433]: cannot find `windows` in `os`
[INFO] [stdout]    --> src/zebar.rs:153:18
[INFO] [stdout]     |
[INFO] [stdout] 153 |     use std::os::windows::process::CommandExt;
[INFO] [stdout]     |                  ^^^^^^^ could not find `windows` in `os`
[INFO] [stdout]     |
[INFO] [stdout] note: found an item that was configured out
[INFO] [stdout]    --> /rustc/3154cc1a3e6424e44f438a95007d043ed5ceaaf6/library/std/src/os/mod.rs:62:4
[INFO] [stdout]     |
[INFO] [stdout]     = note: the item is gated behind the `windows` feature
[INFO] [stdout] 
[INFO] [stdout] 
[INFO] [stdout] error[E0432]: unresolved import `windows::core`
[INFO] [stdout]   --> src/registry.rs:10:14
[INFO] [stdout]    |
[INFO] [stdout] 10 | use windows::core::PCWSTR;
[INFO] [stdout]    |              ^^^^ could not find `core` in `windows`
[INFO] [stdout] 
[INFO] [stdout] 
[INFO] [stdout] error[E0599]: no method named `creation_flags` found for mutable reference `&mut Command` in the current scope
[INFO] [stdout]    --> src/zebar.rs:159:10
[INFO] [stdout]     |
[INFO] [stdout] 157 |     match std::process::Command::new(exe_path())
[INFO] [stdout] 158 |         .arg("startup")
[INFO] [stdout] 159 |         .creation_flags(DETACHED_PROCESS | CREATE_NEW_PROCESS_GROUP)
[INFO] [stdout]     |          ^^^^^^^^^^^^^^ method not found in `&mut Command`
[INFO] [stdout] 
[INFO] [stdout] 
[INFO] [stdout] Some errors have detailed explanations: E0432, E0433, E0599.
[INFO] [stdout] 
[INFO] [stdout] For more information about an error, try `rustc --explain E0432`.
[INFO] [stdout] 
[INFO] [stderr] error: could not compile `baton` (bin "baton") due to 6 previous errors
[INFO] [stderr] warning: build failed, waiting for other jobs to finish...
[INFO] [stdout] error[E0599]: no method named `creation_flags` found for mutable reference `&mut Command` in the current scope
[INFO] [stdout]    --> src/zebar.rs:159:10
[INFO] [stdout]     |
[INFO] [stdout] 157 |     match std::process::Command::new(exe_path())
[INFO] [stdout] 158 |         .arg("startup")
[INFO] [stdout] 159 |         .creation_flags(DETACHED_PROCESS | CREATE_NEW_PROCESS_GROUP)
[INFO] [stdout]     |          ^^^^^^^^^^^^^^ method not found in `&mut Command`
[INFO] [stdout] 
[INFO] [stdout] 
[INFO] [stdout] Some errors have detailed explanations: E0432, E0433, E0599.
[INFO] [stdout] 
[INFO] [stdout] For more information about an error, try `rustc --explain E0432`.
[INFO] [stdout] 
[INFO] [stderr] error: could not compile `baton` (bin "baton" test) due to 6 previous errors
[INFO] running `Command { std: "docker" "inspect" "672ecc69dc07d679e2351731faa31e0aacac207967243189b6c8f2d438a7faa5", kill_on_drop: false }`
[INFO] running `Command { std: "docker" "rm" "-f" "672ecc69dc07d679e2351731faa31e0aacac207967243189b6c8f2d438a7faa5", kill_on_drop: false }`
[INFO] [stdout] 672ecc69dc07d679e2351731faa31e0aacac207967243189b6c8f2d438a7faa5
