[INFO] cloning repository https://github.com/milkinfrastructure/milk-carton
[INFO] running `Command { std: "git" "-c" "credential.helper=" "-c" "credential.helper=/workspace/cargo-home/bin/git-credential-null" "clone" "--bare" "https://github.com/milkinfrastructure/milk-carton" "/workspace/cache/git-repos/https%3A%2F%2Fgithub.com%2Fmilkinfrastructure%2Fmilk-carton", kill_on_drop: false }`
[INFO] [stderr] Cloning into bare repository '/workspace/cache/git-repos/https%3A%2F%2Fgithub.com%2Fmilkinfrastructure%2Fmilk-carton'...
[INFO] running `Command { std: "git" "rev-parse" "HEAD", kill_on_drop: false }`
[INFO] [stdout] 18a84629431c45a995e2103934bb8d8b722f351d
[INFO] checking milkinfrastructure/milk-carton against 3154cc1a3e6424e44f438a95007d043ed5ceaaf6+rustflags=-Znext-solver=coherence for pr-133502-30
[INFO] running `Command { std: "git" "clone" "/workspace/cache/git-repos/https%3A%2F%2Fgithub.com%2Fmilkinfrastructure%2Fmilk-carton" "/workspace/builds/worker-5-tc1/source", kill_on_drop: false }`
[INFO] [stderr] Cloning into '/workspace/builds/worker-5-tc1/source'...
[INFO] [stderr] done.
[INFO] started tweaking git repo https://github.com/milkinfrastructure/milk-carton
[INFO] finished tweaking git repo https://github.com/milkinfrastructure/milk-carton
[INFO] tweaked toml for git repo https://github.com/milkinfrastructure/milk-carton written to /workspace/builds/worker-5-tc1/source/Cargo.toml
[INFO] validating manifest of git repo https://github.com/milkinfrastructure/milk-carton on toolchain 3154cc1a3e6424e44f438a95007d043ed5ceaaf6
[INFO] running `Command { std: CARGO_HOME="/workspace/cargo-home" RUSTUP_HOME="/workspace/rustup-home" "/workspace/cargo-home/bin/cargo" "+3154cc1a3e6424e44f438a95007d043ed5ceaaf6" "metadata" "--manifest-path" "Cargo.toml" "--no-deps", kill_on_drop: false }`
[INFO] crate git repo https://github.com/milkinfrastructure/milk-carton already has a lockfile, it will not be regenerated
[INFO] running `Command { std: CARGO_HOME="/workspace/cargo-home" RUSTUP_HOME="/workspace/rustup-home" "/workspace/cargo-home/bin/cargo" "+3154cc1a3e6424e44f438a95007d043ed5ceaaf6" "fetch" "--manifest-path" "Cargo.toml", kill_on_drop: false }`
[INFO] [stderr]  Downloading crates ...
[INFO] [stderr]   Downloaded wasm-bindgen-shared v0.2.115
[INFO] [stderr]   Downloaded wasm-bindgen-macro-support v0.2.115
[INFO] [stderr]   Downloaded wasm-bindgen-macro v0.2.115
[INFO] [stderr]   Downloaded wasm-bindgen-futures v0.4.65
[INFO] [stderr]   Downloaded cc v1.2.58
[INFO] [stderr]   Downloaded wasm-bindgen v0.2.115
[INFO] [stderr]   Downloaded js-sys v0.3.92
[INFO] [stderr]   Downloaded humantime v2.3.0
[INFO] [stderr]   Downloaded object_store v0.12.5
[INFO] [stderr]   Downloaded web-sys v0.3.92
[INFO] [stderr]   Downloaded actix-web v4.13.0
[INFO] [stderr]   Downloaded impl-more v0.1.9
[INFO] [stderr]   Downloaded actix-server v2.6.0
[INFO] [stderr]   Downloaded hybrid-array v0.4.10
[INFO] [stderr]   Downloaded block-buffer v0.12.0
[INFO] [stderr]   Downloaded crypto-common v0.2.1
[INFO] [stderr]   Downloaded actix-http v3.12.1
[INFO] running `Command { std: "docker" "create" "-v" "/var/lib/crater-agent-workspace/builds/worker-5-tc1/source:/opt/rustwide/workdir:ro,Z" "-v" "/var/lib/crater-agent-workspace/builds/worker-5-tc1/target:/opt/rustwide/target:rw,Z" "-v" "/var/lib/crater-agent-workspace/cargo-home:/opt/rustwide/cargo-home:ro,Z" "-v" "/var/lib/crater-agent-workspace/rustup-home:/opt/rustwide/rustup-home:ro,Z" "-m" "1610612736" "--network" "none" "ghcr.io/rust-lang/crates-build-env/linux@sha256:77db811e55d90add9212f6832c23229e3de5f1c1f9905e8cb07319ea15df73ac" "sleep" "infinity", kill_on_drop: false }`
[INFO] [stdout] 5f7aa389c7232ae5aafed5f8688454b8bd53a9388214eb71834d8b415626cd12
[INFO] running `Command { std: "docker" "start" "5f7aa389c7232ae5aafed5f8688454b8bd53a9388214eb71834d8b415626cd12", kill_on_drop: false }`
[INFO] running `Command { std: "docker" "inspect" "5f7aa389c7232ae5aafed5f8688454b8bd53a9388214eb71834d8b415626cd12", kill_on_drop: false }`
[INFO] running `Command { std: "docker" "exec" "-e" "SOURCE_DIR=/opt/rustwide/workdir" "-e" "CARGO_HOME=/opt/rustwide/cargo-home" "-e" "RUSTUP_HOME=/opt/rustwide/rustup-home" "-e" "CARGO_TARGET_DIR=/opt/rustwide/target" "-w" "/opt/rustwide/workdir" "--user" "0:0" "5f7aa389c7232ae5aafed5f8688454b8bd53a9388214eb71834d8b415626cd12" "/opt/rustwide/cargo-home/bin/cargo" "+3154cc1a3e6424e44f438a95007d043ed5ceaaf6" "metadata" "--no-deps" "--format-version=1", kill_on_drop: false }`
[INFO] running `Command { std: "docker" "inspect" "5f7aa389c7232ae5aafed5f8688454b8bd53a9388214eb71834d8b415626cd12", kill_on_drop: false }`
[INFO] running `Command { std: "docker" "exec" "-e" "SOURCE_DIR=/opt/rustwide/workdir" "-e" "CARGO_HOME=/opt/rustwide/cargo-home" "-e" "RUSTUP_HOME=/opt/rustwide/rustup-home" "-e" "CARGO_TARGET_DIR=/opt/rustwide/target" "-e" "CARGO_INCREMENTAL=0" "-e" "RUST_BACKTRACE=full" "-e" "RUSTFLAGS=--cap-lints=forbid -Znext-solver=coherence" "-e" "RUSTDOCFLAGS=--cap-lints=forbid" "-w" "/opt/rustwide/workdir" "--user" "0:0" "5f7aa389c7232ae5aafed5f8688454b8bd53a9388214eb71834d8b415626cd12" "/opt/rustwide/cargo-home/bin/cargo" "+3154cc1a3e6424e44f438a95007d043ed5ceaaf6" "check" "--frozen" "--all" "--all-targets" "--message-format=json", kill_on_drop: false }`
[INFO] [stderr]    Compiling libc v0.2.183
[INFO] [stderr]     Checking futures-sink v0.3.32
[INFO] [stderr]    Compiling typenum v1.19.0
[INFO] [stderr]     Checking litemap v0.8.1
[INFO] [stderr]     Checking writeable v0.6.2
[INFO] [stderr]     Checking hashbrown v0.16.1
[INFO] [stderr]     Checking zeroize v1.8.2
[INFO] [stderr]    Compiling icu_normalizer_data v2.1.1
[INFO] [stderr]    Compiling icu_properties_data v2.1.2
[INFO] [stderr]    Compiling syn v2.0.117
[INFO] [stderr]    Compiling getrandom v0.3.4
[INFO] [stderr]    Compiling rustls v0.23.37
[INFO] [stderr]    Compiling zerocopy v0.8.48
[INFO] [stderr]     Checking local-waker v0.1.4
[INFO] [stderr]    Compiling unicode-segmentation v1.13.2
[INFO] [stderr]     Checking alloc-no-stdlib v2.0.4
[INFO] [stderr]     Checking rustls-pki-types v1.14.0
[INFO] [stderr]     Checking futures-channel v0.3.32
[INFO] [stderr]    Compiling getrandom v0.4.2
[INFO] [stderr]    Compiling zstd-safe v7.2.4
[INFO] [stderr]    Compiling serde v1.0.228
[INFO] [stderr]     Checking alloc-stdlib v0.2.2
[INFO] [stderr]    Compiling num-traits v0.2.19
[INFO] [stderr]     Checking http v0.2.12
[INFO] [stderr]     Checking aho-corasick v1.1.4
[INFO] [stderr]     Checking sync_wrapper v1.0.2
[INFO] [stderr]    Compiling num-conv v0.2.1
[INFO] [stderr]    Compiling bytes v1.11.1
[INFO] [stderr]    Compiling tracing-core v0.1.36
[INFO] [stderr]    Compiling log v0.4.29
[INFO] [stderr]    Compiling unicode-xid v0.2.6
[INFO] [stderr]    Compiling time-core v0.1.8
[INFO] [stderr]     Checking regex-syntax v0.8.10
[INFO] [stderr]     Checking openssl-probe v0.2.1
[INFO] [stderr]    Compiling convert_case v0.10.0
[INFO] [stderr]     Checking ipnet v2.12.0
[INFO] [stderr]     Checking simd-adler32 v0.3.9
[INFO] [stderr]    Compiling time-macros v0.2.27
[INFO] [stderr]     Checking rustls-native-certs v0.8.3
[INFO] [stderr]     Checking miniz_oxide v0.8.9
[INFO] [stderr]     Checking webpki-roots v1.0.6
[INFO] [stderr]     Checking deranged v0.5.8
[INFO] [stderr]    Compiling tracing v0.1.44
[INFO] [stderr]     Checking indexmap v2.13.0
[INFO] [stderr]     Checking serde_json v1.0.149
[INFO] [stderr]    Compiling bytestring v1.5.1
[INFO] [stderr]     Checking brotli-decompressor v5.0.0
[INFO] [stderr]     Checking actix-utils v3.0.1
[INFO] [stderr]     Checking chacha20 v0.10.0
[INFO] [stderr]    Compiling cookie v0.16.2
[INFO] [stderr]     Checking hybrid-array v0.4.10
[INFO] [stderr]     Checking generic-array v0.14.7
[INFO] [stderr]     Checking actix-service v2.0.3
[INFO] [stderr]     Checking iri-string v0.7.12
[INFO] [stderr]    Compiling jobserver v0.1.34
[INFO] [stderr]    Compiling regex-lite v0.1.9
[INFO] [stderr]     Checking errno v0.3.14
[INFO] [stderr]     Checking parking_lot_core v0.9.12
[INFO] [stderr]     Checking mio v1.2.0
[INFO] [stderr]     Checking socket2 v0.6.3
[INFO] [stderr]     Checking signal-hook-registry v1.4.8
[INFO] [stderr]    Compiling cc v1.2.58
[INFO] [stderr]     Checking parking_lot v0.12.5
[INFO] [stderr]     Checking getrandom v0.2.17
[INFO] [stderr]     Checking time v0.3.47
[INFO] [stderr]     Checking crypto-common v0.1.7
[INFO] [stderr]     Checking block-buffer v0.10.4
[INFO] [stderr]     Checking brotli v8.0.2
[INFO] [stderr]     Checking rand_core v0.9.5
[INFO] [stderr]     Checking socket2 v0.5.10
[INFO] [stderr]     Checking flate2 v1.1.9
[INFO] [stderr]     Checking local-channel v0.1.5
[INFO] [stderr]     Checking digest v0.10.7
[INFO] [stderr]     Checking rand v0.10.1
[INFO] [stderr]     Checking same-file v1.0.6
[INFO] [stderr]     Checking foldhash v0.1.5
[INFO] [stderr]     Checking crypto-common v0.2.1
[INFO] [stderr]     Checking block-buffer v0.12.0
[INFO] [stderr]     Checking language-tags v0.3.2
[INFO] [stderr]    Compiling actix-router v0.5.4
[INFO] [stderr]     Checking itertools v0.14.0
[INFO] [stderr]     Checking clap_builder v4.6.0
[INFO] [stderr]     Checking walkdir v2.5.0
[INFO] [stderr]     Checking md-5 v0.10.6
[INFO] [stderr]     Checking impl-more v0.1.9
[INFO] [stderr]     Checking humantime v2.3.0
[INFO] [stderr]     Checking sha2 v0.10.9
[INFO] [stderr]     Checking regex-automata v0.4.14
[INFO] [stderr]     Checking uuid v1.19.0
[INFO] [stderr]     Checking digest v0.11.3
[INFO] [stderr]     Checking sha1 v0.11.0
[INFO] [stderr]    Compiling ring v0.17.14
[INFO] [stderr]    Compiling zstd-sys v2.0.16+zstd.1.5.7
[INFO] [stderr]     Checking regex v1.12.2
[INFO] [stderr]    Compiling synstructure v0.13.2
[INFO] [stderr]     Checking ppv-lite86 v0.2.21
[INFO] [stderr]     Checking rand_chacha v0.9.0
[INFO] [stderr]    Compiling tokio-macros v2.7.0
[INFO] [stderr]    Compiling zerofrom-derive v0.1.6
[INFO] [stderr]    Compiling yoke-derive v0.8.1
[INFO] [stderr]    Compiling zerovec-derive v0.11.2
[INFO] [stderr]    Compiling displaydoc v0.2.5
[INFO] [stderr]    Compiling futures-macro v0.3.32
[INFO] [stderr]    Compiling tracing-attributes v0.1.31
[INFO] [stderr]    Compiling serde_derive v1.0.228
[INFO] [stderr]    Compiling derive_more-impl v2.1.1
[INFO] [stderr]    Compiling thiserror-impl v2.0.18
[INFO] [stderr]    Compiling actix-macros v0.2.4
[INFO] [stderr]    Compiling async-trait v0.1.89
[INFO] [stderr]     Checking rand v0.9.4
[INFO] [stderr]    Compiling actix-web-codegen v4.3.0
[INFO] [stderr]     Checking futures-util v0.3.32
[INFO] [stderr]    Compiling clap_derive v4.6.0
[INFO] [stderr]     Checking tokio v1.52.1
[INFO] [stderr]     Checking rustls-webpki v0.103.15
[INFO] [stderr]     Checking zerofrom v0.1.6
[INFO] [stderr]     Checking yoke v0.8.1
[INFO] [stderr]     Checking zerotrie v0.2.3
[INFO] [stderr]     Checking zerovec v0.11.5
[INFO] [stderr]     Checking thiserror v2.0.18
[INFO] [stderr]     Checking zstd v0.13.3
[INFO] [stderr]     Checking tinystr v0.8.2
[INFO] [stderr]     Checking potential_utf v0.1.4
[INFO] [stderr]     Checking derive_more v2.1.1
[INFO] [stderr]     Checking icu_collections v2.1.1
[INFO] [stderr]     Checking clap v4.6.0
[INFO] [stderr]     Checking icu_locale_core v2.1.1
[INFO] [stderr]     Checking icu_provider v2.1.1
[INFO] [stderr]     Checking icu_properties v2.1.2
[INFO] [stderr]     Checking icu_normalizer v2.1.1
[INFO] [stderr]     Checking futures-executor v0.3.32
[INFO] [stderr]     Checking futures v0.3.31
[INFO] [stderr]     Checking serde_urlencoded v0.7.1
[INFO] [stderr]     Checking chrono v0.4.44
[INFO] [stderr]     Checking quick-xml v0.38.4
[INFO] [stderr]     Checking idna_adapter v1.2.1
[INFO] [stderr]     Checking idna v1.1.0
[INFO] [stderr]     Checking url v2.5.8
[INFO] [stderr]     Checking tokio-util v0.7.18
[INFO] [stderr]     Checking actix-rt v2.11.0
[INFO] [stderr]     Checking tokio-rustls v0.26.4
[INFO] [stderr]     Checking tower v0.5.3
[INFO] [stderr]     Checking actix-server v2.6.0
[INFO] [stderr]     Checking h2 v0.4.13
[INFO] [stderr]     Checking h2 v0.3.27
[INFO] [stderr]     Checking actix-codec v0.5.2
[INFO] [stderr]     Checking tower-http v0.6.8
[INFO] [stderr]     Checking actix-http v3.12.1
[INFO] [stderr]     Checking hyper v1.8.1
[INFO] [stderr]     Checking hyper-util v0.1.20
[INFO] [stderr]     Checking actix-web v4.13.0
[INFO] [stderr]     Checking hyper-rustls v0.27.7
[INFO] [stderr]     Checking reqwest v0.12.28
[INFO] [stderr]     Checking object_store v0.12.5
[INFO] [stderr]     Checking milk-carton v0.1.0 (/opt/rustwide/workdir/crates/milk-carton)
[INFO] [stdout] error[E0425]: cannot find value `TEACHER_MAX_DECISIONS` in this scope
[INFO] [stdout]      --> crates/milk-carton/src/records.rs:18180:65
[INFO] [stdout]       |
[INFO] [stdout] 18180 |         test_snapshot_authorization_with_limit(scope, analyzer, TEACHER_MAX_DECISIONS, not_after)
[INFO] [stdout]       |                                                                 ^^^^^^^^^^^^^^^^^^^^^ not found in this scope
[INFO] [stdout]       |
[INFO] [stdout] note: similarly named constant `TEACHER_MAX_CALLS` defined here
[INFO] [stdout]      --> crates/milk-carton/src/records.rs:119:1
[INFO] [stdout]       |
[INFO] [stdout]   119 | const TEACHER_MAX_CALLS: u8 = 64;
[INFO] [stdout]       | ^^^^^^^^^^^^^^^^^^^^^^^^^^^^^^^^^
[INFO] [stdout] help: a constant with a similar name exists
[INFO] [stdout]       |
[INFO] [stdout] 18180 -         test_snapshot_authorization_with_limit(scope, analyzer, TEACHER_MAX_DECISIONS, not_after)
[INFO] [stdout] 18180 +         test_snapshot_authorization_with_limit(scope, analyzer, TEACHER_MAX_CALLS, not_after)
[INFO] [stdout]       |
[INFO] [stdout] 
[INFO] [stdout] 
[INFO] [stdout] error[E0425]: cannot find value `TEACHER_MAX_DECISIONS` in this scope
[INFO] [stdout]      --> crates/milk-carton/src/records.rs:19493:13
[INFO] [stdout]       |
[INFO] [stdout] 19493 |             TEACHER_MAX_DECISIONS,
[INFO] [stdout]       |             ^^^^^^^^^^^^^^^^^^^^^ not found in this scope
[INFO] [stdout]       |
[INFO] [stdout] note: similarly named constant `TEACHER_MAX_CALLS` defined here
[INFO] [stdout]      --> crates/milk-carton/src/records.rs:119:1
[INFO] [stdout]       |
[INFO] [stdout]   119 | const TEACHER_MAX_CALLS: u8 = 64;
[INFO] [stdout]       | ^^^^^^^^^^^^^^^^^^^^^^^^^^^^^^^^^
[INFO] [stdout] help: a constant with a similar name exists
[INFO] [stdout]       |
[INFO] [stdout] 19493 -             TEACHER_MAX_DECISIONS,
[INFO] [stdout] 19493 +             TEACHER_MAX_CALLS,
[INFO] [stdout]       |
[INFO] [stdout] 
[INFO] [stdout] 
[INFO] [stdout] error[E0425]: cannot find value `TEACHER_MAX_DECISIONS` in this scope
[INFO] [stdout]      --> crates/milk-carton/src/records.rs:19533:13
[INFO] [stdout]       |
[INFO] [stdout] 19533 |             TEACHER_MAX_DECISIONS,
[INFO] [stdout]       |             ^^^^^^^^^^^^^^^^^^^^^ not found in this scope
[INFO] [stdout]       |
[INFO] [stdout] note: similarly named constant `TEACHER_MAX_CALLS` defined here
[INFO] [stdout]      --> crates/milk-carton/src/records.rs:119:1
[INFO] [stdout]       |
[INFO] [stdout]   119 | const TEACHER_MAX_CALLS: u8 = 64;
[INFO] [stdout]       | ^^^^^^^^^^^^^^^^^^^^^^^^^^^^^^^^^
[INFO] [stdout] help: a constant with a similar name exists
[INFO] [stdout]       |
[INFO] [stdout] 19533 -             TEACHER_MAX_DECISIONS,
[INFO] [stdout] 19533 +             TEACHER_MAX_CALLS,
[INFO] [stdout]       |
[INFO] [stdout] 
[INFO] [stdout] 
[INFO] [stdout] error[E0425]: cannot find value `TEACHER_MAX_DECISIONS` in this scope
[INFO] [stdout]      --> crates/milk-carton/src/records.rs:20972:28
[INFO] [stdout]       |
[INFO] [stdout] 20972 |         for invalid in [0, TEACHER_MAX_DECISIONS + 1] {
[INFO] [stdout]       |                            ^^^^^^^^^^^^^^^^^^^^^ not found in this scope
[INFO] [stdout]       |
[INFO] [stdout] note: similarly named constant `TEACHER_MAX_CALLS` defined here
[INFO] [stdout]      --> crates/milk-carton/src/records.rs:119:1
[INFO] [stdout]       |
[INFO] [stdout]   119 | const TEACHER_MAX_CALLS: u8 = 64;
[INFO] [stdout]       | ^^^^^^^^^^^^^^^^^^^^^^^^^^^^^^^^^
[INFO] [stdout] help: a constant with a similar name exists
[INFO] [stdout]       |
[INFO] [stdout] 20972 -         for invalid in [0, TEACHER_MAX_DECISIONS + 1] {
[INFO] [stdout] 20972 +         for invalid in [0, TEACHER_MAX_CALLS + 1] {
[INFO] [stdout]       |
[INFO] [stdout] 
[INFO] [stdout] 
[INFO] [stdout] error[E0425]: cannot find value `TEACHER_MAX_DECISIONS` in this scope
[INFO] [stdout]      --> crates/milk-carton/src/records.rs:21297:17
[INFO] [stdout]       |
[INFO] [stdout] 21297 |                 TEACHER_MAX_DECISIONS,
[INFO] [stdout]       |                 ^^^^^^^^^^^^^^^^^^^^^ not found in this scope
[INFO] [stdout]       |
[INFO] [stdout] note: similarly named constant `TEACHER_MAX_CALLS` defined here
[INFO] [stdout]      --> crates/milk-carton/src/records.rs:119:1
[INFO] [stdout]       |
[INFO] [stdout]   119 | const TEACHER_MAX_CALLS: u8 = 64;
[INFO] [stdout]       | ^^^^^^^^^^^^^^^^^^^^^^^^^^^^^^^^^
[INFO] [stdout] help: a constant with a similar name exists
[INFO] [stdout]       |
[INFO] [stdout] 21297 -                 TEACHER_MAX_DECISIONS,
[INFO] [stdout] 21297 +                 TEACHER_MAX_CALLS,
[INFO] [stdout]       |
[INFO] [stdout] 
[INFO] [stdout] 
[INFO] [stdout] error[E0425]: cannot find value `TEACHER_MAX_DECISIONS` in this scope
[INFO] [stdout]      --> crates/milk-carton/src/records.rs:21648:17
[INFO] [stdout]       |
[INFO] [stdout] 21648 |                 TEACHER_MAX_DECISIONS,
[INFO] [stdout]       |                 ^^^^^^^^^^^^^^^^^^^^^ not found in this scope
[INFO] [stdout]       |
[INFO] [stdout] note: similarly named constant `TEACHER_MAX_CALLS` defined here
[INFO] [stdout]      --> crates/milk-carton/src/records.rs:119:1
[INFO] [stdout]       |
[INFO] [stdout]   119 | const TEACHER_MAX_CALLS: u8 = 64;
[INFO] [stdout]       | ^^^^^^^^^^^^^^^^^^^^^^^^^^^^^^^^^
[INFO] [stdout] help: a constant with a similar name exists
[INFO] [stdout]       |
[INFO] [stdout] 21648 -                 TEACHER_MAX_DECISIONS,
[INFO] [stdout] 21648 +                 TEACHER_MAX_CALLS,
[INFO] [stdout]       |
[INFO] [stdout] 
[INFO] [stdout] 
[INFO] [stdout] error[E0425]: cannot find value `TEACHER_MAX_DECISIONS` in this scope
[INFO] [stdout]      --> crates/milk-carton/src/records.rs:21736:17
[INFO] [stdout]       |
[INFO] [stdout] 21736 |                 TEACHER_MAX_DECISIONS,
[INFO] [stdout]       |                 ^^^^^^^^^^^^^^^^^^^^^ not found in this scope
[INFO] [stdout]       |
[INFO] [stdout] note: similarly named constant `TEACHER_MAX_CALLS` defined here
[INFO] [stdout]      --> crates/milk-carton/src/records.rs:119:1
[INFO] [stdout]       |
[INFO] [stdout]   119 | const TEACHER_MAX_CALLS: u8 = 64;
[INFO] [stdout]       | ^^^^^^^^^^^^^^^^^^^^^^^^^^^^^^^^^
[INFO] [stdout] help: a constant with a similar name exists
[INFO] [stdout]       |
[INFO] [stdout] 21736 -                 TEACHER_MAX_DECISIONS,
[INFO] [stdout] 21736 +                 TEACHER_MAX_CALLS,
[INFO] [stdout]       |
[INFO] [stdout] 
[INFO] [stdout] 
[INFO] [stdout] error[E0425]: cannot find value `TEACHER_MAX_DECISIONS` in this scope
[INFO] [stdout]      --> crates/milk-carton/src/records.rs:22188:13
[INFO] [stdout]       |
[INFO] [stdout] 22188 |             TEACHER_MAX_DECISIONS,
[INFO] [stdout]       |             ^^^^^^^^^^^^^^^^^^^^^ not found in this scope
[INFO] [stdout]       |
[INFO] [stdout] note: similarly named constant `TEACHER_MAX_CALLS` defined here
[INFO] [stdout]      --> crates/milk-carton/src/records.rs:119:1
[INFO] [stdout]       |
[INFO] [stdout]   119 | const TEACHER_MAX_CALLS: u8 = 64;
[INFO] [stdout]       | ^^^^^^^^^^^^^^^^^^^^^^^^^^^^^^^^^
[INFO] [stdout] help: a constant with a similar name exists
[INFO] [stdout]       |
[INFO] [stdout] 22188 -             TEACHER_MAX_DECISIONS,
[INFO] [stdout] 22188 +             TEACHER_MAX_CALLS,
[INFO] [stdout]       |
[INFO] [stdout] 
[INFO] [stdout] 
[INFO] [stdout] error[E0425]: cannot find value `TEACHER_MAX_DECISIONS` in this scope
[INFO] [stdout]      --> crates/milk-carton/src/records.rs:22334:17
[INFO] [stdout]       |
[INFO] [stdout] 22334 |                 TEACHER_MAX_DECISIONS,
[INFO] [stdout]       |                 ^^^^^^^^^^^^^^^^^^^^^ not found in this scope
[INFO] [stdout]       |
[INFO] [stdout] note: similarly named constant `TEACHER_MAX_CALLS` defined here
[INFO] [stdout]      --> crates/milk-carton/src/records.rs:119:1
[INFO] [stdout]       |
[INFO] [stdout]   119 | const TEACHER_MAX_CALLS: u8 = 64;
[INFO] [stdout]       | ^^^^^^^^^^^^^^^^^^^^^^^^^^^^^^^^^
[INFO] [stdout] help: a constant with a similar name exists
[INFO] [stdout]       |
[INFO] [stdout] 22334 -                 TEACHER_MAX_DECISIONS,
[INFO] [stdout] 22334 +                 TEACHER_MAX_CALLS,
[INFO] [stdout]       |
[INFO] [stdout] 
[INFO] [stdout] 
[INFO] [stdout] error[E0425]: cannot find value `TEACHER_MAX_DECISIONS` in this scope
[INFO] [stdout]      --> crates/milk-carton/src/records.rs:22348:17
[INFO] [stdout]       |
[INFO] [stdout] 22348 |                 TEACHER_MAX_DECISIONS,
[INFO] [stdout]       |                 ^^^^^^^^^^^^^^^^^^^^^ not found in this scope
[INFO] [stdout]       |
[INFO] [stdout] note: similarly named constant `TEACHER_MAX_CALLS` defined here
[INFO] [stdout]      --> crates/milk-carton/src/records.rs:119:1
[INFO] [stdout]       |
[INFO] [stdout]   119 | const TEACHER_MAX_CALLS: u8 = 64;
[INFO] [stdout]       | ^^^^^^^^^^^^^^^^^^^^^^^^^^^^^^^^^
[INFO] [stdout] help: a constant with a similar name exists
[INFO] [stdout]       |
[INFO] [stdout] 22348 -                 TEACHER_MAX_DECISIONS,
[INFO] [stdout] 22348 +                 TEACHER_MAX_CALLS,
[INFO] [stdout]       |
[INFO] [stdout] 
[INFO] [stdout] 
[INFO] [stdout] error[E0425]: cannot find value `TEACHER_MAX_DECISIONS` in this scope
[INFO] [stdout]      --> crates/milk-carton/src/records.rs:22438:17
[INFO] [stdout]       |
[INFO] [stdout] 22438 |                 TEACHER_MAX_DECISIONS,
[INFO] [stdout]       |                 ^^^^^^^^^^^^^^^^^^^^^ not found in this scope
[INFO] [stdout]       |
[INFO] [stdout] note: similarly named constant `TEACHER_MAX_CALLS` defined here
[INFO] [stdout]      --> crates/milk-carton/src/records.rs:119:1
[INFO] [stdout]       |
[INFO] [stdout]   119 | const TEACHER_MAX_CALLS: u8 = 64;
[INFO] [stdout]       | ^^^^^^^^^^^^^^^^^^^^^^^^^^^^^^^^^
[INFO] [stdout] help: a constant with a similar name exists
[INFO] [stdout]       |
[INFO] [stdout] 22438 -                 TEACHER_MAX_DECISIONS,
[INFO] [stdout] 22438 +                 TEACHER_MAX_CALLS,
[INFO] [stdout]       |
[INFO] [stdout] 
[INFO] [stdout] 
[INFO] [stdout] error[E0425]: cannot find value `TEACHER_MAX_DECISIONS` in this scope
[INFO] [stdout]      --> crates/milk-carton/src/records.rs:22472:13
[INFO] [stdout]       |
[INFO] [stdout] 22472 |             TEACHER_MAX_DECISIONS,
[INFO] [stdout]       |             ^^^^^^^^^^^^^^^^^^^^^ not found in this scope
[INFO] [stdout]       |
[INFO] [stdout] note: similarly named constant `TEACHER_MAX_CALLS` defined here
[INFO] [stdout]      --> crates/milk-carton/src/records.rs:119:1
[INFO] [stdout]       |
[INFO] [stdout]   119 | const TEACHER_MAX_CALLS: u8 = 64;
[INFO] [stdout]       | ^^^^^^^^^^^^^^^^^^^^^^^^^^^^^^^^^
[INFO] [stdout] help: a constant with a similar name exists
[INFO] [stdout]       |
[INFO] [stdout] 22472 -             TEACHER_MAX_DECISIONS,
[INFO] [stdout] 22472 +             TEACHER_MAX_CALLS,
[INFO] [stdout]       |
[INFO] [stdout] 
[INFO] [stdout] 
[INFO] [stdout] error[E0425]: cannot find value `TEACHER_MAX_DECISIONS` in this scope
[INFO] [stdout]      --> crates/milk-carton/src/records.rs:22513:48
[INFO] [stdout]       |
[INFO] [stdout] 22513 |             .status(&scope, &current_provider, TEACHER_MAX_DECISIONS, now)
[INFO] [stdout]       |                                                ^^^^^^^^^^^^^^^^^^^^^ not found in this scope
[INFO] [stdout]       |
[INFO] [stdout] note: similarly named constant `TEACHER_MAX_CALLS` defined here
[INFO] [stdout]      --> crates/milk-carton/src/records.rs:119:1
[INFO] [stdout]       |
[INFO] [stdout]   119 | const TEACHER_MAX_CALLS: u8 = 64;
[INFO] [stdout]       | ^^^^^^^^^^^^^^^^^^^^^^^^^^^^^^^^^
[INFO] [stdout] help: a constant with a similar name exists
[INFO] [stdout]       |
[INFO] [stdout] 22513 -             .status(&scope, &current_provider, TEACHER_MAX_DECISIONS, now)
[INFO] [stdout] 22513 +             .status(&scope, &current_provider, TEACHER_MAX_CALLS, now)
[INFO] [stdout]       |
[INFO] [stdout] 
[INFO] [stdout] 
[INFO] [stdout] error[E0425]: cannot find value `TEACHER_MAX_DECISIONS` in this scope
[INFO] [stdout]      --> crates/milk-carton/src/records.rs:23071:39
[INFO] [stdout]       |
[INFO] [stdout] 23071 |             .status(&scope, &[7; 32], TEACHER_MAX_DECISIONS, now)
[INFO] [stdout]       |                                       ^^^^^^^^^^^^^^^^^^^^^ not found in this scope
[INFO] [stdout]       |
[INFO] [stdout] note: similarly named constant `TEACHER_MAX_CALLS` defined here
[INFO] [stdout]      --> crates/milk-carton/src/records.rs:119:1
[INFO] [stdout]       |
[INFO] [stdout]   119 | const TEACHER_MAX_CALLS: u8 = 64;
[INFO] [stdout]       | ^^^^^^^^^^^^^^^^^^^^^^^^^^^^^^^^^
[INFO] [stdout] help: a constant with a similar name exists
[INFO] [stdout]       |
[INFO] [stdout] 23071 -             .status(&scope, &[7; 32], TEACHER_MAX_DECISIONS, now)
[INFO] [stdout] 23071 +             .status(&scope, &[7; 32], TEACHER_MAX_CALLS, now)
[INFO] [stdout]       |
[INFO] [stdout] 
[INFO] [stdout] 
[INFO] [stdout] error[E0425]: cannot find value `TEACHER_MAX_DECISIONS` in this scope
[INFO] [stdout]      --> crates/milk-carton/src/records.rs:23371:17
[INFO] [stdout]       |
[INFO] [stdout] 23371 |                 TEACHER_MAX_DECISIONS,
[INFO] [stdout]       |                 ^^^^^^^^^^^^^^^^^^^^^ not found in this scope
[INFO] [stdout]       |
[INFO] [stdout] note: similarly named constant `TEACHER_MAX_CALLS` defined here
[INFO] [stdout]      --> crates/milk-carton/src/records.rs:119:1
[INFO] [stdout]       |
[INFO] [stdout]   119 | const TEACHER_MAX_CALLS: u8 = 64;
[INFO] [stdout]       | ^^^^^^^^^^^^^^^^^^^^^^^^^^^^^^^^^
[INFO] [stdout] help: a constant with a similar name exists
[INFO] [stdout]       |
[INFO] [stdout] 23371 -                 TEACHER_MAX_DECISIONS,
[INFO] [stdout] 23371 +                 TEACHER_MAX_CALLS,
[INFO] [stdout]       |
[INFO] [stdout] 
[INFO] [stdout] 
[INFO] [stdout] error[E0063]: missing field `quota_plan_sha256` in initializer of `records::TeacherGpuRunDefinition`
[INFO] [stdout]      --> crates/milk-carton/src/records.rs:18013:26
[INFO] [stdout]       |
[INFO] [stdout] 18013 |         let definition = TeacherGpuRunDefinition {
[INFO] [stdout]       |                          ^^^^^^^^^^^^^^^^^^^^^^^ missing `quota_plan_sha256`
[INFO] [stdout] 
[INFO] [stdout] 
[INFO] [stdout] error[E0061]: this function takes 6 arguments but 7 arguments were supplied
[INFO] [stdout]      --> crates/milk-carton/src/records.rs:18189:9
[INFO] [stdout]       |
[INFO] [stdout] 18189 |         SnapshotAnalysisAuthorization::root_owned(
[INFO] [stdout]       |         ^^^^^^^^^^^^^^^^^^^^^^^^^^^^^^^^^^^^^^^^^
[INFO] [stdout] ...
[INFO] [stdout] 18195 |             max_decisions,
[INFO] [stdout]       |             ------------- unexpected argument #6 of type `u32`
[INFO] [stdout]       |
[INFO] [stdout] note: associated function defined here
[INFO] [stdout]      --> crates/milk-carton/src/records.rs:1369:19
[INFO] [stdout]       |
[INFO] [stdout]  1369 |     pub(crate) fn root_owned(
[INFO] [stdout]       |                   ^^^^^^^^^^
[INFO] [stdout] help: remove the extra argument
[INFO] [stdout]       |
[INFO] [stdout] 18194 -             analyzer.provider_binding_sha256().unwrap(),
[INFO] [stdout] 18195 -             max_decisions,
[INFO] [stdout] 18194 +             analyzer.provider_binding_sha256().unwrap(),
[INFO] [stdout]       |
[INFO] [stdout] 
[INFO] [stdout] 
[INFO] [stdout] error[E0061]: this function takes 6 arguments but 7 arguments were supplied
[INFO] [stdout]      --> crates/milk-carton/src/records.rs:19487:53
[INFO] [stdout]       |
[INFO] [stdout] 19487 |         let (authorization, authorization_sha256) = SnapshotAnalysisAuthorization::root_owned(
[INFO] [stdout]       |                                                     ^^^^^^^^^^^^^^^^^^^^^^^^^^^^^^^^^^^^^^^^^
[INFO] [stdout] ...
[INFO] [stdout] 19493 |             TEACHER_MAX_DECISIONS,
[INFO] [stdout]       |             --------------------- unexpected argument #6
[INFO] [stdout]       |
[INFO] [stdout] note: associated function defined here
[INFO] [stdout]      --> crates/milk-carton/src/records.rs:1369:19
[INFO] [stdout]       |
[INFO] [stdout]  1369 |     pub(crate) fn root_owned(
[INFO] [stdout]       |                   ^^^^^^^^^^
[INFO] [stdout] help: remove the extra argument
[INFO] [stdout]       |
[INFO] [stdout] 19492 -             [8; 32],
[INFO] [stdout] 19493 -             TEACHER_MAX_DECISIONS,
[INFO] [stdout] 19492 +             [8; 32],
[INFO] [stdout]       |
[INFO] [stdout] 
[INFO] [stdout] 
[INFO] [stdout] error[E0061]: this function takes 6 arguments but 7 arguments were supplied
[INFO] [stdout]      --> crates/milk-carton/src/records.rs:19527:53
[INFO] [stdout]       |
[INFO] [stdout] 19527 |         let (authorization, authorization_sha256) = SnapshotAnalysisAuthorization::root_owned(
[INFO] [stdout]       |                                                     ^^^^^^^^^^^^^^^^^^^^^^^^^^^^^^^^^^^^^^^^^
[INFO] [stdout] ...
[INFO] [stdout] 19533 |             TEACHER_MAX_DECISIONS,
[INFO] [stdout]       |             --------------------- unexpected argument #6
[INFO] [stdout]       |
[INFO] [stdout] note: associated function defined here
[INFO] [stdout]      --> crates/milk-carton/src/records.rs:1369:19
[INFO] [stdout]       |
[INFO] [stdout]  1369 |     pub(crate) fn root_owned(
[INFO] [stdout]       |                   ^^^^^^^^^^
[INFO] [stdout] help: remove the extra argument
[INFO] [stdout]       |
[INFO] [stdout] 19532 -             [8; 32],
[INFO] [stdout] 19533 -             TEACHER_MAX_DECISIONS,
[INFO] [stdout] 19532 +             [8; 32],
[INFO] [stdout]       |
[INFO] [stdout] 
[INFO] [stdout] 
[INFO] [stdout] error[E0609]: no field `max_decisions` on type `records::SnapshotAnalysisAuthorization`
[INFO] [stdout]      --> crates/milk-carton/src/records.rs:20970:25
[INFO] [stdout]       |
[INFO] [stdout] 20970 |         assert_eq!((one.max_decisions, two.max_decisions), (1, 2));
[INFO] [stdout]       |                         ^^^^^^^^^^^^^ unknown field
[INFO] [stdout]       |
[INFO] [stdout]       = note: available fields are: `schema_version`, `policy_id`, `scope`, `capture_policy_version`, `capture_rights_state` ... and 6 others
[INFO] [stdout] 
[INFO] [stdout] 
[INFO] [stdout] error[E0609]: no field `max_decisions` on type `records::SnapshotAnalysisAuthorization`
[INFO] [stdout]      --> crates/milk-carton/src/records.rs:20970:44
[INFO] [stdout]       |
[INFO] [stdout] 20970 |         assert_eq!((one.max_decisions, two.max_decisions), (1, 2));
[INFO] [stdout]       |                                            ^^^^^^^^^^^^^ unknown field
[INFO] [stdout]       |
[INFO] [stdout]       = note: available fields are: `schema_version`, `policy_id`, `scope`, `capture_policy_version`, `capture_rights_state` ... and 6 others
[INFO] [stdout] 
[INFO] [stdout] 
[INFO] [stdout] error[E0061]: this function takes 6 arguments but 7 arguments were supplied
[INFO] [stdout]      --> crates/milk-carton/src/records.rs:20974:17
[INFO] [stdout]       |
[INFO] [stdout] 20974 |                 SnapshotAnalysisAuthorization::root_owned(
[INFO] [stdout]       |                 ^^^^^^^^^^^^^^^^^^^^^^^^^^^^^^^^^^^^^^^^^
[INFO] [stdout] ...
[INFO] [stdout] 20981 |                     not_after,
[INFO] [stdout]       |                     --------- unexpected argument #7 of type `chrono::DateTime<chrono::Utc>`
[INFO] [stdout]       |
[INFO] [stdout] note: associated function defined here
[INFO] [stdout]      --> crates/milk-carton/src/records.rs:1369:19
[INFO] [stdout]       |
[INFO] [stdout]  1369 |     pub(crate) fn root_owned(
[INFO] [stdout]       |                   ^^^^^^^^^^
[INFO] [stdout] help: remove the extra argument
[INFO] [stdout]       |
[INFO] [stdout] 20980 -                     invalid,
[INFO] [stdout] 20981 -                     not_after,
[INFO] [stdout] 20980 +                     invalid,
[INFO] [stdout]       |
[INFO] [stdout] 
[INFO] [stdout] 
[INFO] [stdout] error[E0063]: missing field `quota_slot` in initializer of `records::TeacherJobClaim`
[INFO] [stdout]      --> crates/milk-carton/src/records.rs:21098:20
[INFO] [stdout]       |
[INFO] [stdout] 21098 |             claim: TeacherJobClaim {
[INFO] [stdout]       |                    ^^^^^^^^^^^^^^^ missing `quota_slot`
[INFO] [stdout] 
[INFO] [stdout] 
[INFO] [stdout] error[E0063]: missing field `quota_slot` in initializer of `records::TeacherJobIndex`
[INFO] [stdout]      --> crates/milk-carton/src/records.rs:21092:21
[INFO] [stdout]       |
[INFO] [stdout] 21092 |         let index = TeacherJobIndex {
[INFO] [stdout]       |                     ^^^^^^^^^^^^^^^ missing `quota_slot`
[INFO] [stdout] 
[INFO] [stdout] 
[INFO] [stdout] error[E0061]: this method takes 3 arguments but 4 arguments were supplied
[INFO] [stdout]      --> crates/milk-carton/src/records.rs:21208:14
[INFO] [stdout]       |
[INFO] [stdout] 21208 |             .status(
[INFO] [stdout]       |              ^^^^^^
[INFO] [stdout] ...
[INFO] [stdout] 21211 |                 1,
[INFO] [stdout]       |                 - unexpected argument #3 of type `{integer}`
[INFO] [stdout]       |
[INFO] [stdout] note: method defined here
[INFO] [stdout]      --> crates/milk-carton/src/records.rs:9615:14
[INFO] [stdout]       |
[INFO] [stdout]  9615 |     async fn status(
[INFO] [stdout]       |              ^^^^^^
[INFO] [stdout] help: remove the extra argument
[INFO] [stdout]       |
[INFO] [stdout] 21210 -                 &rotated_binding,
[INFO] [stdout] 21211 -                 1,
[INFO] [stdout] 21210 +                 &rotated_binding,
[INFO] [stdout]       |
[INFO] [stdout] 
[INFO] [stdout] 
[INFO] [stdout] error[E0609]: no field `max_decisions` on type `records::GenerationStatusWrite`
[INFO] [stdout]      --> crates/milk-carton/src/records.rs:21216:38
[INFO] [stdout]       |
[INFO] [stdout] 21216 |         assert_eq!(status.generation.max_decisions, 1);
[INFO] [stdout]       |                                      ^^^^^^^^^^^^^ unknown field
[INFO] [stdout]       |
[INFO] [stdout]       = note: available fields are: `provider_binding_sha256`, `claimed_decisions`, `active_teacher_jobs`, `active_ambiguous_teacher_jobs`, `prepared_teacher_gpu_jobs` ... and 16 others
[INFO] [stdout] 
[INFO] [stdout] 
[INFO] [stdout] error[E0609]: no field `remaining_decisions` on type `records::GenerationStatusWrite`
[INFO] [stdout]      --> crates/milk-carton/src/records.rs:21218:38
[INFO] [stdout]       |
[INFO] [stdout] 21218 |         assert_eq!(status.generation.remaining_decisions, 0);
[INFO] [stdout]       |                                      ^^^^^^^^^^^^^^^^^^^ unknown field
[INFO] [stdout]       |
[INFO] [stdout]       = note: available fields are: `provider_binding_sha256`, `claimed_decisions`, `active_teacher_jobs`, `active_ambiguous_teacher_jobs`, `prepared_teacher_gpu_jobs` ... and 16 others
[INFO] [stdout] 
[INFO] [stdout] 
[INFO] [stdout] error[E0061]: this method takes 3 arguments but 4 arguments were supplied
[INFO] [stdout]      --> crates/milk-carton/src/records.rs:21294:14
[INFO] [stdout]       |
[INFO] [stdout] 21294 |             .status(
[INFO] [stdout]       |              ^^^^^^
[INFO] [stdout] ...
[INFO] [stdout] 21297 |                 TEACHER_MAX_DECISIONS,
[INFO] [stdout]       |                 --------------------- unexpected argument #3
[INFO] [stdout]       |
[INFO] [stdout] note: method defined here
[INFO] [stdout]      --> crates/milk-carton/src/records.rs:9615:14
[INFO] [stdout]       |
[INFO] [stdout]  9615 |     async fn status(
[INFO] [stdout]       |              ^^^^^^
[INFO] [stdout] help: remove the extra argument
[INFO] [stdout]       |
[INFO] [stdout] 21296 -                 &provider_binding,
[INFO] [stdout] 21297 -                 TEACHER_MAX_DECISIONS,
[INFO] [stdout] 21296 +                 &provider_binding,
[INFO] [stdout]       |
[INFO] [stdout] 
[INFO] [stdout] 
[INFO] [stdout] error[E0061]: this method takes 7 arguments but 8 arguments were supplied
[INFO] [stdout]      --> crates/milk-carton/src/records.rs:21405:18
[INFO] [stdout]       |
[INFO] [stdout] 21405 |                 .prepare_next_teacher_gpu_claim(
[INFO] [stdout]       |                  ^^^^^^^^^^^^^^^^^^^^^^^^^^^^^^
[INFO] [stdout] ...
[INFO] [stdout] 21411 |                     0,
[INFO] [stdout]       |                     - unexpected argument #6 of type `{integer}`
[INFO] [stdout]       |
[INFO] [stdout] note: expected `&VerifiedStudentAdmission`, found `Option<_>`
[INFO] [stdout]      --> crates/milk-carton/src/records.rs:21413:21
[INFO] [stdout]       |
[INFO] [stdout] 21413 |                     None,
[INFO] [stdout]       |                     ^^^^
[INFO] [stdout]       = note: expected reference `&VerifiedStudentAdmission`
[INFO] [stdout]                       found enum `std::option::Option<_>`
[INFO] [stdout] note: method defined here
[INFO] [stdout]      --> crates/milk-carton/src/records.rs:7351:14
[INFO] [stdout]       |
[INFO] [stdout]  7351 |     async fn prepare_next_teacher_gpu_claim(
[INFO] [stdout]       |              ^^^^^^^^^^^^^^^^^^^^^^^^^^^^^^
[INFO] [stdout] ...
[INFO] [stdout]  7359 |         admission: &VerifiedStudentAdmission,
[INFO] [stdout]       |         ------------------------------------
[INFO] [stdout] help: remove the extra argument
[INFO] [stdout]       |
[INFO] [stdout] 21410 ~                     60,
[INFO] [stdout] 21411 |                     now,
[INFO] [stdout] 21412 ~                     /* &VerifiedStudentAdmission */,
[INFO] [stdout]       |
[INFO] [stdout] 
[INFO] [stdout] 
[INFO] [stdout] error[E0061]: this method takes 3 arguments but 4 arguments were supplied
[INFO] [stdout]      --> crates/milk-carton/src/records.rs:21645:14
[INFO] [stdout]       |
[INFO] [stdout] 21645 |             .status(
[INFO] [stdout]       |              ^^^^^^
[INFO] [stdout] ...
[INFO] [stdout] 21648 |                 TEACHER_MAX_DECISIONS,
[INFO] [stdout]       |                 --------------------- unexpected argument #3
[INFO] [stdout]       |
[INFO] [stdout] note: method defined here
[INFO] [stdout]      --> crates/milk-carton/src/records.rs:9615:14
[INFO] [stdout]       |
[INFO] [stdout]  9615 |     async fn status(
[INFO] [stdout]       |              ^^^^^^
[INFO] [stdout] help: remove the extra argument
[INFO] [stdout]       |
[INFO] [stdout] 21647 -                 &provider_binding,
[INFO] [stdout] 21648 -                 TEACHER_MAX_DECISIONS,
[INFO] [stdout] 21647 +                 &provider_binding,
[INFO] [stdout]       |
[INFO] [stdout] 
[INFO] [stdout] 
[INFO] [stdout] error[E0061]: this method takes 3 arguments but 4 arguments were supplied
[INFO] [stdout]      --> crates/milk-carton/src/records.rs:21733:14
[INFO] [stdout]       |
[INFO] [stdout] 21733 |             .status(
[INFO] [stdout]       |              ^^^^^^
[INFO] [stdout] ...
[INFO] [stdout] 21736 |                 TEACHER_MAX_DECISIONS,
[INFO] [stdout]       |                 --------------------- unexpected argument #3
[INFO] [stdout]       |
[INFO] [stdout] note: method defined here
[INFO] [stdout]      --> crates/milk-carton/src/records.rs:9615:14
[INFO] [stdout]       |
[INFO] [stdout]  9615 |     async fn status(
[INFO] [stdout]       |              ^^^^^^
[INFO] [stdout] help: remove the extra argument
[INFO] [stdout]       |
[INFO] [stdout] 21735 -                 &provider_binding,
[INFO] [stdout] 21736 -                 TEACHER_MAX_DECISIONS,
[INFO] [stdout] 21735 +                 &provider_binding,
[INFO] [stdout]       |
[INFO] [stdout] 
[INFO] [stdout] 
[INFO] [stdout] error[E0061]: this function takes 6 arguments but 7 arguments were supplied
[INFO] [stdout]      --> crates/milk-carton/src/records.rs:22182:53
[INFO] [stdout]       |
[INFO] [stdout] 22182 |         let (authorization, authorization_sha256) = SnapshotAnalysisAuthorization::root_owned(
[INFO] [stdout]       |                                                     ^^^^^^^^^^^^^^^^^^^^^^^^^^^^^^^^^^^^^^^^^
[INFO] [stdout] ...
[INFO] [stdout] 22188 |             TEACHER_MAX_DECISIONS,
[INFO] [stdout]       |             --------------------- unexpected argument #6
[INFO] [stdout]       |
[INFO] [stdout] note: associated function defined here
[INFO] [stdout]      --> crates/milk-carton/src/records.rs:1369:19
[INFO] [stdout]       |
[INFO] [stdout]  1369 |     pub(crate) fn root_owned(
[INFO] [stdout]       |                   ^^^^^^^^^^
[INFO] [stdout] help: remove the extra argument
[INFO] [stdout]       |
[INFO] [stdout] 22187 -             provider_binding,
[INFO] [stdout] 22188 -             TEACHER_MAX_DECISIONS,
[INFO] [stdout] 22187 +             provider_binding,
[INFO] [stdout]       |
[INFO] [stdout] 
[INFO] [stdout] 
[INFO] [stdout] error[E0063]: missing field `quota_slot` in initializer of `records::TeacherJobDefinition`
[INFO] [stdout]      --> crates/milk-carton/src/records.rs:22246:26
[INFO] [stdout]       |
[INFO] [stdout] 22246 |         let definition = TeacherJobDefinition {
[INFO] [stdout]       |                          ^^^^^^^^^^^^^^^^^^^^ missing `quota_slot`
[INFO] [stdout] 
[INFO] [stdout] 
[INFO] [stdout] error[E0063]: missing field `quota_slot` in initializer of `records::TeacherJobClaim`
[INFO] [stdout]      --> crates/milk-carton/src/records.rs:22263:21
[INFO] [stdout]       |
[INFO] [stdout] 22263 |         let claim = TeacherJobClaim {
[INFO] [stdout]       |                     ^^^^^^^^^^^^^^^ missing `quota_slot`
[INFO] [stdout] 
[INFO] [stdout] 
[INFO] [stdout] error[E0063]: missing field `quota_slot` in initializer of `records::TeacherJobIndex`
[INFO] [stdout]      --> crates/milk-carton/src/records.rs:22271:21
[INFO] [stdout]       |
[INFO] [stdout] 22271 |         let index = TeacherJobIndex {
[INFO] [stdout]       |                     ^^^^^^^^^^^^^^^ missing `quota_slot`
[INFO] [stdout] 
[INFO] [stdout] 
[INFO] [stdout] error[E0061]: this method takes 3 arguments but 4 arguments were supplied
[INFO] [stdout]      --> crates/milk-carton/src/records.rs:22331:14
[INFO] [stdout]       |
[INFO] [stdout] 22331 |             .status(
[INFO] [stdout]       |              ^^^^^^
[INFO] [stdout] ...
[INFO] [stdout] 22334 |                 TEACHER_MAX_DECISIONS,
[INFO] [stdout]       |                 --------------------- unexpected argument #3
[INFO] [stdout]       |
[INFO] [stdout] note: method defined here
[INFO] [stdout]      --> crates/milk-carton/src/records.rs:9615:14
[INFO] [stdout]       |
[INFO] [stdout]  9615 |     async fn status(
[INFO] [stdout]       |              ^^^^^^
[INFO] [stdout] help: remove the extra argument
[INFO] [stdout]       |
[INFO] [stdout] 22333 -                 &provider_binding,
[INFO] [stdout] 22334 -                 TEACHER_MAX_DECISIONS,
[INFO] [stdout] 22333 +                 &provider_binding,
[INFO] [stdout]       |
[INFO] [stdout] 
[INFO] [stdout] 
[INFO] [stdout] error[E0061]: this method takes 3 arguments but 4 arguments were supplied
[INFO] [stdout]      --> crates/milk-carton/src/records.rs:22345:14
[INFO] [stdout]       |
[INFO] [stdout] 22345 |             .status(
[INFO] [stdout]       |              ^^^^^^
[INFO] [stdout] ...
[INFO] [stdout] 22348 |                 TEACHER_MAX_DECISIONS,
[INFO] [stdout]       |                 --------------------- unexpected argument #3
[INFO] [stdout]       |
[INFO] [stdout] note: method defined here
[INFO] [stdout]      --> crates/milk-carton/src/records.rs:9615:14
[INFO] [stdout]       |
[INFO] [stdout]  9615 |     async fn status(
[INFO] [stdout]       |              ^^^^^^
[INFO] [stdout] help: remove the extra argument
[INFO] [stdout]       |
[INFO] [stdout] 22347 -                 &provider_binding,
[INFO] [stdout] 22348 -                 TEACHER_MAX_DECISIONS,
[INFO] [stdout] 22347 +                 &provider_binding,
[INFO] [stdout]       |
[INFO] [stdout] 
[INFO] [stdout] 
[INFO] [stdout] error[E0063]: missing field `quota_slot` in initializer of `records::TeacherJobDefinition`
[INFO] [stdout]      --> crates/milk-carton/src/records.rs:22381:30
[INFO] [stdout]       |
[INFO] [stdout] 22381 |             let definition = TeacherJobDefinition {
[INFO] [stdout]       |                              ^^^^^^^^^^^^^^^^^^^^ missing `quota_slot`
[INFO] [stdout] 
[INFO] [stdout] 
[INFO] [stdout] error[E0063]: missing field `quota_slot` in initializer of `records::TeacherJobClaim`
[INFO] [stdout]      --> crates/milk-carton/src/records.rs:22398:25
[INFO] [stdout]       |
[INFO] [stdout] 22398 |             let claim = TeacherJobClaim {
[INFO] [stdout]       |                         ^^^^^^^^^^^^^^^ missing `quota_slot`
[INFO] [stdout] 
[INFO] [stdout] 
[INFO] [stdout] error[E0061]: this function takes 6 arguments but 7 arguments were supplied
[INFO] [stdout]      --> crates/milk-carton/src/records.rs:22432:13
[INFO] [stdout]       |
[INFO] [stdout] 22432 |             SnapshotAnalysisAuthorization::root_owned(
[INFO] [stdout]       |             ^^^^^^^^^^^^^^^^^^^^^^^^^^^^^^^^^^^^^^^^^
[INFO] [stdout] ...
[INFO] [stdout] 22438 |                 TEACHER_MAX_DECISIONS,
[INFO] [stdout]       |                 --------------------- unexpected argument #6
[INFO] [stdout]       |
[INFO] [stdout] note: associated function defined here
[INFO] [stdout]      --> crates/milk-carton/src/records.rs:1369:19
[INFO] [stdout]       |
[INFO] [stdout]  1369 |     pub(crate) fn root_owned(
[INFO] [stdout]       |                   ^^^^^^^^^^
[INFO] [stdout] help: remove the extra argument
[INFO] [stdout]       |
[INFO] [stdout] 22437 -                 [6; 32],
[INFO] [stdout] 22438 -                 TEACHER_MAX_DECISIONS,
[INFO] [stdout] 22437 +                 [6; 32],
[INFO] [stdout]       |
[INFO] [stdout] 
[INFO] [stdout] 
[INFO] [stdout] error[E0061]: this function takes 6 arguments but 7 arguments were supplied
[INFO] [stdout]      --> crates/milk-carton/src/records.rs:22466:53
[INFO] [stdout]       |
[INFO] [stdout] 22466 |         let (authorization, authorization_sha256) = SnapshotAnalysisAuthorization::root_owned(
[INFO] [stdout]       |                                                     ^^^^^^^^^^^^^^^^^^^^^^^^^^^^^^^^^^^^^^^^^
[INFO] [stdout] ...
[INFO] [stdout] 22472 |             TEACHER_MAX_DECISIONS,
[INFO] [stdout]       |             --------------------- unexpected argument #6
[INFO] [stdout]       |
[INFO] [stdout] note: associated function defined here
[INFO] [stdout]      --> crates/milk-carton/src/records.rs:1369:19
[INFO] [stdout]       |
[INFO] [stdout]  1369 |     pub(crate) fn root_owned(
[INFO] [stdout]       |                   ^^^^^^^^^^
[INFO] [stdout] help: remove the extra argument
[INFO] [stdout]       |
[INFO] [stdout] 22471 -             current_provider,
[INFO] [stdout] 22472 -             TEACHER_MAX_DECISIONS,
[INFO] [stdout] 22471 +             current_provider,
[INFO] [stdout]       |
[INFO] [stdout] 
[INFO] [stdout] 
[INFO] [stdout] error[E0061]: this method takes 3 arguments but 4 arguments were supplied
[INFO] [stdout]      --> crates/milk-carton/src/records.rs:22513:14
[INFO] [stdout]       |
[INFO] [stdout] 22513 |             .status(&scope, &current_provider, TEACHER_MAX_DECISIONS, now)
[INFO] [stdout]       |              ^^^^^^                            --------------------- unexpected argument #3
[INFO] [stdout]       |
[INFO] [stdout] note: method defined here
[INFO] [stdout]      --> crates/milk-carton/src/records.rs:9615:14
[INFO] [stdout]       |
[INFO] [stdout]  9615 |     async fn status(
[INFO] [stdout]       |              ^^^^^^
[INFO] [stdout] help: remove the extra argument
[INFO] [stdout]       |
[INFO] [stdout] 22513 -             .status(&scope, &current_provider, TEACHER_MAX_DECISIONS, now)
[INFO] [stdout] 22513 +             .status(&scope, &current_provider, now)
[INFO] [stdout]       |
[INFO] [stdout] 
[INFO] [stdout] 
[INFO] [stdout] error[E0061]: this method takes 3 arguments but 4 arguments were supplied
[INFO] [stdout]      --> crates/milk-carton/src/records.rs:23071:14
[INFO] [stdout]       |
[INFO] [stdout] 23071 |             .status(&scope, &[7; 32], TEACHER_MAX_DECISIONS, now)
[INFO] [stdout]       |              ^^^^^^                   --------------------- unexpected argument #3
[INFO] [stdout]       |
[INFO] [stdout] note: method defined here
[INFO] [stdout]      --> crates/milk-carton/src/records.rs:4109:25
[INFO] [stdout]       |
[INFO] [stdout]  4109 |     pub(crate) async fn status(
[INFO] [stdout]       |                         ^^^^^^
[INFO] [stdout] help: remove the extra argument
[INFO] [stdout]       |
[INFO] [stdout] 23071 -             .status(&scope, &[7; 32], TEACHER_MAX_DECISIONS, now)
[INFO] [stdout] 23071 +             .status(&scope, &[7; 32], now)
[INFO] [stdout]       |
[INFO] [stdout] 
[INFO] [stdout] 
[INFO] [stdout] error[E0061]: this method takes 3 arguments but 4 arguments were supplied
[INFO] [stdout]      --> crates/milk-carton/src/records.rs:23368:14
[INFO] [stdout]       |
[INFO] [stdout] 23368 |             .status(
[INFO] [stdout]       |              ^^^^^^
[INFO] [stdout] ...
[INFO] [stdout] 23371 |                 TEACHER_MAX_DECISIONS,
[INFO] [stdout]       |                 --------------------- unexpected argument #3
[INFO] [stdout]       |
[INFO] [stdout] note: method defined here
[INFO] [stdout]      --> crates/milk-carton/src/records.rs:9615:14
[INFO] [stdout]       |
[INFO] [stdout]  9615 |     async fn status(
[INFO] [stdout]       |              ^^^^^^
[INFO] [stdout] help: remove the extra argument
[INFO] [stdout]       |
[INFO] [stdout] 23370 -                 &[7_u8; 32],
[INFO] [stdout] 23371 -                 TEACHER_MAX_DECISIONS,
[INFO] [stdout] 23370 +                 &[7_u8; 32],
[INFO] [stdout]       |
[INFO] [stdout] 
[INFO] [stdout] 
[INFO] [stdout] error[E0609]: no field `max_decisions` on type `&mut TeacherConfig`
[INFO] [stdout]    --> crates/milk-carton/src/proxy_tests.rs:358:35
[INFO] [stdout]     |
[INFO] [stdout] 358 |     gpu.teacher.as_mut().unwrap().max_decisions = 0;
[INFO] [stdout]     |                                   ^^^^^^^^^^^^^ unknown field
[INFO] [stdout]     |
[INFO] [stdout]     = note: available fields are: `chat_completions_url`, `allow_loopback_http`, `model`, `reasoning_effort`, `execution` ... and 13 others
[INFO] [stdout] 
[INFO] [stdout] 
[INFO] [stdout] error[E0609]: no field `max_decisions` on type `&mut TeacherConfig`
[INFO] [stdout]    --> crates/milk-carton/src/proxy_tests.rs:360:35
[INFO] [stdout]     |
[INFO] [stdout] 360 |     gpu.teacher.as_mut().unwrap().max_decisions = 4_097;
[INFO] [stdout]     |                                   ^^^^^^^^^^^^^ unknown field
[INFO] [stdout]     |
[INFO] [stdout]     = note: available fields are: `chat_completions_url`, `allow_loopback_http`, `model`, `reasoning_effort`, `execution` ... and 13 others
[INFO] [stdout] 
[INFO] [stdout] 
[INFO] [stdout] error[E0609]: no field `max_decisions` on type `&mut TeacherConfig`
[INFO] [stdout]    --> crates/milk-carton/src/proxy_tests.rs:362:35
[INFO] [stdout]     |
[INFO] [stdout] 362 |     gpu.teacher.as_mut().unwrap().max_decisions = 1;
[INFO] [stdout]     |                                   ^^^^^^^^^^^^^ unknown field
[INFO] [stdout]     |
[INFO] [stdout]     = note: available fields are: `chat_completions_url`, `allow_loopback_http`, `model`, `reasoning_effort`, `execution` ... and 13 others
[INFO] [stdout] 
[INFO] [stdout] 
[INFO] [stdout] error[E0609]: no field `max_decisions` on type `&mut TeacherConfig`
[INFO] [stdout]    --> crates/milk-carton/src/proxy_tests.rs:672:38
[INFO] [stdout]     |
[INFO] [stdout] 672 |     config.teacher.as_mut().unwrap().max_decisions = 7;
[INFO] [stdout]     |                                      ^^^^^^^^^^^^^ unknown field
[INFO] [stdout]     |
[INFO] [stdout]     = note: available fields are: `chat_completions_url`, `allow_loopback_http`, `model`, `reasoning_effort`, `execution` ... and 13 others
[INFO] [stdout] 
[INFO] [stdout] 
[INFO] [stdout] error[E0560]: struct `TeacherConfig` has no field named `max_decisions`
[INFO] [stdout]    --> crates/milk-carton/src/proxy_tests.rs:865:13
[INFO] [stdout]     |
[INFO] [stdout] 865 |             max_decisions: 4_096,
[INFO] [stdout]     |             ^^^^^^^^^^^^^ `TeacherConfig` does not have this field
[INFO] [stdout]     |
[INFO] [stdout]     = note: all struct fields are already assigned
[INFO] [stdout] 
[INFO] [stdout] 
[INFO] [stdout] Some errors have detailed explanations: E0061, E0063, E0425, E0560, E0609.
[INFO] [stdout] 
[INFO] [stdout] For more information about an error, try `rustc --explain E0061`.
[INFO] [stdout] 
[INFO] [stderr] error: could not compile `milk-carton` (bin "milk-carton" test) due to 49 previous errors
[INFO] running `Command { std: "docker" "inspect" "5f7aa389c7232ae5aafed5f8688454b8bd53a9388214eb71834d8b415626cd12", kill_on_drop: false }`
[INFO] running `Command { std: "docker" "rm" "-f" "5f7aa389c7232ae5aafed5f8688454b8bd53a9388214eb71834d8b415626cd12", kill_on_drop: false }`
[INFO] [stdout] 5f7aa389c7232ae5aafed5f8688454b8bd53a9388214eb71834d8b415626cd12
