[INFO] cloning repository https://github.com/milk-analyzer/malmathic
[INFO] running `Command { std: "git" "-c" "credential.helper=" "-c" "credential.helper=/workspace/cargo-home/bin/git-credential-null" "clone" "--bare" "https://github.com/milk-analyzer/malmathic" "/workspace/cache/git-repos/https%3A%2F%2Fgithub.com%2Fmilk-analyzer%2Fmalmathic", kill_on_drop: false }`
[INFO] [stderr] Cloning into bare repository '/workspace/cache/git-repos/https%3A%2F%2Fgithub.com%2Fmilk-analyzer%2Fmalmathic'...
[INFO] running `Command { std: "git" "rev-parse" "HEAD", kill_on_drop: false }`
[INFO] [stdout] df7db148b2c9035b06002dd0335f130a0c6ab58b
[INFO] checking milk-analyzer/malmathic against 3154cc1a3e6424e44f438a95007d043ed5ceaaf6+rustflags=-Znext-solver=coherence for pr-133502-30
[INFO] running `Command { std: "git" "clone" "/workspace/cache/git-repos/https%3A%2F%2Fgithub.com%2Fmilk-analyzer%2Fmalmathic" "/workspace/builds/worker-7-tc1/source", kill_on_drop: false }`
[INFO] [stderr] Cloning into '/workspace/builds/worker-7-tc1/source'...
[INFO] [stderr] done.
[INFO] removed /workspace/builds/worker-7-tc1/source/.cargo/config.toml
[INFO] started tweaking git repo https://github.com/milk-analyzer/malmathic
[INFO] finished tweaking git repo https://github.com/milk-analyzer/malmathic
[INFO] tweaked toml for git repo https://github.com/milk-analyzer/malmathic written to /workspace/builds/worker-7-tc1/source/Cargo.toml
[INFO] validating manifest of git repo https://github.com/milk-analyzer/malmathic on toolchain 3154cc1a3e6424e44f438a95007d043ed5ceaaf6
[INFO] running `Command { std: CARGO_HOME="/workspace/cargo-home" RUSTUP_HOME="/workspace/rustup-home" "/workspace/cargo-home/bin/cargo" "+3154cc1a3e6424e44f438a95007d043ed5ceaaf6" "metadata" "--manifest-path" "Cargo.toml" "--no-deps", kill_on_drop: false }`
[INFO] crate git repo https://github.com/milk-analyzer/malmathic already has a lockfile, it will not be regenerated
[INFO] running `Command { std: CARGO_HOME="/workspace/cargo-home" RUSTUP_HOME="/workspace/rustup-home" "/workspace/cargo-home/bin/cargo" "+3154cc1a3e6424e44f438a95007d043ed5ceaaf6" "fetch" "--manifest-path" "Cargo.toml", kill_on_drop: false }`
[INFO] [stderr] warning: unused workspace dependency `anyhow`
[INFO] [stderr]   --> Cargo.toml:12:1
[INFO] [stderr]    |
[INFO] [stderr] 12 | anyhow = "1"
[INFO] [stderr]    | ^^^^^^
[INFO] [stderr]    |
[INFO] [stderr]    = note: `cargo::unused_workspace_dependencies` is set to `warn` by default
[INFO] [stderr] help: consider removing the workspace dependency `anyhow`
[INFO] [stderr] warning: workspace (manifest) generated 1 warning
[INFO] [stderr]     Updating crates.io index
[INFO] [stderr]  Downloading crates ...
[INFO] [stderr]   Downloaded safe-read v0.1.0
[INFO] [stderr]   Downloaded lznt1 v0.1.3
[INFO] [stderr]   Downloaded ntfs-core v0.9.6
[INFO] [stderr]   Downloaded winstructs v0.3.2
[INFO] [stderr]   Downloaded skeptic v0.13.7
[INFO] [stderr]   Downloaded num-derive v0.3.3
[INFO] [stderr]   Downloaded sonic-simd v0.1.4
[INFO] [stderr]   Downloaded marvin32 v0.1.1
[INFO] [stderr]   Downloaded encoding_index_tests v0.1.4
[INFO] [stderr]   Downloaded encoding-index-singlebyte v1.20141219.5
[INFO] [stderr]   Downloaded der_derive v0.7.3
[INFO] [stderr]   Downloaded utf16-simd v0.1.0
[INFO] [stderr]   Downloaded memoverlay v0.1.3
[INFO] [stderr]   Downloaded owo-colors v4.3.0
[INFO] [stderr]   Downloaded tls_codec v0.4.2
[INFO] [stderr]   Downloaded tls_codec_derive v0.4.2
[INFO] [stderr]   Downloaded flagset v0.4.7
[INFO] [stderr]   Downloaded authenticode v0.6.0
[INFO] [stderr]   Downloaded sonic-number v0.1.2
[INFO] [stderr]   Downloaded cargo_metadata v0.14.2
[INFO] [stderr]   Downloaded error-chain v0.12.4
[INFO] [stderr]   Downloaded binrw_derive v0.15.2
[INFO] [stderr]   Downloaded nt_hive2 v4.2.4
[INFO] [stderr]   Downloaded encoding-index-japanese v1.20141219.5
[INFO] [stderr]   Downloaded forensicnomicon-core v1.5.1
[INFO] [stderr]   Downloaded x509-cert v0.2.5
[INFO] [stderr]   Downloaded binrw v0.15.2
[INFO] [stderr]   Downloaded pulldown-cmark v0.9.6
[INFO] [stderr]   Downloaded encoding v0.2.33
[INFO] [stderr]   Downloaded encoding-index-korean v1.20141219.5
[INFO] [stderr]   Downloaded encoding-index-tradchinese v1.20141219.5
[INFO] [stderr]   Downloaded encoding-index-simpchinese v1.20141219.5
[INFO] [stderr]   Downloaded sonic-rs v0.5.8
[INFO] [stderr]   Downloaded p384 v0.13.1
[INFO] [stderr]   Downloaded cms v0.2.3
[INFO] [stderr]   Downloaded faststr v0.2.34
[INFO] [stderr]   Downloaded forensicnomicon-data v1.4.0
[INFO] [stderr]   Downloaded evtx v0.12.2
[INFO] [stderr]   Downloaded forensicnomicon v1.11.1
[INFO] running `Command { std: "docker" "create" "-v" "/var/lib/crater-agent-workspace/builds/worker-7-tc1/source:/opt/rustwide/workdir:ro,Z" "-v" "/var/lib/crater-agent-workspace/builds/worker-7-tc1/target:/opt/rustwide/target:rw,Z" "-v" "/var/lib/crater-agent-workspace/cargo-home:/opt/rustwide/cargo-home:ro,Z" "-v" "/var/lib/crater-agent-workspace/rustup-home:/opt/rustwide/rustup-home:ro,Z" "-m" "1610612736" "--network" "none" "ghcr.io/rust-lang/crates-build-env/linux@sha256:77db811e55d90add9212f6832c23229e3de5f1c1f9905e8cb07319ea15df73ac" "sleep" "infinity", kill_on_drop: false }`
[INFO] [stdout] 76e601fec4d18d60163883cc93d9c3f19536c9597b1a3a675d7b9aae5c59f3de
[INFO] running `Command { std: "docker" "start" "76e601fec4d18d60163883cc93d9c3f19536c9597b1a3a675d7b9aae5c59f3de", kill_on_drop: false }`
[INFO] running `Command { std: "docker" "inspect" "76e601fec4d18d60163883cc93d9c3f19536c9597b1a3a675d7b9aae5c59f3de", kill_on_drop: false }`
[INFO] running `Command { std: "docker" "exec" "-e" "SOURCE_DIR=/opt/rustwide/workdir" "-e" "CARGO_HOME=/opt/rustwide/cargo-home" "-e" "RUSTUP_HOME=/opt/rustwide/rustup-home" "-e" "CARGO_TARGET_DIR=/opt/rustwide/target" "-w" "/opt/rustwide/workdir" "--user" "0:0" "76e601fec4d18d60163883cc93d9c3f19536c9597b1a3a675d7b9aae5c59f3de" "/opt/rustwide/cargo-home/bin/cargo" "+3154cc1a3e6424e44f438a95007d043ed5ceaaf6" "metadata" "--no-deps" "--format-version=1", kill_on_drop: false }`
[INFO] running `Command { std: "docker" "inspect" "76e601fec4d18d60163883cc93d9c3f19536c9597b1a3a675d7b9aae5c59f3de", kill_on_drop: false }`
[INFO] running `Command { std: "docker" "exec" "-e" "SOURCE_DIR=/opt/rustwide/workdir" "-e" "CARGO_HOME=/opt/rustwide/cargo-home" "-e" "RUSTUP_HOME=/opt/rustwide/rustup-home" "-e" "CARGO_TARGET_DIR=/opt/rustwide/target" "-e" "CARGO_INCREMENTAL=0" "-e" "RUST_BACKTRACE=full" "-e" "RUSTFLAGS=--cap-lints=forbid -Znext-solver=coherence" "-e" "RUSTDOCFLAGS=--cap-lints=forbid" "-w" "/opt/rustwide/workdir" "--user" "0:0" "76e601fec4d18d60163883cc93d9c3f19536c9597b1a3a675d7b9aae5c59f3de" "/opt/rustwide/cargo-home/bin/cargo" "+3154cc1a3e6424e44f438a95007d043ed5ceaaf6" "check" "--frozen" "--all" "--all-targets" "--message-format=json", kill_on_drop: false }`
[INFO] [stderr] warning: unused workspace dependency `anyhow`
[INFO] [stderr]   --> Cargo.toml:12:1
[INFO] [stderr]    |
[INFO] [stderr] 12 | anyhow = "1"
[INFO] [stderr]    | ^^^^^^
[INFO] [stderr]    |
[INFO] [stderr]    = note: `cargo::unused_workspace_dependencies` is set to `warn` by default
[INFO] [stderr] help: consider removing the workspace dependency `anyhow`
[INFO] [stderr] warning: workspace (manifest) generated 1 warning
[INFO] [stderr]    Compiling proc-macro2 v1.0.107
[INFO] [stderr]     Checking zeroize v1.9.0
[INFO] [stderr]     Checking const-oid v0.9.6
[INFO] [stderr]     Checking typenum v1.20.1
[INFO] [stderr]     Checking subtle v2.6.1
[INFO] [stderr]    Compiling serde_core v1.0.229
[INFO] [stderr]    Compiling serde v1.0.229
[INFO] [stderr]    Compiling thiserror v2.0.20
[INFO] [stderr]     Checking log v0.4.33
[INFO] [stderr]    Compiling quote v1.0.47
[INFO] [stderr]    Compiling generic-array v0.14.7
[INFO] [stderr]     Checking forensicnomicon-core v1.5.1
[INFO] [stderr]     Checking bitflags v2.13.1
[INFO] [stderr]     Checking safe-read v0.1.0
[INFO] [stderr]    Compiling num-traits v0.2.19
[INFO] [stderr]    Compiling libc v0.2.189
[INFO] [stderr]    Compiling zerocopy v0.8.56
[INFO] [stderr]    Compiling serde_json v1.0.151
[INFO] [stderr]     Checking base64ct v1.8.3
[INFO] [stderr]     Checking encoding_index_tests v0.1.4
[INFO] [stderr]     Checking flagset v0.4.7
[INFO] [stderr]    Compiling ahash v0.8.12
[INFO] [stderr]    Compiling ref-cast v1.0.27
[INFO] [stderr]     Checking once_cell v1.21.4
[INFO] [stderr]     Checking simdutf8 v0.1.5
[INFO] [stderr]     Checking sonic-simd v0.1.4
[INFO] [stderr]     Checking sonic-number v0.1.2
[INFO] [stderr]    Compiling crc32fast v1.5.1
[INFO] [stderr]     Checking bumpalo v3.20.3
[INFO] [stderr]     Checking encoding-index-japanese v1.20141219.5
[INFO] [stderr]     Checking encoding-index-tradchinese v1.20141219.5
[INFO] [stderr]     Checking encoding-index-singlebyte v1.20141219.5
[INFO] [stderr]     Checking encoding-index-simpchinese v1.20141219.5
[INFO] [stderr]     Checking encoding-index-korean v1.20141219.5
[INFO] [stderr]     Checking pem-rfc7468 v0.7.0
[INFO] [stderr]     Checking jiff-core v0.1.0
[INFO] [stderr]     Checking forensicnomicon-data v1.4.0
[INFO] [stderr]     Checking quick-xml v0.38.4
[INFO] [stderr]     Checking base16ct v0.2.0
[INFO] [stderr]    Compiling num-bigint-dig v0.8.6
[INFO] [stderr]     Checking spin v0.9.9
[INFO] [stderr]     Checking toml_parser v1.1.3+spec-1.1.0
[INFO] [stderr]     Checking smallvec v1.15.2
[INFO] [stderr]     Checking encoding v0.2.33
[INFO] [stderr]     Checking winnow v0.7.15
[INFO] [stderr]     Checking lazy_static v1.5.0
[INFO] [stderr]     Checking anstyle-parse v1.0.0
[INFO] [stderr]     Checking anstyle v1.0.14
[INFO] [stderr]     Checking colorchoice v1.0.5
[INFO] [stderr]     Checking clap_lex v1.1.0
[INFO] [stderr]    Compiling malmathic v0.1.0 (/opt/rustwide/workdir/crates/malmathic)
[INFO] [stderr]     Checking anstream v1.0.0
[INFO] [stderr]    Compiling owo-colors v4.3.0
[INFO] [stderr]    Compiling binrw_derive v0.15.2
[INFO] [stderr]     Checking clap_builder v4.6.6
[INFO] [stderr]    Compiling binrw v0.15.2
[INFO] [stderr]     Checking num-integer v0.1.47
[INFO] [stderr]    Compiling either v1.17.0
[INFO] [stderr]     Checking bytemuck v1.25.2
[INFO] [stderr]    Compiling syn v3.0.3
[INFO] [stderr]    Compiling syn v2.0.119
[INFO] [stderr]    Compiling syn v1.0.109
[INFO] [stderr]     Checking num-iter v0.1.46
[INFO] [stderr]     Checking array-init v2.1.0
[INFO] [stderr]     Checking marvin32 v0.1.1
[INFO] [stderr]     Checking getrandom v0.2.17
[INFO] [stderr]     Checking getrandom v0.3.4
[INFO] [stderr]     Checking rand_core v0.6.4
[INFO] [stderr]     Checking crypto-common v0.1.7
[INFO] [stderr]     Checking block-buffer v0.10.4
[INFO] [stderr]     Checking digest v0.10.7
[INFO] [stderr]     Checking ff v0.13.1
[INFO] [stderr]     Checking crypto-bigint v0.5.5
[INFO] [stderr]     Checking group v0.13.0
[INFO] [stderr]     Checking sha2 v0.10.9
[INFO] [stderr]     Checking md-5 v0.10.6
[INFO] [stderr]     Checking sha1 v0.10.7
[INFO] [stderr]     Checking hmac v0.12.1
[INFO] [stderr]     Checking signature v2.2.0
[INFO] [stderr]     Checking hkdf v0.12.4
[INFO] [stderr]     Checking rfc6979 v0.4.0
[INFO] [stderr]     Checking jiff v0.2.35
[INFO] [stderr]     Checking serde_spanned v1.1.1
[INFO] [stderr]     Checking toml_datetime v0.7.5+spec-1.1.0
[INFO] [stderr]    Compiling num-derive v0.3.3
[INFO] [stderr]     Checking toml v0.9.12+spec-1.1.0
[INFO] [stderr]     Checking ppv-lite86 v0.2.21
[INFO] [stderr]    Compiling serde_derive v1.0.229
[INFO] [stderr]    Compiling thiserror-impl v2.0.20
[INFO] [stderr]    Compiling ref-cast-impl v1.0.27
[INFO] [stderr]    Compiling clap_derive v4.6.4
[INFO] [stderr]     Checking rand_chacha v0.3.1
[INFO] [stderr]     Checking rand v0.8.7
[INFO] [stderr]     Checking lznt1 v0.1.3
[INFO] [stderr]    Compiling der_derive v0.7.3
[INFO] [stderr]    Compiling thiserror-impl v1.0.69
[INFO] [stderr]    Compiling num-derive v0.4.2
[INFO] [stderr]    Compiling derive-getters v0.5.0
[INFO] [stderr]    Compiling getset v0.1.7
[INFO] [stderr]     Checking clap v4.6.6
[INFO] [stderr]     Checking der v0.7.10
[INFO] [stderr]     Checking thiserror v1.0.69
[INFO] [stderr]     Checking memoverlay v0.1.3
[INFO] [stderr]     Checking spki v0.7.3
[INFO] [stderr]     Checking pkcs8 v0.10.2
[INFO] [stderr]     Checking x509-cert v0.2.5
[INFO] [stderr]     Checking sec1 v0.7.3
[INFO] [stderr]     Checking pkcs1 v0.7.5
[INFO] [stderr]     Checking chrono v0.4.45
[INFO] [stderr]     Checking faststr v0.2.34
[INFO] [stderr]     Checking elliptic-curve v0.13.8
[INFO] [stderr]     Checking sonic-rs v0.5.8
[INFO] [stderr]     Checking rsa v0.9.10
[INFO] [stderr]     Checking primeorder v0.13.6
[INFO] [stderr]     Checking ecdsa v0.16.9
[INFO] [stderr]     Checking forensicnomicon v1.11.1
[INFO] [stderr]     Checking p384 v0.13.1
[INFO] [stderr]     Checking p256 v0.13.2
[INFO] [stderr]     Checking cms v0.2.3
[INFO] [stderr]     Checking mm-core v0.1.0 (/opt/rustwide/workdir/crates/mm-core)
[INFO] [stderr]     Checking winstructs v0.3.2
[INFO] [stderr]     Checking utf16-simd v0.1.0
[INFO] [stderr]     Checking authenticode v0.6.0
[INFO] [stderr]     Checking evtx v0.12.2
[INFO] [stderr]     Checking ntfs-core v0.9.6
[INFO] [stderr]     Checking nt_hive2 v4.2.4
[INFO] [stdout] error: custom attribute panicked
[INFO] [stdout]   --> /opt/rustwide/cargo-home/registry/src/index.crates.io-1949cf8c6b5b557f/nt_hive2-4.2.4/src/nk.rs:32:1
[INFO] [stdout]    |
[INFO] [stdout] 32 | #[binread]
[INFO] [stdout]    | ^^^^^^^^^^
[INFO] [stdout]    |
[INFO] [stdout]    = help: message: end byte index 52 is out of bounds for string of length 33
[INFO] [stdout] 
[INFO] [stdout] 
[INFO] [stdout] error: custom attribute panicked
[INFO] [stdout]   --> /opt/rustwide/cargo-home/registry/src/index.crates.io-1949cf8c6b5b557f/nt_hive2-4.2.4/src/vk.rs:82:1
[INFO] [stdout]    |
[INFO] [stdout] 82 | #[binread]
[INFO] [stdout]    | ^^^^^^^^^^
[INFO] [stdout]    |
[INFO] [stdout]    = help: message: end byte index 88 is out of bounds for string of length 12
[INFO] [stdout] 
[INFO] [stdout] 
[INFO] [stdout] error: proc-macro derive panicked
[INFO] [stdout]   --> /opt/rustwide/cargo-home/registry/src/index.crates.io-1949cf8c6b5b557f/nt_hive2-4.2.4/src/transactionlog/transactionlogsentry.rs:43:10
[INFO] [stdout]    |
[INFO] [stdout] 43 | #[derive(BinRead, Debug, Clone, Default, Getters)]
[INFO] [stdout]    |          ^^^^^^^
[INFO] [stdout]    |
[INFO] [stdout]    = help: message: end byte index 86 is out of bounds for string of length 31
[INFO] [stdout] 
[INFO] [stdout] 
[INFO] [stdout] error[E0432]: unresolved import `crate::nk::KeyNode`
[INFO] [stdout]   --> /opt/rustwide/cargo-home/registry/src/index.crates.io-1949cf8c6b5b557f/nt_hive2-4.2.4/src/hive/mod.rs:18:5
[INFO] [stdout]    |
[INFO] [stdout] 18 | use crate::nk::KeyNode;
[INFO] [stdout]    |     ^^^^^^^^^^^-------
[INFO] [stdout]    |                |
[INFO] [stdout]    |                no `KeyNode` in `nk`
[INFO] [stdout] 
[INFO] [stdout] 
[INFO] [stdout] error[E0432]: unresolved import `crate::vk::KeyValue`
[INFO] [stdout]   --> /opt/rustwide/cargo-home/registry/src/index.crates.io-1949cf8c6b5b557f/nt_hive2-4.2.4/src/nk.rs:10:5
[INFO] [stdout]    |
[INFO] [stdout] 10 | use crate::vk::KeyValue;
[INFO] [stdout]    |     ^^^^^^^^^^^--------
[INFO] [stdout]    |                |
[INFO] [stdout]    |                no `KeyValue` in `vk`
[INFO] [stdout] 
[INFO] [stdout] 
[INFO] [stdout] error[E0432]: unresolved import `nk::KeyNode`
[INFO] [stdout]   --> /opt/rustwide/cargo-home/registry/src/index.crates.io-1949cf8c6b5b557f/nt_hive2-4.2.4/src/lib.rs:45:14
[INFO] [stdout]    |
[INFO] [stdout] 45 | pub use nk::{KeyNode, KeyNodeWithMagic, SubPath};
[INFO] [stdout]    |              ^^^^^^^ no `KeyNode` in `nk`
[INFO] [stdout] 
[INFO] [stdout] 
[INFO] [stdout] error[E0432]: unresolved import `vk::KeyValue`
[INFO] [stdout]   --> /opt/rustwide/cargo-home/registry/src/index.crates.io-1949cf8c6b5b557f/nt_hive2-4.2.4/src/lib.rs:46:14
[INFO] [stdout]    |
[INFO] [stdout] 46 | pub use vk::{KeyValue, KeyValueWithMagic, RegistryValue};
[INFO] [stdout]    |              ^^^^^^^^ no `KeyValue` in `vk`
[INFO] [stdout] 
[INFO] [stdout] 
[INFO] [stdout] error[E0425]: cannot find type `KeyNode` in this scope
[INFO] [stdout]   --> /opt/rustwide/cargo-home/registry/src/index.crates.io-1949cf8c6b5b557f/nt_hive2-4.2.4/src/nk.rs:28:29
[INFO] [stdout]    |
[INFO] [stdout] 28 | pub struct KeyNodeWithMagic(KeyNode);
[INFO] [stdout]    |                             ^^^^^^^ not found in this scope
[INFO] [stdout] 
[INFO] [stdout] 
[INFO] [stdout] error[E0425]: cannot find type `KeyNode` in this scope
[INFO] [stdout]   --> /opt/rustwide/cargo-home/registry/src/index.crates.io-1949cf8c6b5b557f/nt_hive2-4.2.4/src/nk.rs:28:29
[INFO] [stdout]    |
[INFO] [stdout] 26 | #[derive(BinRead)]
[INFO] [stdout]    |          ------- in this derive macro
[INFO] [stdout] 27 | #[br(magic = b"nk")]
[INFO] [stdout] 28 | pub struct KeyNodeWithMagic(KeyNode);
[INFO] [stdout]    |                             ^^^^^^^ not found in this scope
[INFO] [stdout] 
[INFO] [stdout] 
[INFO] [stdout] error[E0425]: cannot find type `KeyNode` in this scope
[INFO] [stdout]    --> /opt/rustwide/cargo-home/registry/src/index.crates.io-1949cf8c6b5b557f/nt_hive2-4.2.4/src/nk.rs:135:6
[INFO] [stdout]     |
[INFO] [stdout] 135 | impl KeyNode {
[INFO] [stdout]     |      ^^^^^^^ not found in this scope
[INFO] [stdout] 
[INFO] [stdout] 
[INFO] [stdout] error[E0425]: cannot find type `KeyNode` in this scope
[INFO] [stdout]    --> /opt/rustwide/cargo-home/registry/src/index.crates.io-1949cf8c6b5b557f/nt_hive2-4.2.4/src/nk.rs:289:24
[INFO] [stdout]     |
[INFO] [stdout] 289 | impl SubPath<&str> for KeyNode {
[INFO] [stdout]     |                        ^^^^^^^ not found in this scope
[INFO] [stdout] 
[INFO] [stdout] 
[INFO] [stdout] error[E0425]: cannot find type `KeyNode` in this scope
[INFO] [stdout]    --> /opt/rustwide/cargo-home/registry/src/index.crates.io-1949cf8c6b5b557f/nt_hive2-4.2.4/src/nk.rs:303:27
[INFO] [stdout]     |
[INFO] [stdout] 303 | impl SubPath<&String> for KeyNode {
[INFO] [stdout]     |                           ^^^^^^^ not found in this scope
[INFO] [stdout] 
[INFO] [stdout] 
[INFO] [stdout] error[E0425]: cannot find type `KeyNode` in this scope
[INFO] [stdout]    --> /opt/rustwide/cargo-home/registry/src/index.crates.io-1949cf8c6b5b557f/nt_hive2-4.2.4/src/nk.rs:317:30
[INFO] [stdout]     |
[INFO] [stdout] 317 | impl SubPath<&Vec<&str>> for KeyNode {
[INFO] [stdout]     |                              ^^^^^^^ not found in this scope
[INFO] [stdout] 
[INFO] [stdout] 
[INFO] [stdout] error[E0425]: cannot find type `KeyNode` in this scope
[INFO] [stdout]    --> /opt/rustwide/cargo-home/registry/src/index.crates.io-1949cf8c6b5b557f/nt_hive2-4.2.4/src/nk.rs:331:32
[INFO] [stdout]     |
[INFO] [stdout] 331 | impl SubPath<&Vec<String>> for KeyNode {
[INFO] [stdout]     |                                ^^^^^^^ not found in this scope
[INFO] [stdout] 
[INFO] [stdout] 
[INFO] [stdout] error[E0425]: cannot find type `KeyNode` in this scope
[INFO] [stdout]    --> /opt/rustwide/cargo-home/registry/src/index.crates.io-1949cf8c6b5b557f/nt_hive2-4.2.4/src/nk.rs:374:33
[INFO] [stdout]     |
[INFO] [stdout] 374 | impl From<KeyNodeWithMagic> for KeyNode {
[INFO] [stdout]     |                                 ^^^^^^^ not found in this scope
[INFO] [stdout] 
[INFO] [stdout] 
[INFO] [stderr]     Checking mm-raw v0.1.0 (/opt/rustwide/workdir/crates/mm-raw)
[INFO] [stdout] error[E0425]: cannot find type `KeyValue` in this scope
[INFO] [stdout]   --> /opt/rustwide/cargo-home/registry/src/index.crates.io-1949cf8c6b5b557f/nt_hive2-4.2.4/src/vk.rs:78:30
[INFO] [stdout]    |
[INFO] [stdout] 78 | pub struct KeyValueWithMagic(KeyValue);
[INFO] [stdout]    |                              ^^^^^^^^ not found in this scope
[INFO] [stdout] 
[INFO] [stdout] 
[INFO] [stderr]     Checking mm-report v0.1.0 (/opt/rustwide/workdir/crates/mm-report)
[INFO] [stdout] error[E0425]: cannot find type `KeyValue` in this scope
[INFO] [stdout]   --> /opt/rustwide/cargo-home/registry/src/index.crates.io-1949cf8c6b5b557f/nt_hive2-4.2.4/src/vk.rs:78:30
[INFO] [stdout]    |
[INFO] [stdout] 76 | #[derive(BinRead)]
[INFO] [stdout]    |          ------- in this derive macro
[INFO] [stdout] 77 | #[br(magic = b"vk")]
[INFO] [stdout] 78 | pub struct KeyValueWithMagic(KeyValue);
[INFO] [stdout]    |                              ^^^^^^^^ not found in this scope
[INFO] [stdout] 
[INFO] [stdout] 
[INFO] [stderr]     Checking mm-score v0.1.0 (/opt/rustwide/workdir/crates/mm-score)
[INFO] [stdout] error[E0425]: cannot find type `KeyValue` in this scope
[INFO] [stdout]    --> /opt/rustwide/cargo-home/registry/src/index.crates.io-1949cf8c6b5b557f/nt_hive2-4.2.4/src/vk.rs:307:6
[INFO] [stdout]     |
[INFO] [stdout] 307 | impl KeyValue {
[INFO] [stdout]     |      ^^^^^^^^ not found in this scope
[INFO] [stdout] 
[INFO] [stdout] 
[INFO] [stdout] error[E0425]: cannot find type `KeyValue` in this scope
[INFO] [stdout]    --> /opt/rustwide/cargo-home/registry/src/index.crates.io-1949cf8c6b5b557f/nt_hive2-4.2.4/src/vk.rs:341:44
[INFO] [stdout]     |
[INFO] [stdout] 341 | impl From<Cell<KeyValueWithMagic, ()>> for KeyValue {
[INFO] [stdout]     |                                            ^^^^^^^^ not found in this scope
[INFO] [stdout] 
[INFO] [stdout] 
[INFO] [stdout] error[E0277]: the trait bound `TransactionLogsEntry: BinRead` is not satisfied
[INFO] [stdout]    --> /opt/rustwide/cargo-home/registry/src/index.crates.io-1949cf8c6b5b557f/nt_hive2-4.2.4/src/transactionlog/mod.rs:39:32
[INFO] [stdout]     |
[INFO] [stdout]  39 |         match reader.read_le::<TransactionLogsEntry>() {
[INFO] [stdout]     |                      -------   ^^^^^^^^^^^^^^^^^^^^ unsatisfied trait bound
[INFO] [stdout]     |                      |
[INFO] [stdout]     |                      required by a bound introduced by this call
[INFO] [stdout]     |
[INFO] [stdout] help: the trait `BinRead` is not implemented for `TransactionLogsEntry`
[INFO] [stdout]    --> /opt/rustwide/cargo-home/registry/src/index.crates.io-1949cf8c6b5b557f/nt_hive2-4.2.4/src/transactionlog/transactionlogsentry.rs:45:1
[INFO] [stdout]     |
[INFO] [stdout]  45 | pub struct TransactionLogsEntry {
[INFO] [stdout]     | ^^^^^^^^^^^^^^^^^^^^^^^^^^^^^^^
[INFO] [stdout]     = help: the following other types implement trait `BinRead`:
[INFO] [stdout]               ()
[INFO] [stdout]               BigData
[INFO] [stdout]               Box<T>
[INFO] [stdout]               CellWithU8List
[INFO] [stdout]               FilePtr<Ptr, Value>
[INFO] [stdout]               HiveBaseBlock
[INFO] [stdout]               KeyNodeWithMagic
[INFO] [stdout]               KeyValueDataType
[INFO] [stdout]             and 80 others
[INFO] [stdout] note: required by a bound in `binrw::BinReaderExt::read_le`
[INFO] [stdout]    --> /opt/rustwide/cargo-home/registry/src/index.crates.io-1949cf8c6b5b557f/binrw-0.15.2/src/binread/mod.rs:248:12
[INFO] [stdout]     |
[INFO] [stdout] 211 | pub trait BinReaderExt: Read + Seek + Sized {
[INFO] [stdout] ...
[INFO] [stdout] 246 |     fn read_le<'a, T>(&mut self) -> BinResult<T>
[INFO] [stdout] 247 |     where
[INFO] [stdout] 248 |         T: BinRead,
[INFO] [stdout]     |            ^^^^^^^ required by this bound in `BinReaderExt::read_le`
[INFO] [stdout] 
[INFO] [stdout] 
[INFO] [stdout] Some errors have detailed explanations: E0277, E0425, E0432.
[INFO] [stdout] 
[INFO] [stdout] For more information about an error, try `rustc --explain E0277`.
[INFO] [stdout] 
[INFO] [stderr] error: could not compile `nt_hive2` (lib) due to 20 previous errors
[INFO] [stderr] warning: build failed, waiting for other jobs to finish...
[INFO] running `Command { std: "docker" "inspect" "76e601fec4d18d60163883cc93d9c3f19536c9597b1a3a675d7b9aae5c59f3de", kill_on_drop: false }`
[INFO] running `Command { std: "docker" "rm" "-f" "76e601fec4d18d60163883cc93d9c3f19536c9597b1a3a675d7b9aae5c59f3de", kill_on_drop: false }`
[INFO] [stdout] 76e601fec4d18d60163883cc93d9c3f19536c9597b1a3a675d7b9aae5c59f3de
