[INFO] cloning repository https://github.com/micush/parapet
[INFO] running `Command { std: "git" "-c" "credential.helper=" "-c" "credential.helper=/workspace/cargo-home/bin/git-credential-null" "clone" "--bare" "https://github.com/micush/parapet" "/workspace/cache/git-repos/https%3A%2F%2Fgithub.com%2Fmicush%2Fparapet", kill_on_drop: false }`
[INFO] [stderr] Cloning into bare repository '/workspace/cache/git-repos/https%3A%2F%2Fgithub.com%2Fmicush%2Fparapet'...
[INFO] running `Command { std: "git" "rev-parse" "HEAD", kill_on_drop: false }`
[INFO] [stdout] f5d7cb0bcba61eed8128ccfec932cb778b15cf50
[INFO] checking micush/parapet against 3154cc1a3e6424e44f438a95007d043ed5ceaaf6+rustflags=-Znext-solver=coherence for pr-133502-30
[INFO] running `Command { std: "git" "clone" "/workspace/cache/git-repos/https%3A%2F%2Fgithub.com%2Fmicush%2Fparapet" "/workspace/builds/worker-6-tc1/source", kill_on_drop: false }`
[INFO] [stderr] Cloning into '/workspace/builds/worker-6-tc1/source'...
[INFO] [stderr] done.
[INFO] started tweaking git repo https://github.com/micush/parapet
[INFO] finished tweaking git repo https://github.com/micush/parapet
[INFO] tweaked toml for git repo https://github.com/micush/parapet written to /workspace/builds/worker-6-tc1/source/Cargo.toml
[INFO] validating manifest of git repo https://github.com/micush/parapet on toolchain 3154cc1a3e6424e44f438a95007d043ed5ceaaf6
[INFO] running `Command { std: CARGO_HOME="/workspace/cargo-home" RUSTUP_HOME="/workspace/rustup-home" "/workspace/cargo-home/bin/cargo" "+3154cc1a3e6424e44f438a95007d043ed5ceaaf6" "metadata" "--manifest-path" "Cargo.toml" "--no-deps", kill_on_drop: false }`
[INFO] crate git repo https://github.com/micush/parapet already has a lockfile, it will not be regenerated
[INFO] running `Command { std: CARGO_HOME="/workspace/cargo-home" RUSTUP_HOME="/workspace/rustup-home" "/workspace/cargo-home/bin/cargo" "+3154cc1a3e6424e44f438a95007d043ed5ceaaf6" "fetch" "--manifest-path" "Cargo.toml", kill_on_drop: false }`
[INFO] running `Command { std: "docker" "create" "-v" "/var/lib/crater-agent-workspace/builds/worker-6-tc1/source:/opt/rustwide/workdir:ro,Z" "-v" "/var/lib/crater-agent-workspace/builds/worker-6-tc1/target:/opt/rustwide/target:rw,Z" "-v" "/var/lib/crater-agent-workspace/cargo-home:/opt/rustwide/cargo-home:ro,Z" "-v" "/var/lib/crater-agent-workspace/rustup-home:/opt/rustwide/rustup-home:ro,Z" "-m" "1610612736" "--network" "none" "ghcr.io/rust-lang/crates-build-env/linux@sha256:77db811e55d90add9212f6832c23229e3de5f1c1f9905e8cb07319ea15df73ac" "sleep" "infinity", kill_on_drop: false }`
[INFO] [stdout] 006215046a86cf655f27aedfbfb63c83f5b9ca2c50244c78a47b8bd2afe61d71
[INFO] running `Command { std: "docker" "start" "006215046a86cf655f27aedfbfb63c83f5b9ca2c50244c78a47b8bd2afe61d71", kill_on_drop: false }`
[INFO] running `Command { std: "docker" "inspect" "006215046a86cf655f27aedfbfb63c83f5b9ca2c50244c78a47b8bd2afe61d71", kill_on_drop: false }`
[INFO] running `Command { std: "docker" "exec" "-e" "SOURCE_DIR=/opt/rustwide/workdir" "-e" "CARGO_HOME=/opt/rustwide/cargo-home" "-e" "RUSTUP_HOME=/opt/rustwide/rustup-home" "-e" "CARGO_TARGET_DIR=/opt/rustwide/target" "-w" "/opt/rustwide/workdir" "--user" "0:0" "006215046a86cf655f27aedfbfb63c83f5b9ca2c50244c78a47b8bd2afe61d71" "/opt/rustwide/cargo-home/bin/cargo" "+3154cc1a3e6424e44f438a95007d043ed5ceaaf6" "metadata" "--no-deps" "--format-version=1", kill_on_drop: false }`
[INFO] running `Command { std: "docker" "inspect" "006215046a86cf655f27aedfbfb63c83f5b9ca2c50244c78a47b8bd2afe61d71", kill_on_drop: false }`
[INFO] running `Command { std: "docker" "exec" "-e" "SOURCE_DIR=/opt/rustwide/workdir" "-e" "CARGO_HOME=/opt/rustwide/cargo-home" "-e" "RUSTUP_HOME=/opt/rustwide/rustup-home" "-e" "CARGO_TARGET_DIR=/opt/rustwide/target" "-e" "CARGO_INCREMENTAL=0" "-e" "RUST_BACKTRACE=full" "-e" "RUSTFLAGS=--cap-lints=forbid -Znext-solver=coherence" "-e" "RUSTDOCFLAGS=--cap-lints=forbid" "-w" "/opt/rustwide/workdir" "--user" "0:0" "006215046a86cf655f27aedfbfb63c83f5b9ca2c50244c78a47b8bd2afe61d71" "/opt/rustwide/cargo-home/bin/cargo" "+3154cc1a3e6424e44f438a95007d043ed5ceaaf6" "check" "--frozen" "--all" "--all-targets" "--message-format=json", kill_on_drop: false }`
[INFO] [stderr]     Checking parapet v175.0.0 (/opt/rustwide/workdir)
[INFO] [stdout] error[E0106]: missing lifetime specifier
[INFO] [stdout]    --> src/netif.rs:582:39
[INFO] [stdout]     |
[INFO] [stdout] 582 |     fn set(names: &[&str]) -> HashSet<&str> {
[INFO] [stdout]     |                   -------             ^ expected named lifetime parameter
[INFO] [stdout]     |
[INFO] [stdout]     = help: this function's return type contains a borrowed value, but the signature does not say which one of `names`'s 2 lifetimes it is borrowed from
[INFO] [stdout] help: consider introducing a named lifetime parameter
[INFO] [stdout]     |
[INFO] [stdout] 582 |     fn set<'a>(names: &'a [&'a str]) -> HashSet<&'a str> {
[INFO] [stdout]     |           ++++         ++   ++                   ++
[INFO] [stdout] 
[INFO] [stdout] 
[INFO] [stdout] error[E0609]: no field `allow_ssh` on type `Settings`
[INFO] [stdout]    --> src/backups.rs:325:26
[INFO] [stdout]     |
[INFO] [stdout] 325 |         changed.settings.allow_ssh = !base.settings.allow_ssh;
[INFO] [stdout]     |                          ^^^^^^^^^ unknown field
[INFO] [stdout]     |
[INFO] [stdout]     = note: available fields are: `bind_addr`, `port`, `cert_path`, `key_path`, `pam_service` ... and 13 others
[INFO] [stdout] 
[INFO] [stdout] 
[INFO] [stdout] error[E0609]: no field `allow_ssh` on type `Settings`
[INFO] [stdout]    --> src/backups.rs:325:53
[INFO] [stdout]     |
[INFO] [stdout] 325 |         changed.settings.allow_ssh = !base.settings.allow_ssh;
[INFO] [stdout]     |                                                     ^^^^^^^^^ unknown field
[INFO] [stdout]     |
[INFO] [stdout]     = note: available fields are: `bind_addr`, `port`, `cert_path`, `key_path`, `pam_service` ... and 13 others
[INFO] [stdout] 
[INFO] [stdout] 
[INFO] [stdout] error[E0609]: no field `allow_ssh` on type `Settings`
[INFO] [stdout]    --> src/backups.rs:341:33
[INFO] [stdout]     |
[INFO] [stdout] 341 |         assert_eq!(got.settings.allow_ssh, changed.settings.allow_ssh);
[INFO] [stdout]     |                                 ^^^^^^^^^ unknown field
[INFO] [stdout]     |
[INFO] [stdout]     = note: available fields are: `bind_addr`, `port`, `cert_path`, `key_path`, `pam_service` ... and 13 others
[INFO] [stdout] 
[INFO] [stdout] 
[INFO] [stdout] error[E0609]: no field `allow_ssh` on type `Settings`
[INFO] [stdout]    --> src/backups.rs:341:61
[INFO] [stdout]     |
[INFO] [stdout] 341 |         assert_eq!(got.settings.allow_ssh, changed.settings.allow_ssh);
[INFO] [stdout]     |                                                             ^^^^^^^^^ unknown field
[INFO] [stdout]     |
[INFO] [stdout]     = note: available fields are: `bind_addr`, `port`, `cert_path`, `key_path`, `pam_service` ... and 13 others
[INFO] [stdout] 
[INFO] [stdout] 
[INFO] [stdout] error[E0609]: no field `allow_ssh` on type `Settings`
[INFO] [stdout]    --> src/backups.rs:352:33
[INFO] [stdout]     |
[INFO] [stdout] 352 |         assert_eq!(cur.settings.allow_ssh, base.settings.allow_ssh);
[INFO] [stdout]     |                                 ^^^^^^^^^ unknown field
[INFO] [stdout]     |
[INFO] [stdout]     = note: available fields are: `bind_addr`, `port`, `cert_path`, `key_path`, `pam_service` ... and 13 others
[INFO] [stdout] 
[INFO] [stdout] 
[INFO] [stdout] error[E0609]: no field `allow_ssh` on type `Settings`
[INFO] [stdout]    --> src/backups.rs:352:58
[INFO] [stdout]     |
[INFO] [stdout] 352 |         assert_eq!(cur.settings.allow_ssh, base.settings.allow_ssh);
[INFO] [stdout]     |                                                          ^^^^^^^^^ unknown field
[INFO] [stdout]     |
[INFO] [stdout]     = note: available fields are: `bind_addr`, `port`, `cert_path`, `key_path`, `pam_service` ... and 13 others
[INFO] [stdout] 
[INFO] [stdout] 
[INFO] [stdout] Some errors have detailed explanations: E0106, E0609.
[INFO] [stdout] 
[INFO] [stdout] For more information about an error, try `rustc --explain E0106`.
[INFO] [stdout] 
[INFO] [stderr] error: could not compile `parapet` (bin "parapet" test) due to 7 previous errors
[INFO] running `Command { std: "docker" "inspect" "006215046a86cf655f27aedfbfb63c83f5b9ca2c50244c78a47b8bd2afe61d71", kill_on_drop: false }`
[INFO] running `Command { std: "docker" "rm" "-f" "006215046a86cf655f27aedfbfb63c83f5b9ca2c50244c78a47b8bd2afe61d71", kill_on_drop: false }`
[INFO] [stdout] 006215046a86cf655f27aedfbfb63c83f5b9ca2c50244c78a47b8bd2afe61d71
