[INFO] cloning repository https://github.com/micro-tech/proxy_logger
[INFO] running `Command { std: "git" "-c" "credential.helper=" "-c" "credential.helper=/workspace/cargo-home/bin/git-credential-null" "clone" "--bare" "https://github.com/micro-tech/proxy_logger" "/workspace/cache/git-repos/https%3A%2F%2Fgithub.com%2Fmicro-tech%2Fproxy_logger", kill_on_drop: false }`
[INFO] [stderr] Cloning into bare repository '/workspace/cache/git-repos/https%3A%2F%2Fgithub.com%2Fmicro-tech%2Fproxy_logger'...
[INFO] running `Command { std: "git" "rev-parse" "HEAD", kill_on_drop: false }`
[INFO] [stdout] 9cb75ca474e163efb098e8fdb757a349bfccf1a8
[INFO] checking micro-tech/proxy_logger against 3154cc1a3e6424e44f438a95007d043ed5ceaaf6 for pr-133502-30
[INFO] running `Command { std: "git" "clone" "/workspace/cache/git-repos/https%3A%2F%2Fgithub.com%2Fmicro-tech%2Fproxy_logger" "/workspace/builds/worker-3-tc2/source", kill_on_drop: false }`
[INFO] [stderr] Cloning into '/workspace/builds/worker-3-tc2/source'...
[INFO] [stderr] done.
[INFO] started tweaking git repo https://github.com/micro-tech/proxy_logger
[INFO] finished tweaking git repo https://github.com/micro-tech/proxy_logger
[INFO] tweaked toml for git repo https://github.com/micro-tech/proxy_logger written to /workspace/builds/worker-3-tc2/source/Cargo.toml
[INFO] validating manifest of git repo https://github.com/micro-tech/proxy_logger on toolchain 3154cc1a3e6424e44f438a95007d043ed5ceaaf6
[INFO] running `Command { std: CARGO_HOME="/workspace/cargo-home" RUSTUP_HOME="/workspace/rustup-home" "/workspace/cargo-home/bin/cargo" "+3154cc1a3e6424e44f438a95007d043ed5ceaaf6" "metadata" "--manifest-path" "Cargo.toml" "--no-deps", kill_on_drop: false }`
[INFO] crate git repo https://github.com/micro-tech/proxy_logger already has a lockfile, it will not be regenerated
[INFO] running `Command { std: CARGO_HOME="/workspace/cargo-home" RUSTUP_HOME="/workspace/rustup-home" "/workspace/cargo-home/bin/cargo" "+3154cc1a3e6424e44f438a95007d043ed5ceaaf6" "fetch" "--manifest-path" "Cargo.toml", kill_on_drop: false }`
[INFO] running `Command { std: "docker" "create" "-v" "/var/lib/crater-agent-workspace/builds/worker-3-tc2/source:/opt/rustwide/workdir:ro,Z" "-v" "/var/lib/crater-agent-workspace/builds/worker-3-tc2/target:/opt/rustwide/target:rw,Z" "-v" "/var/lib/crater-agent-workspace/cargo-home:/opt/rustwide/cargo-home:ro,Z" "-v" "/var/lib/crater-agent-workspace/rustup-home:/opt/rustwide/rustup-home:ro,Z" "-m" "1610612736" "--network" "none" "ghcr.io/rust-lang/crates-build-env/linux@sha256:77db811e55d90add9212f6832c23229e3de5f1c1f9905e8cb07319ea15df73ac" "sleep" "infinity", kill_on_drop: false }`
[INFO] [stdout] ea166bcf801ef4fa44da69d9c7a98dbc9a2f45421d37bcc49a10faa74989bfc5
[INFO] running `Command { std: "docker" "start" "ea166bcf801ef4fa44da69d9c7a98dbc9a2f45421d37bcc49a10faa74989bfc5", kill_on_drop: false }`
[INFO] running `Command { std: "docker" "inspect" "ea166bcf801ef4fa44da69d9c7a98dbc9a2f45421d37bcc49a10faa74989bfc5", kill_on_drop: false }`
[INFO] running `Command { std: "docker" "exec" "-e" "SOURCE_DIR=/opt/rustwide/workdir" "-e" "CARGO_HOME=/opt/rustwide/cargo-home" "-e" "RUSTUP_HOME=/opt/rustwide/rustup-home" "-e" "CARGO_TARGET_DIR=/opt/rustwide/target" "-w" "/opt/rustwide/workdir" "--user" "0:0" "ea166bcf801ef4fa44da69d9c7a98dbc9a2f45421d37bcc49a10faa74989bfc5" "/opt/rustwide/cargo-home/bin/cargo" "+3154cc1a3e6424e44f438a95007d043ed5ceaaf6" "metadata" "--no-deps" "--format-version=1", kill_on_drop: false }`
[INFO] running `Command { std: "docker" "inspect" "ea166bcf801ef4fa44da69d9c7a98dbc9a2f45421d37bcc49a10faa74989bfc5", kill_on_drop: false }`
[INFO] running `Command { std: "docker" "exec" "-e" "SOURCE_DIR=/opt/rustwide/workdir" "-e" "CARGO_HOME=/opt/rustwide/cargo-home" "-e" "RUSTUP_HOME=/opt/rustwide/rustup-home" "-e" "CARGO_TARGET_DIR=/opt/rustwide/target" "-e" "CARGO_INCREMENTAL=0" "-e" "RUST_BACKTRACE=full" "-e" "RUSTFLAGS=--cap-lints=forbid" "-e" "RUSTDOCFLAGS=--cap-lints=forbid" "-w" "/opt/rustwide/workdir" "--user" "0:0" "ea166bcf801ef4fa44da69d9c7a98dbc9a2f45421d37bcc49a10faa74989bfc5" "/opt/rustwide/cargo-home/bin/cargo" "+3154cc1a3e6424e44f438a95007d043ed5ceaaf6" "check" "--frozen" "--all" "--all-targets" "--message-format=json", kill_on_drop: false }`
[INFO] [stderr]    Compiling serde v1.0.229
[INFO] [stderr]    Compiling smallvec v1.16.0
[INFO] [stderr]     Checking futures-core v0.3.34
[INFO] [stderr]    Compiling heck v0.4.1
[INFO] [stderr]    Compiling libc v0.2.189
[INFO] [stderr]    Compiling gio v0.15.12
[INFO] [stderr]    Compiling proc-macro-error-attr v1.0.4
[INFO] [stderr]    Compiling syn v1.0.109
[INFO] [stderr]    Compiling syn v3.0.4
[INFO] [stderr]    Compiling windows_x86_64_gnu v0.52.6
[INFO] [stderr]    Compiling thiserror-impl v1.0.69
[INFO] [stderr]    Compiling ucd-trie v0.1.7
[INFO] [stderr]    Compiling gtk v0.15.5
[INFO] [stderr]    Compiling erased-serde v0.4.10
[INFO] [stderr]     Checking hashbrown v0.16.1
[INFO] [stderr]     Checking field-offset v0.3.6
[INFO] [stderr]     Checking futures-util v0.3.34
[INFO] [stderr]     Checking futures-channel v0.3.34
[INFO] [stderr]    Compiling cfg-expr v0.15.8
[INFO] [stderr]     Checking windows-targets v0.52.6
[INFO] [stderr]     Checking libloading v0.7.4
[INFO] [stderr]     Checking windows-result v0.2.0
[INFO] [stderr]     Checking hashbrown v0.14.5
[INFO] [stderr]     Checking winnow v1.0.4
[INFO] [stderr]    Compiling pest v2.9.0
[INFO] [stderr]     Checking windows-strings v0.1.0
[INFO] [stderr]    Compiling windows-interface v0.58.0
[INFO] [stderr]     Checking parking_lot_core v0.9.12
[INFO] [stderr]    Compiling windows-implement v0.58.0
[INFO] [stderr]     Checking hashlink v0.11.1
[INFO] [stderr]     Checking toml_datetime v1.1.1+spec-1.1.0
[INFO] [stderr]     Checking serde_spanned v1.1.1
[INFO] [stderr]     Checking bitflags v2.13.1
[INFO] [stderr]     Checking unicode-segmentation v1.13.3
[INFO] [stderr]     Checking arraydeque v0.5.1
[INFO] [stderr]     Checking convert_case v0.6.0
[INFO] [stderr]     Checking yaml-rust2 v0.11.1
[INFO] [stderr]     Checking serde-untagged v0.1.9
[INFO] [stderr]    Compiling toml_datetime v0.6.11
[INFO] [stderr]    Compiling serde_spanned v0.6.9
[INFO] [stderr]     Checking clap_builder v4.6.6
[INFO] [stderr]     Checking serde_json v1.0.151
[INFO] [stderr]     Checking windows-core v0.58.0
[INFO] [stderr]     Checking parking_lot v0.12.5
[INFO] [stderr]    Compiling toml_edit v0.22.27
[INFO] [stderr]    Compiling toml_edit v0.19.15
[INFO] [stderr]     Checking thiserror v1.0.69
[INFO] [stderr]     Checking pathdiff v0.2.3
[INFO] [stderr]     Checking windows v0.58.0
[INFO] [stderr]    Compiling getrandom v0.2.17
[INFO] [stderr]    Compiling const-random-macro v0.1.16
[INFO] [stderr]     Checking toml_parser v1.1.3+spec-1.1.0
[INFO] [stderr]     Checking const-random v0.1.18
[INFO] [stderr]     Checking dlv-list v0.5.2
[INFO] [stderr]    Compiling pest_meta v2.9.0
[INFO] [stderr]     Checking ordered-multimap v0.7.3
[INFO] [stderr]     Checking futures-executor v0.3.34
[INFO] [stderr]     Checking toml v1.1.4+spec-1.1.0
[INFO] [stderr]     Checking rust-ini v0.21.3
[INFO] [stderr]    Compiling pest_generator v2.9.0
[INFO] [stderr]    Compiling pest_derive v2.9.0
[INFO] [stderr]    Compiling proc-macro-error v1.0.4
[INFO] [stderr]    Compiling proc-macro-crate v1.3.1
[INFO] [stderr]    Compiling toml v0.8.23
[INFO] [stderr]    Compiling glib-macros v0.15.13
[INFO] [stderr]    Compiling gtk3-macros v0.15.6
[INFO] [stderr]    Compiling system-deps v6.2.2
[INFO] [stderr]    Compiling serde_derive v1.0.229
[INFO] [stderr]    Compiling tokio-macros v2.7.2
[INFO] [stderr]    Compiling async-trait v0.1.92
[INFO] [stderr]    Compiling clap_derive v4.6.4
[INFO] [stderr]     Checking tokio v1.53.1
[INFO] [stderr]    Compiling glib-sys v0.15.10
[INFO] [stderr]    Compiling gobject-sys v0.15.10
[INFO] [stderr]    Compiling gio-sys v0.15.10
[INFO] [stderr]    Compiling atk-sys v0.15.1
[INFO] [stderr]    Compiling gdk-pixbuf-sys v0.15.10
[INFO] [stderr]    Compiling pango-sys v0.15.10
[INFO] [stderr]    Compiling cairo-sys-rs v0.15.1
[INFO] [stderr]    Compiling gdk-sys v0.15.1
[INFO] [stderr]    Compiling gtk-sys v0.15.3
[INFO] [stderr]     Checking clap v4.6.6
[INFO] [stderr]     Checking glib v0.15.12
[INFO] [stderr]     Checking json5 v0.4.1
[INFO] [stderr]     Checking ron v0.12.2
[INFO] [stderr]     Checking libappindicator-sys v0.7.3
[INFO] [stderr]     Checking config v0.15.25
[INFO] [stderr]     Checking cairo-rs v0.15.12
[INFO] [stderr]     Checking pango v0.15.10
[INFO] [stderr]     Checking atk v0.15.1
[INFO] [stderr]     Checking gdk-pixbuf v0.15.11
[INFO] [stderr]     Checking gdk v0.15.4
[INFO] [stderr]     Checking libappindicator v0.7.1
[INFO] [stderr]     Checking tray-item v0.7.1
[INFO] [stderr]     Checking proxy_logger v0.1.0 (/opt/rustwide/workdir)
[INFO] [stdout] error[E0433]: cannot find `Win32` in `windows`
[INFO] [stdout]  --> src/firewall.rs:3:5
[INFO] [stdout]   |
[INFO] [stdout] 3 |     Win32::{
[INFO] [stdout]   |     ^^^^^ could not find `Win32` in `windows`
[INFO] [stdout] 
[INFO] [stdout] 
[INFO] [stdout] error[E0432]: unresolved import `windows::core`
[INFO] [stdout]  --> src/firewall.rs:2:5
[INFO] [stdout]   |
[INFO] [stdout] 2 |     core::BSTR,
[INFO] [stdout]   |     ^^^^ could not find `core` in `windows`
[INFO] [stdout] 
[INFO] [stdout] 
[INFO] [stdout] error[E0433]: cannot find `Win32` in `windows`
[INFO] [stdout]  --> src/firewall.rs:3:5
[INFO] [stdout]   |
[INFO] [stdout] 3 |     Win32::{
[INFO] [stdout]   |     ^^^^^ could not find `Win32` in `windows`
[INFO] [stdout] 
[INFO] [stdout] 
[INFO] [stdout] error[E0432]: unresolved import `windows::core`
[INFO] [stdout]  --> src/firewall.rs:2:5
[INFO] [stdout]   |
[INFO] [stdout] 2 |     core::BSTR,
[INFO] [stdout]   |     ^^^^ could not find `core` in `windows`
[INFO] [stdout] 
[INFO] [stdout] 
[INFO] [stdout] error[E0433]: cannot find `core` in `windows`
[INFO] [stdout]   --> src/firewall.rs:13:43
[INFO] [stdout]    |
[INFO] [stdout] 13 | pub fn create_firewall_rule() -> windows::core::Result<()> {
[INFO] [stdout]    |                                           ^^^^ could not find `core` in `windows`
[INFO] [stdout] 
[INFO] [stdout] 
[INFO] [stdout] error[E0433]: cannot find `core` in `windows`
[INFO] [stdout]   --> src/firewall.rs:13:43
[INFO] [stdout]    |
[INFO] [stdout] 13 | pub fn create_firewall_rule() -> windows::core::Result<()> {
[INFO] [stdout]    |                                           ^^^^ could not find `core` in `windows`
[INFO] [stdout] 
[INFO] [stdout] 
[INFO] [stdout] error[E0433]: cannot find `core` in `windows`
[INFO] [stdout]   --> src/firewall.rs:22:23
[INFO] [stdout]    |
[INFO] [stdout] 22 |             &windows::core::GUID::from_u128(0xe2b3c97f_6ae1_41ac_817a_f6f92166d7dd),
[INFO] [stdout]    |                       ^^^^ could not find `core` in `windows`
[INFO] [stdout] 
[INFO] [stdout] 
[INFO] [stdout] error[E0433]: cannot find `core` in `windows`
[INFO] [stdout]   --> src/firewall.rs:22:23
[INFO] [stdout]    |
[INFO] [stdout] 22 |             &windows::core::GUID::from_u128(0xe2b3c97f_6ae1_41ac_817a_f6f92166d7dd),
[INFO] [stdout]    |                       ^^^^ could not find `core` in `windows`
[INFO] [stdout] 
[INFO] [stdout] 
[INFO] [stdout] error[E0433]: cannot find `core` in `windows`
[INFO] [stdout]   --> src/firewall.rs:31:23
[INFO] [stdout]    |
[INFO] [stdout] 31 |             &windows::core::GUID::from_u128(0x2c5bc43e_3369_4c33_ab0c_be9469677af4),
[INFO] [stdout]    |                       ^^^^ could not find `core` in `windows`
[INFO] [stdout] 
[INFO] [stdout] 
[INFO] [stdout] Some errors have detailed explanations: E0432, E0433.
[INFO] [stdout] 
[INFO] [stdout] error[E0433]: cannot find `core` in `windows`
[INFO] [stdout]   --> src/firewall.rs:31:23
[INFO] [stdout]    |
[INFO] [stdout] 31 |             &windows::core::GUID::from_u128(0x2c5bc43e_3369_4c33_ab0c_be9469677af4),
[INFO] [stdout]    |                       ^^^^ could not find `core` in `windows`
[INFO] [stdout] 
[INFO] [stdout] 
[INFO] [stdout] For more information about an error, try `rustc --explain E0432`.
[INFO] [stdout] 
[INFO] [stderr] error: could not compile `proxy_logger` (bin "installer") due to 5 previous errors
[INFO] [stderr] warning: build failed, waiting for other jobs to finish...
[INFO] [stdout] Some errors have detailed explanations: E0432, E0433.
[INFO] [stdout] 
[INFO] [stdout] For more information about an error, try `rustc --explain E0432`.
[INFO] [stdout] 
[INFO] [stderr] error: could not compile `proxy_logger` (bin "installer" test) due to 5 previous errors
[INFO] running `Command { std: "docker" "inspect" "ea166bcf801ef4fa44da69d9c7a98dbc9a2f45421d37bcc49a10faa74989bfc5", kill_on_drop: false }`
[INFO] running `Command { std: "docker" "rm" "-f" "ea166bcf801ef4fa44da69d9c7a98dbc9a2f45421d37bcc49a10faa74989bfc5", kill_on_drop: false }`
[INFO] [stdout] ea166bcf801ef4fa44da69d9c7a98dbc9a2f45421d37bcc49a10faa74989bfc5
