[INFO] cloning repository https://github.com/mickem/nsclient-fleet-server
[INFO] running `Command { std: "git" "-c" "credential.helper=" "-c" "credential.helper=/workspace/cargo-home/bin/git-credential-null" "clone" "--bare" "https://github.com/mickem/nsclient-fleet-server" "/workspace/cache/git-repos/https%3A%2F%2Fgithub.com%2Fmickem%2Fnsclient-fleet-server", kill_on_drop: false }`
[INFO] [stderr] Cloning into bare repository '/workspace/cache/git-repos/https%3A%2F%2Fgithub.com%2Fmickem%2Fnsclient-fleet-server'...
[INFO] running `Command { std: "git" "rev-parse" "HEAD", kill_on_drop: false }`
[INFO] [stdout] 7d9f4cb2ba2535e01c44d06d89c7f9e8e3c68dfd
[INFO] checking mickem/nsclient-fleet-server against 3154cc1a3e6424e44f438a95007d043ed5ceaaf6 for pr-133502-30
[INFO] running `Command { std: "git" "clone" "/workspace/cache/git-repos/https%3A%2F%2Fgithub.com%2Fmickem%2Fnsclient-fleet-server" "/workspace/builds/worker-6-tc2/source", kill_on_drop: false }`
[INFO] [stderr] Cloning into '/workspace/builds/worker-6-tc2/source'...
[INFO] [stderr] done.
[INFO] started tweaking git repo https://github.com/mickem/nsclient-fleet-server
[INFO] finished tweaking git repo https://github.com/mickem/nsclient-fleet-server
[INFO] tweaked toml for git repo https://github.com/mickem/nsclient-fleet-server written to /workspace/builds/worker-6-tc2/source/Cargo.toml
[INFO] validating manifest of git repo https://github.com/mickem/nsclient-fleet-server on toolchain 3154cc1a3e6424e44f438a95007d043ed5ceaaf6
[INFO] running `Command { std: CARGO_HOME="/workspace/cargo-home" RUSTUP_HOME="/workspace/rustup-home" "/workspace/cargo-home/bin/cargo" "+3154cc1a3e6424e44f438a95007d043ed5ceaaf6" "metadata" "--manifest-path" "Cargo.toml" "--no-deps", kill_on_drop: false }`
[INFO] crate git repo https://github.com/mickem/nsclient-fleet-server already has a lockfile, it will not be regenerated
[INFO] running `Command { std: CARGO_HOME="/workspace/cargo-home" RUSTUP_HOME="/workspace/rustup-home" "/workspace/cargo-home/bin/cargo" "+3154cc1a3e6424e44f438a95007d043ed5ceaaf6" "fetch" "--manifest-path" "Cargo.toml", kill_on_drop: false }`
[INFO] running `Command { std: "docker" "create" "-v" "/var/lib/crater-agent-workspace/builds/worker-6-tc2/source:/opt/rustwide/workdir:ro,Z" "-v" "/var/lib/crater-agent-workspace/builds/worker-6-tc2/target:/opt/rustwide/target:rw,Z" "-v" "/var/lib/crater-agent-workspace/cargo-home:/opt/rustwide/cargo-home:ro,Z" "-v" "/var/lib/crater-agent-workspace/rustup-home:/opt/rustwide/rustup-home:ro,Z" "-m" "1610612736" "--network" "none" "ghcr.io/rust-lang/crates-build-env/linux@sha256:77db811e55d90add9212f6832c23229e3de5f1c1f9905e8cb07319ea15df73ac" "sleep" "infinity", kill_on_drop: false }`
[INFO] [stdout] 80c5e41871916feec5664074bb62b8042a15ced95631a7b04b6d526d2fe9e6a3
[INFO] running `Command { std: "docker" "start" "80c5e41871916feec5664074bb62b8042a15ced95631a7b04b6d526d2fe9e6a3", kill_on_drop: false }`
[INFO] running `Command { std: "docker" "inspect" "80c5e41871916feec5664074bb62b8042a15ced95631a7b04b6d526d2fe9e6a3", kill_on_drop: false }`
[INFO] running `Command { std: "docker" "exec" "-e" "SOURCE_DIR=/opt/rustwide/workdir" "-e" "CARGO_HOME=/opt/rustwide/cargo-home" "-e" "RUSTUP_HOME=/opt/rustwide/rustup-home" "-e" "CARGO_TARGET_DIR=/opt/rustwide/target" "-w" "/opt/rustwide/workdir" "--user" "0:0" "80c5e41871916feec5664074bb62b8042a15ced95631a7b04b6d526d2fe9e6a3" "/opt/rustwide/cargo-home/bin/cargo" "+3154cc1a3e6424e44f438a95007d043ed5ceaaf6" "metadata" "--no-deps" "--format-version=1", kill_on_drop: false }`
[INFO] running `Command { std: "docker" "inspect" "80c5e41871916feec5664074bb62b8042a15ced95631a7b04b6d526d2fe9e6a3", kill_on_drop: false }`
[INFO] running `Command { std: "docker" "exec" "-e" "SOURCE_DIR=/opt/rustwide/workdir" "-e" "CARGO_HOME=/opt/rustwide/cargo-home" "-e" "RUSTUP_HOME=/opt/rustwide/rustup-home" "-e" "CARGO_TARGET_DIR=/opt/rustwide/target" "-e" "CARGO_INCREMENTAL=0" "-e" "RUST_BACKTRACE=full" "-e" "RUSTFLAGS=--cap-lints=forbid" "-e" "RUSTDOCFLAGS=--cap-lints=forbid" "-w" "/opt/rustwide/workdir" "--user" "0:0" "80c5e41871916feec5664074bb62b8042a15ced95631a7b04b6d526d2fe9e6a3" "/opt/rustwide/cargo-home/bin/cargo" "+3154cc1a3e6424e44f438a95007d043ed5ceaaf6" "check" "--frozen" "--all" "--all-targets" "--message-format=json", kill_on_drop: false }`
[INFO] [stderr]    Compiling libc v0.2.190
[INFO] [stderr]     Checking smallvec v1.16.2
[INFO] [stderr]    Compiling syn v3.0.6
[INFO] [stderr]     Checking getrandom v0.2.17
[INFO] [stderr]    Compiling syn v2.0.119
[INFO] [stderr]     Checking futures-channel v0.3.34
[INFO] [stderr]     Checking errno v0.3.14
[INFO] [stderr]     Checking socket2 v0.6.5
[INFO] [stderr]     Checking signal-hook-registry v1.4.8
[INFO] [stderr]     Checking rand_core v0.6.4
[INFO] [stderr]     Checking parking_lot_core v0.9.12
[INFO] [stderr]     Checking mio v1.2.3
[INFO] [stderr]    Compiling thiserror v2.0.21
[INFO] [stderr]     Checking crypto-common v0.1.7
[INFO] [stderr]     Checking digest v0.10.7
[INFO] [stderr]    Compiling zerocopy v0.8.59
[INFO] [stderr]     Checking parking_lot v0.12.5
[INFO] [stderr]    Compiling aws-lc-rs v1.18.1
[INFO] [stderr]     Checking indexmap v2.14.2
[INFO] [stderr]    Compiling cfg-if v1.0.5
[INFO] [stderr]     Checking inout v0.1.4
[INFO] [stderr]     Checking cipher v0.4.4
[INFO] [stderr]     Checking universal-hash v0.5.1
[INFO] [stderr]    Compiling futures-core v0.3.34
[INFO] [stderr]     Checking getrandom v0.3.4
[INFO] [stderr]     Checking sha2 v0.10.9
[INFO] [stderr]     Checking base64ct v1.8.3
[INFO] [stderr]     Checking minimal-lexical v0.2.1
[INFO] [stderr]     Checking nom v7.1.3
[INFO] [stderr]     Checking rand_core v0.9.5
[INFO] [stderr]    Compiling generic-array v0.14.7
[INFO] [stderr]    Compiling serde_core v1.0.229
[INFO] [stderr]    Compiling rustls v0.23.45
[INFO] [stderr]    Compiling jobserver v0.1.35
[INFO] [stderr]     Checking lazy_static v1.5.1
[INFO] [stderr]    Compiling futures-sink v0.3.34
[INFO] [stderr]     Checking num-bigint v0.4.8
[INFO] [stderr]    Compiling cc v1.6.0
[INFO] [stderr]     Checking polyval v0.6.2
[INFO] [stderr]     Checking aead v0.5.2
[INFO] [stderr]    Compiling percent-encoding v2.3.2
[INFO] [stderr]    Compiling form_urlencoded v1.2.2
[INFO] [stderr]    Compiling crossbeam-utils v0.8.23
[INFO] [stderr]     Checking ghash v0.5.1
[INFO] [stderr]    Compiling block-buffer v0.10.4
[INFO] [stderr]    Compiling cmake v0.1.58
[INFO] [stderr]     Checking rusticata-macros v4.1.0
[INFO] [stderr]     Checking pem-rfc7468 v0.7.0
[INFO] [stderr]     Checking aes v0.8.4
[INFO] [stderr]     Checking ctr v0.9.2
[INFO] [stderr]     Checking chacha20 v0.9.1
[INFO] [stderr]     Checking poly1305 v0.8.0
[INFO] [stderr]     Checking hmac v0.12.1
[INFO] [stderr]    Compiling num-traits v0.2.19
[INFO] [stderr]    Compiling slab v0.4.12
[INFO] [stderr]    Compiling rustix v1.1.5
[INFO] [stderr]    Compiling futures-task v0.3.34
[INFO] [stderr]    Compiling allocator-api2 v0.2.21
[INFO] [stderr]    Compiling ring v0.17.14
[INFO] [stderr]    Compiling aws-lc-sys v0.45.0
[INFO] [stderr]    Compiling libsqlite3-sys v0.30.1
[INFO] [stderr]    Compiling foldhash v0.1.5
[INFO] [stderr]    Compiling synstructure v0.13.2
[INFO] [stderr]    Compiling oid-registry v0.7.1
[INFO] [stderr]    Compiling synstructure v0.14.0
[INFO] [stderr]    Compiling semver v1.0.28
[INFO] [stderr]    Compiling futures-io v0.3.34
[INFO] [stderr]     Checking const-oid v0.9.6
[INFO] [stderr]     Checking der v0.7.10
[INFO] [stderr]    Compiling futures-util v0.3.34
[INFO] [stderr]     Checking ppv-lite86 v0.2.21
[INFO] [stderr]    Compiling tracing-attributes v0.1.31
[INFO] [stderr]    Compiling thiserror-impl v1.0.69
[INFO] [stderr]     Checking rand_chacha v0.3.1
[INFO] [stderr]    Compiling displaydoc v0.2.7
[INFO] [stderr]    Compiling zerofrom-derive v0.1.8
[INFO] [stderr]    Compiling yoke-derive v0.8.4
[INFO] [stderr]    Compiling zerovec-derive v0.11.6
[INFO] [stderr]    Compiling serde_derive v1.0.229
[INFO] [stderr]    Compiling futures-macro v0.3.34
[INFO] [stderr]     Checking zerofrom v0.1.8
[INFO] [stderr]     Checking tracing v0.1.44
[INFO] [stderr]     Checking yoke v0.8.3
[INFO] [stderr]    Compiling tokio-macros v2.7.2
[INFO] [stderr]     Checking zerovec v0.11.8
[INFO] [stderr]     Checking zerotrie v0.2.5
[INFO] [stderr]     Checking tokio v1.53.1
[INFO] [stderr]     Checking tinystr v0.8.4
[INFO] [stderr]     Checking icu_locale_core v2.3.0
[INFO] [stderr]     Checking potential_utf v0.1.6
[INFO] [stderr]     Checking icu_collections v2.3.0
[INFO] [stderr]    Compiling thiserror-impl v2.0.21
[INFO] [stderr]     Checking icu_provider v2.3.1
[INFO] [stderr]     Checking icu_normalizer v2.3.0
[INFO] [stderr]     Checking icu_properties v2.3.0
[INFO] [stderr]     Checking serde v1.0.229
[INFO] [stderr]     Checking thiserror v1.0.69
[INFO] [stderr]     Checking rand_chacha v0.9.0
[INFO] [stderr]    Compiling asn1-rs-impl v0.2.0
[INFO] [stderr]    Compiling asn1-rs-derive v0.5.1
[INFO] [stderr]     Checking rand v0.9.5
[INFO] [stderr]     Checking idna_adapter v1.2.2
[INFO] [stderr]     Checking idna v1.1.0
[INFO] [stderr]     Checking serde_urlencoded v0.7.1
[INFO] [stderr]     Checking url v2.5.8
[INFO] [stderr]     Checking futures-executor v0.3.34
[INFO] [stderr]     Checking asn1-rs v0.6.2
[INFO] [stderr]     Checking rand v0.8.8
[INFO] [stderr]     Checking ulid v1.2.1
[INFO] [stderr]    Compiling rustc_version v0.4.1
[INFO] [stderr]    Compiling hashbrown v0.15.5
[INFO] [stderr]    Compiling tracing-core v0.1.36
[INFO] [stderr]     Checking aes-gcm v0.10.3
[INFO] [stderr]     Checking chacha20poly1305 v0.10.1
[INFO] [stderr]     Checking hkdf v0.12.4
[INFO] [stderr]     Checking tokio-util v0.7.19
[INFO] [stderr]     Checking spin v0.9.9
[INFO] [stderr]    Compiling parking v2.2.1
[INFO] [stderr]    Compiling crc-catalog v2.5.0
[INFO] [stderr]    Compiling event-listener v5.4.2
[INFO] [stderr]     Checking h2 v0.4.19
[INFO] [stderr]    Compiling crc v3.4.0
[INFO] [stderr]    Compiling crossbeam-queue v0.3.14
[INFO] [stderr]    Compiling futures-intrusive v0.5.0
[INFO] [stderr]    Compiling hashlink v0.10.0
[INFO] [stderr]    Compiling curve25519-dalek v4.1.3
[INFO] [stderr]     Checking der-parser v9.0.0
[INFO] [stderr]    Compiling either v1.18.0
[INFO] [stderr]     Checking spki v0.7.3
[INFO] [stderr]     Checking pem v3.0.6
[INFO] [stderr]    Compiling hybrid-array v0.4.15
[INFO] [stderr]    Compiling cookie v0.18.2
[INFO] [stderr]    Compiling ryu v1.0.23
[INFO] [stderr]    Compiling base64 v0.22.1
[INFO] [stderr]     Checking x509-parser v0.16.0
[INFO] [stderr]    Compiling atoi v2.0.0
[INFO] [stderr]    Compiling flume v0.11.1
[INFO] [stderr]     Checking pkcs8 v0.10.2
[INFO] [stderr]     Checking tower v0.5.3
[INFO] [stderr]     Checking fleet-core v0.1.0 (/opt/rustwide/workdir/crates/core)
[INFO] [stderr]    Compiling curve25519-dalek-derive v0.1.1
[INFO] [stderr]     Checking concurrent-queue v2.5.0
[INFO] [stderr]     Checking yasna v0.5.2
[INFO] [stderr]     Checking signature v2.2.0
[INFO] [stderr]     Checking ed25519 v2.2.3
[INFO] [stderr]    Compiling serde_json v1.0.151
[INFO] [stderr]    Compiling block-buffer v0.12.1
[INFO] [stderr]    Compiling crypto-common v0.2.2
[INFO] [stderr]    Compiling tokio-stream v0.1.19
[INFO] [stderr]     Checking hyper v1.11.1
[INFO] [stderr]    Compiling async-trait v0.1.92
[INFO] [stderr]     Checking futures-lite v2.6.1
[INFO] [stderr]    Compiling sqlx-core v0.8.6
[INFO] [stderr]    Compiling async-io v2.6.0
[INFO] [stderr]    Compiling dotenvy v0.15.7
[INFO] [stderr]    Compiling hex v0.4.3
[INFO] [stderr]     Checking psl-types v2.0.11
[INFO] [stderr]    Compiling crc32fast v1.5.2
[INFO] [stderr]     Checking publicsuffix v2.3.0
[INFO] [stderr]    Compiling digest v0.11.3
[INFO] [stderr]     Checking async-channel v2.5.0
[INFO] [stderr]     Checking ed25519-dalek v2.2.0
[INFO] [stderr]     Checking polling v3.11.0
[INFO] [stderr]     Checking futures v0.3.34
[INFO] [stderr]     Checking piper v0.2.5
[INFO] [stderr]     Checking hyper-util v0.1.21
[INFO] [stderr]    Compiling multer v3.1.0
[INFO] [stderr]     Checking async-task v4.7.1
[INFO] [stderr]    Compiling cpufeatures v0.3.1
[INFO] [stderr]     Checking simd-adler32 v0.3.10
[INFO] [stderr]     Checking regex-syntax v0.8.11
[INFO] [stderr]     Checking blocking v1.7.0
[INFO] [stderr]    Compiling sha2 v0.11.0
[INFO] [stderr]     Checking cookie_store v0.22.1
[INFO] [stderr]     Checking tower-http v0.6.11
[INFO] [stderr]     Checking simple_asn1 v0.6.4
[INFO] [stderr]    Compiling portable-atomic v1.15.0
[INFO] [stderr]    Compiling fleet-storage v0.1.0 (/opt/rustwide/workdir/crates/storage)
[INFO] [stderr]     Checking miniz_oxide v0.9.1
[INFO] [stderr]     Checking regex-automata v0.4.18
[INFO] [stderr]     Checking jsonwebtoken v9.3.1
[INFO] [stderr]    Compiling rust-embed-utils v8.12.0
[INFO] [stderr]     Checking async-net v2.0.0
[INFO] [stderr]     Checking sqlx-sqlite v0.8.6
[INFO] [stderr]     Checking async-http-codec v0.8.0
[INFO] [stderr]     Checking axum-core v0.4.5
[INFO] [stderr]     Checking fleet-proto v0.1.0 (/opt/rustwide/workdir/crates/proto)
[INFO] [stderr]     Checking sharded-slab v0.1.7
[INFO] [stderr]     Checking raw-cpuid v11.6.0
[INFO] [stderr]     Checking serde_path_to_error v0.1.20
[INFO] [stderr]     Checking thread_local v1.1.10
[INFO] [stderr]     Checking bumpalo v3.20.3
[INFO] [stderr]    Compiling zip v2.4.2
[INFO] [stderr]     Checking matchit v0.7.3
[INFO] [stderr]     Checking matchers v0.2.0
[INFO] [stderr]     Checking chrono v0.4.45
[INFO] [stderr]     Checking zopfli v0.8.3
[INFO] [stderr]     Checking tracing-subscriber v0.3.23
[INFO] [stderr]     Checking dashmap v5.5.3
[INFO] [stderr]    Compiling rust-embed-impl v8.12.0
[INFO] [stderr]     Checking flate2 v1.1.10
[INFO] [stderr]     Checking email-encoding v0.4.2
[INFO] [stderr]     Checking password-hash v0.5.0
[INFO] [stderr]     Checking quanta v0.12.6
[INFO] [stderr]     Checking blake2 v0.10.6
[INFO] [stderr]     Checking axum v0.7.9
[INFO] [stderr]    Compiling sqlx-macros-core v0.8.6
[INFO] [stderr]     Checking crossbeam-channel v0.5.17
[INFO] [stderr]     Checking spinning_top v0.3.0
[INFO] [stderr]     Checking rtoolbox v0.0.6
[INFO] [stderr]     Checking nom v8.0.0
[INFO] [stderr]     Checking email_address v0.2.9
[INFO] [stderr]     Checking symlink v0.1.0
[INFO] [stderr]    Compiling fleet-server v0.1.0 (/opt/rustwide/workdir/crates/server)
[INFO] [stderr]     Checking quoted_printable v0.5.2
[INFO] [stderr]     Checking nonzero_ext v0.3.0
[INFO] [stderr]     Checking futures-timer v3.0.4
[INFO] [stderr]     Checking no-std-compat v0.4.1
[INFO] [stderr]     Checking tracing-appender v0.2.5
[INFO] [stderr]     Checking rpassword v7.5.4
[INFO] [stderr]     Checking governor v0.6.3
[INFO] [stderr]     Checking argon2 v0.5.3
[INFO] [stderr]     Checking rust-embed v8.12.0
[INFO] [stderr]     Checking getrandom v0.4.3
[INFO] [stderr]     Checking tempfile v3.27.0
[INFO] [stderr]    Compiling sqlx-macros v0.8.6
[INFO] [stderr]     Checking sqlx v0.8.6
[INFO] [stderr]     Checking axum-extra v0.9.6
[INFO] [stderr]     Checking rustls-webpki v0.103.15
[INFO] [stderr]     Checking rcgen v0.13.2
[INFO] [stderr]     Checking fleet-enrollment v0.1.0 (/opt/rustwide/workdir/crates/enrollment)
[INFO] [stderr]     Checking tokio-rustls v0.26.6
[INFO] [stderr]     Checking futures-rustls v0.26.0
[INFO] [stderr]     Checking hyper-rustls v0.27.10
[INFO] [stderr]     Checking lettre v0.11.23
[INFO] [stderr]     Checking async-web-client v0.6.3
[INFO] [stderr]     Checking reqwest v0.12.28
[INFO] [stderr]     Checking rustls-acme v0.11.1
[INFO] [stderr]     Checking fleet-agent-sim v0.1.0 (/opt/rustwide/workdir/crates/agent-sim)
[INFO] [stdout] error: #[derive(RustEmbed)] folder '/opt/rustwide/workdir/crates/server/../../web/dist/' does not exist. cwd: '/opt/rustwide/workdir'
[INFO] [stdout]   --> crates/server/src/lib.rs:48:1
[INFO] [stdout]    |
[INFO] [stdout] 48 | / #[folder = "../../web/dist/"]
[INFO] [stdout] 49 | | struct EmbeddedFrontend;
[INFO] [stdout]    | |________________________^
[INFO] [stdout] 
[INFO] [stdout] 
[INFO] [stdout] error: #[derive(RustEmbed)] folder '/opt/rustwide/workdir/crates/server/../../web/dist/' does not exist. cwd: '/opt/rustwide/workdir'
[INFO] [stdout]   --> crates/server/src/lib.rs:48:1
[INFO] [stdout]    |
[INFO] [stdout] 48 | / #[folder = "../../web/dist/"]
[INFO] [stdout] 49 | | struct EmbeddedFrontend;
[INFO] [stdout]    | |________________________^
[INFO] [stdout] 
[INFO] [stdout] 
[INFO] [stdout] error[E0599]: no associated function or constant named `get` found for struct `EmbeddedFrontend` in the current scope
[INFO] [stdout]    --> crates/server/src/lib.rs:103:43
[INFO] [stdout]     |
[INFO] [stdout]  49 | struct EmbeddedFrontend;
[INFO] [stdout]     | ----------------------- associated function or constant `get` not found for this struct
[INFO] [stdout] ...
[INFO] [stdout] 103 |     if let Some(file) = EmbeddedFrontend::get(resolved) {
[INFO] [stdout]     |                                           ^^^ associated function or constant not found in `EmbeddedFrontend`
[INFO] [stdout]     |
[INFO] [stdout]     = help: items from traits can only be used if the trait is implemented and in scope
[INFO] [stdout]     = note: the following traits define an item `get`, perhaps you need to implement one of them:
[INFO] [stdout]             candidate #1: `BundleStore`
[INFO] [stdout]             candidate #2: `Embed`
[INFO] [stdout]             candidate #3: `Row`
[INFO] [stdout]             candidate #4: `SliceIndex`
[INFO] [stdout]             candidate #5: `StoresServerSessions`
[INFO] [stdout]             candidate #6: `icu_collections::codepointtrie::cptrie::TypedCodePointTrie`
[INFO] [stdout]             candidate #7: `icu_properties::names::PropertyEnumToValueNameLookup`
[INFO] [stdout]             candidate #8: `icu_provider::baked::DataStore`
[INFO] [stdout]             candidate #9: `nonzero_ext::NonZero`
[INFO] [stdout] 
[INFO] [stdout] 
[INFO] [stdout] error[E0599]: no associated function or constant named `get` found for struct `EmbeddedFrontend` in the current scope
[INFO] [stdout]    --> crates/server/src/lib.rs:115:44
[INFO] [stdout]     |
[INFO] [stdout]  49 | struct EmbeddedFrontend;
[INFO] [stdout]     | ----------------------- associated function or constant `get` not found for this struct
[INFO] [stdout] ...
[INFO] [stdout] 115 |     if let Some(index) = EmbeddedFrontend::get("index.html") {
[INFO] [stdout]     |                                            ^^^ associated function or constant not found in `EmbeddedFrontend`
[INFO] [stdout]     |
[INFO] [stdout]     = help: items from traits can only be used if the trait is implemented and in scope
[INFO] [stdout]     = note: the following traits define an item `get`, perhaps you need to implement one of them:
[INFO] [stdout]             candidate #1: `BundleStore`
[INFO] [stdout]             candidate #2: `Embed`
[INFO] [stdout]             candidate #3: `Row`
[INFO] [stdout]             candidate #4: `SliceIndex`
[INFO] [stdout]             candidate #5: `StoresServerSessions`
[INFO] [stdout]             candidate #6: `icu_collections::codepointtrie::cptrie::TypedCodePointTrie`
[INFO] [stdout]             candidate #7: `icu_properties::names::PropertyEnumToValueNameLookup`
[INFO] [stdout]             candidate #8: `icu_provider::baked::DataStore`
[INFO] [stdout]             candidate #9: `nonzero_ext::NonZero`
[INFO] [stdout] 
[INFO] [stdout] 
[INFO] [stdout] error[E0599]: no associated function or constant named `get` found for struct `EmbeddedFrontend` in the current scope
[INFO] [stdout]    --> crates/server/src/lib.rs:103:43
[INFO] [stdout]     |
[INFO] [stdout]  49 | struct EmbeddedFrontend;
[INFO] [stdout]     | ----------------------- associated function or constant `get` not found for this struct
[INFO] [stdout] ...
[INFO] [stdout] 103 |     if let Some(file) = EmbeddedFrontend::get(resolved) {
[INFO] [stdout]     |                                           ^^^ associated function or constant not found in `EmbeddedFrontend`
[INFO] [stdout]     |
[INFO] [stdout]     = help: items from traits can only be used if the trait is implemented and in scope
[INFO] [stdout]     = note: the following traits define an item `get`, perhaps you need to implement one of them:
[INFO] [stdout]             candidate #1: `BundleStore`
[INFO] [stdout]             candidate #2: `Embed`
[INFO] [stdout]             candidate #3: `Row`
[INFO] [stdout]             candidate #4: `SliceIndex`
[INFO] [stdout]             candidate #5: `StoresServerSessions`
[INFO] [stdout]             candidate #6: `icu_collections::codepointtrie::cptrie::TypedCodePointTrie`
[INFO] [stdout]             candidate #7: `icu_properties::names::PropertyEnumToValueNameLookup`
[INFO] [stdout]             candidate #8: `icu_provider::baked::DataStore`
[INFO] [stdout]             candidate #9: `nonzero_ext::NonZero`
[INFO] [stdout] 
[INFO] [stdout] 
[INFO] [stdout] error[E0599]: no associated function or constant named `get` found for struct `EmbeddedFrontend` in the current scope
[INFO] [stdout]    --> crates/server/src/lib.rs:115:44
[INFO] [stdout]     |
[INFO] [stdout]  49 | struct EmbeddedFrontend;
[INFO] [stdout]     | ----------------------- associated function or constant `get` not found for this struct
[INFO] [stdout] ...
[INFO] [stdout] 115 |     if let Some(index) = EmbeddedFrontend::get("index.html") {
[INFO] [stdout]     |                                            ^^^ associated function or constant not found in `EmbeddedFrontend`
[INFO] [stdout]     |
[INFO] [stdout]     = help: items from traits can only be used if the trait is implemented and in scope
[INFO] [stdout]     = note: the following traits define an item `get`, perhaps you need to implement one of them:
[INFO] [stdout]             candidate #1: `BundleStore`
[INFO] [stdout]             candidate #2: `Embed`
[INFO] [stdout]             candidate #3: `Row`
[INFO] [stdout]             candidate #4: `SliceIndex`
[INFO] [stdout]             candidate #5: `StoresServerSessions`
[INFO] [stdout]             candidate #6: `icu_collections::codepointtrie::cptrie::TypedCodePointTrie`
[INFO] [stdout]             candidate #7: `icu_properties::names::PropertyEnumToValueNameLookup`
[INFO] [stdout]             candidate #8: `icu_provider::baked::DataStore`
[INFO] [stdout]             candidate #9: `nonzero_ext::NonZero`
[INFO] [stdout] 
[INFO] [stdout] 
[INFO] [stdout] For more information about this error, try `rustc --explain E0599`.
[INFO] [stdout] 
[INFO] [stderr] error: could not compile `fleet-server` (lib) due to 3 previous errors
[INFO] [stderr] warning: build failed, waiting for other jobs to finish...
[INFO] [stdout] For more information about this error, try `rustc --explain E0599`.
[INFO] [stdout] 
[INFO] [stderr] error: could not compile `fleet-server` (lib test) due to 3 previous errors
[INFO] [stderr] warning: unused dependency `serde`
[INFO] [stderr]  --> crates/proto/Cargo.toml:9:1
[INFO] [stderr]   |
[INFO] [stderr] 9 | serde.workspace = true
[INFO] [stderr]   | ^^^^^
[INFO] [stderr]   |
[INFO] [stderr]   = note: `cargo::unused_dependencies` is set to `warn` by default
[INFO] [stderr] help: consider removing the dependency on `serde`
[INFO] [stderr] warning: unused dependency `serde_json`
[INFO] [stderr]   --> crates/proto/Cargo.toml:10:1
[INFO] [stderr]    |
[INFO] [stderr] 10 | serde_json.workspace = true
[INFO] [stderr]    | ^^^^^^^^^^
[INFO] [stderr]    |
[INFO] [stderr] help: consider removing the dependency on `serde_json`
[INFO] [stderr] warning: `fleet-proto` (manifest) generated 2 warnings
[INFO] running `Command { std: "docker" "inspect" "80c5e41871916feec5664074bb62b8042a15ced95631a7b04b6d526d2fe9e6a3", kill_on_drop: false }`
[INFO] running `Command { std: "docker" "rm" "-f" "80c5e41871916feec5664074bb62b8042a15ced95631a7b04b6d526d2fe9e6a3", kill_on_drop: false }`
[INFO] [stdout] 80c5e41871916feec5664074bb62b8042a15ced95631a7b04b6d526d2fe9e6a3
