[INFO] cloning repository https://github.com/mickboyko/Alligator
[INFO] running `Command { std: "git" "-c" "credential.helper=" "-c" "credential.helper=/workspace/cargo-home/bin/git-credential-null" "clone" "--bare" "https://github.com/mickboyko/Alligator" "/workspace/cache/git-repos/https%3A%2F%2Fgithub.com%2Fmickboyko%2FAlligator", kill_on_drop: false }`
[INFO] [stderr] Cloning into bare repository '/workspace/cache/git-repos/https%3A%2F%2Fgithub.com%2Fmickboyko%2FAlligator'...
[INFO] running `Command { std: "git" "rev-parse" "HEAD", kill_on_drop: false }`
[INFO] [stdout] 1b0dcca91bbc3f87073e6518559854fd134a0486
[INFO] checking mickboyko/Alligator against 3154cc1a3e6424e44f438a95007d043ed5ceaaf6 for pr-133502-30
[INFO] running `Command { std: "git" "clone" "/workspace/cache/git-repos/https%3A%2F%2Fgithub.com%2Fmickboyko%2FAlligator" "/workspace/builds/worker-0-tc2/source", kill_on_drop: false }`
[INFO] [stderr] Cloning into '/workspace/builds/worker-0-tc2/source'...
[INFO] [stderr] done.
[INFO] started tweaking git repo https://github.com/mickboyko/Alligator
[INFO] finished tweaking git repo https://github.com/mickboyko/Alligator
[INFO] tweaked toml for git repo https://github.com/mickboyko/Alligator written to /workspace/builds/worker-0-tc2/source/Cargo.toml
[INFO] validating manifest of git repo https://github.com/mickboyko/Alligator on toolchain 3154cc1a3e6424e44f438a95007d043ed5ceaaf6
[INFO] running `Command { std: CARGO_HOME="/workspace/cargo-home" RUSTUP_HOME="/workspace/rustup-home" "/workspace/cargo-home/bin/cargo" "+3154cc1a3e6424e44f438a95007d043ed5ceaaf6" "metadata" "--manifest-path" "Cargo.toml" "--no-deps", kill_on_drop: false }`
[INFO] crate git repo https://github.com/mickboyko/Alligator already has a lockfile, it will not be regenerated
[INFO] running `Command { std: CARGO_HOME="/workspace/cargo-home" RUSTUP_HOME="/workspace/rustup-home" "/workspace/cargo-home/bin/cargo" "+3154cc1a3e6424e44f438a95007d043ed5ceaaf6" "fetch" "--manifest-path" "Cargo.toml", kill_on_drop: false }`
[INFO] running `Command { std: "docker" "create" "-v" "/var/lib/crater-agent-workspace/builds/worker-0-tc2/source:/opt/rustwide/workdir:ro,Z" "-v" "/var/lib/crater-agent-workspace/builds/worker-0-tc2/target:/opt/rustwide/target:rw,Z" "-v" "/var/lib/crater-agent-workspace/cargo-home:/opt/rustwide/cargo-home:ro,Z" "-v" "/var/lib/crater-agent-workspace/rustup-home:/opt/rustwide/rustup-home:ro,Z" "-m" "1610612736" "--network" "none" "ghcr.io/rust-lang/crates-build-env/linux@sha256:77db811e55d90add9212f6832c23229e3de5f1c1f9905e8cb07319ea15df73ac" "sleep" "infinity", kill_on_drop: false }`
[INFO] [stdout] 30602b282e22a6a8e3d2fa7b8fe9bcaf16ef502c0fbfe160aa7ad6fbb2580975
[INFO] running `Command { std: "docker" "start" "30602b282e22a6a8e3d2fa7b8fe9bcaf16ef502c0fbfe160aa7ad6fbb2580975", kill_on_drop: false }`
[INFO] running `Command { std: "docker" "inspect" "30602b282e22a6a8e3d2fa7b8fe9bcaf16ef502c0fbfe160aa7ad6fbb2580975", kill_on_drop: false }`
[INFO] running `Command { std: "docker" "exec" "-e" "SOURCE_DIR=/opt/rustwide/workdir" "-e" "CARGO_HOME=/opt/rustwide/cargo-home" "-e" "RUSTUP_HOME=/opt/rustwide/rustup-home" "-e" "CARGO_TARGET_DIR=/opt/rustwide/target" "-w" "/opt/rustwide/workdir" "--user" "0:0" "30602b282e22a6a8e3d2fa7b8fe9bcaf16ef502c0fbfe160aa7ad6fbb2580975" "/opt/rustwide/cargo-home/bin/cargo" "+3154cc1a3e6424e44f438a95007d043ed5ceaaf6" "metadata" "--no-deps" "--format-version=1", kill_on_drop: false }`
[INFO] running `Command { std: "docker" "inspect" "30602b282e22a6a8e3d2fa7b8fe9bcaf16ef502c0fbfe160aa7ad6fbb2580975", kill_on_drop: false }`
[INFO] running `Command { std: "docker" "exec" "-e" "SOURCE_DIR=/opt/rustwide/workdir" "-e" "CARGO_HOME=/opt/rustwide/cargo-home" "-e" "RUSTUP_HOME=/opt/rustwide/rustup-home" "-e" "CARGO_TARGET_DIR=/opt/rustwide/target" "-e" "CARGO_INCREMENTAL=0" "-e" "RUST_BACKTRACE=full" "-e" "RUSTFLAGS=--cap-lints=forbid" "-e" "RUSTDOCFLAGS=--cap-lints=forbid" "-w" "/opt/rustwide/workdir" "--user" "0:0" "30602b282e22a6a8e3d2fa7b8fe9bcaf16ef502c0fbfe160aa7ad6fbb2580975" "/opt/rustwide/cargo-home/bin/cargo" "+3154cc1a3e6424e44f438a95007d043ed5ceaaf6" "check" "--frozen" "--all" "--all-targets" "--message-format=json", kill_on_drop: false }`
[INFO] [stderr]     Checking bitflags v2.13.1
[INFO] [stderr]     Checking smallvec v1.15.2
[INFO] [stderr]     Checking log v0.4.34
[INFO] [stderr]    Compiling rustix v0.38.44
[INFO] [stderr]    Compiling serde_core v1.0.229
[INFO] [stderr]    Compiling instability v0.3.13
[INFO] [stderr]     Checking linux-raw-sys v0.4.15
[INFO] [stderr]     Checking zeroize v1.9.0
[INFO] [stderr]    Compiling rustix v1.1.4
[INFO] [stderr]     Checking crypto-common v0.1.7
[INFO] [stderr]    Compiling syn v3.0.4
[INFO] [stderr]    Compiling syn v2.0.119
[INFO] [stderr]     Checking signal-hook v0.3.18
[INFO] [stderr]     Checking inout v0.1.4
[INFO] [stderr]     Checking itertools v0.13.0
[INFO] [stderr]     Checking castaway v0.2.4
[INFO] [stderr]     Checking mio v1.2.2
[INFO] [stderr]     Checking universal-hash v0.5.1
[INFO] [stderr]     Checking digest v0.10.7
[INFO] [stderr]     Checking parking_lot_core v0.9.12
[INFO] [stderr]     Checking ppv-lite86 v0.2.21
[INFO] [stderr]     Checking unicode-width v0.1.14
[INFO] [stderr]     Checking unicode-segmentation v1.13.3
[INFO] [stderr]    Compiling indoc v2.0.7
[INFO] [stderr]     Checking cipher v0.4.4
[INFO] [stderr]     Checking linux-raw-sys v0.12.1
[INFO] [stderr]    Compiling serde_json v1.0.151
[INFO] [stderr]     Checking compact_str v0.8.2
[INFO] [stderr]     Checking blake2 v0.10.6
[INFO] [stderr]     Checking parking_lot v0.12.5
[INFO] [stderr]     Checking chacha20 v0.9.1
[INFO] [stderr]     Checking poly1305 v0.8.0
[INFO] [stderr]     Checking password-hash v0.5.0
[INFO] [stderr]     Checking signal-hook-mio v0.2.5
[INFO] [stderr]     Checking aead v0.5.2
[INFO] [stderr]     Checking lru v0.12.5
[INFO] [stderr]     Checking cassowary v0.3.0
[INFO] [stderr]     Checking rand_chacha v0.3.1
[INFO] [stderr]     Checking chacha20poly1305 v0.10.1
[INFO] [stderr]     Checking argon2 v0.5.3
[INFO] [stderr]     Checking rand v0.8.8
[INFO] [stderr]     Checking crossterm v0.28.1
[INFO] [stderr]     Checking unicode-truncate v1.1.0
[INFO] [stderr]    Compiling darling_core v0.24.1
[INFO] [stderr]    Compiling derive_more-impl v2.1.1
[INFO] [stderr]    Compiling strum_macros v0.26.4
[INFO] [stderr]    Compiling serde_derive v1.0.229
[INFO] [stderr]     Checking derive_more v2.1.1
[INFO] [stderr]     Checking crossterm v0.29.0
[INFO] [stderr]     Checking strum v0.26.3
[INFO] [stderr]     Checking serde v1.0.229
[INFO] [stderr]    Compiling darling_macro v0.24.1
[INFO] [stderr]    Compiling darling v0.24.1
[INFO] [stderr]     Checking ratatui v0.28.1
[INFO] [stderr]     Checking alligator v0.1.0 (/opt/rustwide/workdir)
[INFO] [stdout] error[E0609]: no field `interval` on type `MockBridge`
[INFO] [stdout]    --> src/lib.rs:153:44
[INFO] [stdout]     |
[INFO] [stdout] 153 |                         thread::sleep(self.interval);
[INFO] [stdout]     |                                            ^^^^^^^^ unknown field
[INFO] [stdout]     |
[INFO] [stdout]     = note: available fields are: `source`, `stream_id`, `room_id`, `room_title`, `author` ... and 3 others
[INFO] [stdout] 
[INFO] [stdout] 
[INFO] [stdout] error[E0609]: no field `interval` on type `MockBridge`
[INFO] [stdout]    --> src/lib.rs:153:44
[INFO] [stdout]     |
[INFO] [stdout] 153 |                         thread::sleep(self.interval);
[INFO] [stdout]     |                                            ^^^^^^^^ unknown field
[INFO] [stdout]     |
[INFO] [stdout]     = note: available fields are: `source`, `stream_id`, `room_id`, `room_title`, `author` ... and 3 others
[INFO] [stdout] 
[INFO] [stdout] 
[INFO] [stdout] error[E0061]: this function takes 8 arguments but 7 arguments were supplied
[INFO] [stdout]    --> src/lib.rs:313:9
[INFO] [stdout]     |
[INFO] [stdout] 313 |           MockBridge::new(
[INFO] [stdout]     |  _________^^^^^^^^^^^^^^^-
[INFO] [stdout] 314 | |             Source::Slack,
[INFO] [stdout] 315 | |             "stream",
[INFO] [stdout] 316 | |             "room",
[INFO] [stdout] ...   |
[INFO] [stdout] 320 | |             Duration::from_millis(5),
[INFO] [stdout] 321 | |         )
[INFO] [stdout]     | |_________- argument #8 of type `std::time::Duration` is missing
[INFO] [stdout]     |
[INFO] [stdout] note: associated function defined here
[INFO] [stdout]    --> src/lib.rs:124:12
[INFO] [stdout]     |
[INFO] [stdout] 124 |     pub fn new(
[INFO] [stdout]     |            ^^^
[INFO] [stdout] ...
[INFO] [stdout] 132 |         max_interval: Duration,
[INFO] [stdout]     |         ----------------------
[INFO] [stdout] help: provide the argument
[INFO] [stdout]     |
[INFO] [stdout] 313 |         MockBridge::new(
[INFO] [stdout] ...
[INFO] [stdout] 320 |             Duration::from_millis(5),
[INFO] [stdout] 321 ~             /* Duration */,
[INFO] [stdout] 322 ~         )
[INFO] [stdout]     |
[INFO] [stdout] 
[INFO] [stdout] 
[INFO] [stdout] For more information about this error, try `rustc --explain E0609`.
[INFO] [stdout] 
[INFO] [stderr] error: could not compile `alligator` (lib) due to 1 previous error
[INFO] [stderr] warning: build failed, waiting for other jobs to finish...
[INFO] [stdout] Some errors have detailed explanations: E0061, E0609.
[INFO] [stdout] 
[INFO] [stdout] For more information about an error, try `rustc --explain E0061`.
[INFO] [stdout] 
[INFO] [stderr] error: could not compile `alligator` (lib test) due to 2 previous errors
[INFO] running `Command { std: "docker" "inspect" "30602b282e22a6a8e3d2fa7b8fe9bcaf16ef502c0fbfe160aa7ad6fbb2580975", kill_on_drop: false }`
[INFO] running `Command { std: "docker" "rm" "-f" "30602b282e22a6a8e3d2fa7b8fe9bcaf16ef502c0fbfe160aa7ad6fbb2580975", kill_on_drop: false }`
[INFO] [stdout] 30602b282e22a6a8e3d2fa7b8fe9bcaf16ef502c0fbfe160aa7ad6fbb2580975
