[INFO] cloning repository https://github.com/michaelbeaumont/talos-unlockr
[INFO] running `Command { std: "git" "-c" "credential.helper=" "-c" "credential.helper=/workspace/cargo-home/bin/git-credential-null" "clone" "--bare" "https://github.com/michaelbeaumont/talos-unlockr" "/workspace/cache/git-repos/https%3A%2F%2Fgithub.com%2Fmichaelbeaumont%2Ftalos-unlockr", kill_on_drop: false }`
[INFO] [stderr] Cloning into bare repository '/workspace/cache/git-repos/https%3A%2F%2Fgithub.com%2Fmichaelbeaumont%2Ftalos-unlockr'...
[INFO] running `Command { std: "git" "rev-parse" "HEAD", kill_on_drop: false }`
[INFO] [stdout] acfeeca50ec036252694d281b307ad902c06a3a8
[INFO] checking michaelbeaumont/talos-unlockr against 3154cc1a3e6424e44f438a95007d043ed5ceaaf6+rustflags=-Znext-solver=coherence for pr-133502-30
[INFO] running `Command { std: "git" "clone" "/workspace/cache/git-repos/https%3A%2F%2Fgithub.com%2Fmichaelbeaumont%2Ftalos-unlockr" "/workspace/builds/worker-0-tc1/source", kill_on_drop: false }`
[INFO] [stderr] Cloning into '/workspace/builds/worker-0-tc1/source'...
[INFO] [stderr] done.
[INFO] started tweaking git repo https://github.com/michaelbeaumont/talos-unlockr
[INFO] finished tweaking git repo https://github.com/michaelbeaumont/talos-unlockr
[INFO] tweaked toml for git repo https://github.com/michaelbeaumont/talos-unlockr written to /workspace/builds/worker-0-tc1/source/Cargo.toml
[INFO] validating manifest of git repo https://github.com/michaelbeaumont/talos-unlockr on toolchain 3154cc1a3e6424e44f438a95007d043ed5ceaaf6
[INFO] running `Command { std: CARGO_HOME="/workspace/cargo-home" RUSTUP_HOME="/workspace/rustup-home" "/workspace/cargo-home/bin/cargo" "+3154cc1a3e6424e44f438a95007d043ed5ceaaf6" "metadata" "--manifest-path" "Cargo.toml" "--no-deps", kill_on_drop: false }`
[INFO] crate git repo https://github.com/michaelbeaumont/talos-unlockr already has a lockfile, it will not be regenerated
[INFO] running `Command { std: CARGO_HOME="/workspace/cargo-home" RUSTUP_HOME="/workspace/rustup-home" "/workspace/cargo-home/bin/cargo" "+3154cc1a3e6424e44f438a95007d043ed5ceaaf6" "fetch" "--manifest-path" "Cargo.toml", kill_on_drop: false }`
[INFO] [stderr]     Updating crates.io index
[INFO] [stderr]  Downloading crates ...
[INFO] [stderr]   Downloaded unicode-ident v1.0.20
[INFO] [stderr]   Downloaded sval_nested v2.16.0
[INFO] [stderr]   Downloaded value-bag-sval2 v1.12.0
[INFO] [stderr]   Downloaded getrandom v0.4.1
[INFO] [stderr]   Downloaded sval_serde v2.16.0
[INFO] [stderr]   Downloaded sval_fmt v2.16.0
[INFO] [stderr]   Downloaded pulldown-cmark-to-cmark v21.0.0
[INFO] [stderr]   Downloaded sval_ref v2.16.0
[INFO] [stderr]   Downloaded sval_json v2.16.0
[INFO] [stderr]   Downloaded sval_dynamic v2.16.0
[INFO] [stderr]   Downloaded serde_fmt v1.0.3
[INFO] [stderr]   Downloaded find-msvc-tools v0.1.4
[INFO] [stderr]   Downloaded tonic-health v0.14.6
[INFO] [stderr]   Downloaded teloxide-macros v0.10.0
[INFO] [stderr]   Downloaded take_mut v0.2.2
[INFO] [stderr]   Downloaded takecell v0.1.1
[INFO] [stderr]   Downloaded sval_buffer v2.16.0
[INFO] [stderr]   Downloaded stacker v0.1.22
[INFO] [stderr]   Downloaded ar_archive_writer v0.2.0
[INFO] [stderr]   Downloaded value-bag-serde1 v1.12.0
[INFO] [stderr]   Downloaded psm v0.1.28
[INFO] [stderr]   Downloaded prost-build v0.14.1
[INFO] [stderr]   Downloaded serde_with_macros v3.15.1
[INFO] [stderr]   Downloaded sval v2.16.0
[INFO] [stderr]   Downloaded cc v1.2.43
[INFO] [stderr]   Downloaded teloxide v0.17.0
[INFO] [stderr]   Downloaded schemars v1.0.4
[INFO] [stderr]   Downloaded serde_with v3.15.1
[INFO] [stderr]   Downloaded axum v0.8.6
[INFO] [stderr]   Downloaded rustls v0.23.34
[INFO] [stderr]   Downloaded teloxide-core v0.13.0
[INFO] [stderr]   Downloaded rc-box v1.3.0
[INFO] [stderr]   Downloaded erasable v1.3.0
[INFO] [stderr]   Downloaded colored v3.0.0
[INFO] [stderr]   Downloaded password-hash v0.6.1
[INFO] [stderr]   Downloaded dptree v0.5.1
[INFO] [stderr]   Downloaded libsystemd v0.7.2
[INFO] [stderr]   Downloaded poly1305 v0.9.0
[INFO] [stderr]   Downloaded chacha20poly1305 v0.11.0
[INFO] running `Command { std: "docker" "create" "-v" "/var/lib/crater-agent-workspace/builds/worker-0-tc1/source:/opt/rustwide/workdir:ro,Z" "-v" "/var/lib/crater-agent-workspace/builds/worker-0-tc1/target:/opt/rustwide/target:rw,Z" "-v" "/var/lib/crater-agent-workspace/cargo-home:/opt/rustwide/cargo-home:ro,Z" "-v" "/var/lib/crater-agent-workspace/rustup-home:/opt/rustwide/rustup-home:ro,Z" "-m" "1610612736" "--network" "none" "ghcr.io/rust-lang/crates-build-env/linux@sha256:77db811e55d90add9212f6832c23229e3de5f1c1f9905e8cb07319ea15df73ac" "sleep" "infinity", kill_on_drop: false }`
[INFO] [stdout] 960ffc5aa934f6128ad8d710147a512d5c97e4dd51cadc1f8e4a87cb182f5f9e
[INFO] running `Command { std: "docker" "start" "960ffc5aa934f6128ad8d710147a512d5c97e4dd51cadc1f8e4a87cb182f5f9e", kill_on_drop: false }`
[INFO] running `Command { std: "docker" "inspect" "960ffc5aa934f6128ad8d710147a512d5c97e4dd51cadc1f8e4a87cb182f5f9e", kill_on_drop: false }`
[INFO] running `Command { std: "docker" "exec" "-e" "SOURCE_DIR=/opt/rustwide/workdir" "-e" "CARGO_HOME=/opt/rustwide/cargo-home" "-e" "RUSTUP_HOME=/opt/rustwide/rustup-home" "-e" "CARGO_TARGET_DIR=/opt/rustwide/target" "-w" "/opt/rustwide/workdir" "--user" "0:0" "960ffc5aa934f6128ad8d710147a512d5c97e4dd51cadc1f8e4a87cb182f5f9e" "/opt/rustwide/cargo-home/bin/cargo" "+3154cc1a3e6424e44f438a95007d043ed5ceaaf6" "metadata" "--no-deps" "--format-version=1", kill_on_drop: false }`
[INFO] running `Command { std: "docker" "inspect" "960ffc5aa934f6128ad8d710147a512d5c97e4dd51cadc1f8e4a87cb182f5f9e", kill_on_drop: false }`
[INFO] running `Command { std: "docker" "exec" "-e" "SOURCE_DIR=/opt/rustwide/workdir" "-e" "CARGO_HOME=/opt/rustwide/cargo-home" "-e" "RUSTUP_HOME=/opt/rustwide/rustup-home" "-e" "CARGO_TARGET_DIR=/opt/rustwide/target" "-e" "CARGO_INCREMENTAL=0" "-e" "RUST_BACKTRACE=full" "-e" "RUSTFLAGS=--cap-lints=forbid -Znext-solver=coherence" "-e" "RUSTDOCFLAGS=--cap-lints=forbid" "-w" "/opt/rustwide/workdir" "--user" "0:0" "960ffc5aa934f6128ad8d710147a512d5c97e4dd51cadc1f8e4a87cb182f5f9e" "/opt/rustwide/cargo-home/bin/cargo" "+3154cc1a3e6424e44f438a95007d043ed5ceaaf6" "check" "--frozen" "--all" "--all-targets" "--message-format=json", kill_on_drop: false }`
[INFO] [stderr]    Compiling unicode-ident v1.0.20
[INFO] [stderr]    Compiling libc v0.2.186
[INFO] [stderr]     Checking futures-sink v0.3.34
[INFO] [stderr]    Compiling find-msvc-tools v0.1.4
[INFO] [stderr]     Checking futures-io v0.3.34
[INFO] [stderr]     Checking hashbrown v0.16.0
[INFO] [stderr]    Compiling either v1.15.0
[INFO] [stderr]    Compiling getrandom v0.4.1
[INFO] [stderr]     Checking value-bag v1.12.0
[INFO] [stderr]     Checking rustls-pki-types v1.13.0
[INFO] [stderr]    Compiling generic-array v0.14.9
[INFO] [stderr]     Checking sync_wrapper v1.0.2
[INFO] [stderr]    Compiling proc-macro2 v1.0.106
[INFO] [stderr]    Compiling rustls v0.23.34
[INFO] [stderr]     Checking hybrid-array v0.4.13
[INFO] [stderr]    Compiling icu_properties_data v2.1.1
[INFO] [stderr]     Checking http-body-util v0.1.3
[INFO] [stderr]     Checking futures-channel v0.3.34
[INFO] [stderr]    Compiling itertools v0.14.0
[INFO] [stderr]    Compiling cc v1.2.43
[INFO] [stderr]    Compiling object v0.32.2
[INFO] [stderr]    Compiling rustix v1.1.2
[INFO] [stderr]    Compiling pulldown-cmark v0.13.0
[INFO] [stderr]     Checking bitflags v2.10.0
[INFO] [stderr]    Compiling getrandom v0.3.4
[INFO] [stderr]    Compiling linux-raw-sys v0.11.0
[INFO] [stderr]     Checking log v0.4.34
[INFO] [stderr]    Compiling regex-syntax v0.8.11
[INFO] [stderr]    Compiling bytes v1.10.1
[INFO] [stderr]     Checking block-buffer v0.10.4
[INFO] [stderr]    Compiling mime_guess v2.0.5
[INFO] [stderr]    Compiling quote v1.0.45
[INFO] [stderr]    Compiling erasable v1.3.0
[INFO] [stderr]    Compiling fixedbitset v0.5.7
[INFO] [stderr]    Compiling indexmap v2.12.0
[INFO] [stderr]    Compiling syn v2.0.117
[INFO] [stderr]    Compiling syn v3.0.3
[INFO] [stderr]    Compiling fastrand v2.3.0
[INFO] [stderr]     Checking rustls-native-certs v0.8.2
[INFO] [stderr]     Checking webpki-roots v1.0.1
[INFO] [stderr]     Checking axum-core v0.5.5
[INFO] [stderr]     Checking anstyle-query v1.1.4
[INFO] [stderr]    Compiling multimap v0.10.1
[INFO] [stderr]     Checking inout v0.2.2
[INFO] [stderr]     Checking block-buffer v0.12.1
[INFO] [stderr]     Checking anstream v1.0.0
[INFO] [stderr]    Compiling regex-automata v0.4.13
[INFO] [stderr]    Compiling petgraph v0.7.1
[INFO] [stderr]     Checking serde_json v1.0.151
[INFO] [stderr]    Compiling ring v0.17.14
[INFO] [stderr]    Compiling stacker v0.1.22
[INFO] [stderr]    Compiling proc-macro-error-attr2 v2.0.0
[INFO] [stderr]    Compiling include_dir_macros v0.7.4
[INFO] [stderr]    Compiling tempfile v3.23.0
[INFO] [stderr]    Compiling pulldown-cmark-to-cmark v21.0.0
[INFO] [stderr]    Compiling nix v0.29.0
[INFO] [stderr]     Checking bytemuck v1.24.0
[INFO] [stderr]    Compiling include_dir v0.7.4
[INFO] [stderr]    Compiling proc-macro-error2 v2.0.1
[INFO] [stderr]     Checking rgb v0.8.52
[INFO] [stderr]     Checking chrono v0.4.42
[INFO] [stderr]     Checking rc-box v1.3.0
[INFO] [stderr]    Compiling nix v0.31.3
[INFO] [stderr]    Compiling itertools v0.10.5
[INFO] [stderr]     Checking take_mut v0.2.2
[INFO] [stderr]     Checking takecell v0.1.1
[INFO] [stderr]     Checking colored v3.0.0
[INFO] [stderr]     Checking base64ct v1.8.0
[INFO] [stderr]     Checking clap_builder v4.6.0
[INFO] [stderr]     Checking jiff v0.2.23
[INFO] [stderr]     Checking password-hash v0.6.1
[INFO] [stderr]     Checking getrandom v0.2.16
[INFO] [stderr]     Checking signal-hook-registry v1.4.6
[INFO] [stderr]     Checking socket2 v0.6.3
[INFO] [stderr]     Checking mio v1.2.0
[INFO] [stderr]     Checking rand_core v0.6.4
[INFO] [stderr]     Checking crypto-common v0.2.2
[INFO] [stderr]     Checking uuid v1.26.1
[INFO] [stderr]     Checking crypto-common v0.1.6
[INFO] [stderr]     Checking digest v0.10.7
[INFO] [stderr]     Checking password-hash v0.5.0
[INFO] [stderr]     Checking aead v0.5.2
[INFO] [stderr]    Compiling regex v1.12.4
[INFO] [stderr]     Checking blake2 v0.10.6
[INFO] [stderr]     Checking sha2 v0.10.9
[INFO] [stderr]     Checking hmac v0.12.1
[INFO] [stderr]     Checking argon2 v0.5.3
[INFO] [stderr]     Checking cipher v0.5.2
[INFO] [stderr]     Checking universal-hash v0.6.1
[INFO] [stderr]     Checking aead v0.6.1
[INFO] [stderr]     Checking poly1305 v0.9.0
[INFO] [stderr]    Compiling futures-macro v0.3.34
[INFO] [stderr]    Compiling serde_derive v1.0.229
[INFO] [stderr]     Checking chacha20 v0.10.1
[INFO] [stderr]     Checking chacha20poly1305 v0.11.0
[INFO] [stderr]     Checking futures-util v0.3.34
[INFO] [stderr]     Checking rustls-webpki v0.103.8
[INFO] [stderr]    Compiling ar_archive_writer v0.2.0
[INFO] [stderr]    Compiling psm v0.1.28
[INFO] [stderr]     Checking env_filter v2.0.0
[INFO] [stderr]     Checking futures-executor v0.3.34
[INFO] [stderr]    Compiling synstructure v0.13.2
[INFO] [stderr]    Compiling darling_core v0.21.3
[INFO] [stderr]    Compiling prettyplease v0.2.37
[INFO] [stderr]     Checking env_logger v0.11.11
[INFO] [stderr]     Checking futures v0.3.34
[INFO] [stderr]     Checking dptree v0.5.1
[INFO] [stderr]     Checking serde v1.0.229
[INFO] [stderr]    Compiling tokio-macros v2.7.0
[INFO] [stderr]    Compiling zerofrom-derive v0.1.6
[INFO] [stderr]    Compiling yoke-derive v0.8.1
[INFO] [stderr]    Compiling tracing-attributes v0.1.30
[INFO] [stderr]    Compiling zerovec-derive v0.11.2
[INFO] [stderr]    Compiling displaydoc v0.2.5
[INFO] [stderr]    Compiling prost-derive v0.14.4
[INFO] [stderr]    Compiling pin-project-internal v1.1.10
[INFO] [stderr]    Compiling thiserror-impl v2.0.17
[INFO] [stderr]    Compiling async-trait v0.1.89
[INFO] [stderr]    Compiling derive_more-impl v1.0.0
[INFO] [stderr]    Compiling teloxide-macros v0.10.0
[INFO] [stderr]     Checking serde_urlencoded v0.7.1
[INFO] [stderr]    Compiling tonic-build v0.14.6
[INFO] [stderr]     Checking tokio v1.53.1
[INFO] [stderr]    Compiling aquamarine v0.6.0
[INFO] [stderr]    Compiling clap_derive v4.6.1
[INFO] [stderr]     Checking zerofrom v0.1.6
[INFO] [stderr]     Checking thiserror v2.0.17
[INFO] [stderr]     Checking pin-project v1.1.10
[INFO] [stderr]     Checking tracing v0.1.41
[INFO] [stderr]     Checking libsystemd v0.7.2
[INFO] [stderr]     Checking yoke v0.8.1
[INFO] [stderr]     Checking zerotrie v0.2.3
[INFO] [stderr]     Checking zerovec v0.11.5
[INFO] [stderr]    Compiling prost v0.14.4
[INFO] [stderr]     Checking derive_more v1.0.0
[INFO] [stderr]    Compiling darling_macro v0.21.3
[INFO] [stderr]    Compiling prost-types v0.14.1
[INFO] [stderr]     Checking tinystr v0.8.2
[INFO] [stderr]     Checking potential_utf v0.1.4
[INFO] [stderr]     Checking icu_collections v2.1.1
[INFO] [stderr]    Compiling darling v0.21.3
[INFO] [stderr]     Checking icu_locale_core v2.1.1
[INFO] [stderr]    Compiling serde_with_macros v3.15.1
[INFO] [stderr]     Checking clap v4.6.1
[INFO] [stderr]     Checking serde_with v3.15.1
[INFO] [stderr]     Checking icu_provider v2.1.1
[INFO] [stderr]    Compiling prost-build v0.14.1
[INFO] [stderr]     Checking tokio-util v0.7.19
[INFO] [stderr]     Checking tokio-rustls v0.26.4
[INFO] [stderr]     Checking icu_properties v2.1.1
[INFO] [stderr]     Checking icu_normalizer v2.1.1
[INFO] [stderr]     Checking h2 v0.4.12
[INFO] [stderr]     Checking tower v0.5.2
[INFO] [stderr]     Checking tokio-stream v0.1.17
[INFO] [stderr]    Compiling tonic-prost-build v0.14.6
[INFO] [stderr]    Compiling talos-unlockr v0.1.0 (/opt/rustwide/workdir)
[INFO] [stderr]     Checking idna_adapter v1.2.1
[INFO] [stderr]     Checking idna v1.1.0
[INFO] [stderr]     Checking axum v0.8.6
[INFO] [stderr]     Checking tower-http v0.6.8
[INFO] [stderr]     Checking url v2.5.7
[INFO] [stderr]     Checking hyper v1.7.0
[INFO] [stderr]     Checking hyper-util v0.1.17
[INFO] [stderr]     Checking hyper-timeout v0.5.2
[INFO] [stderr]     Checking hyper-rustls v0.27.7
[INFO] [stderr]     Checking tonic v0.14.6
[INFO] [stderr]     Checking reqwest v0.12.28
[INFO] [stderr]     Checking teloxide-core v0.13.0
[INFO] [stderr]     Checking tonic-prost v0.14.6
[INFO] [stderr]     Checking tonic-health v0.14.6
[INFO] [stderr]     Checking teloxide v0.17.0
[INFO] [stdout] error[E0432]: unresolved import `chacha20poly1305::aead::OsRng`
[INFO] [stdout]   --> src/grpc.rs:10:44
[INFO] [stdout]    |
[INFO] [stdout] 10 |     aead::{Aead, AeadCore, KeyInit, Nonce, OsRng},
[INFO] [stdout]    |                                            ^^^^^ no `OsRng` in the root
[INFO] [stdout] 
[INFO] [stdout] 
[INFO] [stdout] error[E0432]: unresolved import `chacha20poly1305::aead::OsRng`
[INFO] [stdout]   --> src/grpc.rs:10:44
[INFO] [stdout]    |
[INFO] [stdout] 10 |     aead::{Aead, AeadCore, KeyInit, Nonce, OsRng},
[INFO] [stdout]    |                                            ^^^^^ no `OsRng` in the root
[INFO] [stdout] 
[INFO] [stdout] 
[INFO] [stdout] error[E0599]: no associated function or constant named `generate_nonce` found for struct `ChaChaPoly1305<C, N>` in the current scope
[INFO] [stdout]    --> src/grpc.rs:114:39
[INFO] [stdout]     |
[INFO] [stdout] 114 |         let nonce = ChaCha20Poly1305::generate_nonce(&mut OsRng);
[INFO] [stdout]     |                                       ^^^^^^^^^^^^^^ associated function or constant not found in `ChaChaPoly1305<StreamCipherCoreWrapper<ChaChaCore<R20, Ietf>>>`
[INFO] [stdout]     |
[INFO] [stdout]     = note: the full name for the type has been written to '/opt/rustwide/target/debug/build/talos-unlockr/db8ac3dccb2d90c2/out/talos_unlockr-db8ac3dccb2d90c2.long-type-10964790537841053061.txt'
[INFO] [stdout]     = note: consider using `--verbose` to print the full type name to the console
[INFO] [stdout] help: there is an associated function `generate_key` with a similar name
[INFO] [stdout]     |
[INFO] [stdout] 114 -         let nonce = ChaCha20Poly1305::generate_nonce(&mut OsRng);
[INFO] [stdout] 114 +         let nonce = ChaCha20Poly1305::generate_key(&mut OsRng);
[INFO] [stdout]     |
[INFO] [stdout] 
[INFO] [stdout] 
[INFO] [stdout] error[E0599]: no associated function or constant named `generate_nonce` found for struct `ChaChaPoly1305<C, N>` in the current scope
[INFO] [stdout]    --> src/grpc.rs:114:39
[INFO] [stdout]     |
[INFO] [stdout] 114 |         let nonce = ChaCha20Poly1305::generate_nonce(&mut OsRng);
[INFO] [stdout]     |                                       ^^^^^^^^^^^^^^ associated function or constant not found in `ChaChaPoly1305<StreamCipherCoreWrapper<ChaChaCore<R20, Ietf>>>`
[INFO] [stdout]     |
[INFO] [stdout]     = note: the full name for the type has been written to '/opt/rustwide/target/debug/build/talos-unlockr/cda492c215377562/out/talos_unlockr-cda492c215377562.long-type-242971925371727783.txt'
[INFO] [stdout]     = note: consider using `--verbose` to print the full type name to the console
[INFO] [stdout] help: there is an associated function `generate_key` with a similar name
[INFO] [stdout]     |
[INFO] [stdout] 114 -         let nonce = ChaCha20Poly1305::generate_nonce(&mut OsRng);
[INFO] [stdout] 114 +         let nonce = ChaCha20Poly1305::generate_key(&mut OsRng);
[INFO] [stdout]     |
[INFO] [stdout] 
[INFO] [stdout] 
[INFO] [stdout] Some errors have detailed explanations: E0432, E0599.
[INFO] [stdout] 
[INFO] [stdout] For more information about an error, try `rustc --explain E0432`.
[INFO] [stdout] 
[INFO] [stderr] error: could not compile `talos-unlockr` (lib test) due to 2 previous errors
[INFO] [stderr] warning: build failed, waiting for other jobs to finish...
[INFO] [stdout] Some errors have detailed explanations: E0432, E0599.
[INFO] [stdout] 
[INFO] [stdout] For more information about an error, try `rustc --explain E0432`.
[INFO] [stdout] 
[INFO] [stderr] error: could not compile `talos-unlockr` (lib) due to 2 previous errors
[INFO] running `Command { std: "docker" "inspect" "960ffc5aa934f6128ad8d710147a512d5c97e4dd51cadc1f8e4a87cb182f5f9e", kill_on_drop: false }`
[INFO] running `Command { std: "docker" "rm" "-f" "960ffc5aa934f6128ad8d710147a512d5c97e4dd51cadc1f8e4a87cb182f5f9e", kill_on_drop: false }`
[INFO] [stdout] 960ffc5aa934f6128ad8d710147a512d5c97e4dd51cadc1f8e4a87cb182f5f9e
