[INFO] cloning repository https://github.com/michaelapel-80/CAGEq
[INFO] running `Command { std: "git" "-c" "credential.helper=" "-c" "credential.helper=/workspace/cargo-home/bin/git-credential-null" "clone" "--bare" "https://github.com/michaelapel-80/CAGEq" "/workspace/cache/git-repos/https%3A%2F%2Fgithub.com%2Fmichaelapel-80%2FCAGEq", kill_on_drop: false }`
[INFO] [stderr] Cloning into bare repository '/workspace/cache/git-repos/https%3A%2F%2Fgithub.com%2Fmichaelapel-80%2FCAGEq'...
[INFO] running `Command { std: "git" "rev-parse" "HEAD", kill_on_drop: false }`
[INFO] [stdout] 2842a05927644ea8fd5333e73ff4f4c8e09f82e2
[INFO] checking michaelapel-80/CAGEq against 3154cc1a3e6424e44f438a95007d043ed5ceaaf6 for pr-133502-30
[INFO] running `Command { std: "git" "clone" "/workspace/cache/git-repos/https%3A%2F%2Fgithub.com%2Fmichaelapel-80%2FCAGEq" "/workspace/builds/worker-4-tc2/source", kill_on_drop: false }`
[INFO] [stderr] Cloning into '/workspace/builds/worker-4-tc2/source'...
[INFO] [stderr] done.
[INFO] started tweaking git repo https://github.com/michaelapel-80/CAGEq
[INFO] finished tweaking git repo https://github.com/michaelapel-80/CAGEq
[INFO] tweaked toml for git repo https://github.com/michaelapel-80/CAGEq written to /workspace/builds/worker-4-tc2/source/Cargo.toml
[INFO] validating manifest of git repo https://github.com/michaelapel-80/CAGEq on toolchain 3154cc1a3e6424e44f438a95007d043ed5ceaaf6
[INFO] running `Command { std: CARGO_HOME="/workspace/cargo-home" RUSTUP_HOME="/workspace/rustup-home" "/workspace/cargo-home/bin/cargo" "+3154cc1a3e6424e44f438a95007d043ed5ceaaf6" "metadata" "--manifest-path" "Cargo.toml" "--no-deps", kill_on_drop: false }`
[INFO] crate git repo https://github.com/michaelapel-80/CAGEq already has a lockfile, it will not be regenerated
[INFO] running `Command { std: CARGO_HOME="/workspace/cargo-home" RUSTUP_HOME="/workspace/rustup-home" "/workspace/cargo-home/bin/cargo" "+3154cc1a3e6424e44f438a95007d043ed5ceaaf6" "fetch" "--manifest-path" "Cargo.toml", kill_on_drop: false }`
[INFO] running `Command { std: "docker" "create" "-v" "/var/lib/crater-agent-workspace/builds/worker-4-tc2/source:/opt/rustwide/workdir:ro,Z" "-v" "/var/lib/crater-agent-workspace/builds/worker-4-tc2/target:/opt/rustwide/target:rw,Z" "-v" "/var/lib/crater-agent-workspace/cargo-home:/opt/rustwide/cargo-home:ro,Z" "-v" "/var/lib/crater-agent-workspace/rustup-home:/opt/rustwide/rustup-home:ro,Z" "-m" "1610612736" "--network" "none" "ghcr.io/rust-lang/crates-build-env/linux@sha256:77db811e55d90add9212f6832c23229e3de5f1c1f9905e8cb07319ea15df73ac" "sleep" "infinity", kill_on_drop: false }`
[INFO] [stdout] 11ad0a0d17a020b7219979b0581d19b8d9bb901c0a9e656ca41890e6e8ef1756
[INFO] running `Command { std: "docker" "start" "11ad0a0d17a020b7219979b0581d19b8d9bb901c0a9e656ca41890e6e8ef1756", kill_on_drop: false }`
[INFO] running `Command { std: "docker" "inspect" "11ad0a0d17a020b7219979b0581d19b8d9bb901c0a9e656ca41890e6e8ef1756", kill_on_drop: false }`
[INFO] running `Command { std: "docker" "exec" "-e" "SOURCE_DIR=/opt/rustwide/workdir" "-e" "CARGO_HOME=/opt/rustwide/cargo-home" "-e" "RUSTUP_HOME=/opt/rustwide/rustup-home" "-e" "CARGO_TARGET_DIR=/opt/rustwide/target" "-w" "/opt/rustwide/workdir" "--user" "0:0" "11ad0a0d17a020b7219979b0581d19b8d9bb901c0a9e656ca41890e6e8ef1756" "/opt/rustwide/cargo-home/bin/cargo" "+3154cc1a3e6424e44f438a95007d043ed5ceaaf6" "metadata" "--no-deps" "--format-version=1", kill_on_drop: false }`
[INFO] running `Command { std: "docker" "inspect" "11ad0a0d17a020b7219979b0581d19b8d9bb901c0a9e656ca41890e6e8ef1756", kill_on_drop: false }`
[INFO] running `Command { std: "docker" "exec" "-e" "SOURCE_DIR=/opt/rustwide/workdir" "-e" "CARGO_HOME=/opt/rustwide/cargo-home" "-e" "RUSTUP_HOME=/opt/rustwide/rustup-home" "-e" "CARGO_TARGET_DIR=/opt/rustwide/target" "-e" "CARGO_INCREMENTAL=0" "-e" "RUST_BACKTRACE=full" "-e" "RUSTFLAGS=--cap-lints=forbid" "-e" "RUSTDOCFLAGS=--cap-lints=forbid" "-w" "/opt/rustwide/workdir" "--user" "0:0" "11ad0a0d17a020b7219979b0581d19b8d9bb901c0a9e656ca41890e6e8ef1756" "/opt/rustwide/cargo-home/bin/cargo" "+3154cc1a3e6424e44f438a95007d043ed5ceaaf6" "check" "--frozen" "--all" "--all-targets" "--message-format=json", kill_on_drop: false }`
[INFO] [stderr]    Compiling quote v1.0.46
[INFO] [stderr]    Compiling serde_core v1.0.229
[INFO] [stderr]    Compiling serde v1.0.229
[INFO] [stderr]     Checking cageq-biquad v0.17.1 (/opt/rustwide/workdir/cageq-biquad)
[INFO] [stderr]    Compiling libc v0.2.186
[INFO] [stderr]    Compiling find-msvc-tools v0.1.12
[INFO] [stderr]     Checking smallvec v1.15.2
[INFO] [stderr]     Checking memchr v2.8.3
[INFO] [stderr]    Compiling zmij v1.0.23
[INFO] [stderr]    Compiling cc v1.4.6
[INFO] [stderr]    Compiling serde_json v1.0.150
[INFO] [stderr]     Checking stable_deref_trait v1.2.1
[INFO] [stderr]     Checking hybrid-array v0.4.13
[INFO] [stderr]    Compiling syn v3.0.3
[INFO] [stderr]    Compiling syn v2.0.119
[INFO] [stderr]     Checking litemap v0.8.3
[INFO] [stderr]     Checking writeable v0.6.4
[INFO] [stderr]    Compiling rustversion v1.0.23
[INFO] [stderr]     Checking zeroize v1.9.0
[INFO] [stderr]     Checking block-buffer v0.12.1
[INFO] [stderr]     Checking crypto-common v0.2.2
[INFO] [stderr]     Checking rustls-pki-types v1.15.1
[INFO] [stderr]    Compiling signal-hook v0.3.18
[INFO] [stderr]    Compiling cmake v0.1.58
[INFO] [stderr]     Checking digest v0.11.3
[INFO] [stderr]     Checking errno v0.3.14
[INFO] [stderr]     Checking sha2 v0.11.0
[INFO] [stderr]     Checking signal-hook-registry v1.4.8
[INFO] [stderr]     Checking getrandom v0.2.17
[INFO] [stderr]    Compiling crc32fast v1.5.2
[INFO] [stderr]     Checking os_pipe v1.2.3
[INFO] [stderr]     Checking percent-encoding v2.3.2
[INFO] [stderr]     Checking simd-adler32 v0.3.10
[INFO] [stderr]    Compiling rustls v0.23.45
[INFO] [stderr]     Checking miniz_oxide v0.9.1
[INFO] [stderr]     Checking form_urlencoded v1.2.2
[INFO] [stderr]     Checking sigchld v0.2.4
[INFO] [stderr]     Checking webpki-roots v1.0.9
[INFO] [stderr]     Checking aho-corasick v1.1.5
[INFO] [stderr]    Compiling encoding_rs v0.8.41
[INFO] [stderr]    Compiling autocfg v1.5.1
[INFO] [stderr]     Checking log v0.4.33
[INFO] [stderr]     Checking flate2 v1.1.10
[INFO] [stderr]     Checking webpki-roots v0.26.11
[INFO] [stderr]     Checking shared_child v1.1.1
[INFO] [stderr]     Checking simdutf8 v0.1.5
[INFO] [stderr]     Checking core_detect v1.0.0
[INFO] [stderr]    Compiling multiversion_no_op v1.0.0
[INFO] [stderr]    Compiling cageq-apo v0.17.1 (/opt/rustwide/workdir/cageq-apo)
[INFO] [stderr]     Checking strength_reduce v0.2.4
[INFO] [stderr]    Compiling ebur128 v0.1.10
[INFO] [stderr]     Checking dasp_frame v0.11.0
[INFO] [stderr]     Checking regex-automata v0.4.18
[INFO] [stdout] error[E0433]: cannot find module or crate `channel` in this scope
[INFO] [stdout]    --> cageq-apo/src/lib.rs:512:19
[INFO] [stdout]     |
[INFO] [stdout] 512 |     apo.channel = channel::ControlChannel::create(&id);
[INFO] [stdout]     |                   ^^^^^^^ use of unresolved module or unlinked crate `channel`
[INFO] [stdout]     |
[INFO] [stdout] note: found an item that was configured out
[INFO] [stdout]    --> cageq-apo/src/lib.rs:47:9
[INFO] [stdout]     |
[INFO] [stdout]  47 | pub mod channel;
[INFO] [stdout]     |         ^^^^^^^
[INFO] [stdout]     |
[INFO] [stdout]    ::: cageq-apo/src/channel.rs:35:8
[INFO] [stdout]     |
[INFO] [stdout]  35 | #![cfg(windows)]
[INFO] [stdout]     |        ------- the item is gated here
[INFO] [stdout] help: to make use of source file cageq-apo/src/channel.rs, use `mod channel` in this file to declare the module
[INFO] [stdout]     |
[INFO] [stdout]  47 + mod channel;
[INFO] [stdout]     |
[INFO] [stdout] 
[INFO] [stdout] 
[INFO] [stdout] error[E0433]: cannot find module or crate `channel` in this scope
[INFO] [stdout]    --> cageq-apo/src/lib.rs:512:19
[INFO] [stdout]     |
[INFO] [stdout] 512 |     apo.channel = channel::ControlChannel::create(&id);
[INFO] [stdout]     |                   ^^^^^^^ use of unresolved module or unlinked crate `channel`
[INFO] [stdout]     |
[INFO] [stdout] note: found an item that was configured out
[INFO] [stdout]    --> cageq-apo/src/lib.rs:47:9
[INFO] [stdout]     |
[INFO] [stdout]  47 | pub mod channel;
[INFO] [stdout]     |         ^^^^^^^
[INFO] [stdout]     |
[INFO] [stdout]    ::: cageq-apo/src/channel.rs:35:8
[INFO] [stdout]     |
[INFO] [stdout]  35 | #![cfg(windows)]
[INFO] [stdout]     |        ------- the item is gated here
[INFO] [stdout] help: to make use of source file cageq-apo/src/channel.rs, use `mod channel` in this file to declare the module
[INFO] [stdout]     |
[INFO] [stdout]  47 + mod channel;
[INFO] [stdout]     |
[INFO] [stdout] 
[INFO] [stdout] 
[INFO] [stdout] error[E0433]: cannot find module or crate `channel` in this scope
[INFO] [stdout]    --> cageq-apo/src/lib.rs:178:21
[INFO] [stdout]     |
[INFO] [stdout] 178 |     channel: Option<channel::ControlChannel>,
[INFO] [stdout]     |                     ^^^^^^^ use of unresolved module or unlinked crate `channel`
[INFO] [stdout]     |
[INFO] [stdout] note: found an item that was configured out
[INFO] [stdout]    --> cageq-apo/src/lib.rs:47:9
[INFO] [stdout]     |
[INFO] [stdout]  47 | pub mod channel;
[INFO] [stdout]     |         ^^^^^^^
[INFO] [stdout]     |
[INFO] [stdout]    ::: cageq-apo/src/channel.rs:35:8
[INFO] [stdout]     |
[INFO] [stdout]  35 | #![cfg(windows)]
[INFO] [stdout]     |        ------- the item is gated here
[INFO] [stdout] help: to make use of source file cageq-apo/src/channel.rs, use `mod channel` in this file to declare the module
[INFO] [stdout]     |
[INFO] [stdout]  47 + mod channel;
[INFO] [stdout]     |
[INFO] [stdout] 
[INFO] [stdout] 
[INFO] [stdout] For more information about this error, try `rustc --explain E0433`.
[INFO] [stdout] 
[INFO] [stderr] error: could not compile `cageq-apo` (lib) due to 2 previous errors
[INFO] [stderr] warning: build failed, waiting for other jobs to finish...
[INFO] [stdout] error[E0433]: cannot find module or crate `channel` in this scope
[INFO] [stdout]    --> cageq-apo/src/lib.rs:178:21
[INFO] [stdout]     |
[INFO] [stdout] 178 |     channel: Option<channel::ControlChannel>,
[INFO] [stdout]     |                     ^^^^^^^ use of unresolved module or unlinked crate `channel`
[INFO] [stdout]     |
[INFO] [stdout] note: found an item that was configured out
[INFO] [stdout]    --> cageq-apo/src/lib.rs:47:9
[INFO] [stdout]     |
[INFO] [stdout]  47 | pub mod channel;
[INFO] [stdout]     |         ^^^^^^^
[INFO] [stdout]     |
[INFO] [stdout]    ::: cageq-apo/src/channel.rs:35:8
[INFO] [stdout]     |
[INFO] [stdout]  35 | #![cfg(windows)]
[INFO] [stdout]     |        ------- the item is gated here
[INFO] [stdout] help: to make use of source file cageq-apo/src/channel.rs, use `mod channel` in this file to declare the module
[INFO] [stdout]     |
[INFO] [stdout]  47 + mod channel;
[INFO] [stdout]     |
[INFO] [stdout] 
[INFO] [stdout] 
[INFO] [stdout] For more information about this error, try `rustc --explain E0433`.
[INFO] [stdout] 
[INFO] [stderr] error: could not compile `cageq-apo` (lib test) due to 2 previous errors
[INFO] running `Command { std: "docker" "inspect" "11ad0a0d17a020b7219979b0581d19b8d9bb901c0a9e656ca41890e6e8ef1756", kill_on_drop: false }`
[INFO] running `Command { std: "docker" "rm" "-f" "11ad0a0d17a020b7219979b0581d19b8d9bb901c0a9e656ca41890e6e8ef1756", kill_on_drop: false }`
[INFO] [stdout] 11ad0a0d17a020b7219979b0581d19b8d9bb901c0a9e656ca41890e6e8ef1756
