[INFO] cloning repository https://github.com/mhf-air/u
[INFO] running `Command { std: "git" "-c" "credential.helper=" "-c" "credential.helper=/workspace/cargo-home/bin/git-credential-null" "clone" "--bare" "https://github.com/mhf-air/u" "/workspace/cache/git-repos/https%3A%2F%2Fgithub.com%2Fmhf-air%2Fu", kill_on_drop: false }`
[INFO] [stderr] Cloning into bare repository '/workspace/cache/git-repos/https%3A%2F%2Fgithub.com%2Fmhf-air%2Fu'...
[INFO] running `Command { std: "git" "rev-parse" "HEAD", kill_on_drop: false }`
[INFO] [stdout] 84b555fdd301957454f029621d8bc18416ad13fe
[INFO] checking mhf-air/u against 3154cc1a3e6424e44f438a95007d043ed5ceaaf6+rustflags=-Znext-solver=coherence for pr-133502-30
[INFO] running `Command { std: "git" "clone" "/workspace/cache/git-repos/https%3A%2F%2Fgithub.com%2Fmhf-air%2Fu" "/workspace/builds/worker-1-tc1/source", kill_on_drop: false }`
[INFO] [stderr] Cloning into '/workspace/builds/worker-1-tc1/source'...
[INFO] [stderr] done.
[INFO] started tweaking git repo https://github.com/mhf-air/u
[INFO] finished tweaking git repo https://github.com/mhf-air/u
[INFO] tweaked toml for git repo https://github.com/mhf-air/u written to /workspace/builds/worker-1-tc1/source/Cargo.toml
[INFO] validating manifest of git repo https://github.com/mhf-air/u on toolchain 3154cc1a3e6424e44f438a95007d043ed5ceaaf6
[INFO] running `Command { std: CARGO_HOME="/workspace/cargo-home" RUSTUP_HOME="/workspace/rustup-home" "/workspace/cargo-home/bin/cargo" "+3154cc1a3e6424e44f438a95007d043ed5ceaaf6" "metadata" "--manifest-path" "Cargo.toml" "--no-deps", kill_on_drop: false }`
[INFO] crate git repo https://github.com/mhf-air/u already has a lockfile, it will not be regenerated
[INFO] running `Command { std: CARGO_HOME="/workspace/cargo-home" RUSTUP_HOME="/workspace/rustup-home" "/workspace/cargo-home/bin/cargo" "+3154cc1a3e6424e44f438a95007d043ed5ceaaf6" "fetch" "--manifest-path" "Cargo.toml", kill_on_drop: false }`
[INFO] [stderr]  Downloading crates ...
[INFO] [stderr]   Downloaded proc-macro2 v1.0.26
[INFO] [stderr]   Downloaded serde_derive v1.0.125
[INFO] [stderr]   Downloaded ctrlc v3.1.9
[INFO] [stderr]   Downloaded serde v1.0.125
[INFO] [stderr]   Downloaded nix v0.20.0
[INFO] [stderr]   Downloaded syn v1.0.72
[INFO] [stderr]   Downloaded libc v0.2.139
[INFO] running `Command { std: "docker" "create" "-v" "/var/lib/crater-agent-workspace/builds/worker-1-tc1/source:/opt/rustwide/workdir:ro,Z" "-v" "/var/lib/crater-agent-workspace/builds/worker-1-tc1/target:/opt/rustwide/target:rw,Z" "-v" "/var/lib/crater-agent-workspace/cargo-home:/opt/rustwide/cargo-home:ro,Z" "-v" "/var/lib/crater-agent-workspace/rustup-home:/opt/rustwide/rustup-home:ro,Z" "-m" "1610612736" "--network" "none" "ghcr.io/rust-lang/crates-build-env/linux@sha256:77db811e55d90add9212f6832c23229e3de5f1c1f9905e8cb07319ea15df73ac" "sleep" "infinity", kill_on_drop: false }`
[INFO] [stdout] 6eeafa0393f2434efc6f8151adbd4bbdfb7c184c22e299fe86be8f62a2d9d2e2
[INFO] running `Command { std: "docker" "start" "6eeafa0393f2434efc6f8151adbd4bbdfb7c184c22e299fe86be8f62a2d9d2e2", kill_on_drop: false }`
[INFO] running `Command { std: "docker" "inspect" "6eeafa0393f2434efc6f8151adbd4bbdfb7c184c22e299fe86be8f62a2d9d2e2", kill_on_drop: false }`
[INFO] running `Command { std: "docker" "exec" "-e" "SOURCE_DIR=/opt/rustwide/workdir" "-e" "CARGO_HOME=/opt/rustwide/cargo-home" "-e" "RUSTUP_HOME=/opt/rustwide/rustup-home" "-e" "CARGO_TARGET_DIR=/opt/rustwide/target" "-w" "/opt/rustwide/workdir" "--user" "0:0" "6eeafa0393f2434efc6f8151adbd4bbdfb7c184c22e299fe86be8f62a2d9d2e2" "/opt/rustwide/cargo-home/bin/cargo" "+3154cc1a3e6424e44f438a95007d043ed5ceaaf6" "metadata" "--no-deps" "--format-version=1", kill_on_drop: false }`
[INFO] running `Command { std: "docker" "inspect" "6eeafa0393f2434efc6f8151adbd4bbdfb7c184c22e299fe86be8f62a2d9d2e2", kill_on_drop: false }`
[INFO] running `Command { std: "docker" "exec" "-e" "SOURCE_DIR=/opt/rustwide/workdir" "-e" "CARGO_HOME=/opt/rustwide/cargo-home" "-e" "RUSTUP_HOME=/opt/rustwide/rustup-home" "-e" "CARGO_TARGET_DIR=/opt/rustwide/target" "-e" "CARGO_INCREMENTAL=0" "-e" "RUST_BACKTRACE=full" "-e" "RUSTFLAGS=--cap-lints=forbid -Znext-solver=coherence" "-e" "RUSTDOCFLAGS=--cap-lints=forbid" "-w" "/opt/rustwide/workdir" "--user" "0:0" "6eeafa0393f2434efc6f8151adbd4bbdfb7c184c22e299fe86be8f62a2d9d2e2" "/opt/rustwide/cargo-home/bin/cargo" "+3154cc1a3e6424e44f438a95007d043ed5ceaaf6" "check" "--frozen" "--all" "--all-targets" "--message-format=json", kill_on_drop: false }`
[INFO] [stderr]    Compiling proc-macro2 v1.0.26
[INFO] [stderr]    Compiling syn v1.0.72
[INFO] [stderr]    Compiling libc v0.2.139
[INFO] [stderr]    Compiling serde_derive v1.0.125
[INFO] [stderr]    Compiling serde v1.0.125
[INFO] [stderr]    Compiling serde_json v1.0.64
[INFO] [stderr]     Checking itoa v0.4.7
[INFO] [stderr]    Compiling quote v1.0.9
[INFO] [stderr]     Checking nix v0.20.0
[INFO] [stderr]     Checking ctrlc v3.1.9
[INFO] [stderr]     Checking u v0.1.0 (/opt/rustwide/workdir)
[INFO] [stdout] warning: use of deprecated constant `std::usize::MAX`: replaced by the `MAX` associated constant on this type
[INFO] [stdout]    --> src/compile/lex.rs:116:37
[INFO] [stdout]     |
[INFO] [stdout] 116 |                 column: std::usize::MAX,
[INFO] [stdout]     |                                     ^^^
[INFO] [stdout]     |
[INFO] [stdout]     = note: `#[warn(deprecated)]` on by default
[INFO] [stdout] 
[INFO] [stdout] 
[INFO] [stdout] warning: use of deprecated constant `std::usize::MAX`: replaced by the `MAX` associated constant on this type
[INFO] [stdout]     --> src/compile/lex.rs:1166:45
[INFO] [stdout]      |
[INFO] [stdout] 1166 |             if s.span.column == std::usize::MAX {
[INFO] [stdout]      |                                             ^^^
[INFO] [stdout] 
[INFO] [stdout] 
[INFO] [stdout] warning: use of deprecated constant `std::usize::MAX`: replaced by the `MAX` associated constant on this type
[INFO] [stdout]    --> src/compile/parse.rs:196:45
[INFO] [stdout]     |
[INFO] [stdout] 196 |         if token.span.column == std::usize::MAX {
[INFO] [stdout]     |                                             ^^^
[INFO] [stdout] 
[INFO] [stdout] 
[INFO] [stdout] warning: use of deprecated constant `std::usize::MAX`: replaced by the `MAX` associated constant on this type
[INFO] [stdout]    --> src/compile/lex.rs:116:37
[INFO] [stdout]     |
[INFO] [stdout] 116 |                 column: std::usize::MAX,
[INFO] [stdout]     |                                     ^^^
[INFO] [stdout]     |
[INFO] [stdout]     = note: `#[warn(deprecated)]` on by default
[INFO] [stdout] 
[INFO] [stdout] 
[INFO] [stdout] warning: use of deprecated constant `std::usize::MAX`: replaced by the `MAX` associated constant on this type
[INFO] [stdout]     --> src/compile/lex.rs:1166:45
[INFO] [stdout]      |
[INFO] [stdout] 1166 |             if s.span.column == std::usize::MAX {
[INFO] [stdout]      |                                             ^^^
[INFO] [stdout] 
[INFO] [stdout] 
[INFO] [stdout] warning: use of deprecated constant `std::usize::MAX`: replaced by the `MAX` associated constant on this type
[INFO] [stdout]    --> src/compile/parse.rs:196:45
[INFO] [stdout]     |
[INFO] [stdout] 196 |         if token.span.column == std::usize::MAX {
[INFO] [stdout]     |                                             ^^^
[INFO] [stdout] 
[INFO] [stdout] 
[INFO] [stdout] error[E0308]: mismatched types
[INFO] [stdout]    --> bin/u-cargo-lint.rs:109:21
[INFO] [stdout]     |
[INFO] [stdout] 109 |                 let (_, is_main) = compile.get_rs_path()?;
[INFO] [stdout]     |                     ^^^^^^^^^^^^   ---------------------- this expression has type `PathBuf`
[INFO] [stdout]     |                     |
[INFO] [stdout]     |                     expected `PathBuf`, found `(_, _)`
[INFO] [stdout]     |
[INFO] [stdout]     = note: expected struct `PathBuf`
[INFO] [stdout]                 found tuple `(_, _)`
[INFO] [stdout] 
[INFO] [stdout] 
[INFO] [stdout] error[E0061]: this method takes 0 arguments but 1 argument was supplied
[INFO] [stdout]    --> bin/u-cargo-lint.rs:151:13
[INFO] [stdout]     |
[INFO] [stdout] 151 |     match p.to_rust(is_main) {
[INFO] [stdout]     |             ^^^^^^^ ------- unexpected argument of type `bool`
[INFO] [stdout]     |
[INFO] [stdout] note: method defined here
[INFO] [stdout]    --> src/compile/parse.rs:142:12
[INFO] [stdout]     |
[INFO] [stdout] 142 |     pub fn to_rust(self) -> Result<LangFormatter, ParseError> {
[INFO] [stdout]     |            ^^^^^^^
[INFO] [stdout] help: remove the extra argument
[INFO] [stdout]     |
[INFO] [stdout] 151 -     match p.to_rust(is_main) {
[INFO] [stdout] 151 +     match p.to_rust() {
[INFO] [stdout]     |
[INFO] [stdout] 
[INFO] [stdout] 
[INFO] [stdout] error[E0599]: no variant, associated function, or constant named `Test` found for enum `ItemPayload` in the current scope
[INFO] [stdout]    --> bin/utags.rs:168:29
[INFO] [stdout]     |
[INFO] [stdout] 168 |             u::ItemPayload::Test(a) => {
[INFO] [stdout]     |                             ^^^^ variant, associated function, or constant not found in `ItemPayload`
[INFO] [stdout] 
[INFO] [stdout] 
[INFO] [stdout] error[E0308]: mismatched types
[INFO] [stdout]    --> bin/utags.rs:166:32
[INFO] [stdout]     |
[INFO] [stdout] 166 |                 parse_items(p, &a.items, filepath, &new_mod);
[INFO] [stdout]     |                 -----------    ^^^^^^^^ expected `&[Item]`, found `&Option<Vec<Item>>`
[INFO] [stdout]     |                 |
[INFO] [stdout]     |                 arguments to this function are incorrect
[INFO] [stdout]     |
[INFO] [stdout]     = note: expected reference `&[u::Item]`
[INFO] [stdout]                found reference `&Option<Vec<u::Item>>`
[INFO] [stdout] note: function defined here
[INFO] [stdout]    --> bin/utags.rs:137:4
[INFO] [stdout]     |
[INFO] [stdout] 137 | fn parse_items(p: &mut String, items: &[u::Item], filepath: &str, mod_: &Vec<&str>) {
[INFO] [stdout]     |    ^^^^^^^^^^^                 -----------------
[INFO] [stdout] 
[INFO] [stdout] 
[INFO] [stdout] error[E0061]: this function takes 1 argument but 2 arguments were supplied
[INFO] [stdout]    --> bin/utags.rs:332:25
[INFO] [stdout]     |
[INFO] [stdout] 332 |     let mut formatter = u::LangFormatter::new(false, Vec::new());
[INFO] [stdout]     |                         ^^^^^^^^^^^^^^^^^^^^^ ----- unexpected argument #1 of type `bool`
[INFO] [stdout]     |
[INFO] [stdout] note: associated function defined here
[INFO] [stdout]    --> src/compile/ast.rs:41:12
[INFO] [stdout]     |
[INFO] [stdout]  41 |     pub fn new(comments: Vec<Comment>) -> LangFormatter {
[INFO] [stdout]     |            ^^^
[INFO] [stdout] help: remove the extra argument
[INFO] [stdout]     |
[INFO] [stdout] 332 -     let mut formatter = u::LangFormatter::new(false, Vec::new());
[INFO] [stdout] 332 +     let mut formatter = u::LangFormatter::new(Vec::new());
[INFO] [stdout]     |
[INFO] [stdout] 
[INFO] [stdout] 
[INFO] [stdout] error[E0308]: mismatched types
[INFO] [stdout]    --> bin/u-cargo-lint.rs:109:21
[INFO] [stdout]     |
[INFO] [stdout] 109 |                 let (_, is_main) = compile.get_rs_path()?;
[INFO] [stdout]     |                     ^^^^^^^^^^^^   ---------------------- this expression has type `PathBuf`
[INFO] [stdout]     |                     |
[INFO] [stdout]     |                     expected `PathBuf`, found `(_, _)`
[INFO] [stdout]     |
[INFO] [stdout]     = note: expected struct `PathBuf`
[INFO] [stdout]                 found tuple `(_, _)`
[INFO] [stdout] 
[INFO] [stdout] 
[INFO] [stdout] error[E0277]: the trait bound `SelfParamType: ToLang` is not satisfied
[INFO] [stdout]    --> bin/utags.rs:387:34
[INFO] [stdout]     |
[INFO] [stdout] 387 |                 p.push_str(&to_u(type_));
[INFO] [stdout]     |                             ---- ^^^^^ the trait `ToLang` is not implemented for `SelfParamType`
[INFO] [stdout]     |                             |
[INFO] [stdout]     |                             required by a bound introduced by this call
[INFO] [stdout]     |
[INFO] [stdout]     = help: the following other types implement trait `ToLang`:
[INFO] [stdout]               AssociatedItem
[INFO] [stdout]               Attr
[INFO] [stdout]               Attrs
[INFO] [stdout]               Comment
[INFO] [stdout]               Conditions
[INFO] [stdout]               EnumItem
[INFO] [stdout]               ExprArray
[INFO] [stdout]               ExprAsyncBlock
[INFO] [stdout]             and 94 others
[INFO] [stdout] note: required by a bound in `to_u`
[INFO] [stdout]    --> bin/utags.rs:331:18
[INFO] [stdout]     |
[INFO] [stdout] 331 | fn to_u(a: &impl ToLang) -> String {
[INFO] [stdout]     |                  ^^^^^^ required by this bound in `to_u`
[INFO] [stdout] 
[INFO] [stdout] 
[INFO] [stdout] error[E0061]: this method takes 0 arguments but 1 argument was supplied
[INFO] [stdout]    --> bin/u-cargo-lint.rs:151:13
[INFO] [stdout]     |
[INFO] [stdout] 151 |     match p.to_rust(is_main) {
[INFO] [stdout]     |             ^^^^^^^ ------- unexpected argument of type `bool`
[INFO] [stdout]     |
[INFO] [stdout] note: method defined here
[INFO] [stdout]    --> src/compile/parse.rs:142:12
[INFO] [stdout]     |
[INFO] [stdout] 142 |     pub fn to_rust(self) -> Result<LangFormatter, ParseError> {
[INFO] [stdout]     |            ^^^^^^^
[INFO] [stdout] help: remove the extra argument
[INFO] [stdout]     |
[INFO] [stdout] 151 -     match p.to_rust(is_main) {
[INFO] [stdout] 151 +     match p.to_rust() {
[INFO] [stdout]     |
[INFO] [stdout] 
[INFO] [stdout] 
[INFO] [stdout] Some errors have detailed explanations: E0061, E0308.
[INFO] [stdout] 
[INFO] [stdout] For more information about an error, try `rustc --explain E0061`.
[INFO] [stdout] 
[INFO] [stderr] error: could not compile `u` (bin "u-cargo-lint") due to 2 previous errors
[INFO] [stderr] warning: build failed, waiting for other jobs to finish...
[INFO] [stdout] Some errors have detailed explanations: E0061, E0277, E0308, E0599.
[INFO] [stdout] 
[INFO] [stdout] For more information about an error, try `rustc --explain E0061`.
[INFO] [stdout] 
[INFO] [stderr] error: could not compile `u` (bin "utags" test) due to 4 previous errors
[INFO] [stdout] Some errors have detailed explanations: E0061, E0308.
[INFO] [stdout] 
[INFO] [stdout] For more information about an error, try `rustc --explain E0061`.
[INFO] [stdout] 
[INFO] [stdout] error[E0599]: no variant, associated function, or constant named `Test` found for enum `ItemPayload` in the current scope
[INFO] [stdout]    --> bin/utags.rs:168:29
[INFO] [stdout]     |
[INFO] [stdout] 168 |             u::ItemPayload::Test(a) => {
[INFO] [stdout]     |                             ^^^^ variant, associated function, or constant not found in `ItemPayload`
[INFO] [stdout] 
[INFO] [stdout] 
[INFO] [stdout] error[E0308]: mismatched types
[INFO] [stdout]    --> bin/utags.rs:166:32
[INFO] [stdout]     |
[INFO] [stdout] 166 |                 parse_items(p, &a.items, filepath, &new_mod);
[INFO] [stdout]     |                 -----------    ^^^^^^^^ expected `&[Item]`, found `&Option<Vec<Item>>`
[INFO] [stdout]     |                 |
[INFO] [stdout]     |                 arguments to this function are incorrect
[INFO] [stdout]     |
[INFO] [stdout]     = note: expected reference `&[u::Item]`
[INFO] [stdout]                found reference `&Option<Vec<u::Item>>`
[INFO] [stdout] note: function defined here
[INFO] [stdout]    --> bin/utags.rs:137:4
[INFO] [stdout]     |
[INFO] [stdout] 137 | fn parse_items(p: &mut String, items: &[u::Item], filepath: &str, mod_: &Vec<&str>) {
[INFO] [stdout]     |    ^^^^^^^^^^^                 -----------------
[INFO] [stdout] 
[INFO] [stdout] 
[INFO] [stderr] error: could not compile `u` (bin "u-cargo-lint" test) due to 2 previous errors
[INFO] [stdout] error[E0061]: this function takes 1 argument but 2 arguments were supplied
[INFO] [stdout]    --> bin/utags.rs:332:25
[INFO] [stdout]     |
[INFO] [stdout] 332 |     let mut formatter = u::LangFormatter::new(false, Vec::new());
[INFO] [stdout]     |                         ^^^^^^^^^^^^^^^^^^^^^ ----- unexpected argument #1 of type `bool`
[INFO] [stdout]     |
[INFO] [stdout] note: associated function defined here
[INFO] [stdout]    --> src/compile/ast.rs:41:12
[INFO] [stdout]     |
[INFO] [stdout]  41 |     pub fn new(comments: Vec<Comment>) -> LangFormatter {
[INFO] [stdout]     |            ^^^
[INFO] [stdout] help: remove the extra argument
[INFO] [stdout]     |
[INFO] [stdout] 332 -     let mut formatter = u::LangFormatter::new(false, Vec::new());
[INFO] [stdout] 332 +     let mut formatter = u::LangFormatter::new(Vec::new());
[INFO] [stdout]     |
[INFO] [stdout] 
[INFO] [stdout] 
[INFO] [stdout] error[E0277]: the trait bound `SelfParamType: ToLang` is not satisfied
[INFO] [stdout]    --> bin/utags.rs:387:34
[INFO] [stdout]     |
[INFO] [stdout] 387 |                 p.push_str(&to_u(type_));
[INFO] [stdout]     |                             ---- ^^^^^ the trait `ToLang` is not implemented for `SelfParamType`
[INFO] [stdout]     |                             |
[INFO] [stdout]     |                             required by a bound introduced by this call
[INFO] [stdout]     |
[INFO] [stdout]     = help: the following other types implement trait `ToLang`:
[INFO] [stdout]               AssociatedItem
[INFO] [stdout]               Attr
[INFO] [stdout]               Attrs
[INFO] [stdout]               Comment
[INFO] [stdout]               Conditions
[INFO] [stdout]               EnumItem
[INFO] [stdout]               ExprArray
[INFO] [stdout]               ExprAsyncBlock
[INFO] [stdout]             and 94 others
[INFO] [stdout] note: required by a bound in `to_u`
[INFO] [stdout]    --> bin/utags.rs:331:18
[INFO] [stdout]     |
[INFO] [stdout] 331 | fn to_u(a: &impl ToLang) -> String {
[INFO] [stdout]     |                  ^^^^^^ required by this bound in `to_u`
[INFO] [stdout] 
[INFO] [stdout] 
[INFO] [stdout] Some errors have detailed explanations: E0061, E0277, E0308, E0599.
[INFO] [stdout] 
[INFO] [stdout] For more information about an error, try `rustc --explain E0061`.
[INFO] [stdout] 
[INFO] [stderr] error: could not compile `u` (bin "utags") due to 4 previous errors
[INFO] [stderr] warning: unused dependency `ctrlc`
[INFO] [stderr]   --> Cargo.toml:14:1
[INFO] [stderr]    |
[INFO] [stderr] 14 | ctrlc = "3.0"
[INFO] [stderr]    | ^^^^^^^^^^^^^
[INFO] [stderr]    |
[INFO] [stderr]    = note: `cargo::unused_dependencies` is set to `warn` by default
[INFO] [stderr] help: consider removing the dependency on `ctrlc`
[INFO] [stderr] warning: `u` (manifest) generated 1 warning
[INFO] running `Command { std: "docker" "inspect" "6eeafa0393f2434efc6f8151adbd4bbdfb7c184c22e299fe86be8f62a2d9d2e2", kill_on_drop: false }`
[INFO] running `Command { std: "docker" "rm" "-f" "6eeafa0393f2434efc6f8151adbd4bbdfb7c184c22e299fe86be8f62a2d9d2e2", kill_on_drop: false }`
[INFO] [stdout] 6eeafa0393f2434efc6f8151adbd4bbdfb7c184c22e299fe86be8f62a2d9d2e2
