[INFO] cloning repository https://github.com/mhackner7/voxels
[INFO] running `Command { std: "git" "-c" "credential.helper=" "-c" "credential.helper=/workspace/cargo-home/bin/git-credential-null" "clone" "--bare" "https://github.com/mhackner7/voxels" "/workspace/cache/git-repos/https%3A%2F%2Fgithub.com%2Fmhackner7%2Fvoxels", kill_on_drop: false }`
[INFO] [stderr] Cloning into bare repository '/workspace/cache/git-repos/https%3A%2F%2Fgithub.com%2Fmhackner7%2Fvoxels'...
[INFO] running `Command { std: "git" "rev-parse" "HEAD", kill_on_drop: false }`
[INFO] [stdout] ddb23aeb792f78ef57bd00e16e331671a5557136
[INFO] checking mhackner7/voxels against 3154cc1a3e6424e44f438a95007d043ed5ceaaf6+rustflags=-Znext-solver=coherence for pr-133502-30
[INFO] running `Command { std: "git" "clone" "/workspace/cache/git-repos/https%3A%2F%2Fgithub.com%2Fmhackner7%2Fvoxels" "/workspace/builds/worker-4-tc1/source", kill_on_drop: false }`
[INFO] [stderr] Cloning into '/workspace/builds/worker-4-tc1/source'...
[INFO] [stderr] done.
[INFO] started tweaking git repo https://github.com/mhackner7/voxels
[INFO] finished tweaking git repo https://github.com/mhackner7/voxels
[INFO] tweaked toml for git repo https://github.com/mhackner7/voxels written to /workspace/builds/worker-4-tc1/source/Cargo.toml
[INFO] validating manifest of git repo https://github.com/mhackner7/voxels on toolchain 3154cc1a3e6424e44f438a95007d043ed5ceaaf6
[INFO] running `Command { std: CARGO_HOME="/workspace/cargo-home" RUSTUP_HOME="/workspace/rustup-home" "/workspace/cargo-home/bin/cargo" "+3154cc1a3e6424e44f438a95007d043ed5ceaaf6" "metadata" "--manifest-path" "Cargo.toml" "--no-deps", kill_on_drop: false }`
[INFO] crate git repo https://github.com/mhackner7/voxels already has a lockfile, it will not be regenerated
[INFO] running `Command { std: CARGO_HOME="/workspace/cargo-home" RUSTUP_HOME="/workspace/rustup-home" "/workspace/cargo-home/bin/cargo" "+3154cc1a3e6424e44f438a95007d043ed5ceaaf6" "fetch" "--manifest-path" "Cargo.toml", kill_on_drop: false }`
[INFO] [stderr]     Updating crates.io index
[INFO] [stderr]  Downloading crates ...
[INFO] [stderr]   Downloaded safe_arch v0.7.4
[INFO] [stderr]   Downloaded pixels v0.17.2
[INFO] [stderr]   Downloaded ultraviolet v0.10.0
[INFO] [stderr]   Downloaded wide v0.7.33
[INFO] running `Command { std: "docker" "create" "-v" "/var/lib/crater-agent-workspace/builds/worker-4-tc1/source:/opt/rustwide/workdir:ro,Z" "-v" "/var/lib/crater-agent-workspace/builds/worker-4-tc1/target:/opt/rustwide/target:rw,Z" "-v" "/var/lib/crater-agent-workspace/cargo-home:/opt/rustwide/cargo-home:ro,Z" "-v" "/var/lib/crater-agent-workspace/rustup-home:/opt/rustwide/rustup-home:ro,Z" "-m" "1610612736" "--network" "none" "ghcr.io/rust-lang/crates-build-env/linux@sha256:77db811e55d90add9212f6832c23229e3de5f1c1f9905e8cb07319ea15df73ac" "sleep" "infinity", kill_on_drop: false }`
[INFO] [stdout] 230f2e737720eb148ffa63ee974769487bfdf8b5a97dabf68b27bedc7097da12
[INFO] running `Command { std: "docker" "start" "230f2e737720eb148ffa63ee974769487bfdf8b5a97dabf68b27bedc7097da12", kill_on_drop: false }`
[INFO] running `Command { std: "docker" "inspect" "230f2e737720eb148ffa63ee974769487bfdf8b5a97dabf68b27bedc7097da12", kill_on_drop: false }`
[INFO] running `Command { std: "docker" "exec" "-e" "SOURCE_DIR=/opt/rustwide/workdir" "-e" "CARGO_HOME=/opt/rustwide/cargo-home" "-e" "RUSTUP_HOME=/opt/rustwide/rustup-home" "-e" "CARGO_TARGET_DIR=/opt/rustwide/target" "-w" "/opt/rustwide/workdir" "--user" "0:0" "230f2e737720eb148ffa63ee974769487bfdf8b5a97dabf68b27bedc7097da12" "/opt/rustwide/cargo-home/bin/cargo" "+3154cc1a3e6424e44f438a95007d043ed5ceaaf6" "metadata" "--no-deps" "--format-version=1", kill_on_drop: false }`
[INFO] running `Command { std: "docker" "inspect" "230f2e737720eb148ffa63ee974769487bfdf8b5a97dabf68b27bedc7097da12", kill_on_drop: false }`
[INFO] running `Command { std: "docker" "exec" "-e" "SOURCE_DIR=/opt/rustwide/workdir" "-e" "CARGO_HOME=/opt/rustwide/cargo-home" "-e" "RUSTUP_HOME=/opt/rustwide/rustup-home" "-e" "CARGO_TARGET_DIR=/opt/rustwide/target" "-e" "CARGO_INCREMENTAL=0" "-e" "RUST_BACKTRACE=full" "-e" "RUSTFLAGS=--cap-lints=forbid -Znext-solver=coherence" "-e" "RUSTDOCFLAGS=--cap-lints=forbid" "-w" "/opt/rustwide/workdir" "--user" "0:0" "230f2e737720eb148ffa63ee974769487bfdf8b5a97dabf68b27bedc7097da12" "/opt/rustwide/cargo-home/bin/cargo" "+3154cc1a3e6424e44f438a95007d043ed5ceaaf6" "check" "--frozen" "--all" "--all-targets" "--message-format=json", kill_on_drop: false }`
[INFO] [stderr]     Checking bitflags v2.13.1
[INFO] [stderr]    Compiling pkg-config v0.3.34
[INFO] [stderr]     Checking libloading v0.8.9
[INFO] [stderr]    Compiling cfg_aliases v0.2.2
[INFO] [stderr]     Checking smallvec v1.16.0
[INFO] [stderr]    Compiling rustix v1.1.4
[INFO] [stderr]    Compiling syn v2.0.119
[INFO] [stderr]     Checking linux-raw-sys v0.12.1
[INFO] [stderr]    Compiling bytemuck_derive v1.12.0
[INFO] [stderr]     Checking dlib v0.5.3
[INFO] [stderr]    Compiling cc v1.4.5
[INFO] [stderr]    Compiling libm v0.2.16
[INFO] [stderr]    Compiling zerocopy v0.8.56
[INFO] [stderr]    Compiling num-traits v0.2.19
[INFO] [stderr]     Checking scoped-tls v1.0.1
[INFO] [stderr]     Checking downcast-rs v1.2.1
[INFO] [stderr]    Compiling wayland-client v0.31.15
[INFO] [stderr]    Compiling wayland-sys v0.31.11
[INFO] [stderr]     Checking arrayvec v0.7.8
[INFO] [stderr]    Compiling wayland-scanner v0.31.11
[INFO] [stderr]    Compiling thiserror-impl v2.0.20
[INFO] [stderr]     Checking foldhash v0.2.0
[INFO] [stderr]     Checking hashbrown v0.16.1
[INFO] [stderr]     Checking bytemuck v1.25.2
[INFO] [stderr]    Compiling naga v29.0.4
[INFO] [stderr]    Compiling ash v0.38.0+1.3.281
[INFO] [stderr]     Checking raw-window-handle v0.6.2
[INFO] [stderr]     Checking unicode-width v0.2.2
[INFO] [stderr]     Checking bit-vec v0.9.1
[INFO] [stderr]    Compiling wayland-backend v0.3.17
[INFO] [stderr]     Checking indexmap v2.14.2
[INFO] [stderr]     Checking thiserror v2.0.20
[INFO] [stderr]     Checking spirv v0.4.0+sdk-1.4.341.0
[INFO] [stderr]     Checking codespan-reporting v0.13.1
[INFO] [stderr]     Checking bit-set v0.9.1
[INFO] [stderr]     Checking foldhash v0.1.5
[INFO] [stderr]    Compiling khronos-egl v6.0.0
[INFO] [stderr]     Checking hexf-parse v0.2.1
[INFO] [stderr]    Compiling rustix v0.38.44
[INFO] [stderr]     Checking rustc-hash v1.1.0
[INFO] [stderr]     Checking hashbrown v0.15.5
[INFO] [stderr]     Checking parking_lot_core v0.9.12
[INFO] [stderr]     Checking wgpu-types v29.0.4
[INFO] [stderr]     Checking gpu-descriptor-types v0.2.0
[INFO] [stderr]    Compiling wgpu-hal v29.0.4
[INFO] [stderr]     Checking presser v0.3.1
[INFO] [stderr]    Compiling crossbeam-utils v0.8.23
[INFO] [stderr]     Checking linux-raw-sys v0.4.15
[INFO] [stderr]     Checking gpu-descriptor v0.3.2
[INFO] [stderr]     Checking parking_lot v0.12.5
[INFO] [stderr]     Checking ordered-float v5.5.0
[INFO] [stderr]     Checking profiling v1.0.18
[INFO] [stderr]     Checking glow v0.17.0
[INFO] [stderr]     Checking renderdoc-sys v1.1.0
[INFO] [stderr]    Compiling wgpu-core v29.0.4
[INFO] [stderr]    Compiling smithay-client-toolkit v0.19.2
[INFO] [stderr]     Checking xkeysym v0.2.1
[INFO] [stderr]    Compiling litrs v1.0.0
[INFO] [stderr]     Checking ttf-parser v0.25.1
[INFO] [stderr]     Checking strict-num v0.1.1
[INFO] [stderr]     Checking cursor-icon v1.2.0
[INFO] [stderr]     Checking arrayref v0.3.9
[INFO] [stderr]     Checking xcursor v0.3.11
[INFO] [stderr]     Checking tiny-skia-path v0.11.4
[INFO] [stderr]    Compiling document-features v0.2.12
[INFO] [stderr]    Compiling ahash v0.8.12
[INFO] [stderr]     Checking crossbeam-epoch v0.9.21
[INFO] [stderr]    Compiling zerocopy-derive v0.8.56
[INFO] [stderr]    Compiling thiserror-impl v1.0.69
[INFO] [stderr]     Checking safe_arch v0.7.4
[INFO] [stderr]    Compiling x11-dl v2.21.0
[INFO] [stderr]    Compiling wgpu v29.0.4
[INFO] [stderr]     Checking memmap2 v0.9.11
[INFO] [stderr]    Compiling rayon-core v1.13.0
[INFO] [stderr]     Checking ab_glyph_rasterizer v0.1.10
[INFO] [stderr]     Checking wide v0.7.33
[INFO] [stderr]     Checking crossbeam-deque v0.8.8
[INFO] [stderr]     Checking tiny-skia v0.11.4
[INFO] [stderr]     Checking thiserror v1.0.69
[INFO] [stderr]     Checking polling v3.11.0
[INFO] [stderr]     Checking gethostname v1.1.0
[INFO] [stderr]    Compiling winit v0.30.13
[INFO] [stderr]     Checking owned_ttf_parser v0.25.1
[INFO] [stderr]     Checking ab_glyph v0.2.32
[INFO] [stderr]     Checking as-raw-xcb-connection v1.0.1
[INFO] [stderr]     Checking tracing-core v0.1.36
[INFO] [stderr]     Checking x11rb-protocol v0.13.2
[INFO] [stderr]     Checking calloop v0.13.0
[INFO] [stderr]     Checking wayland-csd-frame v0.3.0
[INFO] [stderr]     Checking static_assertions v1.1.0
[INFO] [stderr]     Checking tracing v0.1.44
[INFO] [stderr]     Checking ultraviolet v0.10.0
[INFO] [stderr]     Checking xkbcommon-dl v0.4.2
[INFO] [stderr]     Checking dpi v0.1.2
[INFO] [stderr]     Checking pollster v0.4.0
[INFO] [stderr]     Checking smol_str v0.2.2
[INFO] [stderr]     Checking either v1.18.0
[INFO] [stderr]     Checking fastrand v2.5.0
[INFO] [stderr]     Checking wayland-protocols v0.32.13
[INFO] [stderr]     Checking wayland-cursor v0.31.14
[INFO] [stderr]     Checking calloop-wayland-source v0.3.0
[INFO] [stderr]     Checking rayon v1.12.0
[INFO] [stderr]     Checking half v2.7.1
[INFO] [stderr]     Checking wayland-protocols-wlr v0.3.12
[INFO] [stderr]     Checking wayland-protocols-plasma v0.3.12
[INFO] [stderr]     Checking gpu-allocator v0.28.0
[INFO] [stderr]     Checking sctk-adwaita v0.10.1
[INFO] [stderr]     Checking x11rb v0.13.2
[INFO] [stderr]     Checking wgpu-naga-bridge v29.0.4
[INFO] [stderr]     Checking wgpu-core-deps-windows-linux-android v29.0.4
[INFO] [stderr]     Checking pixels v0.17.2
[INFO] [stderr]     Checking voxels v0.1.0 (/opt/rustwide/workdir)
[INFO] [stdout] error[E0432]: unresolved imports `crate::simd::packetray`, `crate::simd::simdf32`
[INFO] [stdout]  --> src/engine/rendering.rs:4:18
[INFO] [stdout]   |
[INFO] [stdout] 4 |     simd::{self, packetray::PacketBuilder, simdf32::SimdF32},
[INFO] [stdout]   |                  ^^^^^^^^^                 ^^^^^^^ could not find `simdf32` in `simd`
[INFO] [stdout]   |                  |
[INFO] [stdout]   |                  could not find `packetray` in `simd`
[INFO] [stdout] 
[INFO] [stdout] 
[INFO] [stdout] error[E0432]: unresolved import `crate::simd::simdu32`
[INFO] [stdout]  --> src/math/hit.rs:2:18
[INFO] [stdout]   |
[INFO] [stdout] 2 | use crate::simd::simdu32::SimdU32;
[INFO] [stdout]   |                  ^^^^^^^ could not find `simdu32` in `simd`
[INFO] [stdout] 
[INFO] [stdout] 
[INFO] [stdout] error[E0432]: unresolved imports `crate::simd::packetvec`, `crate::simd::simdf32`
[INFO] [stdout]  --> src/math/hit.rs:3:19
[INFO] [stdout]   |
[INFO] [stdout] 3 | use crate::simd::{packetvec::Packed_Vec3_x4, simdf32::SimdF32};
[INFO] [stdout]   |                   ^^^^^^^^^                  ^^^^^^^ could not find `simdf32` in `simd`
[INFO] [stdout]   |                   |
[INFO] [stdout]   |                   could not find `packetvec` in `simd`
[INFO] [stdout] 
[INFO] [stdout] 
[INFO] [stdout] error[E0432]: unresolved import `crate::simd::packetray`
[INFO] [stdout]  --> src/world.rs:2:41
[INFO] [stdout]   |
[INFO] [stdout] 2 | use crate::{math::hit::simd_aabb, simd::packetray::Packet, world::leaf::Leaf};
[INFO] [stdout]   |                                         ^^^^^^^^^ could not find `packetray` in `simd`
[INFO] [stdout] 
[INFO] [stdout] 
[INFO] [stdout] error[E0432]: unresolved import `crate::simd::packetray`
[INFO] [stdout]  --> src/world/leaf.rs:2:18
[INFO] [stdout]   |
[INFO] [stdout] 2 | use crate::simd::packetray::Packet;
[INFO] [stdout]   |                  ^^^^^^^^^ could not find `packetray` in `simd`
[INFO] [stdout] 
[INFO] [stdout] 
[INFO] [stdout] error[E0432]: unresolved import `crate::simd::packetvec`
[INFO] [stdout]  --> src/world/leaf.rs:3:18
[INFO] [stdout]   |
[INFO] [stdout] 3 | use crate::simd::packetvec::Packed_Vec3_x4;
[INFO] [stdout]   |                  ^^^^^^^^^ could not find `packetvec` in `simd`
[INFO] [stdout] 
[INFO] [stdout] 
[INFO] [stdout] error[E0432]: unresolved import `crate::simd::simdf32`
[INFO] [stdout]  --> src/world/leaf.rs:4:18
[INFO] [stdout]   |
[INFO] [stdout] 4 | use crate::simd::simdf32::SimdF32;
[INFO] [stdout]   |                  ^^^^^^^ could not find `simdf32` in `simd`
[INFO] [stdout] 
[INFO] [stdout] 
[INFO] [stdout] error[E0432]: unresolved import `crate::simd::simdi32`
[INFO] [stdout]  --> src/world/leaf.rs:5:18
[INFO] [stdout]   |
[INFO] [stdout] 5 | use crate::simd::simdi32::SimdI32;
[INFO] [stdout]   |                  ^^^^^^^ could not find `simdi32` in `simd`
[INFO] [stdout] 
[INFO] [stdout] 
[INFO] [stdout] error[E0432]: unresolved import `crate::simd::simdu32`
[INFO] [stdout]  --> src/world/leaf.rs:6:18
[INFO] [stdout]   |
[INFO] [stdout] 6 | use crate::simd::simdu32::SimdU32;
[INFO] [stdout]   |                  ^^^^^^^ could not find `simdu32` in `simd`
[INFO] [stdout] 
[INFO] [stdout] 
[INFO] [stdout] error[E0432]: unresolved import `crate::simd::packetray`
[INFO] [stdout]  --> src/world/tree64.rs:3:18
[INFO] [stdout]   |
[INFO] [stdout] 3 | use crate::simd::packetray::*;
[INFO] [stdout]   |                  ^^^^^^^^^ could not find `packetray` in `simd`
[INFO] [stdout] 
[INFO] [stdout] 
[INFO] [stdout] error[E0432]: unresolved import `crate::simd::packetvec`
[INFO] [stdout]  --> src/world/tree64.rs:4:18
[INFO] [stdout]   |
[INFO] [stdout] 4 | use crate::simd::packetvec::*;
[INFO] [stdout]   |                  ^^^^^^^^^ could not find `packetvec` in `simd`
[INFO] [stdout] 
[INFO] [stdout] 
[INFO] [stdout] error[E0432]: unresolved import `crate::simd::simdf32`
[INFO] [stdout]  --> src/world/tree64.rs:5:18
[INFO] [stdout]   |
[INFO] [stdout] 5 | use crate::simd::simdf32::*;
[INFO] [stdout]   |                  ^^^^^^^ could not find `simdf32` in `simd`
[INFO] [stdout] 
[INFO] [stdout] 
[INFO] [stdout] error[E0432]: unresolved import `crate::simd::simdi32`
[INFO] [stdout]  --> src/world/tree64.rs:6:18
[INFO] [stdout]   |
[INFO] [stdout] 6 | use crate::simd::simdi32::*;
[INFO] [stdout]   |                  ^^^^^^^ could not find `simdi32` in `simd`
[INFO] [stdout] 
[INFO] [stdout] 
[INFO] [stdout] error[E0432]: unresolved import `crate::simd::simdu32`
[INFO] [stdout]  --> src/world/tree64.rs:7:18
[INFO] [stdout]   |
[INFO] [stdout] 7 | use crate::simd::simdu32::*;
[INFO] [stdout]   |                  ^^^^^^^ could not find `simdu32` in `simd`
[INFO] [stdout] 
[INFO] [stdout] 
[INFO] [stdout] error[E0432]: unresolved imports `crate::simd::packetray`, `crate::simd::simdf32`
[INFO] [stdout]  --> src/engine/rendering.rs:4:18
[INFO] [stdout]   |
[INFO] [stdout] 4 |     simd::{self, packetray::PacketBuilder, simdf32::SimdF32},
[INFO] [stdout]   |                  ^^^^^^^^^                 ^^^^^^^ could not find `simdf32` in `simd`
[INFO] [stdout]   |                  |
[INFO] [stdout]   |                  could not find `packetray` in `simd`
[INFO] [stdout] 
[INFO] [stdout] 
[INFO] [stdout] error[E0432]: unresolved import `crate::simd::simdu32`
[INFO] [stdout]  --> src/math/hit.rs:2:18
[INFO] [stdout]   |
[INFO] [stdout] 2 | use crate::simd::simdu32::SimdU32;
[INFO] [stdout]   |                  ^^^^^^^ could not find `simdu32` in `simd`
[INFO] [stdout] 
[INFO] [stdout] 
[INFO] [stdout] error[E0432]: unresolved imports `crate::simd::packetvec`, `crate::simd::simdf32`
[INFO] [stdout]  --> src/math/hit.rs:3:19
[INFO] [stdout]   |
[INFO] [stdout] 3 | use crate::simd::{packetvec::Packed_Vec3_x4, simdf32::SimdF32};
[INFO] [stdout]   |                   ^^^^^^^^^                  ^^^^^^^ could not find `simdf32` in `simd`
[INFO] [stdout]   |                   |
[INFO] [stdout]   |                   could not find `packetvec` in `simd`
[INFO] [stdout] 
[INFO] [stdout] 
[INFO] [stdout] error[E0432]: unresolved import `crate::simd::packetray`
[INFO] [stdout]  --> src/world.rs:2:41
[INFO] [stdout]   |
[INFO] [stdout] 2 | use crate::{math::hit::simd_aabb, simd::packetray::Packet, world::leaf::Leaf};
[INFO] [stdout]   |                                         ^^^^^^^^^ could not find `packetray` in `simd`
[INFO] [stdout] 
[INFO] [stdout] 
[INFO] [stdout] error[E0432]: unresolved import `crate::simd::packetray`
[INFO] [stdout]  --> src/world/leaf.rs:2:18
[INFO] [stdout]   |
[INFO] [stdout] 2 | use crate::simd::packetray::Packet;
[INFO] [stdout]   |                  ^^^^^^^^^ could not find `packetray` in `simd`
[INFO] [stdout] 
[INFO] [stdout] 
[INFO] [stdout] error[E0432]: unresolved import `crate::simd::packetvec`
[INFO] [stdout]  --> src/world/leaf.rs:3:18
[INFO] [stdout]   |
[INFO] [stdout] 3 | use crate::simd::packetvec::Packed_Vec3_x4;
[INFO] [stdout]   |                  ^^^^^^^^^ could not find `packetvec` in `simd`
[INFO] [stdout] 
[INFO] [stdout] 
[INFO] [stdout] error[E0432]: unresolved import `crate::simd::simdf32`
[INFO] [stdout]  --> src/world/leaf.rs:4:18
[INFO] [stdout]   |
[INFO] [stdout] 4 | use crate::simd::simdf32::SimdF32;
[INFO] [stdout]   |                  ^^^^^^^ could not find `simdf32` in `simd`
[INFO] [stdout] 
[INFO] [stdout] 
[INFO] [stdout] error[E0432]: unresolved import `crate::simd::simdi32`
[INFO] [stdout]  --> src/world/leaf.rs:5:18
[INFO] [stdout]   |
[INFO] [stdout] 5 | use crate::simd::simdi32::SimdI32;
[INFO] [stdout]   |                  ^^^^^^^ could not find `simdi32` in `simd`
[INFO] [stdout] 
[INFO] [stdout] 
[INFO] [stdout] error[E0432]: unresolved import `crate::simd::simdu32`
[INFO] [stdout]  --> src/world/leaf.rs:6:18
[INFO] [stdout]   |
[INFO] [stdout] 6 | use crate::simd::simdu32::SimdU32;
[INFO] [stdout]   |                  ^^^^^^^ could not find `simdu32` in `simd`
[INFO] [stdout] 
[INFO] [stdout] 
[INFO] [stdout] error[E0432]: unresolved import `crate::simd::packetray`
[INFO] [stdout]  --> src/world/tree64.rs:3:18
[INFO] [stdout]   |
[INFO] [stdout] 3 | use crate::simd::packetray::*;
[INFO] [stdout]   |                  ^^^^^^^^^ could not find `packetray` in `simd`
[INFO] [stdout] 
[INFO] [stdout] 
[INFO] [stdout] error[E0432]: unresolved import `crate::simd::packetvec`
[INFO] [stdout]  --> src/world/tree64.rs:4:18
[INFO] [stdout]   |
[INFO] [stdout] 4 | use crate::simd::packetvec::*;
[INFO] [stdout]   |                  ^^^^^^^^^ could not find `packetvec` in `simd`
[INFO] [stdout] 
[INFO] [stdout] 
[INFO] [stdout] error[E0432]: unresolved import `crate::simd::simdf32`
[INFO] [stdout]  --> src/world/tree64.rs:5:18
[INFO] [stdout]   |
[INFO] [stdout] 5 | use crate::simd::simdf32::*;
[INFO] [stdout]   |                  ^^^^^^^ could not find `simdf32` in `simd`
[INFO] [stdout] 
[INFO] [stdout] 
[INFO] [stdout] error[E0432]: unresolved import `crate::simd::simdi32`
[INFO] [stdout]  --> src/world/tree64.rs:6:18
[INFO] [stdout]   |
[INFO] [stdout] 6 | use crate::simd::simdi32::*;
[INFO] [stdout]   |                  ^^^^^^^ could not find `simdi32` in `simd`
[INFO] [stdout] 
[INFO] [stdout] 
[INFO] [stdout] error[E0432]: unresolved import `crate::simd::simdu32`
[INFO] [stdout]  --> src/world/tree64.rs:7:18
[INFO] [stdout]   |
[INFO] [stdout] 7 | use crate::simd::simdu32::*;
[INFO] [stdout]   |                  ^^^^^^^ could not find `simdu32` in `simd`
[INFO] [stdout] 
[INFO] [stdout] 
[INFO] [stdout] warning: unused import: `winit::event::KeyEvent`
[INFO] [stdout]  --> src/engine/input/util.rs:3:5
[INFO] [stdout]   |
[INFO] [stdout] 3 | use winit::event::KeyEvent;
[INFO] [stdout]   |     ^^^^^^^^^^^^^^^^^^^^^^
[INFO] [stdout]   |
[INFO] [stdout]   = note: `#[warn(unused_imports)]` (part of `#[warn(unused)]`) on by default
[INFO] [stdout] 
[INFO] [stdout] 
[INFO] [stdout] warning: unused import: `winit::event::WindowEvent`
[INFO] [stdout]  --> src/engine/input/util.rs:6:5
[INFO] [stdout]   |
[INFO] [stdout] 6 | use winit::event::WindowEvent;
[INFO] [stdout]   |     ^^^^^^^^^^^^^^^^^^^^^^^^^
[INFO] [stdout] 
[INFO] [stdout] 
[INFO] [stdout] warning: unused import: `winit::keyboard::PhysicalKey`
[INFO] [stdout]  --> src/engine/input/util.rs:8:5
[INFO] [stdout]   |
[INFO] [stdout] 8 | use winit::keyboard::PhysicalKey;
[INFO] [stdout]   |     ^^^^^^^^^^^^^^^^^^^^^^^^^^^^
[INFO] [stdout] 
[INFO] [stdout] 
[INFO] [stdout] warning: unnecessary parentheses around assigned value
[INFO] [stdout]   --> src/engine/input.rs:27:30
[INFO] [stdout]    |
[INFO] [stdout] 27 |         let modified_speed = ((is_held(PlayerCommands::Sprint.into()) * base_speed) + base_speed);
[INFO] [stdout]    |                              ^                                                                  ^
[INFO] [stdout]    |
[INFO] [stdout]    = note: `#[warn(unused_parens)]` (part of `#[warn(unused)]`) on by default
[INFO] [stdout] help: remove these parentheses
[INFO] [stdout]    |
[INFO] [stdout] 27 -         let modified_speed = ((is_held(PlayerCommands::Sprint.into()) * base_speed) + base_speed);
[INFO] [stdout] 27 +         let modified_speed = (is_held(PlayerCommands::Sprint.into()) * base_speed) + base_speed;
[INFO] [stdout]    |
[INFO] [stdout] 
[INFO] [stdout] 
[INFO] [stdout] warning: unused imports: `math::vec3::v3` and `self`
[INFO] [stdout]  --> src/engine/rendering.rs:3:5
[INFO] [stdout]   |
[INFO] [stdout] 3 |     math::vec3::v3,
[INFO] [stdout]   |     ^^^^^^^^^^^^^^
[INFO] [stdout] 4 |     simd::{self, packetray::PacketBuilder, simdf32::SimdF32},
[INFO] [stdout]   |            ^^^^
[INFO] [stdout] 
[INFO] [stdout] 
[INFO] [stdout] warning: unused import: `NAN`
[INFO] [stdout]  --> src/math/vec3.rs:2:26
[INFO] [stdout]   |
[INFO] [stdout] 2 | use std::f32::{INFINITY, NAN};
[INFO] [stdout]   |                          ^^^
[INFO] [stdout] 
[INFO] [stdout] 
[INFO] [stdout] warning: unused import: `x86::*`
[INFO] [stdout]  --> src/simd.rs:4:9
[INFO] [stdout]   |
[INFO] [stdout] 4 | pub use x86::*;
[INFO] [stdout]   |         ^^^^^^
[INFO] [stdout] 
[INFO] [stdout] 
[INFO] [stdout] warning: unused import: `std::default`
[INFO] [stdout]  --> src/world/voxel.rs:1:5
[INFO] [stdout]   |
[INFO] [stdout] 1 | use std::default;
[INFO] [stdout]   |     ^^^^^^^^^^^^
[INFO] [stdout] 
[INFO] [stdout] 
[INFO] [stdout] warning: use of deprecated constant `std::f32::INFINITY`: replaced by the `INFINITY` associated constant on `f32`
[INFO] [stdout]  --> src/math/vec3.rs:2:16
[INFO] [stdout]   |
[INFO] [stdout] 2 | use std::f32::{INFINITY, NAN};
[INFO] [stdout]   |                ^^^^^^^^
[INFO] [stdout]   |
[INFO] [stdout]   = note: `#[warn(deprecated)]` on by default
[INFO] [stdout] 
[INFO] [stdout] 
[INFO] [stdout] warning: use of deprecated constant `std::f32::NAN`: replaced by the `NAN` associated constant on `f32`
[INFO] [stdout]  --> src/math/vec3.rs:2:26
[INFO] [stdout]   |
[INFO] [stdout] 2 | use std::f32::{INFINITY, NAN};
[INFO] [stdout]   |                          ^^^
[INFO] [stdout] 
[INFO] [stdout] 
[INFO] [stdout] warning: use of deprecated constant `std::f32::INFINITY`: replaced by the `INFINITY` associated constant on `f32`
[INFO] [stdout]   --> src/math/vec3.rs:81:26
[INFO] [stdout]    |
[INFO] [stdout] 81 |                 *value = INFINITY;
[INFO] [stdout]    |                          ^^^^^^^^
[INFO] [stdout] 
[INFO] [stdout] 
[INFO] [stdout] error[E0609]: no field `y` on type `vec3::Vec3`
[INFO] [stdout]    --> src/engine/camera.rs:100:33
[INFO] [stdout]     |
[INFO] [stdout] 100 |         self.pitch = self.front.y.asin();
[INFO] [stdout]     |                                 ^ unknown field
[INFO] [stdout]     |
[INFO] [stdout]     = note: available field is: `data`
[INFO] [stdout] 
[INFO] [stdout] 
[INFO] [stdout] error[E0609]: no field `x` on type `vec3::Vec3`
[INFO] [stdout]    --> src/engine/camera.rs:102:31
[INFO] [stdout]     |
[INFO] [stdout] 102 |         self.yaw = self.front.x.atan2(self.front.z);
[INFO] [stdout]     |                               ^ unknown field
[INFO] [stdout]     |
[INFO] [stdout]     = note: available field is: `data`
[INFO] [stdout] 
[INFO] [stdout] 
[INFO] [stdout] error[E0609]: no field `z` on type `vec3::Vec3`
[INFO] [stdout]    --> src/engine/camera.rs:102:50
[INFO] [stdout]     |
[INFO] [stdout] 102 |         self.yaw = self.front.x.atan2(self.front.z);
[INFO] [stdout]     |                                                  ^ unknown field
[INFO] [stdout]     |
[INFO] [stdout]     = note: available field is: `data`
[INFO] [stdout] 
[INFO] [stdout] 
[INFO] [stdout] error[E0609]: no field `y` on type `vec3::Vec3`
[INFO] [stdout]   --> src/engine/input.rs:30:15
[INFO] [stdout]    |
[INFO] [stdout] 30 |         front.y = 0.0;
[INFO] [stdout]    |               ^ unknown field
[INFO] [stdout]    |
[INFO] [stdout]    = note: available field is: `data`
[INFO] [stdout] 
[INFO] [stdout] 
[INFO] [stdout] error[E0609]: no field `y` on type `vec3::Vec3`
[INFO] [stdout]   --> src/engine/input.rs:36:15
[INFO] [stdout]    |
[INFO] [stdout] 36 |         right.y = 0.0;
[INFO] [stdout]    |               ^ unknown field
[INFO] [stdout]    |
[INFO] [stdout]    = note: available field is: `data`
[INFO] [stdout] 
[INFO] [stdout] 
[INFO] [stdout] error[E0609]: no field `y` on type `vec3::Vec3`
[INFO] [stdout]   --> src/engine/input.rs:53:18
[INFO] [stdout]    |
[INFO] [stdout] 53 |         movement.y = y_move * base_speed;
[INFO] [stdout]    |                  ^ unknown field
[INFO] [stdout]    |
[INFO] [stdout]    = note: available field is: `data`
[INFO] [stdout] 
[INFO] [stdout] 
[INFO] [stdout] warning: unused variable: `device_id`
[INFO] [stdout]    --> src/app.rs:183:17
[INFO] [stdout]     |
[INFO] [stdout] 183 |                 device_id,
[INFO] [stdout]     |                 ^^^^^^^^^ help: try ignoring the field: `device_id: _`
[INFO] [stdout]     |
[INFO] [stdout]     = note: `#[warn(unused_variables)]` (part of `#[warn(unused)]`) on by default
[INFO] [stdout] 
[INFO] [stdout] 
[INFO] [stdout] warning: unused variable: `device_id`
[INFO] [stdout]    --> src/app.rs:188:17
[INFO] [stdout]     |
[INFO] [stdout] 188 |                 device_id,
[INFO] [stdout]     |                 ^^^^^^^^^ help: try ignoring the field: `device_id: _`
[INFO] [stdout] 
[INFO] [stdout] 
[INFO] [stdout] warning: unused variable: `phase`
[INFO] [stdout]    --> src/app.rs:190:17
[INFO] [stdout]     |
[INFO] [stdout] 190 |                 phase,
[INFO] [stdout]     |                 ^^^^^ help: try ignoring the field: `phase: _`
[INFO] [stdout] 
[INFO] [stdout] 
[INFO] [stdout] warning: unused variable: `min`
[INFO] [stdout]   --> src/world/leaf.rs:27:13
[INFO] [stdout]    |
[INFO] [stdout] 27 |         let min = Vec3::default();
[INFO] [stdout]    |             ^^^ help: if this is intentional, prefix it with an underscore: `_min`
[INFO] [stdout] 
[INFO] [stdout] 
[INFO] [stdout] warning: unused variable: `max`
[INFO] [stdout]   --> src/world/leaf.rs:28:13
[INFO] [stdout]    |
[INFO] [stdout] 28 |         let max = v3(
[INFO] [stdout]    |             ^^^ help: if this is intentional, prefix it with an underscore: `_max`
[INFO] [stdout] 
[INFO] [stdout] 
[INFO] [stderr] error: could not compile `voxels` (bin "voxels" test) due to 20 previous errors; 16 warnings emitted
[INFO] [stdout] Some errors have detailed explanations: E0432, E0609.
[INFO] [stdout] 
[INFO] [stderr] warning: build failed, waiting for other jobs to finish...
[INFO] [stdout] For more information about an error, try `rustc --explain E0432`.
[INFO] [stdout] 
[INFO] [stdout] warning: unused import: `winit::event::KeyEvent`
[INFO] [stdout]  --> src/engine/input/util.rs:3:5
[INFO] [stdout]   |
[INFO] [stdout] 3 | use winit::event::KeyEvent;
[INFO] [stdout]   |     ^^^^^^^^^^^^^^^^^^^^^^
[INFO] [stdout]   |
[INFO] [stdout]   = note: `#[warn(unused_imports)]` (part of `#[warn(unused)]`) on by default
[INFO] [stdout] 
[INFO] [stdout] 
[INFO] [stdout] warning: unused import: `winit::event::WindowEvent`
[INFO] [stdout]  --> src/engine/input/util.rs:6:5
[INFO] [stdout]   |
[INFO] [stdout] 6 | use winit::event::WindowEvent;
[INFO] [stdout]   |     ^^^^^^^^^^^^^^^^^^^^^^^^^
[INFO] [stdout] 
[INFO] [stdout] 
[INFO] [stdout] warning: unused import: `winit::keyboard::PhysicalKey`
[INFO] [stdout]  --> src/engine/input/util.rs:8:5
[INFO] [stdout]   |
[INFO] [stdout] 8 | use winit::keyboard::PhysicalKey;
[INFO] [stdout]   |     ^^^^^^^^^^^^^^^^^^^^^^^^^^^^
[INFO] [stdout] 
[INFO] [stdout] 
[INFO] [stdout] warning: unnecessary parentheses around assigned value
[INFO] [stdout]   --> src/engine/input.rs:27:30
[INFO] [stdout]    |
[INFO] [stdout] 27 |         let modified_speed = ((is_held(PlayerCommands::Sprint.into()) * base_speed) + base_speed);
[INFO] [stdout]    |                              ^                                                                  ^
[INFO] [stdout]    |
[INFO] [stdout]    = note: `#[warn(unused_parens)]` (part of `#[warn(unused)]`) on by default
[INFO] [stdout] help: remove these parentheses
[INFO] [stdout]    |
[INFO] [stdout] 27 -         let modified_speed = ((is_held(PlayerCommands::Sprint.into()) * base_speed) + base_speed);
[INFO] [stdout] 27 +         let modified_speed = (is_held(PlayerCommands::Sprint.into()) * base_speed) + base_speed;
[INFO] [stdout]    |
[INFO] [stdout] 
[INFO] [stdout] 
[INFO] [stdout] warning: unused imports: `math::vec3::v3` and `self`
[INFO] [stdout]  --> src/engine/rendering.rs:3:5
[INFO] [stdout]   |
[INFO] [stdout] 3 |     math::vec3::v3,
[INFO] [stdout]   |     ^^^^^^^^^^^^^^
[INFO] [stdout] 4 |     simd::{self, packetray::PacketBuilder, simdf32::SimdF32},
[INFO] [stdout]   |            ^^^^
[INFO] [stdout] 
[INFO] [stdout] 
[INFO] [stdout] warning: unused import: `NAN`
[INFO] [stdout]  --> src/math/vec3.rs:2:26
[INFO] [stdout]   |
[INFO] [stdout] 2 | use std::f32::{INFINITY, NAN};
[INFO] [stdout]   |                          ^^^
[INFO] [stdout] 
[INFO] [stdout] 
[INFO] [stdout] warning: unused import: `x86::*`
[INFO] [stdout]  --> src/simd.rs:4:9
[INFO] [stdout]   |
[INFO] [stdout] 4 | pub use x86::*;
[INFO] [stdout]   |         ^^^^^^
[INFO] [stdout] 
[INFO] [stdout] 
[INFO] [stdout] warning: unused import: `std::default`
[INFO] [stdout]  --> src/world/voxel.rs:1:5
[INFO] [stdout]   |
[INFO] [stdout] 1 | use std::default;
[INFO] [stdout]   |     ^^^^^^^^^^^^
[INFO] [stdout] 
[INFO] [stdout] 
[INFO] [stdout] warning: use of deprecated constant `std::f32::INFINITY`: replaced by the `INFINITY` associated constant on `f32`
[INFO] [stdout]  --> src/math/vec3.rs:2:16
[INFO] [stdout]   |
[INFO] [stdout] 2 | use std::f32::{INFINITY, NAN};
[INFO] [stdout]   |                ^^^^^^^^
[INFO] [stdout]   |
[INFO] [stdout]   = note: `#[warn(deprecated)]` on by default
[INFO] [stdout] 
[INFO] [stdout] 
[INFO] [stdout] warning: use of deprecated constant `std::f32::NAN`: replaced by the `NAN` associated constant on `f32`
[INFO] [stdout]  --> src/math/vec3.rs:2:26
[INFO] [stdout]   |
[INFO] [stdout] 2 | use std::f32::{INFINITY, NAN};
[INFO] [stdout]   |                          ^^^
[INFO] [stdout] 
[INFO] [stdout] 
[INFO] [stdout] warning: use of deprecated constant `std::f32::INFINITY`: replaced by the `INFINITY` associated constant on `f32`
[INFO] [stdout]   --> src/math/vec3.rs:81:26
[INFO] [stdout]    |
[INFO] [stdout] 81 |                 *value = INFINITY;
[INFO] [stdout]    |                          ^^^^^^^^
[INFO] [stdout] 
[INFO] [stdout] 
[INFO] [stdout] error[E0609]: no field `y` on type `vec3::Vec3`
[INFO] [stdout]    --> src/engine/camera.rs:100:33
[INFO] [stdout]     |
[INFO] [stdout] 100 |         self.pitch = self.front.y.asin();
[INFO] [stdout]     |                                 ^ unknown field
[INFO] [stdout]     |
[INFO] [stdout]     = note: available field is: `data`
[INFO] [stdout] 
[INFO] [stdout] 
[INFO] [stdout] error[E0609]: no field `x` on type `vec3::Vec3`
[INFO] [stdout]    --> src/engine/camera.rs:102:31
[INFO] [stdout]     |
[INFO] [stdout] 102 |         self.yaw = self.front.x.atan2(self.front.z);
[INFO] [stdout]     |                               ^ unknown field
[INFO] [stdout]     |
[INFO] [stdout]     = note: available field is: `data`
[INFO] [stdout] 
[INFO] [stdout] 
[INFO] [stdout] error[E0609]: no field `z` on type `vec3::Vec3`
[INFO] [stdout]    --> src/engine/camera.rs:102:50
[INFO] [stdout]     |
[INFO] [stdout] 102 |         self.yaw = self.front.x.atan2(self.front.z);
[INFO] [stdout]     |                                                  ^ unknown field
[INFO] [stdout]     |
[INFO] [stdout]     = note: available field is: `data`
[INFO] [stdout] 
[INFO] [stdout] 
[INFO] [stdout] error[E0609]: no field `y` on type `vec3::Vec3`
[INFO] [stdout]   --> src/engine/input.rs:30:15
[INFO] [stdout]    |
[INFO] [stdout] 30 |         front.y = 0.0;
[INFO] [stdout]    |               ^ unknown field
[INFO] [stdout]    |
[INFO] [stdout]    = note: available field is: `data`
[INFO] [stdout] 
[INFO] [stdout] 
[INFO] [stdout] error[E0609]: no field `y` on type `vec3::Vec3`
[INFO] [stdout]   --> src/engine/input.rs:36:15
[INFO] [stdout]    |
[INFO] [stdout] 36 |         right.y = 0.0;
[INFO] [stdout]    |               ^ unknown field
[INFO] [stdout]    |
[INFO] [stdout]    = note: available field is: `data`
[INFO] [stdout] 
[INFO] [stdout] 
[INFO] [stdout] error[E0609]: no field `y` on type `vec3::Vec3`
[INFO] [stdout]   --> src/engine/input.rs:53:18
[INFO] [stdout]    |
[INFO] [stdout] 53 |         movement.y = y_move * base_speed;
[INFO] [stdout]    |                  ^ unknown field
[INFO] [stdout]    |
[INFO] [stdout]    = note: available field is: `data`
[INFO] [stdout] 
[INFO] [stdout] 
[INFO] [stdout] warning: unused variable: `device_id`
[INFO] [stdout]    --> src/app.rs:183:17
[INFO] [stdout]     |
[INFO] [stdout] 183 |                 device_id,
[INFO] [stdout]     |                 ^^^^^^^^^ help: try ignoring the field: `device_id: _`
[INFO] [stdout]     |
[INFO] [stdout]     = note: `#[warn(unused_variables)]` (part of `#[warn(unused)]`) on by default
[INFO] [stdout] 
[INFO] [stdout] 
[INFO] [stdout] warning: unused variable: `device_id`
[INFO] [stdout]    --> src/app.rs:188:17
[INFO] [stdout]     |
[INFO] [stdout] 188 |                 device_id,
[INFO] [stdout]     |                 ^^^^^^^^^ help: try ignoring the field: `device_id: _`
[INFO] [stdout] 
[INFO] [stdout] 
[INFO] [stdout] warning: unused variable: `phase`
[INFO] [stdout]    --> src/app.rs:190:17
[INFO] [stdout]     |
[INFO] [stdout] 190 |                 phase,
[INFO] [stdout]     |                 ^^^^^ help: try ignoring the field: `phase: _`
[INFO] [stdout] 
[INFO] [stdout] 
[INFO] [stdout] warning: unused variable: `min`
[INFO] [stdout]   --> src/world/leaf.rs:27:13
[INFO] [stdout]    |
[INFO] [stdout] 27 |         let min = Vec3::default();
[INFO] [stdout]    |             ^^^ help: if this is intentional, prefix it with an underscore: `_min`
[INFO] [stdout] 
[INFO] [stdout] 
[INFO] [stdout] warning: unused variable: `max`
[INFO] [stdout]   --> src/world/leaf.rs:28:13
[INFO] [stdout]    |
[INFO] [stdout] 28 |         let max = v3(
[INFO] [stdout]    |             ^^^ help: if this is intentional, prefix it with an underscore: `_max`
[INFO] [stdout] 
[INFO] [stdout] 
[INFO] [stdout] Some errors have detailed explanations: E0432, E0609.
[INFO] [stdout] 
[INFO] [stdout] For more information about an error, try `rustc --explain E0432`.
[INFO] [stdout] 
[INFO] [stderr] error: could not compile `voxels` (bin "voxels") due to 20 previous errors; 16 warnings emitted
[INFO] running `Command { std: "docker" "inspect" "230f2e737720eb148ffa63ee974769487bfdf8b5a97dabf68b27bedc7097da12", kill_on_drop: false }`
[INFO] running `Command { std: "docker" "rm" "-f" "230f2e737720eb148ffa63ee974769487bfdf8b5a97dabf68b27bedc7097da12", kill_on_drop: false }`
[INFO] [stdout] 230f2e737720eb148ffa63ee974769487bfdf8b5a97dabf68b27bedc7097da12
