[INFO] cloning repository https://github.com/methodify/aspen
[INFO] running `Command { std: "git" "-c" "credential.helper=" "-c" "credential.helper=/workspace/cargo-home/bin/git-credential-null" "clone" "--bare" "https://github.com/methodify/aspen" "/workspace/cache/git-repos/https%3A%2F%2Fgithub.com%2Fmethodify%2Faspen", kill_on_drop: false }`
[INFO] [stderr] Cloning into bare repository '/workspace/cache/git-repos/https%3A%2F%2Fgithub.com%2Fmethodify%2Faspen'...
[INFO] running `Command { std: "git" "rev-parse" "HEAD", kill_on_drop: false }`
[INFO] [stdout] 4359e9e951a98ebbad66bfc44f4741c97d0c097b
[INFO] checking methodify/aspen against 3154cc1a3e6424e44f438a95007d043ed5ceaaf6 for pr-133502-30
[INFO] running `Command { std: "git" "clone" "/workspace/cache/git-repos/https%3A%2F%2Fgithub.com%2Fmethodify%2Faspen" "/workspace/builds/worker-0-tc2/source", kill_on_drop: false }`
[INFO] [stderr] Cloning into '/workspace/builds/worker-0-tc2/source'...
[INFO] [stderr] done.
[INFO] started tweaking git repo https://github.com/methodify/aspen
[INFO] finished tweaking git repo https://github.com/methodify/aspen
[INFO] tweaked toml for git repo https://github.com/methodify/aspen written to /workspace/builds/worker-0-tc2/source/Cargo.toml
[INFO] validating manifest of git repo https://github.com/methodify/aspen on toolchain 3154cc1a3e6424e44f438a95007d043ed5ceaaf6
[INFO] running `Command { std: CARGO_HOME="/workspace/cargo-home" RUSTUP_HOME="/workspace/rustup-home" "/workspace/cargo-home/bin/cargo" "+3154cc1a3e6424e44f438a95007d043ed5ceaaf6" "metadata" "--manifest-path" "Cargo.toml" "--no-deps", kill_on_drop: false }`
[INFO] crate git repo https://github.com/methodify/aspen already has a lockfile, it will not be regenerated
[INFO] running `Command { std: CARGO_HOME="/workspace/cargo-home" RUSTUP_HOME="/workspace/rustup-home" "/workspace/cargo-home/bin/cargo" "+3154cc1a3e6424e44f438a95007d043ed5ceaaf6" "fetch" "--manifest-path" "Cargo.toml", kill_on_drop: false }`
[INFO] [stderr] warning: unused field `repository` in `workspace.package`
[INFO] [stderr]   --> Cargo.toml:44:1
[INFO] [stderr]    |
[INFO] [stderr] 44 | repository = "https://github.com/genuye/aspen"
[INFO] [stderr]    | ^^^^^^^^^^
[INFO] [stderr]    |
[INFO] [stderr]    = note: `cargo::unused_workspace_package_fields` is set to `warn` by default
[INFO] [stderr] help: consider removing the field `workspace.package.repository`
[INFO] [stderr] warning: workspace (manifest) generated 1 warning
[INFO] [stderr]     Blocking waiting for file lock on package cache
[INFO] [stderr]     Blocking waiting for file lock on package cache
[INFO] running `Command { std: "docker" "create" "-v" "/var/lib/crater-agent-workspace/builds/worker-0-tc2/source:/opt/rustwide/workdir:ro,Z" "-v" "/var/lib/crater-agent-workspace/builds/worker-0-tc2/target:/opt/rustwide/target:rw,Z" "-v" "/var/lib/crater-agent-workspace/cargo-home:/opt/rustwide/cargo-home:ro,Z" "-v" "/var/lib/crater-agent-workspace/rustup-home:/opt/rustwide/rustup-home:ro,Z" "-m" "1610612736" "--network" "none" "ghcr.io/rust-lang/crates-build-env/linux@sha256:77db811e55d90add9212f6832c23229e3de5f1c1f9905e8cb07319ea15df73ac" "sleep" "infinity", kill_on_drop: false }`
[INFO] [stdout] cb0ab69e65f3267620335752a7bb0f687df78c3c14410e44003a1ff8194e7428
[INFO] running `Command { std: "docker" "start" "cb0ab69e65f3267620335752a7bb0f687df78c3c14410e44003a1ff8194e7428", kill_on_drop: false }`
[INFO] running `Command { std: "docker" "inspect" "cb0ab69e65f3267620335752a7bb0f687df78c3c14410e44003a1ff8194e7428", kill_on_drop: false }`
[INFO] running `Command { std: "docker" "exec" "-e" "SOURCE_DIR=/opt/rustwide/workdir" "-e" "CARGO_HOME=/opt/rustwide/cargo-home" "-e" "RUSTUP_HOME=/opt/rustwide/rustup-home" "-e" "CARGO_TARGET_DIR=/opt/rustwide/target" "-w" "/opt/rustwide/workdir" "--user" "0:0" "cb0ab69e65f3267620335752a7bb0f687df78c3c14410e44003a1ff8194e7428" "/opt/rustwide/cargo-home/bin/cargo" "+3154cc1a3e6424e44f438a95007d043ed5ceaaf6" "metadata" "--no-deps" "--format-version=1", kill_on_drop: false }`
[INFO] running `Command { std: "docker" "inspect" "cb0ab69e65f3267620335752a7bb0f687df78c3c14410e44003a1ff8194e7428", kill_on_drop: false }`
[INFO] running `Command { std: "docker" "exec" "-e" "SOURCE_DIR=/opt/rustwide/workdir" "-e" "CARGO_HOME=/opt/rustwide/cargo-home" "-e" "RUSTUP_HOME=/opt/rustwide/rustup-home" "-e" "CARGO_TARGET_DIR=/opt/rustwide/target" "-e" "CARGO_INCREMENTAL=0" "-e" "RUST_BACKTRACE=full" "-e" "RUSTFLAGS=--cap-lints=forbid" "-e" "RUSTDOCFLAGS=--cap-lints=forbid" "-w" "/opt/rustwide/workdir" "--user" "0:0" "cb0ab69e65f3267620335752a7bb0f687df78c3c14410e44003a1ff8194e7428" "/opt/rustwide/cargo-home/bin/cargo" "+3154cc1a3e6424e44f438a95007d043ed5ceaaf6" "check" "--frozen" "--all" "--all-targets" "--message-format=json", kill_on_drop: false }`
[INFO] [stderr] warning: unused field `repository` in `workspace.package`
[INFO] [stderr]   --> Cargo.toml:44:1
[INFO] [stderr]    |
[INFO] [stderr] 44 | repository = "https://github.com/genuye/aspen"
[INFO] [stderr]    | ^^^^^^^^^^
[INFO] [stderr]    |
[INFO] [stderr]    = note: `cargo::unused_workspace_package_fields` is set to `warn` by default
[INFO] [stderr] help: consider removing the field `workspace.package.repository`
[INFO] [stderr] warning: workspace (manifest) generated 1 warning
[INFO] [stderr]    Compiling proc-macro2 v1.0.107
[INFO] [stderr]    Compiling unicode-ident v1.0.24
[INFO] [stderr]    Compiling quote v1.0.47
[INFO] [stderr]    Compiling libc v0.2.189
[INFO] [stderr]     Checking cfg-if v1.0.4
[INFO] [stderr]     Checking typenum v1.20.1
[INFO] [stderr]    Compiling version_check v0.9.5
[INFO] [stderr]     Checking subtle v2.6.1
[INFO] [stderr]     Checking const-oid v0.9.6
[INFO] [stderr]     Checking smallvec v1.15.2
[INFO] [stderr]     Checking itoa v1.0.18
[INFO] [stderr]     Checking cpufeatures v0.2.17
[INFO] [stderr]     Checking bytes v1.12.1
[INFO] [stderr]     Checking pin-project-lite v0.2.17
[INFO] [stderr]    Compiling thiserror v2.0.20
[INFO] [stderr]    Compiling generic-array v0.14.7
[INFO] [stderr]     Checking memchr v2.8.3
[INFO] [stderr]     Checking once_cell v1.21.4
[INFO] [stderr]    Compiling parking_lot_core v0.9.12
[INFO] [stderr]    Compiling serde_core v1.0.229
[INFO] [stderr]     Checking scopeguard v1.2.0
[INFO] [stderr]     Checking lock_api v0.4.14
[INFO] [stderr]     Checking log v0.4.34
[INFO] [stderr]     Checking base64ct v1.8.3
[INFO] [stderr]    Compiling shlex v2.0.1
[INFO] [stderr]    Compiling zerocopy v0.8.56
[INFO] [stderr]    Compiling find-msvc-tools v0.1.11
[INFO] [stderr]    Compiling zmij v1.0.23
[INFO] [stderr]    Compiling syn v2.0.119
[INFO] [stderr]    Compiling syn v3.0.4
[INFO] [stderr]    Compiling cc v1.4.4
[INFO] [stderr]    Compiling serde v1.0.229
[INFO] [stderr]    Compiling libm v0.2.16
[INFO] [stderr]    Compiling autocfg v1.5.1
[INFO] [stderr]     Checking hybrid-array v0.4.14
[INFO] [stderr]    Compiling serde_json v1.0.151
[INFO] [stderr]     Checking getrandom v0.2.17
[INFO] [stderr]     Checking errno v0.3.14
[INFO] [stderr]     Checking rand_core v0.6.4
[INFO] [stderr]     Checking signal-hook-registry v1.4.8
[INFO] [stderr]     Checking parking_lot v0.12.5
[INFO] [stderr]     Checking socket2 v0.6.5
[INFO] [stderr]     Checking mio v1.2.2
[INFO] [stderr]    Compiling num-traits v0.2.19
[INFO] [stderr]     Checking crypto-common v0.2.2
[INFO] [stderr]     Checking block-buffer v0.12.1
[INFO] [stderr]     Checking futures-core v0.3.34
[INFO] [stderr]     Checking stable_deref_trait v1.2.1
[INFO] [stderr]     Checking http v1.5.0
[INFO] [stderr]    Compiling anyhow v1.0.104
[INFO] [stderr]     Checking cmov v0.5.4
[INFO] [stderr]     Checking ctutils v0.4.2
[INFO] [stderr]     Checking tracing-core v0.1.36
[INFO] [stderr]    Compiling getrandom v0.3.4
[INFO] [stderr]     Checking const-oid v0.10.2
[INFO] [stderr]    Compiling getrandom v0.4.3
[INFO] [stderr]     Checking digest v0.11.3
[INFO] [stderr]    Compiling ring v0.17.14
[INFO] [stderr]     Checking pem-rfc7468 v0.7.0
[INFO] [stderr]    Compiling httparse v1.10.1
[INFO] [stderr]    Compiling semver v1.0.28
[INFO] [stderr]     Checking spin v0.9.9
[INFO] [stderr]     Checking lazy_static v1.5.0
[INFO] [stderr]     Checking rand_core v0.9.5
[INFO] [stderr]    Compiling rustc_version v0.4.1
[INFO] [stderr]     Checking futures-sink v0.3.34
[INFO] [stderr]     Checking cpufeatures v0.3.1
[INFO] [stderr]     Checking data-encoding v2.11.1
[INFO] [stderr]     Checking opaque-debug v0.3.1
[INFO] [stderr]     Checking untrusted v0.9.0
[INFO] [stderr]    Compiling curve25519-dalek v4.1.3
[INFO] [stderr]     Checking ff v0.13.1
[INFO] [stderr]     Checking num-integer v0.1.47
[INFO] [stderr]    Compiling num-conv v0.2.2
[INFO] [stderr]     Checking litemap v0.8.3
[INFO] [stderr]     Checking futures-task v0.3.34
[INFO] [stderr]    Compiling time-core v0.1.9
[INFO] [stderr]     Checking writeable v0.6.4
[INFO] [stderr]     Checking bitflags v2.13.1
[INFO] [stderr]     Checking slab v0.4.12
[INFO] [stderr]     Checking base16ct v0.2.0
[INFO] [stderr]     Checking percent-encoding v2.3.2
[INFO] [stderr]    Compiling time-macros v0.2.32
[INFO] [stderr]     Checking group v0.13.0
[INFO] [stderr]     Checking sha2 v0.11.0
[INFO] [stderr]     Checking utf8_iter v1.0.4
[INFO] [stderr]    Compiling unicase v2.9.0
[INFO] [stderr]     Checking powerfmt v0.2.0
[INFO] [stderr]    Compiling rustix v1.1.4
[INFO] [stderr]    Compiling icu_normalizer_data v2.3.0
[INFO] [stderr]     Checking minimal-lexical v0.2.1
[INFO] [stderr]    Compiling icu_properties_data v2.3.0
[INFO] [stderr]    Compiling synstructure v0.13.2
[INFO] [stderr]     Checking deranged v0.5.8
[INFO] [stderr]     Checking nom v7.1.3
[INFO] [stderr]    Compiling mime_guess v2.0.5
[INFO] [stderr]     Checking form_urlencoded v1.2.2
[INFO] [stderr]     Checking ppv-lite86 v0.2.21
[INFO] [stderr]     Checking uuid v1.26.0
[INFO] [stderr]     Checking http-body v1.1.0
[INFO] [stderr]     Checking pem-rfc7468 v0.6.0
[INFO] [stderr]     Checking mime v0.3.17
[INFO] [stderr]     Checking rand_chacha v0.9.0
[INFO] [stderr]     Checking linux-raw-sys v0.12.1
[INFO] [stderr]     Checking rand v0.9.5
[INFO] [stderr]    Compiling rustls v0.23.45
[INFO] [stderr]     Checking time v0.3.55
[INFO] [stderr]    Compiling thiserror-impl v2.0.20
[INFO] [stderr]    Compiling tokio-macros v2.7.2
[INFO] [stderr]    Compiling displaydoc v0.2.7
[INFO] [stderr]    Compiling zeroize_derive v1.5.0
[INFO] [stderr]    Compiling zerofrom-derive v0.1.7
[INFO] [stderr]     Checking zeroize v1.9.0
[INFO] [stderr]     Checking tokio v1.53.1
[INFO] [stderr]    Compiling serde_derive v1.0.229
[INFO] [stderr]    Compiling yoke-derive v0.8.2
[INFO] [stderr]     Checking crypto-common v0.1.7
[INFO] [stderr]     Checking block-buffer v0.10.4
[INFO] [stderr]    Compiling zerovec-derive v0.11.6
[INFO] [stderr]    Compiling tracing-attributes v0.1.31
[INFO] [stderr]     Checking digest v0.10.7
[INFO] [stderr]     Checking signature v2.2.0
[INFO] [stderr]     Checking inout v0.1.4
[INFO] [stderr]     Checking der v0.7.10
[INFO] [stderr]     Checking zerofrom v0.1.8
[INFO] [stderr]     Checking cipher v0.4.4
[INFO] [stderr]     Checking hmac v0.12.1
[INFO] [stderr]     Checking yoke v0.8.3
[INFO] [stderr]     Checking sha2 v0.10.9
[INFO] [stderr]     Checking universal-hash v0.5.1
[INFO] [stderr]     Checking rustls-pki-types v1.15.1
[INFO] [stderr]    Compiling futures-macro v0.3.34
[INFO] [stderr]     Checking zerotrie v0.2.5
[INFO] [stderr]     Checking zerovec v0.11.8
[INFO] [stderr]     Checking tracing v0.1.44
[INFO] [stderr]     Checking hkdf v0.12.4
[INFO] [stderr]     Checking sha1 v0.10.7
[INFO] [stderr]     Checking crypto-bigint v0.5.5
[INFO] [stderr]     Checking spki v0.7.3
[INFO] [stderr]    Compiling curve25519-dalek-derive v0.1.1
[INFO] [stderr]     Checking aead v0.5.2
[INFO] [stderr]     Checking pkcs8 v0.10.2
[INFO] [stderr]    Compiling async-trait v0.1.92
[INFO] [stderr]     Checking sec1 v0.7.3
[INFO] [stderr]     Checking futures-util v0.3.34
[INFO] [stderr]     Checking tinystr v0.8.4
[INFO] [stderr]     Checking potential_utf v0.1.6
[INFO] [stderr]     Checking icu_locale_core v2.3.0
[INFO] [stderr]     Checking icu_collections v2.3.0
[INFO] [stderr]     Checking base64 v0.22.1
[INFO] [stderr]     Checking rustls-webpki v0.103.15
[INFO] [stderr]     Checking poly1305 v0.8.0
[INFO] [stderr]     Checking rfc6979 v0.4.0
[INFO] [stderr]     Checking chacha20 v0.9.1
[INFO] [stderr]     Checking icu_provider v2.3.1
[INFO] [stderr]     Checking ed25519 v2.2.3
[INFO] [stderr]     Checking der v0.6.1
[INFO] [stderr]     Checking rusticata-macros v4.1.0
[INFO] [stderr]     Checking elliptic-curve v0.13.8
[INFO] [stderr]    Compiling asn1-rs-impl v0.2.0
[INFO] [stderr]    Compiling asn1-rs-derive v0.6.0
[INFO] [stderr]     Checking tower-service v0.3.3
[INFO] [stderr]     Checking icu_normalizer v2.3.0
[INFO] [stderr]     Checking icu_properties v2.3.0
[INFO] [stderr]     Checking ecdsa v0.16.9
[INFO] [stderr]     Checking asn1-rs v0.7.2
[INFO] [stderr]     Checking spki v0.6.0
[INFO] [stderr]     Checking ed25519-dalek v2.2.0
[INFO] [stderr]     Checking x25519-dalek v2.0.1
[INFO] [stderr]     Checking chacha20poly1305 v0.10.1
[INFO] [stderr]     Checking rand_chacha v0.3.1
[INFO] [stderr]     Checking tower-layer v0.3.3
[INFO] [stderr]     Checking httpdate v1.0.3
[INFO] [stderr]     Checking utf8parse v0.2.2
[INFO] [stderr]    Compiling oid-registry v0.8.1
[INFO] [stderr]    Compiling crc32fast v1.5.1
[INFO] [stderr]    Compiling pkg-config v0.3.34
[INFO] [stderr]    Compiling num-bigint-dig v0.8.6
[INFO] [stderr]     Checking nu-ansi-term v0.50.3
[INFO] [stderr]    Compiling vcpkg v0.2.15
[INFO] [stderr]     Checking anstyle-parse v1.0.0
[INFO] [stderr]     Checking rand v0.8.8
[INFO] [stderr]     Checking idna_adapter v1.2.2
[INFO] [stderr]     Checking pkcs8 v0.9.0
[INFO] [stderr]     Checking aspen-core v0.50.3 (/opt/rustwide/workdir/crates/aspen-core)
[INFO] [stderr]     Checking primeorder v0.13.6
[INFO] [stderr]     Checking webpki-roots v1.0.9
[INFO] [stderr]     Checking http-body-util v0.1.5
[INFO] [stderr]     Checking num-bigint v0.4.8
[INFO] [stderr]     Checking num-iter v0.1.46
[INFO] [stderr]    Compiling libsqlite3-sys v0.35.0
[INFO] [stderr]     Checking futures-channel v0.3.34
[INFO] [stderr]     Checking inout v0.2.2
[INFO] [stderr]     Checking sync_wrapper v1.0.2
[INFO] [stderr]     Checking colorchoice v1.0.5
[INFO] [stderr]    Compiling option-ext v0.2.0
[INFO] [stderr]     Checking atomic-waker v1.1.2
[INFO] [stderr]     Checking regex-syntax v0.8.11
[INFO] [stderr]     Checking foldhash v0.1.5
[INFO] [stderr]     Checking is_terminal_polyfill v1.70.2
[INFO] [stderr]     Checking anstyle v1.0.14
[INFO] [stderr]     Checking adler2 v2.0.1
[INFO] [stderr]    Compiling thiserror v1.0.69
[INFO] [stderr]     Checking anstyle-query v1.1.5
[INFO] [stderr]     Checking simd-adler32 v0.3.10
[INFO] [stderr]     Checking anstream v1.0.0
[INFO] [stderr]     Checking miniz_oxide v0.9.1
[INFO] [stderr]     Checking hashbrown v0.15.5
[INFO] [stderr]     Checking hyper v1.11.1
[INFO] [stderr]     Checking der-parser v10.0.0
[INFO] [stderr]    Compiling dirs-sys v0.5.0
[INFO] [stderr]     Checking cipher v0.5.2
[INFO] [stderr]     Checking webpki-roots v0.26.11
[INFO] [stderr]     Checking pkcs1 v0.4.1
[INFO] [stderr]     Checking idna v1.1.0
[INFO] [stderr]     Checking aspen-wire v0.50.3 (/opt/rustwide/workdir/crates/aspen-wire)
[INFO] [stderr]     Checking regex-automata v0.4.18
[INFO] [stderr]     Checking tungstenite v0.29.0
[INFO] [stderr]     Checking polyval v0.6.2
[INFO] [stderr]     Checking signature v1.6.4
[INFO] [stderr]    Compiling thiserror-impl v1.0.69
[INFO] [stderr]     Checking hmac v0.13.0
[INFO] [stderr]     Checking strsim v0.11.1
[INFO] [stderr]     Checking ct-codecs v1.1.7
[INFO] [stderr]     Checking base64 v0.23.1
[INFO] [stderr]     Checking ryu v1.0.23
[INFO] [stderr]    Compiling heck v0.5.0
[INFO] [stderr]    Compiling same-file v1.0.6
[INFO] [stderr]     Checking byteorder v1.5.0
[INFO] [stderr]     Checking clap_lex v1.1.0
[INFO] [stderr]     Checking utf-8 v0.7.6
[INFO] [stderr]     Checking tungstenite v0.27.0
[INFO] [stderr]    Compiling walkdir v2.5.0
[INFO] [stderr]     Checking clap_builder v4.6.6
[INFO] [stderr]    Compiling clap_derive v4.6.4
[INFO] [stderr]     Checking rsa v0.7.2
[INFO] [stderr]     Checking pem v4.0.0
[INFO] [stderr]     Checking tokio-tungstenite v0.29.0
[INFO] [stderr]     Checking serde_urlencoded v0.7.1
[INFO] [stderr]     Checking ed25519-compact v2.4.2
[INFO] [stderr]     Checking pbkdf2 v0.13.0
[INFO] [stderr]     Checking url v2.5.8
[INFO] [stderr]     Checking matchers v0.2.0
[INFO] [stderr]     Checking ghash v0.5.1
[INFO] [stderr]     Checking x509-parser v0.18.1
[INFO] [stderr]     Checking flate2 v1.1.10
[INFO] [stderr]     Checking salsa20 v0.11.0
[INFO] [stderr]     Checking hyper-util v0.1.20
[INFO] [stderr]     Checking tokio-rustls v0.26.5
[INFO] [stderr]    Compiling dirs v6.0.0
[INFO] [stderr]     Checking hashlink v0.10.0
[INFO] [stderr]     Checking axum-core v0.5.6
[INFO] [stderr]     Checking tower v0.5.3
[INFO] [stderr]     Checking p384 v0.13.1
[INFO] [stderr]     Checking p256 v0.13.2
[INFO] [stderr]     Checking xattr v1.6.1
[INFO] [stderr]     Checking k256 v0.13.4
[INFO] [stderr]     Checking yasna v0.6.0
[INFO] [stderr]     Checking ctr v0.9.2
[INFO] [stderr]     Checking aes v0.8.4
[INFO] [stderr]     Checking hmac-sha256 v1.1.14
[INFO] [stderr]     Checking hmac-sha512 v1.1.12
[INFO] [stderr]     Checking sharded-slab v0.1.7
[INFO] [stderr]     Checking tracing-log v0.2.0
[INFO] [stderr]     Checking serde_path_to_error v0.1.20
[INFO] [stderr]     Checking filetime v0.2.29
[INFO] [stderr]     Checking coarsetime v0.1.37
[INFO] [stderr]     Checking thread_local v1.1.10
[INFO] [stderr]     Checking hmac-sha1-compact v1.1.7
[INFO] [stderr]     Checking matchit v0.8.4
[INFO] [stderr]     Checking fallible-iterator v0.3.0
[INFO] [stderr]     Checking fallible-streaming-iterator v0.1.9
[INFO] [stderr]     Checking binstring v0.1.7
[INFO] [stderr]     Checking iana-time-zone v0.1.65
[INFO] [stderr]     Checking jwt-simple v0.11.9
[INFO] [stderr]     Checking chrono v0.4.45
[INFO] [stderr]     Checking aes-gcm v0.10.3
[INFO] [stderr]     Checking tracing-subscriber v0.3.23
[INFO] [stderr]     Checking tar v0.4.46
[INFO] [stderr]     Checking rcgen v0.14.10
[INFO] [stderr]     Checking clap v4.6.6
[INFO] [stderr]     Checking tokio-tungstenite v0.27.0
[INFO] [stderr]    Compiling shellexpand v3.1.2
[INFO] [stderr]     Checking ureq v2.12.1
[INFO] [stderr]     Checking scrypt v0.12.0
[INFO] [stderr]    Compiling rust-embed-utils v8.12.0
[INFO] [stderr]     Checking aspen-codex v0.50.3 (/opt/rustwide/workdir/crates/aspen-codex)
[INFO] [stderr]     Checking aspen-claude v0.50.3 (/opt/rustwide/workdir/crates/aspen-claude)
[INFO] [stderr]     Checking diffy v0.4.2
[INFO] [stderr]     Checking sha1 v0.11.0
[INFO] [stderr]     Checking axum v0.8.9
[INFO] [stderr]     Checking if-addrs v0.13.4
[INFO] [stderr]     Checking fastrand v2.5.0
[INFO] [stderr]     Checking shell-words v1.1.1
[INFO] [stderr]     Checking dunce v1.0.5
[INFO] [stderr]     Checking regex-lite v0.1.9
[INFO] [stderr]    Compiling rust-embed-impl v8.12.0
[INFO] [stderr]     Checking tempfile v3.27.0
[INFO] [stderr]     Checking tokio-util v0.7.19
[INFO] [stderr]     Checking rtoolbox v0.0.6
[INFO] [stderr]    Compiling aspen v0.50.3 (/opt/rustwide/workdir/crates/aspen)
[INFO] [stderr]     Checking http-range-header v0.4.2
[INFO] [stderr]     Checking rpassword v7.5.4
[INFO] [stderr]     Checking tower-http v0.6.11
[INFO] [stderr]     Checking hex v0.4.3
[INFO] [stderr]     Checking urlencoding v2.1.3
[INFO] [stderr]     Checking rust-embed v8.12.0
[INFO] [stderr]     Checking rusqlite v0.37.0
[INFO] [stderr]     Checking aspen-node v0.50.3 (/opt/rustwide/workdir/crates/aspen-node)
[INFO] [stderr]     Checking aspen-relay v0.50.3 (/opt/rustwide/workdir/crates/aspen-relay)
[INFO] [stdout] error: #[derive(RustEmbed)] folder '/opt/rustwide/workdir/crates/aspen/../../ui/dist' does not exist. cwd: '/opt/rustwide/workdir'
[INFO] [stdout]     --> crates/aspen/src/api.rs:1053:1
[INFO] [stdout]      |
[INFO] [stdout] 1053 | / /// The console, embedded. Release builds carry ui/dist inside the binary;
[INFO] [stdout] 1054 | | /// debug builds read the folder live from disk (rust-embed's behavior).
[INFO] [stdout] 1055 | | #[derive(rust_embed::RustEmbed)]
[INFO] [stdout] 1056 | | #[folder = "$CARGO_MANIFEST_DIR/../../ui/dist"]
[INFO] [stdout] 1057 | | struct UiAssets;
[INFO] [stdout]      | |________________^
[INFO] [stdout] 
[INFO] [stdout] 
[INFO] [stdout] error: #[derive(RustEmbed)] folder '/opt/rustwide/workdir/crates/aspen/../../ui/dist' does not exist. cwd: '/opt/rustwide/workdir'
[INFO] [stdout]     --> crates/aspen/src/api.rs:1053:1
[INFO] [stdout]      |
[INFO] [stdout] 1053 | / /// The console, embedded. Release builds carry ui/dist inside the binary;
[INFO] [stdout] 1054 | | /// debug builds read the folder live from disk (rust-embed's behavior).
[INFO] [stdout] 1055 | | #[derive(rust_embed::RustEmbed)]
[INFO] [stdout] 1056 | | #[folder = "$CARGO_MANIFEST_DIR/../../ui/dist"]
[INFO] [stdout] 1057 | | struct UiAssets;
[INFO] [stdout]      | |________________^
[INFO] [stdout] 
[INFO] [stdout] 
[INFO] [stdout] error[E0599]: no associated function or constant named `get` found for struct `UiAssets` in the current scope
[INFO] [stdout]     --> crates/aspen/src/api.rs:1062:64
[INFO] [stdout]      |
[INFO] [stdout] 1057 | struct UiAssets;
[INFO] [stdout]      | --------------- associated function or constant `get` not found for this struct
[INFO] [stdout] ...
[INFO] [stdout] 1062 |     let (name, spa_fallback) = if path.is_empty() || UiAssets::get(path).is_none() {
[INFO] [stdout]      |                                                                ^^^ associated function or constant not found in `UiAssets`
[INFO] [stdout]      |
[INFO] [stdout]      = help: items from traits can only be used if the trait is implemented and in scope
[INFO] [stdout]      = note: the following traits define an item `get`, perhaps you need to implement one of them:
[INFO] [stdout]              candidate #1: `Embed`
[INFO] [stdout]              candidate #2: `SliceIndex`
[INFO] [stdout]              candidate #3: `StoresServerSessions`
[INFO] [stdout]              candidate #4: `fallible_streaming_iterator::FallibleStreamingIterator`
[INFO] [stdout]              candidate #5: `icu_collections::codepointtrie::cptrie::TypedCodePointTrie`
[INFO] [stdout]              candidate #6: `icu_properties::names::PropertyEnumToValueNameLookup`
[INFO] [stdout]              candidate #7: `icu_provider::baked::DataStore`
[INFO] [stdout] 
[INFO] [stdout] 
[INFO] [stdout] error[E0599]: no associated function or constant named `get` found for struct `UiAssets` in the current scope
[INFO] [stdout]     --> crates/aspen/src/api.rs:1067:32
[INFO] [stdout]      |
[INFO] [stdout] 1057 | struct UiAssets;
[INFO] [stdout]      | --------------- associated function or constant `get` not found for this struct
[INFO] [stdout] ...
[INFO] [stdout] 1067 |     let Some(file) = UiAssets::get(name) else {
[INFO] [stdout]      |                                ^^^ associated function or constant not found in `UiAssets`
[INFO] [stdout]      |
[INFO] [stdout]      = help: items from traits can only be used if the trait is implemented and in scope
[INFO] [stdout]      = note: the following traits define an item `get`, perhaps you need to implement one of them:
[INFO] [stdout]              candidate #1: `Embed`
[INFO] [stdout]              candidate #2: `SliceIndex`
[INFO] [stdout]              candidate #3: `StoresServerSessions`
[INFO] [stdout]              candidate #4: `fallible_streaming_iterator::FallibleStreamingIterator`
[INFO] [stdout]              candidate #5: `icu_collections::codepointtrie::cptrie::TypedCodePointTrie`
[INFO] [stdout]              candidate #6: `icu_properties::names::PropertyEnumToValueNameLookup`
[INFO] [stdout]              candidate #7: `icu_provider::baked::DataStore`
[INFO] [stdout] 
[INFO] [stdout] 
[INFO] [stdout] error[E0599]: no associated function or constant named `get` found for struct `UiAssets` in the current scope
[INFO] [stdout]     --> crates/aspen/src/api.rs:1062:64
[INFO] [stdout]      |
[INFO] [stdout] 1057 | struct UiAssets;
[INFO] [stdout]      | --------------- associated function or constant `get` not found for this struct
[INFO] [stdout] ...
[INFO] [stdout] 1062 |     let (name, spa_fallback) = if path.is_empty() || UiAssets::get(path).is_none() {
[INFO] [stdout]      |                                                                ^^^ associated function or constant not found in `UiAssets`
[INFO] [stdout]      |
[INFO] [stdout]      = help: items from traits can only be used if the trait is implemented and in scope
[INFO] [stdout]      = note: the following traits define an item `get`, perhaps you need to implement one of them:
[INFO] [stdout]              candidate #1: `Embed`
[INFO] [stdout]              candidate #2: `SliceIndex`
[INFO] [stdout]              candidate #3: `StoresServerSessions`
[INFO] [stdout]              candidate #4: `fallible_streaming_iterator::FallibleStreamingIterator`
[INFO] [stdout]              candidate #5: `icu_collections::codepointtrie::cptrie::TypedCodePointTrie`
[INFO] [stdout]              candidate #6: `icu_properties::names::PropertyEnumToValueNameLookup`
[INFO] [stdout]              candidate #7: `icu_provider::baked::DataStore`
[INFO] [stdout] 
[INFO] [stdout] 
[INFO] [stdout] error[E0599]: no associated function or constant named `get` found for struct `UiAssets` in the current scope
[INFO] [stdout]     --> crates/aspen/src/api.rs:1067:32
[INFO] [stdout]      |
[INFO] [stdout] 1057 | struct UiAssets;
[INFO] [stdout]      | --------------- associated function or constant `get` not found for this struct
[INFO] [stdout] ...
[INFO] [stdout] 1067 |     let Some(file) = UiAssets::get(name) else {
[INFO] [stdout]      |                                ^^^ associated function or constant not found in `UiAssets`
[INFO] [stdout]      |
[INFO] [stdout]      = help: items from traits can only be used if the trait is implemented and in scope
[INFO] [stdout]      = note: the following traits define an item `get`, perhaps you need to implement one of them:
[INFO] [stdout]              candidate #1: `Embed`
[INFO] [stdout]              candidate #2: `SliceIndex`
[INFO] [stdout]              candidate #3: `StoresServerSessions`
[INFO] [stdout]              candidate #4: `fallible_streaming_iterator::FallibleStreamingIterator`
[INFO] [stdout]              candidate #5: `icu_collections::codepointtrie::cptrie::TypedCodePointTrie`
[INFO] [stdout]              candidate #6: `icu_properties::names::PropertyEnumToValueNameLookup`
[INFO] [stdout]              candidate #7: `icu_provider::baked::DataStore`
[INFO] [stdout] 
[INFO] [stdout] 
[INFO] [stdout] For more information about this error, try `rustc --explain E0599`.
[INFO] [stdout] 
[INFO] [stderr] error: could not compile `aspen` (bin "aspen" test) due to 3 previous errors
[INFO] [stderr] warning: build failed, waiting for other jobs to finish...
[INFO] [stdout] For more information about this error, try `rustc --explain E0599`.
[INFO] [stdout] 
[INFO] [stderr] error: could not compile `aspen` (bin "aspen") due to 3 previous errors
[INFO] [stderr] warning: unused dependency `thiserror`
[INFO] [stderr]   --> crates/aspen-wire/Cargo.toml:11:1
[INFO] [stderr]    |
[INFO] [stderr] 11 | thiserror = { workspace = true }
[INFO] [stderr]    | ^^^^^^^^^^^^^^^^^^^^^^^^^^^^^^^^
[INFO] [stderr]    |
[INFO] [stderr]    = note: `cargo::unused_dependencies` is set to `warn` by default
[INFO] [stderr] help: consider removing the dependency on `thiserror`
[INFO] [stderr] warning: `aspen-wire` (manifest) generated 1 warning
[INFO] running `Command { std: "docker" "inspect" "cb0ab69e65f3267620335752a7bb0f687df78c3c14410e44003a1ff8194e7428", kill_on_drop: false }`
[INFO] running `Command { std: "docker" "rm" "-f" "cb0ab69e65f3267620335752a7bb0f687df78c3c14410e44003a1ff8194e7428", kill_on_drop: false }`
[INFO] [stdout] cb0ab69e65f3267620335752a7bb0f687df78c3c14410e44003a1ff8194e7428
