[INFO] cloning repository https://github.com/mercury-ai-1/mercury-cortex-core
[INFO] running `Command { std: "git" "-c" "credential.helper=" "-c" "credential.helper=/workspace/cargo-home/bin/git-credential-null" "clone" "--bare" "https://github.com/mercury-ai-1/mercury-cortex-core" "/workspace/cache/git-repos/https%3A%2F%2Fgithub.com%2Fmercury-ai-1%2Fmercury-cortex-core", kill_on_drop: false }`
[INFO] [stderr] Cloning into bare repository '/workspace/cache/git-repos/https%3A%2F%2Fgithub.com%2Fmercury-ai-1%2Fmercury-cortex-core'...
[INFO] running `Command { std: "git" "rev-parse" "HEAD", kill_on_drop: false }`
[INFO] [stdout] c913cfe1a4ed4cf975045f4c074a296b5cc2991f
[INFO] checking mercury-ai-1/mercury-cortex-core against 3154cc1a3e6424e44f438a95007d043ed5ceaaf6 for pr-133502-30
[INFO] running `Command { std: "git" "clone" "/workspace/cache/git-repos/https%3A%2F%2Fgithub.com%2Fmercury-ai-1%2Fmercury-cortex-core" "/workspace/builds/worker-2-tc2/source", kill_on_drop: false }`
[INFO] [stderr] Cloning into '/workspace/builds/worker-2-tc2/source'...
[INFO] [stderr] done.
[INFO] started tweaking git repo https://github.com/mercury-ai-1/mercury-cortex-core
[INFO] finished tweaking git repo https://github.com/mercury-ai-1/mercury-cortex-core
[INFO] tweaked toml for git repo https://github.com/mercury-ai-1/mercury-cortex-core written to /workspace/builds/worker-2-tc2/source/Cargo.toml
[INFO] validating manifest of git repo https://github.com/mercury-ai-1/mercury-cortex-core on toolchain 3154cc1a3e6424e44f438a95007d043ed5ceaaf6
[INFO] running `Command { std: CARGO_HOME="/workspace/cargo-home" RUSTUP_HOME="/workspace/rustup-home" "/workspace/cargo-home/bin/cargo" "+3154cc1a3e6424e44f438a95007d043ed5ceaaf6" "metadata" "--manifest-path" "Cargo.toml" "--no-deps", kill_on_drop: false }`
[INFO] crate git repo https://github.com/mercury-ai-1/mercury-cortex-core already has a lockfile, it will not be regenerated
[INFO] running `Command { std: CARGO_HOME="/workspace/cargo-home" RUSTUP_HOME="/workspace/rustup-home" "/workspace/cargo-home/bin/cargo" "+3154cc1a3e6424e44f438a95007d043ed5ceaaf6" "fetch" "--manifest-path" "Cargo.toml", kill_on_drop: false }`
[INFO] running `Command { std: "docker" "create" "-v" "/var/lib/crater-agent-workspace/builds/worker-2-tc2/source:/opt/rustwide/workdir:ro,Z" "-v" "/var/lib/crater-agent-workspace/builds/worker-2-tc2/target:/opt/rustwide/target:rw,Z" "-v" "/var/lib/crater-agent-workspace/cargo-home:/opt/rustwide/cargo-home:ro,Z" "-v" "/var/lib/crater-agent-workspace/rustup-home:/opt/rustwide/rustup-home:ro,Z" "-m" "1610612736" "--network" "none" "ghcr.io/rust-lang/crates-build-env/linux@sha256:77db811e55d90add9212f6832c23229e3de5f1c1f9905e8cb07319ea15df73ac" "sleep" "infinity", kill_on_drop: false }`
[INFO] [stdout] 842322db11b87fac340e61c467ee24faaf1c41a1017b4cbf5f6105df817b1521
[INFO] running `Command { std: "docker" "start" "842322db11b87fac340e61c467ee24faaf1c41a1017b4cbf5f6105df817b1521", kill_on_drop: false }`
[INFO] running `Command { std: "docker" "inspect" "842322db11b87fac340e61c467ee24faaf1c41a1017b4cbf5f6105df817b1521", kill_on_drop: false }`
[INFO] running `Command { std: "docker" "exec" "-e" "SOURCE_DIR=/opt/rustwide/workdir" "-e" "CARGO_HOME=/opt/rustwide/cargo-home" "-e" "RUSTUP_HOME=/opt/rustwide/rustup-home" "-e" "CARGO_TARGET_DIR=/opt/rustwide/target" "-w" "/opt/rustwide/workdir" "--user" "0:0" "842322db11b87fac340e61c467ee24faaf1c41a1017b4cbf5f6105df817b1521" "/opt/rustwide/cargo-home/bin/cargo" "+3154cc1a3e6424e44f438a95007d043ed5ceaaf6" "metadata" "--no-deps" "--format-version=1", kill_on_drop: false }`
[INFO] running `Command { std: "docker" "inspect" "842322db11b87fac340e61c467ee24faaf1c41a1017b4cbf5f6105df817b1521", kill_on_drop: false }`
[INFO] running `Command { std: "docker" "exec" "-e" "SOURCE_DIR=/opt/rustwide/workdir" "-e" "CARGO_HOME=/opt/rustwide/cargo-home" "-e" "RUSTUP_HOME=/opt/rustwide/rustup-home" "-e" "CARGO_TARGET_DIR=/opt/rustwide/target" "-e" "CARGO_INCREMENTAL=0" "-e" "RUST_BACKTRACE=full" "-e" "RUSTFLAGS=--cap-lints=forbid" "-e" "RUSTDOCFLAGS=--cap-lints=forbid" "-w" "/opt/rustwide/workdir" "--user" "0:0" "842322db11b87fac340e61c467ee24faaf1c41a1017b4cbf5f6105df817b1521" "/opt/rustwide/cargo-home/bin/cargo" "+3154cc1a3e6424e44f438a95007d043ed5ceaaf6" "check" "--frozen" "--all" "--all-targets" "--message-format=json", kill_on_drop: false }`
[INFO] [stderr]    Compiling serde_core v1.0.229
[INFO] [stderr]    Compiling zerocopy-derive v0.8.55
[INFO] [stderr]    Compiling zerovec-derive v0.11.3
[INFO] [stderr]    Compiling displaydoc v0.2.7
[INFO] [stderr]    Compiling futures-macro v0.3.33
[INFO] [stderr]     Checking digest v0.10.7
[INFO] [stderr]    Compiling zeroize_derive v1.5.0
[INFO] [stderr]    Compiling bytemuck_derive v1.11.0
[INFO] [stderr]    Compiling phf_shared v0.13.1
[INFO] [stderr]     Checking zeroize v1.9.0
[INFO] [stderr]     Checking tracing v0.1.44
[INFO] [stderr]     Checking zerotrie v0.2.4
[INFO] [stderr]    Compiling phf_generator v0.13.1
[INFO] [stderr]     Checking parking_lot v0.12.5
[INFO] [stderr]    Compiling thiserror-impl v2.0.19
[INFO] [stderr]     Checking futures-util v0.3.33
[INFO] [stderr]    Compiling aws-lc-rs v1.17.3
[INFO] [stderr]     Checking heapless v0.8.0
[INFO] [stderr]     Checking i_float v1.15.0
[INFO] [stderr]     Checking i_shape v1.14.0
[INFO] [stderr]     Checking zerovec v0.11.6
[INFO] [stderr]     Checking bytemuck v1.25.2
[INFO] [stderr]     Checking itertools v0.11.0
[INFO] [stderr]     Checking approx v0.5.1
[INFO] [stderr]     Checking robust v1.2.0
[INFO] [stderr]    Compiling rust_decimal v1.42.1
[INFO] [stderr]     Checking thiserror v2.0.19
[INFO] [stderr]     Checking arrayvec v0.7.8
[INFO] [stderr]     Checking i_tree v0.16.0
[INFO] [stderr]     Checking i_key_sort v0.6.0
[INFO] [stderr]     Checking i_overlay v4.0.7
[INFO] [stderr]     Checking tinystr v0.8.3
[INFO] [stderr]     Checking potential_utf v0.1.5
[INFO] [stderr]     Checking zerocopy v0.8.55
[INFO] [stderr]     Checking icu_collections v2.2.0
[INFO] [stderr]     Checking icu_locale_core v2.2.0
[INFO] [stderr]     Checking spade v2.15.1
[INFO] [stderr]    Compiling phf_codegen v0.13.1
[INFO] [stderr]    Compiling string_cache_codegen v0.6.1
[INFO] [stderr]     Checking rustls-pki-types v1.15.1
[INFO] [stderr]     Checking icu_provider v2.2.0
[INFO] [stderr]     Checking earcutr v0.4.3
[INFO] [stderr]     Checking serde v1.0.229
[INFO] [stderr]     Checking indexmap v2.14.0
[INFO] [stderr]     Checking icu_properties v2.2.0
[INFO] [stderr]     Checking icu_normalizer v2.2.0
[INFO] [stderr]     Checking uuid v1.23.5
[INFO] [stderr]     Checking num-integer v0.1.46
[INFO] [stderr]    Compiling async-trait v0.1.91
[INFO] [stderr]     Checking bytes v1.12.1
[INFO] [stderr]     Checking chrono v0.4.45
[INFO] [stderr]     Checking rstar v0.12.2
[INFO] [stderr]     Checking geographiclib-rs v0.2.7
[INFO] [stderr]     Checking float_next_after v1.0.0
[INFO] [stderr]     Checking sif-itree v0.4.1
[INFO] [stderr]    Compiling web_atoms v0.2.5
[INFO] [stderr]     Checking tokio v1.53.1
[INFO] [stderr]     Checking http v1.5.0
[INFO] [stderr]     Checking idna_adapter v1.2.2
[INFO] [stderr]     Checking geo-types v0.7.19
[INFO] [stderr]     Checking idna v1.1.0
[INFO] [stderr]    Compiling prost-derive v0.14.4
[INFO] [stderr]    Compiling phf_macros v0.13.1
[INFO] [stderr]     Checking url v2.5.8
[INFO] [stderr]    Compiling serde_json v1.0.151
[INFO] [stderr]     Checking string_cache v0.9.0
[INFO] [stderr]     Checking cipher v0.4.4
[INFO] [stderr]     Checking http-body v1.1.0
[INFO] [stderr]    Compiling flatbuffers v25.12.19
[INFO] [stderr]     Checking http-body-util v0.1.4
[INFO] [stderr]     Checking regex v1.13.1
[INFO] [stderr]     Checking phf v0.13.1
[INFO] [stderr]    Compiling matrixmultiply v0.3.11
[INFO] [stderr]     Checking base64ct v1.8.3
[INFO] [stderr]     Checking axum-core v0.5.6
[INFO] [stderr]    Compiling rustls v0.23.43
[INFO] [stderr]     Checking rustls-webpki v0.103.13
[INFO] [stderr]    Compiling time-macros v0.2.32
[INFO] [stderr]     Checking password-hash v0.5.0
[INFO] [stderr]     Checking futures-executor v0.3.33
[INFO] [stderr]     Checking roaring v0.11.4
[INFO] [stderr]     Checking prost v0.14.4
[INFO] [stderr]     Checking sha2 v0.10.9
[INFO] [stderr]     Checking sha1 v0.10.7
[INFO] [stderr]    Compiling revision-derive v0.30.0
[INFO] [stderr]    Compiling storekey-derive v0.11.0
[INFO] [stderr]     Checking ppv-lite86 v0.2.21
[INFO] [stderr]    Compiling snap v1.1.2
[INFO] [stderr]     Checking rawpointer v0.2.1
[INFO] [stderr]     Checking time v0.3.54
[INFO] [stderr]     Checking rand_chacha v0.9.0
[INFO] [stderr]     Checking rand_chacha v0.3.1
[INFO] [stderr]     Checking ahash v0.8.12
[INFO] [stderr]     Checking storekey v0.11.0
[INFO] [stderr]     Checking rand v0.8.7
[INFO] [stderr]     Checking rand v0.9.5
[INFO] [stderr]     Checking prost-types v0.14.4
[INFO] [stderr]     Checking markup5ever v0.39.0
[INFO] [stderr]     Checking futures v0.3.33
[INFO] [stderr]     Checking geo v0.32.0
[INFO] [stderr]     Checking rand_distr v0.5.1
[INFO] [stderr]     Checking arc-swap v1.9.2
[INFO] [stderr]     Checking half v2.7.1
[INFO] [stderr]     Checking num-bigint v0.4.8
[INFO] [stderr]     Checking semver v1.0.28
[INFO] [stderr]     Checking tokio-util v0.7.19
[INFO] [stderr]     Checking tokio-stream v0.1.19
[INFO] [stderr]     Checking diskann-wide v0.54.0
[INFO] [stderr]     Checking hmac v0.12.1
[INFO] [stderr]    Compiling blake3 v1.8.5
[INFO] [stderr]     Checking concurrent-queue v2.5.0
[INFO] [stderr]     Checking h2 v0.4.15
[INFO] [stderr]     Checking tower v0.5.3
[INFO] [stderr]     Checking rmp v0.8.15
[INFO] [stderr]     Checking num-complex v0.4.6
[INFO] [stdout] error[E0283]: type annotations needed
[INFO] [stdout]    --> /opt/rustwide/cargo-home/registry/src/index.crates.io-1949cf8c6b5b557f/diskann-wide-0.54.0/src/arch/x86_64/v3/mod.rs:435:82
[INFO] [stdout]     |
[INFO] [stdout] 435 |         let f: unsafe fn(Self, T0::Of<'_>) -> R = Self::run_function_with_1::<F, _, _>;
[INFO] [stdout]     |                                                                                  ^ cannot infer type
[INFO] [stdout]     |
[INFO] [stdout]     = note: the type must implement `AddLifetime`
[INFO] [stdout]     = help: the following types implement trait `AddLifetime`:
[INFO] [stdout]               As<T>
[INFO] [stdout]               Mut<T>
[INFO] [stdout]               String
[INFO] [stdout]               bool
[INFO] [stdout]               f32
[INFO] [stdout]               f64
[INFO] [stdout]               half::f16
[INFO] [stdout]               i16
[INFO] [stdout]             and 9 others
[INFO] [stdout] note: required by a bound in `V3::run_function_with_1`
[INFO] [stdout]    --> /opt/rustwide/cargo-home/registry/src/index.crates.io-1949cf8c6b5b557f/diskann-wide-0.54.0/src/arch/x86_64/v3/mod.rs:296:17
[INFO] [stdout]     |
[INFO] [stdout] 111 | impl V3 {
[INFO] [stdout] ...
[INFO] [stdout] 294 |         pub(super) unsafe fn run_function_with_1<F, T0, R>(self, x0: T0::Of<'_>) -> R
[INFO] [stdout] 295 |         where
[INFO] [stdout] 296 |             T0: AddLifetime,
[INFO] [stdout]     |                 ^^^^^^^^^^^ required by this bound in `V3::run_function_with_1`
[INFO] [stdout] 
[INFO] [stdout] 
[INFO] [stdout] error[E0283]: type annotations needed
[INFO] [stdout]    --> /opt/rustwide/cargo-home/registry/src/index.crates.io-1949cf8c6b5b557f/diskann-wide-0.54.0/src/arch/x86_64/v3/mod.rs:450:44
[INFO] [stdout]     |
[INFO] [stdout] 450 |             Self::run_function_with_2::<F, _, _, _>;
[INFO] [stdout]     |                                            ^ cannot infer type
[INFO] [stdout]     |
[INFO] [stdout]     = note: the type must implement `AddLifetime`
[INFO] [stdout]     = help: the following types implement trait `AddLifetime`:
[INFO] [stdout]               As<T>
[INFO] [stdout]               Mut<T>
[INFO] [stdout]               String
[INFO] [stdout]               bool
[INFO] [stdout]               f32
[INFO] [stdout]               f64
[INFO] [stdout]               half::f16
[INFO] [stdout]               i16
[INFO] [stdout]             and 9 others
[INFO] [stdout] note: required by a bound in `V3::run_function_with_2`
[INFO] [stdout]    --> /opt/rustwide/cargo-home/registry/src/index.crates.io-1949cf8c6b5b557f/diskann-wide-0.54.0/src/arch/x86_64/v3/mod.rs:313:17
[INFO] [stdout]     |
[INFO] [stdout] 111 | impl V3 {
[INFO] [stdout] ...
[INFO] [stdout] 307 |         pub(super) unsafe fn run_function_with_2<F, T0, T1, R>(
[INFO] [stdout] ...
[INFO] [stdout] 313 |             T0: AddLifetime,
[INFO] [stdout]     |                 ^^^^^^^^^^^ required by this bound in `V3::run_function_with_2`
[INFO] [stdout] 
[INFO] [stdout] 
[INFO] [stdout] error[E0283]: type annotations needed
[INFO] [stdout]    --> /opt/rustwide/cargo-home/registry/src/index.crates.io-1949cf8c6b5b557f/diskann-wide-0.54.0/src/arch/x86_64/v3/mod.rs:466:44
[INFO] [stdout]     |
[INFO] [stdout] 466 |             Self::run_function_with_3::<F, _, _, _, _>;
[INFO] [stdout]     |                                            ^ cannot infer type
[INFO] [stdout]     |
[INFO] [stdout]     = note: the type must implement `AddLifetime`
[INFO] [stdout]     = help: the following types implement trait `AddLifetime`:
[INFO] [stdout]               As<T>
[INFO] [stdout]               Mut<T>
[INFO] [stdout]               String
[INFO] [stdout]               bool
[INFO] [stdout]               f32
[INFO] [stdout]               f64
[INFO] [stdout]               half::f16
[INFO] [stdout]               i16
[INFO] [stdout]             and 9 others
[INFO] [stdout] note: required by a bound in `V3::run_function_with_3`
[INFO] [stdout]    --> /opt/rustwide/cargo-home/registry/src/index.crates.io-1949cf8c6b5b557f/diskann-wide-0.54.0/src/arch/x86_64/v3/mod.rs:332:17
[INFO] [stdout]     |
[INFO] [stdout] 111 | impl V3 {
[INFO] [stdout] ...
[INFO] [stdout] 325 |         pub(super) unsafe fn run_function_with_3<F, T0, T1, T2, R>(
[INFO] [stdout] ...
[INFO] [stdout] 332 |             T0: AddLifetime,
[INFO] [stdout]     |                 ^^^^^^^^^^^ required by this bound in `V3::run_function_with_3`
[INFO] [stdout] 
[INFO] [stdout] 
[INFO] [stderr]     Checking hybrid-array v0.4.13
[INFO] [stdout] error[E0283]: type annotations needed
[INFO] [stdout]    --> /opt/rustwide/cargo-home/registry/src/index.crates.io-1949cf8c6b5b557f/diskann-wide-0.54.0/src/arch/x86_64/v4/mod.rs:540:82
[INFO] [stdout]     |
[INFO] [stdout] 540 |         let f: unsafe fn(Self, T0::Of<'_>) -> R = Self::run_function_with_1::<F, _, _>;
[INFO] [stdout]     |                                                                                  ^ cannot infer type
[INFO] [stdout]     |
[INFO] [stdout]     = note: the type must implement `AddLifetime`
[INFO] [stdout]     = help: the following types implement trait `AddLifetime`:
[INFO] [stdout]               As<T>
[INFO] [stdout]               Mut<T>
[INFO] [stdout]               String
[INFO] [stdout]               bool
[INFO] [stdout]               f32
[INFO] [stdout]               f64
[INFO] [stdout]               half::f16
[INFO] [stdout]               i16
[INFO] [stdout]             and 9 others
[INFO] [stdout] note: required by a bound in `v4::V4::run_function_with_1`
[INFO] [stdout]    --> /opt/rustwide/cargo-home/registry/src/index.crates.io-1949cf8c6b5b557f/diskann-wide-0.54.0/src/arch/x86_64/v4/mod.rs:401:17
[INFO] [stdout]     |
[INFO] [stdout] 213 | impl V4 {
[INFO] [stdout] ...
[INFO] [stdout] 399 |         pub(super) unsafe fn run_function_with_1<F, T0, R>(self, x0: T0::Of<'_>) -> R
[INFO] [stdout] 400 |         where
[INFO] [stdout] 401 |             T0: AddLifetime,
[INFO] [stdout]     |                 ^^^^^^^^^^^ required by this bound in `V4::run_function_with_1`
[INFO] [stdout] 
[INFO] [stdout] 
[INFO] [stdout] error[E0283]: type annotations needed
[INFO] [stdout]    --> /opt/rustwide/cargo-home/registry/src/index.crates.io-1949cf8c6b5b557f/diskann-wide-0.54.0/src/arch/x86_64/v4/mod.rs:555:44
[INFO] [stdout]     |
[INFO] [stdout] 555 |             Self::run_function_with_2::<F, _, _, _>;
[INFO] [stdout]     |                                            ^ cannot infer type
[INFO] [stdout]     |
[INFO] [stdout]     = note: the type must implement `AddLifetime`
[INFO] [stdout]     = help: the following types implement trait `AddLifetime`:
[INFO] [stdout]               As<T>
[INFO] [stdout]               Mut<T>
[INFO] [stdout]               String
[INFO] [stdout]               bool
[INFO] [stdout]               f32
[INFO] [stdout]               f64
[INFO] [stdout]               half::f16
[INFO] [stdout]               i16
[INFO] [stdout]             and 9 others
[INFO] [stdout] note: required by a bound in `v4::V4::run_function_with_2`
[INFO] [stdout]    --> /opt/rustwide/cargo-home/registry/src/index.crates.io-1949cf8c6b5b557f/diskann-wide-0.54.0/src/arch/x86_64/v4/mod.rs:418:17
[INFO] [stdout]     |
[INFO] [stdout] 213 | impl V4 {
[INFO] [stdout] ...
[INFO] [stdout] 412 |         pub(super) unsafe fn run_function_with_2<F, T0, T1, R>(
[INFO] [stdout] ...
[INFO] [stdout] 418 |             T0: AddLifetime,
[INFO] [stdout]     |                 ^^^^^^^^^^^ required by this bound in `V4::run_function_with_2`
[INFO] [stdout] 
[INFO] [stdout] 
[INFO] [stdout] error[E0283]: type annotations needed
[INFO] [stdout]    --> /opt/rustwide/cargo-home/registry/src/index.crates.io-1949cf8c6b5b557f/diskann-wide-0.54.0/src/arch/x86_64/v4/mod.rs:571:44
[INFO] [stdout]     |
[INFO] [stdout] 571 |             Self::run_function_with_3::<F, _, _, _, _>;
[INFO] [stdout]     |                                            ^ cannot infer type
[INFO] [stdout]     |
[INFO] [stdout]     = note: the type must implement `AddLifetime`
[INFO] [stdout]     = help: the following types implement trait `AddLifetime`:
[INFO] [stdout]               As<T>
[INFO] [stdout]               Mut<T>
[INFO] [stdout]               String
[INFO] [stdout]               bool
[INFO] [stdout]               f32
[INFO] [stdout]               f64
[INFO] [stdout]               half::f16
[INFO] [stdout]               i16
[INFO] [stdout]             and 9 others
[INFO] [stdout] note: required by a bound in `v4::V4::run_function_with_3`
[INFO] [stdout]    --> /opt/rustwide/cargo-home/registry/src/index.crates.io-1949cf8c6b5b557f/diskann-wide-0.54.0/src/arch/x86_64/v4/mod.rs:437:17
[INFO] [stdout]     |
[INFO] [stdout] 213 | impl V4 {
[INFO] [stdout] ...
[INFO] [stdout] 430 |         pub(super) unsafe fn run_function_with_3<F, T0, T1, T2, R>(
[INFO] [stdout] ...
[INFO] [stdout] 437 |             T0: AddLifetime,
[INFO] [stdout]     |                 ^^^^^^^^^^^ required by this bound in `V4::run_function_with_3`
[INFO] [stdout] 
[INFO] [stdout] 
[INFO] [stderr]     Checking seize v0.5.1
[INFO] [stderr]     Checking twox-hash v2.1.3
[INFO] [stderr]    Compiling fastnum v0.7.5
[INFO] [stderr]    Compiling fst v0.4.7
[INFO] [stderr]    Compiling surrealdb-types-derive v3.2.3
[INFO] [stdout] For more information about this error, try `rustc --explain E0283`.
[INFO] [stdout] 
[INFO] [stderr] error: could not compile `diskann-wide` (lib) due to 6 previous errors
[INFO] [stderr] warning: build failed, waiting for other jobs to finish...
[INFO] running `Command { std: "docker" "inspect" "842322db11b87fac340e61c467ee24faaf1c41a1017b4cbf5f6105df817b1521", kill_on_drop: false }`
[INFO] running `Command { std: "docker" "rm" "-f" "842322db11b87fac340e61c467ee24faaf1c41a1017b4cbf5f6105df817b1521", kill_on_drop: false }`
[INFO] [stdout] 842322db11b87fac340e61c467ee24faaf1c41a1017b4cbf5f6105df817b1521
