[INFO] cloning repository https://github.com/meddion/mesh-node
[INFO] running `Command { std: "git" "-c" "credential.helper=" "-c" "credential.helper=/workspace/cargo-home/bin/git-credential-null" "clone" "--bare" "https://github.com/meddion/mesh-node" "/workspace/cache/git-repos/https%3A%2F%2Fgithub.com%2Fmeddion%2Fmesh-node", kill_on_drop: false }`
[INFO] [stderr] Cloning into bare repository '/workspace/cache/git-repos/https%3A%2F%2Fgithub.com%2Fmeddion%2Fmesh-node'...
[INFO] running `Command { std: "git" "rev-parse" "HEAD", kill_on_drop: false }`
[INFO] [stdout] 7286463c7a4aaf2745adb11e8d928f18d9cd4989
[INFO] checking meddion/mesh-node against 3154cc1a3e6424e44f438a95007d043ed5ceaaf6 for pr-133502-30
[INFO] running `Command { std: "git" "clone" "/workspace/cache/git-repos/https%3A%2F%2Fgithub.com%2Fmeddion%2Fmesh-node" "/workspace/builds/worker-4-tc2/source", kill_on_drop: false }`
[INFO] [stderr] Cloning into '/workspace/builds/worker-4-tc2/source'...
[INFO] [stderr] done.
[INFO] started tweaking git repo https://github.com/meddion/mesh-node
[INFO] finished tweaking git repo https://github.com/meddion/mesh-node
[INFO] tweaked toml for git repo https://github.com/meddion/mesh-node written to /workspace/builds/worker-4-tc2/source/Cargo.toml
[INFO] validating manifest of git repo https://github.com/meddion/mesh-node on toolchain 3154cc1a3e6424e44f438a95007d043ed5ceaaf6
[INFO] running `Command { std: CARGO_HOME="/workspace/cargo-home" RUSTUP_HOME="/workspace/rustup-home" "/workspace/cargo-home/bin/cargo" "+3154cc1a3e6424e44f438a95007d043ed5ceaaf6" "metadata" "--manifest-path" "Cargo.toml" "--no-deps", kill_on_drop: false }`
[INFO] crate git repo https://github.com/meddion/mesh-node already has a lockfile, it will not be regenerated
[INFO] running `Command { std: CARGO_HOME="/workspace/cargo-home" RUSTUP_HOME="/workspace/rustup-home" "/workspace/cargo-home/bin/cargo" "+3154cc1a3e6424e44f438a95007d043ed5ceaaf6" "fetch" "--manifest-path" "Cargo.toml", kill_on_drop: false }`
[INFO] running `Command { std: "docker" "create" "-v" "/var/lib/crater-agent-workspace/builds/worker-4-tc2/source:/opt/rustwide/workdir:ro,Z" "-v" "/var/lib/crater-agent-workspace/builds/worker-4-tc2/target:/opt/rustwide/target:rw,Z" "-v" "/var/lib/crater-agent-workspace/cargo-home:/opt/rustwide/cargo-home:ro,Z" "-v" "/var/lib/crater-agent-workspace/rustup-home:/opt/rustwide/rustup-home:ro,Z" "-m" "1610612736" "--network" "none" "ghcr.io/rust-lang/crates-build-env/linux@sha256:77db811e55d90add9212f6832c23229e3de5f1c1f9905e8cb07319ea15df73ac" "sleep" "infinity", kill_on_drop: false }`
[INFO] [stdout] 93d85b25a55e0a916637c54ed635d7ea0591bec99e6d77b161a32891dc3895b9
[INFO] running `Command { std: "docker" "start" "93d85b25a55e0a916637c54ed635d7ea0591bec99e6d77b161a32891dc3895b9", kill_on_drop: false }`
[INFO] running `Command { std: "docker" "inspect" "93d85b25a55e0a916637c54ed635d7ea0591bec99e6d77b161a32891dc3895b9", kill_on_drop: false }`
[INFO] running `Command { std: "docker" "exec" "-e" "SOURCE_DIR=/opt/rustwide/workdir" "-e" "CARGO_HOME=/opt/rustwide/cargo-home" "-e" "RUSTUP_HOME=/opt/rustwide/rustup-home" "-e" "CARGO_TARGET_DIR=/opt/rustwide/target" "-w" "/opt/rustwide/workdir" "--user" "0:0" "93d85b25a55e0a916637c54ed635d7ea0591bec99e6d77b161a32891dc3895b9" "/opt/rustwide/cargo-home/bin/cargo" "+3154cc1a3e6424e44f438a95007d043ed5ceaaf6" "metadata" "--no-deps" "--format-version=1", kill_on_drop: false }`
[INFO] running `Command { std: "docker" "inspect" "93d85b25a55e0a916637c54ed635d7ea0591bec99e6d77b161a32891dc3895b9", kill_on_drop: false }`
[INFO] running `Command { std: "docker" "exec" "-e" "SOURCE_DIR=/opt/rustwide/workdir" "-e" "CARGO_HOME=/opt/rustwide/cargo-home" "-e" "RUSTUP_HOME=/opt/rustwide/rustup-home" "-e" "CARGO_TARGET_DIR=/opt/rustwide/target" "-e" "CARGO_INCREMENTAL=0" "-e" "RUST_BACKTRACE=full" "-e" "RUSTFLAGS=--cap-lints=forbid" "-e" "RUSTDOCFLAGS=--cap-lints=forbid" "-w" "/opt/rustwide/workdir" "--user" "0:0" "93d85b25a55e0a916637c54ed635d7ea0591bec99e6d77b161a32891dc3895b9" "/opt/rustwide/cargo-home/bin/cargo" "+3154cc1a3e6424e44f438a95007d043ed5ceaaf6" "check" "--frozen" "--all" "--all-targets" "--message-format=json", kill_on_drop: false }`
[INFO] [stderr]     Checking parking_lot_core v0.9.12
[INFO] [stderr]     Checking regex-automata v0.4.14
[INFO] [stderr]     Checking socket2 v0.6.4
[INFO] [stderr]     Checking mio v1.2.1
[INFO] [stderr]     Checking jiff v0.2.28
[INFO] [stderr]     Checking uuid v1.23.2
[INFO] [stderr]    Compiling tokio-macros v2.7.0
[INFO] [stderr]     Checking parking_lot v0.12.5
[INFO] [stderr]     Checking tokio v1.52.3
[INFO] [stderr]     Checking regex v1.12.3
[INFO] [stderr]     Checking env_filter v1.0.1
[INFO] [stderr]     Checking env_logger v0.11.10
[INFO] [stderr]     Checking tokio-util v0.7.18
[INFO] [stderr]     Checking mesh-node v0.1.0 (/opt/rustwide/workdir)
[INFO] [stdout] error[E0599]: no method named `handle` found for struct `node::Node` in the current scope
[INFO] [stdout]    --> src/node.rs:364:18
[INFO] [stdout]     |
[INFO] [stdout] 117 | pub struct Node {
[INFO] [stdout]     | --------------- method `handle` not found for this struct
[INFO] [stdout] ...
[INFO] [stdout] 364 |             node.handle(addr(4000), msg);
[INFO] [stdout]     |                  ^^^^^^ this is an associated function, not a method
[INFO] [stdout]     |
[INFO] [stdout]     = note: found the following associated functions; to be used as methods, functions must have a `self` parameter
[INFO] [stdout] note: the candidate is defined in an impl for the type `node::Node`
[INFO] [stdout]    --> src/node.rs:277:5
[INFO] [stdout]     |
[INFO] [stdout] 277 |     async fn handle(addr: std::net::SocketAddr, peers: &mut Vec<Peer>, msg: Message) {
[INFO] [stdout]     |     ^^^^^^^^^^^^^^^^^^^^^^^^^^^^^^^^^^^^^^^^^^^^^^^^^^^^^^^^^^^^^^^^^^^^^^^^^^^^^^^^
[INFO] [stdout] help: use associated function syntax instead
[INFO] [stdout]     |
[INFO] [stdout] 364 -             node.handle(addr(4000), msg);
[INFO] [stdout] 364 +             node::Node::handle(addr(4000), msg);
[INFO] [stdout]     |
[INFO] [stdout] 
[INFO] [stdout] 
[INFO] [stdout] warning: constant `PEER_REMOVED_DUR` is never used
[INFO] [stdout]   --> src/node.rs:16:7
[INFO] [stdout]    |
[INFO] [stdout] 16 | const PEER_REMOVED_DUR: Duration = Duration::from_mins(1);
[INFO] [stdout]    |       ^^^^^^^^^^^^^^^^
[INFO] [stdout]    |
[INFO] [stdout]    = note: `#[warn(dead_code)]` (part of `#[warn(unused)]`) on by default
[INFO] [stdout] 
[INFO] [stdout] 
[INFO] [stdout] error[E0599]: no method named `len` found for struct `Arc<tokio::sync::Mutex<Vec<node::Peer>>>` in the current scope
[INFO] [stdout]    --> src/node.rs:365:35
[INFO] [stdout]     |
[INFO] [stdout] 365 |             assert_eq!(node.peers.len(), 1);
[INFO] [stdout]     |                                   ^^^ method not found in `Arc<tokio::sync::Mutex<Vec<node::Peer>>>`
[INFO] [stdout] 
[INFO] [stdout] 
[INFO] [stdout] warning: field `bind_addr` is never read
[INFO] [stdout]    --> src/node.rs:119:5
[INFO] [stdout]     |
[INFO] [stdout] 117 | pub struct Node {
[INFO] [stdout]     |            ---- field in this struct
[INFO] [stdout] 118 |     name: String,
[INFO] [stdout] 119 |     bind_addr: net::SocketAddr,
[INFO] [stdout]     |     ^^^^^^^^^
[INFO] [stdout]     |
[INFO] [stdout]     = note: `Node` has a derived impl for the trait `Debug`, but this is intentionally ignored during dead code analysis
[INFO] [stdout] 
[INFO] [stdout] 
[INFO] [stdout] warning: methods `add` and `clean_up_dead_peers` are never used
[INFO] [stdout]    --> src/node.rs:155:18
[INFO] [stdout]     |
[INFO] [stdout] 125 | impl Node {
[INFO] [stdout]     | --------- methods in this implementation
[INFO] [stdout] ...
[INFO] [stdout] 155 |     pub async fn add(&self, peer: Peer) {
[INFO] [stdout]     |                  ^^^
[INFO] [stdout] ...
[INFO] [stdout] 247 |     async fn clean_up_dead_peers(&mut self) {
[INFO] [stdout]     |              ^^^^^^^^^^^^^^^^^^^
[INFO] [stdout] 
[INFO] [stdout] 
[INFO] [stdout] error[E0608]: cannot index into a value of type `Arc<tokio::sync::Mutex<Vec<node::Peer>>>`
[INFO] [stdout]    --> src/node.rs:366:34
[INFO] [stdout]     |
[INFO] [stdout] 366 |             assert_eq!(node.peers[0].addr, addr(4000));
[INFO] [stdout]     |                                  ^^^
[INFO] [stdout] 
[INFO] [stdout] 
[INFO] [stdout] error[E0608]: cannot index into a value of type `Arc<tokio::sync::Mutex<Vec<node::Peer>>>`
[INFO] [stdout]    --> src/node.rs:367:34
[INFO] [stdout]     |
[INFO] [stdout] 367 |             assert_eq!(node.peers[0].status, Status::Active);
[INFO] [stdout]     |                                  ^^^
[INFO] [stdout] 
[INFO] [stdout] 
[INFO] [stdout] error[E0599]: no method named `handle` found for struct `node::Node` in the current scope
[INFO] [stdout]    --> src/node.rs:391:18
[INFO] [stdout]     |
[INFO] [stdout] 117 | pub struct Node {
[INFO] [stdout]     | --------------- method `handle` not found for this struct
[INFO] [stdout] ...
[INFO] [stdout] 391 |             node.handle(addr(4000), msg);
[INFO] [stdout]     |                  ^^^^^^ this is an associated function, not a method
[INFO] [stdout]     |
[INFO] [stdout]     = note: found the following associated functions; to be used as methods, functions must have a `self` parameter
[INFO] [stdout] note: the candidate is defined in an impl for the type `node::Node`
[INFO] [stdout]    --> src/node.rs:277:5
[INFO] [stdout]     |
[INFO] [stdout] 277 |     async fn handle(addr: std::net::SocketAddr, peers: &mut Vec<Peer>, msg: Message) {
[INFO] [stdout]     |     ^^^^^^^^^^^^^^^^^^^^^^^^^^^^^^^^^^^^^^^^^^^^^^^^^^^^^^^^^^^^^^^^^^^^^^^^^^^^^^^^
[INFO] [stdout] help: use associated function syntax instead
[INFO] [stdout]     |
[INFO] [stdout] 391 -             node.handle(addr(4000), msg);
[INFO] [stdout] 391 +             node::Node::handle(addr(4000), msg);
[INFO] [stdout]     |
[INFO] [stdout] 
[INFO] [stdout] 
[INFO] [stdout] error[E0599]: no method named `len` found for struct `Arc<tokio::sync::Mutex<Vec<node::Peer>>>` in the current scope
[INFO] [stdout]    --> src/node.rs:393:35
[INFO] [stdout]     |
[INFO] [stdout] 393 |             assert_eq!(node.peers.len(), 1);
[INFO] [stdout]     |                                   ^^^ method not found in `Arc<tokio::sync::Mutex<Vec<node::Peer>>>`
[INFO] [stdout] 
[INFO] [stdout] 
[INFO] [stdout] error[E0608]: cannot index into a value of type `Arc<tokio::sync::Mutex<Vec<node::Peer>>>`
[INFO] [stdout]    --> src/node.rs:394:34
[INFO] [stdout]     |
[INFO] [stdout] 394 |             assert_eq!(node.peers[0].status, Status::Active);
[INFO] [stdout]     |                                  ^^^
[INFO] [stdout] 
[INFO] [stdout] 
[INFO] [stdout] error[E0608]: cannot index into a value of type `Arc<tokio::sync::Mutex<Vec<node::Peer>>>`
[INFO] [stdout]    --> src/node.rs:395:31
[INFO] [stdout]     |
[INFO] [stdout] 395 |             assert!(node.peers[0].last_seen.elapsed() < Duration::from_secs(1));
[INFO] [stdout]     |                               ^^^
[INFO] [stdout] 
[INFO] [stdout] 
[INFO] [stdout] error[E0599]: no method named `len` found for struct `Arc<tokio::sync::Mutex<Vec<node::Peer>>>` in the current scope
[INFO] [stdout]    --> src/node.rs:415:35
[INFO] [stdout]     |
[INFO] [stdout] 415 |             assert_eq!(node.peers.len(), 1);
[INFO] [stdout]     |                                   ^^^ method not found in `Arc<tokio::sync::Mutex<Vec<node::Peer>>>`
[INFO] [stdout] 
[INFO] [stdout] 
[INFO] [stdout] error[E0608]: cannot index into a value of type `Arc<tokio::sync::Mutex<Vec<node::Peer>>>`
[INFO] [stdout]    --> src/node.rs:416:34
[INFO] [stdout]     |
[INFO] [stdout] 416 |             assert_eq!(node.peers[0].addr, addr(4001));
[INFO] [stdout]     |                                  ^^^
[INFO] [stdout] 
[INFO] [stdout] 
[INFO] [stdout] error[E0369]: binary operation `==` cannot be applied to type `Arc<Atomic<u64>>`
[INFO] [stdout]    --> src/node.rs:428:13
[INFO] [stdout]     |
[INFO] [stdout] 428 |             assert_eq!(node.seq, 0);
[INFO] [stdout]     |             ^^^^^^^^^^^^^^^^^^^^^^^
[INFO] [stdout]     |             |
[INFO] [stdout]     |             Arc<Atomic<u64>>
[INFO] [stdout]     |             {integer}
[INFO] [stdout]     |
[INFO] [stdout] note: `Arc<Atomic<u64>>` does not implement `PartialEq<{integer}>`
[INFO] [stdout]    --> /rustc/3154cc1a3e6424e44f438a95007d043ed5ceaaf6/library/alloc/src/rcs/arc.rs:265:0
[INFO] [stdout]    ::: /rustc/3154cc1a3e6424e44f438a95007d043ed5ceaaf6/library/alloc/src/rcs/arc.rs:271:1
[INFO] [stdout]     |
[INFO] [stdout]     = note: `Arc<Atomic<u64>>` is defined in another crate
[INFO] [stdout] 
[INFO] [stdout] 
[INFO] [stdout] error[E0599]: no method named `heartbeat` found for struct `node::Node` in the current scope
[INFO] [stdout]    --> src/node.rs:430:28
[INFO] [stdout]     |
[INFO] [stdout] 117 | pub struct Node {
[INFO] [stdout]     | --------------- method `heartbeat` not found for this struct
[INFO] [stdout] ...
[INFO] [stdout] 430 |             let msg = node.heartbeat();
[INFO] [stdout]     |                            ^^^^^^^^^ this is an associated function, not a method
[INFO] [stdout]     |
[INFO] [stdout]     = note: found the following associated functions; to be used as methods, functions must have a `self` parameter
[INFO] [stdout] note: the candidate is defined in an impl for the type `node::Node`
[INFO] [stdout]    --> src/node.rs:141:5
[INFO] [stdout]     |
[INFO] [stdout] 141 |     fn heartbeat(name: String, seq: u64) -> Message {
[INFO] [stdout]     |     ^^^^^^^^^^^^^^^^^^^^^^^^^^^^^^^^^^^^^^^^^^^^^^^
[INFO] [stdout] help: use associated function syntax instead
[INFO] [stdout]     |
[INFO] [stdout] 430 -             let msg = node.heartbeat();
[INFO] [stdout] 430 +             let msg = node::Node::heartbeat();
[INFO] [stdout]     |
[INFO] [stdout] 
[INFO] [stdout] 
[INFO] [stdout] error[E0369]: binary operation `==` cannot be applied to type `Arc<Atomic<u64>>`
[INFO] [stdout]    --> src/node.rs:432:13
[INFO] [stdout]     |
[INFO] [stdout] 432 |             assert_eq!(node.seq, 1);
[INFO] [stdout]     |             ^^^^^^^^^^^^^^^^^^^^^^^
[INFO] [stdout]     |             |
[INFO] [stdout]     |             Arc<Atomic<u64>>
[INFO] [stdout]     |             {integer}
[INFO] [stdout]     |
[INFO] [stdout] note: `Arc<Atomic<u64>>` does not implement `PartialEq<{integer}>`
[INFO] [stdout]    --> /rustc/3154cc1a3e6424e44f438a95007d043ed5ceaaf6/library/alloc/src/rcs/arc.rs:265:0
[INFO] [stdout]    ::: /rustc/3154cc1a3e6424e44f438a95007d043ed5ceaaf6/library/alloc/src/rcs/arc.rs:271:1
[INFO] [stdout]     |
[INFO] [stdout]     = note: `Arc<Atomic<u64>>` is defined in another crate
[INFO] [stdout] 
[INFO] [stdout] 
[INFO] [stdout] error[E0599]: no method named `heartbeat` found for struct `node::Node` in the current scope
[INFO] [stdout]    --> src/node.rs:434:28
[INFO] [stdout]     |
[INFO] [stdout] 117 | pub struct Node {
[INFO] [stdout]     | --------------- method `heartbeat` not found for this struct
[INFO] [stdout] ...
[INFO] [stdout] 434 |             let msg = node.heartbeat();
[INFO] [stdout]     |                            ^^^^^^^^^ this is an associated function, not a method
[INFO] [stdout]     |
[INFO] [stdout]     = note: found the following associated functions; to be used as methods, functions must have a `self` parameter
[INFO] [stdout] note: the candidate is defined in an impl for the type `node::Node`
[INFO] [stdout]    --> src/node.rs:141:5
[INFO] [stdout]     |
[INFO] [stdout] 141 |     fn heartbeat(name: String, seq: u64) -> Message {
[INFO] [stdout]     |     ^^^^^^^^^^^^^^^^^^^^^^^^^^^^^^^^^^^^^^^^^^^^^^^
[INFO] [stdout] help: use associated function syntax instead
[INFO] [stdout]     |
[INFO] [stdout] 434 -             let msg = node.heartbeat();
[INFO] [stdout] 434 +             let msg = node::Node::heartbeat();
[INFO] [stdout]     |
[INFO] [stdout] 
[INFO] [stdout] 
[INFO] [stdout] error[E0369]: binary operation `==` cannot be applied to type `Arc<Atomic<u64>>`
[INFO] [stdout]    --> src/node.rs:436:13
[INFO] [stdout]     |
[INFO] [stdout] 436 |             assert_eq!(node.seq, 2);
[INFO] [stdout]     |             ^^^^^^^^^^^^^^^^^^^^^^^
[INFO] [stdout]     |             |
[INFO] [stdout]     |             Arc<Atomic<u64>>
[INFO] [stdout]     |             {integer}
[INFO] [stdout]     |
[INFO] [stdout] note: `Arc<Atomic<u64>>` does not implement `PartialEq<{integer}>`
[INFO] [stdout]    --> /rustc/3154cc1a3e6424e44f438a95007d043ed5ceaaf6/library/alloc/src/rcs/arc.rs:265:0
[INFO] [stdout]    ::: /rustc/3154cc1a3e6424e44f438a95007d043ed5ceaaf6/library/alloc/src/rcs/arc.rs:271:1
[INFO] [stdout]     |
[INFO] [stdout]     = note: `Arc<Atomic<u64>>` is defined in another crate
[INFO] [stdout] 
[INFO] [stdout] 
[INFO] [stdout] error[E0599]: no method named `broadcast` found for struct `node::Node` in the current scope
[INFO] [stdout]    --> src/node.rs:450:16
[INFO] [stdout]     |
[INFO] [stdout] 117 | pub struct Node {
[INFO] [stdout]     | --------------- method `broadcast` not found for this struct
[INFO] [stdout] ...
[INFO] [stdout] 450 |         node_b.broadcast().await.unwrap();
[INFO] [stdout]     |                ^^^^^^^^^ this is an associated function, not a method
[INFO] [stdout]     |
[INFO] [stdout]     = note: found the following associated functions; to be used as methods, functions must have a `self` parameter
[INFO] [stdout] note: the candidate is defined in an impl for the type `node::Node`
[INFO] [stdout]    --> src/node.rs:254:5
[INFO] [stdout]     |
[INFO] [stdout] 254 | /     async fn broadcast(
[INFO] [stdout] 255 | |         socket: &UdpSocket,
[INFO] [stdout] 256 | |         peers: &Vec<Peer>,
[INFO] [stdout] 257 | |         name: &str,
[INFO] [stdout] 258 | |         seq: u64,
[INFO] [stdout] 259 | |     ) -> std::io::Result<()> {
[INFO] [stdout]     | |____________________________^
[INFO] [stdout] help: use associated function syntax instead
[INFO] [stdout]     |
[INFO] [stdout] 450 -         node_b.broadcast().await.unwrap();
[INFO] [stdout] 450 +         node::Node::broadcast().await.unwrap();
[INFO] [stdout]     |
[INFO] [stdout] help: one of the expressions' fields has a method of the same name
[INFO] [stdout]     |
[INFO] [stdout] 450 |         node_b.socket.broadcast().await.unwrap();
[INFO] [stdout]     |                +++++++
[INFO] [stdout] 
[INFO] [stdout] 
[INFO] [stdout] error[E0599]: no method named `broadcast` found for struct `node::Node` in the current scope
[INFO] [stdout]    --> src/node.rs:451:16
[INFO] [stdout]     |
[INFO] [stdout] 117 | pub struct Node {
[INFO] [stdout]     | --------------- method `broadcast` not found for this struct
[INFO] [stdout] ...
[INFO] [stdout] 451 |         node_a.broadcast().await.unwrap();
[INFO] [stdout]     |                ^^^^^^^^^ this is an associated function, not a method
[INFO] [stdout]     |
[INFO] [stdout]     = note: found the following associated functions; to be used as methods, functions must have a `self` parameter
[INFO] [stdout] note: the candidate is defined in an impl for the type `node::Node`
[INFO] [stdout]    --> src/node.rs:254:5
[INFO] [stdout]     |
[INFO] [stdout] 254 | /     async fn broadcast(
[INFO] [stdout] 255 | |         socket: &UdpSocket,
[INFO] [stdout] 256 | |         peers: &Vec<Peer>,
[INFO] [stdout] 257 | |         name: &str,
[INFO] [stdout] 258 | |         seq: u64,
[INFO] [stdout] 259 | |     ) -> std::io::Result<()> {
[INFO] [stdout]     | |____________________________^
[INFO] [stdout] help: use associated function syntax instead
[INFO] [stdout]     |
[INFO] [stdout] 451 -         node_a.broadcast().await.unwrap();
[INFO] [stdout] 451 +         node::Node::broadcast().await.unwrap();
[INFO] [stdout]     |
[INFO] [stdout] help: one of the expressions' fields has a method of the same name
[INFO] [stdout]     |
[INFO] [stdout] 451 |         node_a.socket.broadcast().await.unwrap();
[INFO] [stdout]     |                +++++++
[INFO] [stdout] 
[INFO] [stdout] 
[INFO] [stdout] Some errors have detailed explanations: E0369, E0599, E0608.
[INFO] [stdout] 
[INFO] [stdout] For more information about an error, try `rustc --explain E0369`.
[INFO] [stdout] 
[INFO] [stderr] error: could not compile `mesh-node` (bin "mesh-node" test) due to 17 previous errors
[INFO] running `Command { std: "docker" "inspect" "93d85b25a55e0a916637c54ed635d7ea0591bec99e6d77b161a32891dc3895b9", kill_on_drop: false }`
[INFO] running `Command { std: "docker" "rm" "-f" "93d85b25a55e0a916637c54ed635d7ea0591bec99e6d77b161a32891dc3895b9", kill_on_drop: false }`
[INFO] [stdout] 93d85b25a55e0a916637c54ed635d7ea0591bec99e6d77b161a32891dc3895b9
