[INFO] cloning repository https://github.com/mearaj/ros
[INFO] running `Command { std: "git" "-c" "credential.helper=" "-c" "credential.helper=/workspace/cargo-home/bin/git-credential-null" "clone" "--bare" "https://github.com/mearaj/ros" "/workspace/cache/git-repos/https%3A%2F%2Fgithub.com%2Fmearaj%2Fros", kill_on_drop: false }`
[INFO] [stderr] Cloning into bare repository '/workspace/cache/git-repos/https%3A%2F%2Fgithub.com%2Fmearaj%2Fros'...
[INFO] running `Command { std: "git" "rev-parse" "HEAD", kill_on_drop: false }`
[INFO] [stdout] b28e75d074d190579451fa4e97bc9cc02d57bd74
[INFO] checking mearaj/ros against 3154cc1a3e6424e44f438a95007d043ed5ceaaf6 for pr-133502-30
[INFO] running `Command { std: "git" "clone" "/workspace/cache/git-repos/https%3A%2F%2Fgithub.com%2Fmearaj%2Fros" "/workspace/builds/worker-6-tc2/source", kill_on_drop: false }`
[INFO] [stderr] Cloning into '/workspace/builds/worker-6-tc2/source'...
[INFO] [stderr] done.
[INFO] removed /workspace/builds/worker-6-tc2/source/.cargo/config.toml
[INFO] removed /workspace/builds/worker-6-tc2/source/rust-toolchain.toml
[INFO] started tweaking git repo https://github.com/mearaj/ros
[INFO] finished tweaking git repo https://github.com/mearaj/ros
[INFO] tweaked toml for git repo https://github.com/mearaj/ros written to /workspace/builds/worker-6-tc2/source/Cargo.toml
[INFO] validating manifest of git repo https://github.com/mearaj/ros on toolchain 3154cc1a3e6424e44f438a95007d043ed5ceaaf6
[INFO] running `Command { std: CARGO_HOME="/workspace/cargo-home" RUSTUP_HOME="/workspace/rustup-home" "/workspace/cargo-home/bin/cargo" "+3154cc1a3e6424e44f438a95007d043ed5ceaaf6" "metadata" "--manifest-path" "Cargo.toml" "--no-deps", kill_on_drop: false }`
[INFO] crate git repo https://github.com/mearaj/ros already has a lockfile, it will not be regenerated
[INFO] running `Command { std: CARGO_HOME="/workspace/cargo-home" RUSTUP_HOME="/workspace/rustup-home" "/workspace/cargo-home/bin/cargo" "+3154cc1a3e6424e44f438a95007d043ed5ceaaf6" "fetch" "--manifest-path" "Cargo.toml", kill_on_drop: false }`
[INFO] [stderr] warning: missing `[lints]` to inherit `[workspace.lints]`
[INFO] [stderr]   --> crates/ros_core/Cargo.toml
[INFO] [stderr]    = note: `cargo::missing_lints_inheritance` is set to `warn` by default
[INFO] [stderr] help: to inherit `workspace.lints, add:
[INFO] [stderr]    |
[INFO] [stderr] 11 ~ uuid = { version = "=1.26.0", features = ["v7"] }
[INFO] [stderr] 12 + [lints]
[INFO] [stderr] 13 + workspace = true
[INFO] [stderr]    |
[INFO] [stderr] help: to clarify your intent to not inherit, add:
[INFO] [stderr]    |
[INFO] [stderr] 11 ~ uuid = { version = "=1.26.0", features = ["v7"] }
[INFO] [stderr] 12 + [lints]
[INFO] [stderr]    |
[INFO] [stderr] warning: `ros_core` (manifest) generated 1 warning
[INFO] [stderr] warning: missing `[lints]` to inherit `[workspace.lints]`
[INFO] [stderr]   --> services/api/Cargo.toml
[INFO] [stderr]    = note: `cargo::missing_lints_inheritance` is set to `warn` by default
[INFO] [stderr] help: to inherit `workspace.lints, add:
[INFO] [stderr]    |
[INFO] [stderr] 27 ~ tokio = { version = "=1.53.1", features = ["test-util"] }
[INFO] [stderr] 28 + [lints]
[INFO] [stderr] 29 + workspace = true
[INFO] [stderr]    |
[INFO] [stderr] help: to clarify your intent to not inherit, add:
[INFO] [stderr]    |
[INFO] [stderr] 27 ~ tokio = { version = "=1.53.1", features = ["test-util"] }
[INFO] [stderr] 28 + [lints]
[INFO] [stderr]    |
[INFO] [stderr] warning: `api` (manifest) generated 1 warning
[INFO] [stderr]     Blocking waiting for file lock on package cache
[INFO] [stderr]     Blocking waiting for file lock on package cache
[INFO] running `Command { std: "docker" "create" "-v" "/var/lib/crater-agent-workspace/builds/worker-6-tc2/source:/opt/rustwide/workdir:ro,Z" "-v" "/var/lib/crater-agent-workspace/builds/worker-6-tc2/target:/opt/rustwide/target:rw,Z" "-v" "/var/lib/crater-agent-workspace/cargo-home:/opt/rustwide/cargo-home:ro,Z" "-v" "/var/lib/crater-agent-workspace/rustup-home:/opt/rustwide/rustup-home:ro,Z" "-m" "1610612736" "--network" "none" "ghcr.io/rust-lang/crates-build-env/linux@sha256:77db811e55d90add9212f6832c23229e3de5f1c1f9905e8cb07319ea15df73ac" "sleep" "infinity", kill_on_drop: false }`
[INFO] [stdout] 115f44d4ae01a15484773a7f9fc92cd81cdc84587b6eaaec6e0eef5025b0155a
[INFO] running `Command { std: "docker" "start" "115f44d4ae01a15484773a7f9fc92cd81cdc84587b6eaaec6e0eef5025b0155a", kill_on_drop: false }`
[INFO] running `Command { std: "docker" "inspect" "115f44d4ae01a15484773a7f9fc92cd81cdc84587b6eaaec6e0eef5025b0155a", kill_on_drop: false }`
[INFO] running `Command { std: "docker" "exec" "-e" "SOURCE_DIR=/opt/rustwide/workdir" "-e" "CARGO_HOME=/opt/rustwide/cargo-home" "-e" "RUSTUP_HOME=/opt/rustwide/rustup-home" "-e" "CARGO_TARGET_DIR=/opt/rustwide/target" "-w" "/opt/rustwide/workdir" "--user" "0:0" "115f44d4ae01a15484773a7f9fc92cd81cdc84587b6eaaec6e0eef5025b0155a" "/opt/rustwide/cargo-home/bin/cargo" "+3154cc1a3e6424e44f438a95007d043ed5ceaaf6" "metadata" "--no-deps" "--format-version=1", kill_on_drop: false }`
[INFO] running `Command { std: "docker" "inspect" "115f44d4ae01a15484773a7f9fc92cd81cdc84587b6eaaec6e0eef5025b0155a", kill_on_drop: false }`
[INFO] running `Command { std: "docker" "exec" "-e" "SOURCE_DIR=/opt/rustwide/workdir" "-e" "CARGO_HOME=/opt/rustwide/cargo-home" "-e" "RUSTUP_HOME=/opt/rustwide/rustup-home" "-e" "CARGO_TARGET_DIR=/opt/rustwide/target" "-e" "CARGO_INCREMENTAL=0" "-e" "RUST_BACKTRACE=full" "-e" "RUSTFLAGS=--cap-lints=forbid" "-e" "RUSTDOCFLAGS=--cap-lints=forbid" "-w" "/opt/rustwide/workdir" "--user" "0:0" "115f44d4ae01a15484773a7f9fc92cd81cdc84587b6eaaec6e0eef5025b0155a" "/opt/rustwide/cargo-home/bin/cargo" "+3154cc1a3e6424e44f438a95007d043ed5ceaaf6" "check" "--frozen" "--all" "--all-targets" "--message-format=json", kill_on_drop: false }`
[INFO] [stderr] warning: missing `[lints]` to inherit `[workspace.lints]`
[INFO] [stderr]   --> services/api/Cargo.toml
[INFO] [stderr]    = note: `cargo::missing_lints_inheritance` is set to `warn` by default
[INFO] [stderr] help: to inherit `workspace.lints, add:
[INFO] [stderr]    |
[INFO] [stderr] 27 ~ tokio = { version = "=1.53.1", features = ["test-util"] }
[INFO] [stderr] 28 + [lints]
[INFO] [stderr] 29 + workspace = true
[INFO] [stderr]    |
[INFO] [stderr] help: to clarify your intent to not inherit, add:
[INFO] [stderr]    |
[INFO] [stderr] 27 ~ tokio = { version = "=1.53.1", features = ["test-util"] }
[INFO] [stderr] 28 + [lints]
[INFO] [stderr]    |
[INFO] [stderr] warning: `api` (manifest) generated 1 warning
[INFO] [stderr] warning: missing `[lints]` to inherit `[workspace.lints]`
[INFO] [stderr]   --> crates/ros_core/Cargo.toml
[INFO] [stderr]    = note: `cargo::missing_lints_inheritance` is set to `warn` by default
[INFO] [stderr] help: to inherit `workspace.lints, add:
[INFO] [stderr]    |
[INFO] [stderr] 11 ~ uuid = { version = "=1.26.0", features = ["v7"] }
[INFO] [stderr] 12 + [lints]
[INFO] [stderr] 13 + workspace = true
[INFO] [stderr]    |
[INFO] [stderr] help: to clarify your intent to not inherit, add:
[INFO] [stderr]    |
[INFO] [stderr] 11 ~ uuid = { version = "=1.26.0", features = ["v7"] }
[INFO] [stderr] 12 + [lints]
[INFO] [stderr]    |
[INFO] [stderr] warning: `ros_core` (manifest) generated 1 warning
[INFO] [stderr]    Compiling proc-macro2 v1.0.106
[INFO] [stderr]    Compiling quote v1.0.46
[INFO] [stderr]    Compiling libc v0.2.186
[INFO] [stderr]     Checking futures-core v0.3.32
[INFO] [stderr]    Compiling serde v1.0.228
[INFO] [stderr]     Checking hybrid-array v0.4.13
[INFO] [stderr]     Checking futures-io v0.3.32
[INFO] [stderr]    Compiling crossbeam-utils v0.8.22
[INFO] [stderr]     Checking smallvec v1.15.2
[INFO] [stderr]    Compiling pkg-config v0.3.33
[INFO] [stderr]     Checking futures-sink v0.3.32
[INFO] [stderr]     Checking digest v0.10.7
[INFO] [stderr]    Compiling serde_core v1.0.228
[INFO] [stderr]     Checking futures-task v0.3.32
[INFO] [stderr]     Checking fastrand v2.4.1
[INFO] [stderr]     Checking serde_json v1.0.151
[INFO] [stderr]    Compiling toml_parser v1.1.2+spec-1.1.0
[INFO] [stderr]    Compiling rustix v1.1.4
[INFO] [stderr]     Checking futures-channel v0.3.32
[INFO] [stderr]     Checking linux-raw-sys v0.12.1
[INFO] [stderr]     Checking base64ct v1.8.3
[INFO] [stderr]     Checking futures-lite v2.6.1
[INFO] [stderr]     Checking sha2 v0.10.9
[INFO] [stderr]    Compiling generic-array v0.14.7
[INFO] [stderr]     Checking unicode-normalization v0.1.25
[INFO] [stderr]     Checking num-bigint v0.4.8
[INFO] [stderr]    Compiling async-io v2.6.0
[INFO] [stderr]     Checking block-buffer v0.12.1
[INFO] [stderr]     Checking block-padding v0.3.3
[INFO] [stderr]     Checking concurrent-queue v2.5.0
[INFO] [stderr]    Compiling toml_edit v0.25.13+spec-1.1.0
[INFO] [stderr]     Checking syn v2.0.119
[INFO] [stderr]     Checking winnow v1.0.4
[INFO] [stderr]    Compiling endi v1.1.1
[INFO] [stderr]     Checking async-channel v2.5.0
[INFO] [stderr]     Checking inout v0.1.4
[INFO] [stderr]     Checking http v1.4.2
[INFO] [stderr]     Checking cipher v0.4.4
[INFO] [stderr]     Checking inout v0.2.2
[INFO] [stderr]     Checking piper v0.2.5
[INFO] [stderr]    Compiling block-buffer v0.10.4
[INFO] [stderr]    Compiling crypto-common v0.1.7
[INFO] [stderr]     Checking async-broadcast v0.7.2
[INFO] [stderr]     Checking hmac v0.12.1
[INFO] [stderr]     Checking num-iter v0.1.46
[INFO] [stderr]     Checking ordered-stream v0.2.0
[INFO] [stderr]     Checking num-complex v0.4.6
[INFO] [stderr]    Compiling rustls v0.23.41
[INFO] [stderr]     Checking async-executor v1.14.0
[INFO] [stderr]     Checking blocking v1.6.2
[INFO] [stderr]     Checking cpubits v0.1.1
[INFO] [stderr]     Checking hkdf v0.12.4
[INFO] [stderr]     Checking getrandom v0.4.3
[INFO] [stderr]     Checking errno v0.3.14
[INFO] [stderr]     Checking getrandom v0.2.17
[INFO] [stderr]     Checking crypto-common v0.2.2
[INFO] [stderr]     Checking uuid v1.26.0
[INFO] [stderr]     Checking signal-hook-registry v1.4.8
[INFO] [stderr]     Checking mio v1.2.2
[INFO] [stderr]     Checking socket2 v0.6.5
[INFO] [stderr]     Checking aes v0.8.4
[INFO] [stderr]    Compiling jobserver v0.1.35
[INFO] [stderr]     Checking cbc v0.1.2
[INFO] [stderr]    Compiling proc-macro-crate v3.5.0
[INFO] [stderr]    Compiling object v0.37.3
[INFO] [stderr]    Compiling thiserror v2.0.18
[INFO] [stderr]    Compiling cc v1.2.67
[INFO] [stderr]     Checking ros_core v0.1.0 (/opt/rustwide/workdir/crates/ros_core)
[INFO] [stderr]    Compiling time-macros v0.2.32
[INFO] [stderr]     Checking num-rational v0.4.2
[INFO] [stderr]     Checking rand_core v0.6.4
[INFO] [stderr]     Checking phc v0.6.1
[INFO] [stderr]     Checking deranged v0.5.8
[INFO] [stderr]     Checking keyring-core v1.0.0
[INFO] [stderr]     Checking gimli v0.32.3
[INFO] [stderr]    Compiling anyhow v1.0.103
[INFO] [stderr]    Compiling ros_storage v0.1.0 (/opt/rustwide/workdir/crates/ros_storage)
[INFO] [stderr]     Checking parking_lot_core v0.9.12
[INFO] [stderr]     Checking password-hash v0.6.1
[INFO] [stderr]     Checking num v0.4.3
[INFO] [stderr]     Checking http-body v1.1.0
[INFO] [stderr]    Compiling portable-atomic v1.13.1
[INFO] [stderr]     Checking rustc-demangle v0.1.28
[INFO] [stderr]    Compiling build-target v0.4.0
[INFO] [stderr]     Checking digest v0.11.3
[INFO] [stderr]     Checking cipher v0.5.2
[INFO] [stderr]     Checking universal-hash v0.6.1
[INFO] [stderr]     Checking polyval v0.7.3
[INFO] [stderr]     Checking aead v0.6.1
[INFO] [stderr]    Compiling flutter_rust_bridge v2.13.0
[INFO] [stderr]     Checking blake2 v0.11.0
[INFO] [stderr]     Checking ghash v0.6.0
[INFO] [stderr]     Checking flate2 v1.1.9
[INFO] [stderr]     Checking parking_lot v0.12.5
[INFO] [stderr]     Checking ctr v0.10.1
[INFO] [stderr]     Checking aes v0.9.3
[INFO] [stderr]    Compiling md-5 v0.10.6
[INFO] [stderr]     Checking num_cpus v1.17.0
[INFO] [stderr]     Checking pem-rfc7468 v0.7.0
[INFO] [stderr]     Checking quick-error v2.0.1
[INFO] [stderr]     Checking argon2 v0.6.0
[INFO] [stderr]     Checking zune-core v0.5.1
[INFO] [stderr]     Checking atomic v0.5.3
[INFO] [stderr]     Checking const-oid v0.9.6
[INFO] [stderr]     Checking image-webp v0.2.4
[INFO] [stderr]     Checking moxcms v0.8.1
[INFO] [stderr]     Checking indexmap v2.14.0
[INFO] [stderr]     Checking png v0.18.1
[INFO] [stderr]     Checking zune-jpeg v0.5.15
[INFO] [stderr]    Compiling openssl-src v300.6.1+3.6.3
[INFO] [stderr]    Compiling cmake v0.1.58
[INFO] [stderr]     Checking aes-gcm v0.11.1
[INFO] [stderr]     Checking threadpool v1.8.1
[INFO] [stderr]     Checking futures-intrusive v0.5.0
[INFO] [stderr]     Checking hmac v0.13.0
[INFO] [stderr]     Checking time v0.3.55
[INFO] [stderr]     Checking hashlink v0.11.1
[INFO] [stderr]     Checking crossbeam-queue v0.3.13
[INFO] [stderr]     Checking chacha20 v0.10.1
[INFO] [stderr]    Compiling openssl-sys v0.9.117
[INFO] [stderr]    Compiling ring v0.17.14
[INFO] [stderr]    Compiling libsqlite3-sys v0.38.2
[INFO] [stderr]    Compiling aws-lc-sys v0.43.0
[INFO] [stderr]    Compiling dart-sys v4.1.5
[INFO] [stderr]     Checking either v1.16.0
[INFO] [stderr]     Checking signature v2.2.0
[INFO] [stderr]     Checking bytemuck v1.25.1
[INFO] [stderr]    Compiling aws-lc-rs v1.17.3
[INFO] [stderr]     Checking sync_wrapper v1.0.2
[INFO] [stderr]     Checking stringprep v0.1.5
[INFO] [stderr]     Checking rand v0.10.2
[INFO] [stderr]     Checking hkdf v0.13.0
[INFO] [stderr]    Compiling curve25519-dalek v4.1.3
[INFO] [stderr]     Checking md-5 v0.11.0
[INFO] [stderr]     Checking sha2 v0.11.0
[INFO] [stderr]     Checking http-body-util v0.1.4
[INFO] [stderr]     Checking atoi v2.0.0
[INFO] [stderr]     Checking whoami v2.1.2
[INFO] [stderr]     Checking untrusted v0.7.1
[INFO] [stderr]     Checking ros_bridge v0.1.0 (/opt/rustwide/workdir/crates/ros_bridge)
[INFO] [stderr]     Checking ureq-proto v0.6.1
[INFO] [stderr]     Checking pem v3.0.6
[INFO] [stderr]     Checking serde_path_to_error v0.1.20
[INFO] [stderr]     Checking addr2line v0.25.1
[INFO] [stderr]     Checking utf8-zero v0.8.1
[INFO] [stderr]     Checking backtrace v0.3.76
[INFO] [stderr]    Compiling synstructure v0.13.2
[INFO] [stderr]     Checking allo-isolate v0.1.27
[INFO] [stderr]    Compiling serde_derive v1.0.228
[INFO] [stderr]    Compiling zeroize_derive v1.5.0
[INFO] [stderr]    Compiling zerovec-derive v0.11.3
[INFO] [stderr]    Compiling displaydoc v0.2.6
[INFO] [stderr]    Compiling zerofrom-derive v0.1.7
[INFO] [stderr]    Compiling yoke-derive v0.8.2
[INFO] [stderr]    Compiling futures-macro v0.3.32
[INFO] [stderr]    Compiling tracing-attributes v0.1.31
[INFO] [stderr]    Compiling enumflags2_derive v0.7.12
[INFO] [stderr]     Checking zeroize v1.9.0
[INFO] [stderr]    Compiling tokio-macros v2.7.0
[INFO] [stderr]     Checking polling v3.11.0
[INFO] [stderr]     Checking rustls-pki-types v1.15.0
[INFO] [stderr]    Compiling async-trait v0.1.89
[INFO] [stderr]    Compiling serde_repr v0.1.20
[INFO] [stderr]    Compiling async-recursion v1.1.1
[INFO] [stderr]     Checking tokio v1.53.1
[INFO] [stderr]     Checking rustls-webpki v0.103.13
[INFO] [stderr]     Checking webpki-roots v1.0.8
[INFO] [stderr]     Checking async-signal v0.2.14
[INFO] [stderr]     Checking futures-util v0.3.32
[INFO] [stderr]    Compiling thiserror-impl v2.0.18
[INFO] [stderr]     Checking der v0.7.10
[INFO] [stderr]     Checking async-process v2.5.0
[INFO] [stderr]    Compiling delegate-attr v0.3.0
[INFO] [stderr]     Checking tracing v0.1.44
[INFO] [stderr]    Compiling flutter_rust_bridge_macros v2.13.0
[INFO] [stderr]     Checking image v0.25.10
[INFO] [stderr]     Checking zerofrom v0.1.8
[INFO] [stderr]     Checking yoke v0.8.3
[INFO] [stderr]    Compiling curve25519-dalek-derive v0.1.1
[INFO] [stderr]     Checking tempfile v3.27.0
[INFO] [stderr]     Checking axum-core v0.5.6
[INFO] [stderr]     Checking zerovec v0.11.6
[INFO] [stderr]     Checking zerotrie v0.2.4
[INFO] [stderr]     Checking simple_asn1 v0.6.4
[INFO] [stderr]     Checking spki v0.7.3
[INFO] [stderr]     Checking tinystr v0.8.3
[INFO] [stderr]     Checking potential_utf v0.1.5
[INFO] [stderr]     Checking pkcs8 v0.10.2
[INFO] [stderr]     Checking icu_collections v2.2.0
[INFO] [stderr]     Checking ed25519 v2.2.3
[INFO] [stderr]     Checking icu_locale_core v2.2.0
[INFO] [stderr]     Checking ed25519-dalek v2.2.0
[INFO] [stderr]     Checking icu_provider v2.2.0
[INFO] [stderr]     Checking icu_properties v2.2.0
[INFO] [stderr]     Checking icu_normalizer v2.2.0
[INFO] [stderr]     Checking futures-executor v0.3.32
[INFO] [stderr]    Compiling zvariant_utils v3.5.0
[INFO] [stderr]    Compiling enumflags2 v0.7.12
[INFO] [stderr]     Checking futures v0.3.32
[INFO] [stderr]     Checking ros_diagnostics v0.1.0 (/opt/rustwide/workdir/crates/ros_diagnostics)
[INFO] [stderr]     Checking serde_urlencoded v0.7.1
[INFO] [stderr]     Checking tracing-serde v0.2.0
[INFO] [stderr]     Checking tracing-subscriber v0.3.23
[INFO] [stderr]    Compiling zvariant_derive v5.13.0
[INFO] [stderr]     Checking ureq v3.4.0
[INFO] [stderr]    Compiling zvariant v5.13.0
[INFO] [stderr]     Checking idna_adapter v1.2.2
[INFO] [stderr]     Checking idna v1.1.0
[INFO] [stderr]     Checking url v2.5.8
[INFO] [stderr]     Checking tokio-stream v0.1.18
[INFO] [stderr]     Checking hyper v1.10.1
[INFO] [stderr]     Checking tower v0.5.3
[INFO] [stderr]     Checking ros_sync_client v0.1.0 (/opt/rustwide/workdir/crates/ros_sync_client)
[INFO] [stderr]     Checking sqlx-core v0.9.0
[INFO] [stderr]     Checking hyper-util v0.1.20
[INFO] [stderr]     Checking zbus_names v4.3.3
[INFO] [stderr]     Checking axum v0.8.9
[INFO] [stderr]    Compiling zbus_macros v5.17.0
[INFO] [stderr]     Checking sqlx-postgres v0.9.0
[INFO] [stderr]     Checking zbus v5.17.0
[INFO] [stderr]     Checking sqlx v0.9.0
[INFO] [stderr]     Checking jsonwebtoken v11.0.0
[INFO] [stderr]     Checking api v0.1.0 (/opt/rustwide/workdir/services/api)
[INFO] [stderr]     Checking secret-service v5.1.0
[INFO] [stderr]     Checking zbus-secret-service-keyring-store v1.0.0
[INFO] [stderr]     Checking keyring v4.2.0
[INFO] [stderr]     Checking rusqlite v0.40.2
[INFO] [stderr]     Checking ros_sqlcipher_ffi v0.1.0 (/opt/rustwide/workdir/crates/ros_sqlcipher_ffi)
[INFO] [stdout] error[E0432]: unresolved import `argon2::password_hash::SaltString`
[INFO] [stdout]  --> crates/ros_storage/src/recovery.rs:8:5
[INFO] [stdout]   |
[INFO] [stdout] 8 | use argon2::password_hash::SaltString;
[INFO] [stdout]   |     ^^^^^^^^^^^^^^^^^^^^^^^----------
[INFO] [stdout]   |                            |
[INFO] [stdout]   |                            no `SaltString` in the root
[INFO] [stdout] 
[INFO] [stdout] 
[INFO] [stdout] error[E0432]: unresolved import `argon2::password_hash::SaltString`
[INFO] [stdout]   --> crates/ros_storage/src/lib.rs:25:5
[INFO] [stdout]    |
[INFO] [stdout] 25 | use argon2::password_hash::SaltString;
[INFO] [stdout]    |     ^^^^^^^^^^^^^^^^^^^^^^^----------
[INFO] [stdout]    |                            |
[INFO] [stdout]    |                            no `SaltString` in the root
[INFO] [stdout] 
[INFO] [stdout] 
[INFO] [stdout] error[E0432]: unresolved import `argon2::password_hash::SaltString`
[INFO] [stdout]  --> crates/ros_storage/src/recovery.rs:8:5
[INFO] [stdout]   |
[INFO] [stdout] 8 | use argon2::password_hash::SaltString;
[INFO] [stdout]   |     ^^^^^^^^^^^^^^^^^^^^^^^----------
[INFO] [stdout]   |                            |
[INFO] [stdout]   |                            no `SaltString` in the root
[INFO] [stdout] 
[INFO] [stdout] 
[INFO] [stdout] error[E0432]: unresolved import `argon2::password_hash::SaltString`
[INFO] [stdout]   --> crates/ros_storage/src/lib.rs:25:5
[INFO] [stdout]    |
[INFO] [stdout] 25 | use argon2::password_hash::SaltString;
[INFO] [stdout]    |     ^^^^^^^^^^^^^^^^^^^^^^^----------
[INFO] [stdout]    |                            |
[INFO] [stdout]    |                            no `SaltString` in the root
[INFO] [stdout]    |
[INFO] [stdout]    = note: unresolved item `crate::recovery::tests::SaltString` exists but is inaccessible
[INFO] [stdout] 
[INFO] [stdout] 
[INFO] [stdout] error[E0061]: this method takes 1 argument but 2 arguments were supplied
[INFO] [stdout]    --> crates/ros_storage/src/recovery.rs:33:10
[INFO] [stdout]     |
[INFO] [stdout]  33 |         .hash_password(secret.as_slice(), &salt)
[INFO] [stdout]     |          ^^^^^^^^^^^^^                    ----- unexpected argument #2
[INFO] [stdout]     |
[INFO] [stdout] note: method defined here
[INFO] [stdout]    --> /opt/rustwide/cargo-home/registry/src/index.crates.io-1949cf8c6b5b557f/password-hash-0.6.1/src/lib.rs:107:8
[INFO] [stdout]     |
[INFO] [stdout] 107 |     fn hash_password(&self, password: &[u8]) -> Result<H> {
[INFO] [stdout]     |        ^^^^^^^^^^^^^
[INFO] [stdout] help: remove the extra argument
[INFO] [stdout]     |
[INFO] [stdout]  33 -         .hash_password(secret.as_slice(), &salt)
[INFO] [stdout]  33 +         .hash_password(secret.as_slice())
[INFO] [stdout]     |
[INFO] [stdout] 
[INFO] [stdout] 
[INFO] [stdout] warning: use of deprecated associated function `aes_gcm::aead::hybrid_array::Array::<T, U>::from_slice`: use `TryFrom` instead
[INFO] [stdout]   --> crates/ros_storage/src/recovery.rs:69:24
[INFO] [stdout]    |
[INFO] [stdout] 69 |     let nonce = Nonce::from_slice(&nonce_bytes);
[INFO] [stdout]    |                        ^^^^^^^^^^
[INFO] [stdout]    |
[INFO] [stdout]    = note: `#[warn(deprecated)]` on by default
[INFO] [stdout] 
[INFO] [stdout] 
[INFO] [stdout] error[E0061]: this method takes 1 argument but 2 arguments were supplied
[INFO] [stdout]    --> crates/ros_storage/src/recovery.rs:33:10
[INFO] [stdout]     |
[INFO] [stdout]  33 |         .hash_password(secret.as_slice(), &salt)
[INFO] [stdout]     |          ^^^^^^^^^^^^^                    ----- unexpected argument #2
[INFO] [stdout]     |
[INFO] [stdout] note: method defined here
[INFO] [stdout]    --> /opt/rustwide/cargo-home/registry/src/index.crates.io-1949cf8c6b5b557f/password-hash-0.6.1/src/lib.rs:107:8
[INFO] [stdout]     |
[INFO] [stdout] 107 |     fn hash_password(&self, password: &[u8]) -> Result<H> {
[INFO] [stdout]     |        ^^^^^^^^^^^^^
[INFO] [stdout] help: remove the extra argument
[INFO] [stdout]     |
[INFO] [stdout]  33 -         .hash_password(secret.as_slice(), &salt)
[INFO] [stdout]  33 +         .hash_password(secret.as_slice())
[INFO] [stdout]     |
[INFO] [stdout] 
[INFO] [stdout] 
[INFO] [stdout] warning: use of deprecated associated function `aes_gcm::aead::hybrid_array::Array::<T, U>::from_slice`: use `TryFrom` instead
[INFO] [stdout]    --> crates/ros_storage/src/recovery.rs:147:24
[INFO] [stdout]     |
[INFO] [stdout] 147 |     let nonce = Nonce::from_slice(&nonce);
[INFO] [stdout]     |                        ^^^^^^^^^^
[INFO] [stdout] 
[INFO] [stdout] 
[INFO] [stdout] warning: use of deprecated associated function `aes_gcm::aead::hybrid_array::Array::<T, U>::from_slice`: use `TryFrom` instead
[INFO] [stdout]   --> crates/ros_storage/src/recovery.rs:69:24
[INFO] [stdout]    |
[INFO] [stdout] 69 |     let nonce = Nonce::from_slice(&nonce_bytes);
[INFO] [stdout]    |                        ^^^^^^^^^^
[INFO] [stdout]    |
[INFO] [stdout]    = note: `#[warn(deprecated)]` on by default
[INFO] [stdout] 
[INFO] [stdout] 
[INFO] [stdout] warning: use of deprecated associated function `aes_gcm::aead::hybrid_array::Array::<T, U>::from_slice`: use `TryFrom` instead
[INFO] [stdout]    --> crates/ros_storage/src/recovery.rs:147:24
[INFO] [stdout]     |
[INFO] [stdout] 147 |     let nonce = Nonce::from_slice(&nonce);
[INFO] [stdout]     |                        ^^^^^^^^^^
[INFO] [stdout] 
[INFO] [stdout] 
[INFO] [stdout] error[E0061]: this method takes 1 argument but 2 arguments were supplied
[INFO] [stdout]      --> crates/ros_storage/src/lib.rs:10607:10
[INFO] [stdout]       |
[INFO] [stdout] 10607 |         .hash_password(pin.as_slice(), &salt)
[INFO] [stdout]       |          ^^^^^^^^^^^^^                 ----- unexpected argument #2
[INFO] [stdout]       |
[INFO] [stdout] note: method defined here
[INFO] [stdout]      --> /opt/rustwide/cargo-home/registry/src/index.crates.io-1949cf8c6b5b557f/password-hash-0.6.1/src/lib.rs:107:8
[INFO] [stdout]       |
[INFO] [stdout]   107 |     fn hash_password(&self, password: &[u8]) -> Result<H> {
[INFO] [stdout]       |        ^^^^^^^^^^^^^
[INFO] [stdout] help: remove the extra argument
[INFO] [stdout]       |
[INFO] [stdout] 10607 -         .hash_password(pin.as_slice(), &salt)
[INFO] [stdout] 10607 +         .hash_password(pin.as_slice())
[INFO] [stdout]       |
[INFO] [stdout] 
[INFO] [stdout] 
[INFO] [stdout] error[E0061]: this method takes 1 argument but 2 arguments were supplied
[INFO] [stdout]      --> crates/ros_storage/src/lib.rs:10607:10
[INFO] [stdout]       |
[INFO] [stdout] 10607 |         .hash_password(pin.as_slice(), &salt)
[INFO] [stdout]       |          ^^^^^^^^^^^^^                 ----- unexpected argument #2
[INFO] [stdout]       |
[INFO] [stdout] note: method defined here
[INFO] [stdout]      --> /opt/rustwide/cargo-home/registry/src/index.crates.io-1949cf8c6b5b557f/password-hash-0.6.1/src/lib.rs:107:8
[INFO] [stdout]       |
[INFO] [stdout]   107 |     fn hash_password(&self, password: &[u8]) -> Result<H> {
[INFO] [stdout]       |        ^^^^^^^^^^^^^
[INFO] [stdout] help: remove the extra argument
[INFO] [stdout]       |
[INFO] [stdout] 10607 -         .hash_password(pin.as_slice(), &salt)
[INFO] [stdout] 10607 +         .hash_password(pin.as_slice())
[INFO] [stdout]       |
[INFO] [stdout] 
[INFO] [stdout] 
[INFO] [stdout] Some errors have detailed explanations: E0061, E0432.
[INFO] [stdout] 
[INFO] [stdout] For more information about an error, try `rustc --explain E0061`.
[INFO] [stdout] 
[INFO] [stderr] error: could not compile `ros_storage` (lib) due to 4 previous errors; 2 warnings emitted
[INFO] [stderr] warning: build failed, waiting for other jobs to finish...
[INFO] [stdout] Some errors have detailed explanations: E0061, E0432.
[INFO] [stdout] 
[INFO] [stdout] For more information about an error, try `rustc --explain E0061`.
[INFO] [stdout] 
[INFO] [stderr] error: could not compile `ros_storage` (lib test) due to 4 previous errors; 2 warnings emitted
[INFO] running `Command { std: "docker" "inspect" "115f44d4ae01a15484773a7f9fc92cd81cdc84587b6eaaec6e0eef5025b0155a", kill_on_drop: false }`
[INFO] running `Command { std: "docker" "rm" "-f" "115f44d4ae01a15484773a7f9fc92cd81cdc84587b6eaaec6e0eef5025b0155a", kill_on_drop: false }`
[INFO] [stdout] 115f44d4ae01a15484773a7f9fc92cd81cdc84587b6eaaec6e0eef5025b0155a
