[INFO] cloning repository https://github.com/meahdoesexist/labelRS
[INFO] running `Command { std: "git" "-c" "credential.helper=" "-c" "credential.helper=/workspace/cargo-home/bin/git-credential-null" "clone" "--bare" "https://github.com/meahdoesexist/labelRS" "/workspace/cache/git-repos/https%3A%2F%2Fgithub.com%2Fmeahdoesexist%2FlabelRS", kill_on_drop: false }`
[INFO] [stderr] Cloning into bare repository '/workspace/cache/git-repos/https%3A%2F%2Fgithub.com%2Fmeahdoesexist%2FlabelRS'...
[INFO] running `Command { std: "git" "rev-parse" "HEAD", kill_on_drop: false }`
[INFO] [stdout] 8d16fdecf781db551b7b58b09b393271506c8a77
[INFO] checking meahdoesexist/labelRS against 3154cc1a3e6424e44f438a95007d043ed5ceaaf6+rustflags=-Znext-solver=coherence for pr-133502-30
[INFO] running `Command { std: "git" "clone" "/workspace/cache/git-repos/https%3A%2F%2Fgithub.com%2Fmeahdoesexist%2FlabelRS" "/workspace/builds/worker-6-tc1/source", kill_on_drop: false }`
[INFO] [stderr] Cloning into '/workspace/builds/worker-6-tc1/source'...
[INFO] [stderr] done.
[INFO] started tweaking git repo https://github.com/meahdoesexist/labelRS
[INFO] finished tweaking git repo https://github.com/meahdoesexist/labelRS
[INFO] tweaked toml for git repo https://github.com/meahdoesexist/labelRS written to /workspace/builds/worker-6-tc1/source/Cargo.toml
[INFO] validating manifest of git repo https://github.com/meahdoesexist/labelRS on toolchain 3154cc1a3e6424e44f438a95007d043ed5ceaaf6
[INFO] running `Command { std: CARGO_HOME="/workspace/cargo-home" RUSTUP_HOME="/workspace/rustup-home" "/workspace/cargo-home/bin/cargo" "+3154cc1a3e6424e44f438a95007d043ed5ceaaf6" "metadata" "--manifest-path" "Cargo.toml" "--no-deps", kill_on_drop: false }`
[INFO] crate git repo https://github.com/meahdoesexist/labelRS already has a lockfile, it will not be regenerated
[INFO] running `Command { std: CARGO_HOME="/workspace/cargo-home" RUSTUP_HOME="/workspace/rustup-home" "/workspace/cargo-home/bin/cargo" "+3154cc1a3e6424e44f438a95007d043ed5ceaaf6" "fetch" "--manifest-path" "Cargo.toml", kill_on_drop: false }`
[INFO] running `Command { std: "docker" "create" "-v" "/var/lib/crater-agent-workspace/builds/worker-6-tc1/source:/opt/rustwide/workdir:ro,Z" "-v" "/var/lib/crater-agent-workspace/builds/worker-6-tc1/target:/opt/rustwide/target:rw,Z" "-v" "/var/lib/crater-agent-workspace/cargo-home:/opt/rustwide/cargo-home:ro,Z" "-v" "/var/lib/crater-agent-workspace/rustup-home:/opt/rustwide/rustup-home:ro,Z" "-m" "1610612736" "--network" "none" "ghcr.io/rust-lang/crates-build-env/linux@sha256:77db811e55d90add9212f6832c23229e3de5f1c1f9905e8cb07319ea15df73ac" "sleep" "infinity", kill_on_drop: false }`
[INFO] [stdout] 580cc4c0973664d399d76d98eeee9564d7ea5bc6d72816aad23ee24fa57c635c
[INFO] running `Command { std: "docker" "start" "580cc4c0973664d399d76d98eeee9564d7ea5bc6d72816aad23ee24fa57c635c", kill_on_drop: false }`
[INFO] running `Command { std: "docker" "inspect" "580cc4c0973664d399d76d98eeee9564d7ea5bc6d72816aad23ee24fa57c635c", kill_on_drop: false }`
[INFO] running `Command { std: "docker" "exec" "-e" "SOURCE_DIR=/opt/rustwide/workdir" "-e" "CARGO_HOME=/opt/rustwide/cargo-home" "-e" "RUSTUP_HOME=/opt/rustwide/rustup-home" "-e" "CARGO_TARGET_DIR=/opt/rustwide/target" "-w" "/opt/rustwide/workdir" "--user" "0:0" "580cc4c0973664d399d76d98eeee9564d7ea5bc6d72816aad23ee24fa57c635c" "/opt/rustwide/cargo-home/bin/cargo" "+3154cc1a3e6424e44f438a95007d043ed5ceaaf6" "metadata" "--no-deps" "--format-version=1", kill_on_drop: false }`
[INFO] running `Command { std: "docker" "inspect" "580cc4c0973664d399d76d98eeee9564d7ea5bc6d72816aad23ee24fa57c635c", kill_on_drop: false }`
[INFO] running `Command { std: "docker" "exec" "-e" "SOURCE_DIR=/opt/rustwide/workdir" "-e" "CARGO_HOME=/opt/rustwide/cargo-home" "-e" "RUSTUP_HOME=/opt/rustwide/rustup-home" "-e" "CARGO_TARGET_DIR=/opt/rustwide/target" "-e" "CARGO_INCREMENTAL=0" "-e" "RUST_BACKTRACE=full" "-e" "RUSTFLAGS=--cap-lints=forbid -Znext-solver=coherence" "-e" "RUSTDOCFLAGS=--cap-lints=forbid" "-w" "/opt/rustwide/workdir" "--user" "0:0" "580cc4c0973664d399d76d98eeee9564d7ea5bc6d72816aad23ee24fa57c635c" "/opt/rustwide/cargo-home/bin/cargo" "+3154cc1a3e6424e44f438a95007d043ed5ceaaf6" "check" "--frozen" "--all" "--all-targets" "--message-format=json", kill_on_drop: false }`
[INFO] [stderr]    Compiling syn v2.0.119
[INFO] [stderr]     Checking num-integer v0.1.47
[INFO] [stderr]     Checking arrayvec v0.7.8
[INFO] [stderr]     Checking as-slice v0.2.1
[INFO] [stderr]     Checking rayon v1.12.0
[INFO] [stderr]     Checking bytemuck v1.25.2
[INFO] [stderr]    Compiling av-scenechange v0.14.1
[INFO] [stderr]    Compiling libm v0.2.16
[INFO] [stderr]    Compiling built v0.8.1
[INFO] [stderr]     Checking aligned v0.4.3
[INFO] [stderr]    Compiling pulp v0.22.3
[INFO] [stderr]     Checking thiserror v2.0.20
[INFO] [stderr]     Checking num-bigint v0.4.8
[INFO] [stderr]     Checking nom v8.0.0
[INFO] [stderr]     Checking no_std_io2 v0.9.4
[INFO] [stderr]    Compiling pastey v0.1.1
[INFO] [stderr]     Checking y4m v0.8.0
[INFO] [stderr]     Checking quick-error v2.0.1
[INFO] [stderr]     Checking bitstream-io v4.10.0
[INFO] [stderr]     Checking num-complex v0.4.6
[INFO] [stderr]    Compiling rav1e v0.8.1
[INFO] [stderr]     Checking flate2 v1.1.9
[INFO] [stderr]    Compiling simd_helpers v0.1.0
[INFO] [stderr]     Checking imgref v1.12.2
[INFO] [stderr]     Checking weezl v0.1.12
[INFO] [stderr]    Compiling noop_proc_macro v0.3.0
[INFO] [stderr]     Checking pulp-wasm-simd-flag v0.1.1
[INFO] [stderr]     Checking zune-core v0.5.3
[INFO] [stderr]     Checking new_debug_unreachable v1.0.6
[INFO] [stderr]     Checking loop9 v0.1.5
[INFO] [stderr]     Checking avif-serialize v0.8.9
[INFO] [stderr]     Checking zune-inflate v0.2.54
[INFO] [stderr]     Checking num-rational v0.4.2
[INFO] [stderr]     Checking rgb v0.8.53
[INFO] [stderr]     Checking zune-jpeg v0.5.15
[INFO] [stderr]     Checking fax v0.2.7
[INFO] [stderr]     Checking color_quant v1.1.0
[INFO] [stderr]     Checking bit_field v0.10.3
[INFO] [stderr]     Checking byteorder-lite v0.1.0
[INFO] [stderr]     Checking smallvec v1.15.2
[INFO] [stderr]     Checking lebe v0.5.3
[INFO] [stderr]     Checking gif v0.14.2
[INFO] [stderr]     Checking moxcms v0.8.1
[INFO] [stderr]     Checking image-webp v0.2.4
[INFO] [stderr]     Checking maybe-rayon v0.1.1
[INFO] [stderr]     Checking png v0.18.1
[INFO] [stderr]     Checking qoi v0.4.1
[INFO] [stderr]    Compiling equator-macro v0.4.2
[INFO] [stderr]    Compiling zerocopy-derive v0.8.56
[INFO] [stderr]    Compiling arg_enum_proc_macro v0.3.4
[INFO] [stderr]    Compiling profiling-procmacros v1.0.18
[INFO] [stderr]    Compiling num-derive v0.4.2
[INFO] [stderr]     Checking profiling v1.0.18
[INFO] [stderr]     Checking equator v0.4.2
[INFO] [stderr]     Checking aligned-vec v0.6.4
[INFO] [stderr]     Checking v_frame v0.3.9
[INFO] [stderr]     Checking av1-grain v0.2.5
[INFO] [stderr]     Checking zerocopy v0.8.56
[INFO] [stderr]     Checking half v2.7.1
[INFO] [stderr]     Checking tiff v0.11.3
[INFO] [stderr]     Checking exr v1.74.2
[INFO] [stderr]     Checking ravif v0.13.0
[INFO] [stderr]     Checking image v0.25.10
[INFO] [stderr]     Checking label v0.1.0 (/opt/rustwide/workdir)
[INFO] [stdout] error[E0277]: the type `[Vec<f32>]` cannot be indexed by `u8`
[INFO] [stdout]   --> src/main.rs:60:20
[INFO] [stdout]    |
[INFO] [stdout] 60 |             kernel[row][col] = kernel[row][col] / sum;
[INFO] [stdout]    |                    ^^^ slice indices are of type `usize` or ranges of `usize`
[INFO] [stdout]    |
[INFO] [stdout]    = help: the trait `SliceIndex<[Vec<f32>]>` is not implemented for `u8`
[INFO] [stdout] help: `usize` implements trait `SliceIndex<T>`
[INFO] [stdout]   --> /rustc/3154cc1a3e6424e44f438a95007d043ed5ceaaf6/library/core/src/slice/index.rs:179:0
[INFO] [stdout]    |
[INFO] [stdout]    = note: `SliceIndex<[T]>`
[INFO] [stdout]   --> /rustc/3154cc1a3e6424e44f438a95007d043ed5ceaaf6/library/core/src/bstr/traits.rs:201:0
[INFO] [stdout]    |
[INFO] [stdout]    = note: `SliceIndex<ByteStr>`
[INFO] [stdout]    = note: required for `Vec<Vec<f32>>` to implement `Index<u8>`
[INFO] [stdout] 
[INFO] [stdout] 
[INFO] [stdout] error[E0277]: the type `[Vec<f32>]` cannot be indexed by `u8`
[INFO] [stdout]   --> src/main.rs:60:39
[INFO] [stdout]    |
[INFO] [stdout] 60 |             kernel[row][col] = kernel[row][col] / sum;
[INFO] [stdout]    |                                       ^^^ slice indices are of type `usize` or ranges of `usize`
[INFO] [stdout]    |
[INFO] [stdout]    = help: the trait `SliceIndex<[Vec<f32>]>` is not implemented for `u8`
[INFO] [stdout] help: `usize` implements trait `SliceIndex<T>`
[INFO] [stdout]   --> /rustc/3154cc1a3e6424e44f438a95007d043ed5ceaaf6/library/core/src/slice/index.rs:179:0
[INFO] [stdout]    |
[INFO] [stdout]    = note: `SliceIndex<[T]>`
[INFO] [stdout]   --> /rustc/3154cc1a3e6424e44f438a95007d043ed5ceaaf6/library/core/src/bstr/traits.rs:201:0
[INFO] [stdout]    |
[INFO] [stdout]    = note: `SliceIndex<ByteStr>`
[INFO] [stdout]    = note: required for `Vec<Vec<f32>>` to implement `Index<u8>`
[INFO] [stdout] 
[INFO] [stdout] 
[INFO] [stdout] error[E0277]: the type `[Vec<f32>]` cannot be indexed by `u8`
[INFO] [stdout]   --> src/main.rs:60:20
[INFO] [stdout]    |
[INFO] [stdout] 60 |             kernel[row][col] = kernel[row][col] / sum;
[INFO] [stdout]    |                    ^^^ slice indices are of type `usize` or ranges of `usize`
[INFO] [stdout]    |
[INFO] [stdout]    = help: the trait `SliceIndex<[Vec<f32>]>` is not implemented for `u8`
[INFO] [stdout] help: `usize` implements trait `SliceIndex<T>`
[INFO] [stdout]   --> /rustc/3154cc1a3e6424e44f438a95007d043ed5ceaaf6/library/core/src/slice/index.rs:179:0
[INFO] [stdout]    |
[INFO] [stdout]    = note: `SliceIndex<[T]>`
[INFO] [stdout]   --> /rustc/3154cc1a3e6424e44f438a95007d043ed5ceaaf6/library/core/src/bstr/traits.rs:201:0
[INFO] [stdout]    |
[INFO] [stdout]    = note: `SliceIndex<ByteStr>`
[INFO] [stdout]    = note: required for `Vec<Vec<f32>>` to implement `Index<u8>`
[INFO] [stdout] 
[INFO] [stdout] 
[INFO] [stdout] error[E0277]: the type `[Vec<f32>]` cannot be indexed by `u8`
[INFO] [stdout]   --> src/main.rs:60:39
[INFO] [stdout]    |
[INFO] [stdout] 60 |             kernel[row][col] = kernel[row][col] / sum;
[INFO] [stdout]    |                                       ^^^ slice indices are of type `usize` or ranges of `usize`
[INFO] [stdout]    |
[INFO] [stdout]    = help: the trait `SliceIndex<[Vec<f32>]>` is not implemented for `u8`
[INFO] [stdout] help: `usize` implements trait `SliceIndex<T>`
[INFO] [stdout]   --> /rustc/3154cc1a3e6424e44f438a95007d043ed5ceaaf6/library/core/src/slice/index.rs:179:0
[INFO] [stdout]    |
[INFO] [stdout]    = note: `SliceIndex<[T]>`
[INFO] [stdout]   --> /rustc/3154cc1a3e6424e44f438a95007d043ed5ceaaf6/library/core/src/bstr/traits.rs:201:0
[INFO] [stdout]    |
[INFO] [stdout]    = note: `SliceIndex<ByteStr>`
[INFO] [stdout]    = note: required for `Vec<Vec<f32>>` to implement `Index<u8>`
[INFO] [stdout] 
[INFO] [stdout] 
[INFO] [stdout] For more information about this error, try `rustc --explain E0277`.
[INFO] [stdout] 
[INFO] [stdout] For more information about this error, try `rustc --explain E0277`.
[INFO] [stdout] 
[INFO] [stderr] error: could not compile `label` (bin "label" test) due to 2 previous errors
[INFO] [stderr] warning: build failed, waiting for other jobs to finish...
[INFO] [stderr] error: could not compile `label` (bin "label") due to 2 previous errors
[INFO] running `Command { std: "docker" "inspect" "580cc4c0973664d399d76d98eeee9564d7ea5bc6d72816aad23ee24fa57c635c", kill_on_drop: false }`
[INFO] running `Command { std: "docker" "rm" "-f" "580cc4c0973664d399d76d98eeee9564d7ea5bc6d72816aad23ee24fa57c635c", kill_on_drop: false }`
[INFO] [stdout] 580cc4c0973664d399d76d98eeee9564d7ea5bc6d72816aad23ee24fa57c635c
