[INFO] cloning repository https://github.com/mchael158/Registrator
[INFO] running `Command { std: "git" "-c" "credential.helper=" "-c" "credential.helper=/workspace/cargo-home/bin/git-credential-null" "clone" "--bare" "https://github.com/mchael158/Registrator" "/workspace/cache/git-repos/https%3A%2F%2Fgithub.com%2Fmchael158%2FRegistrator", kill_on_drop: false }`
[INFO] [stderr] Cloning into bare repository '/workspace/cache/git-repos/https%3A%2F%2Fgithub.com%2Fmchael158%2FRegistrator'...
[INFO] running `Command { std: "git" "rev-parse" "HEAD", kill_on_drop: false }`
[INFO] [stdout] ff0eaba8dc73b168b6a83a9a4c74430bfb05704f
[INFO] checking mchael158/Registrator against 3154cc1a3e6424e44f438a95007d043ed5ceaaf6 for pr-133502-30
[INFO] running `Command { std: "git" "clone" "/workspace/cache/git-repos/https%3A%2F%2Fgithub.com%2Fmchael158%2FRegistrator" "/workspace/builds/worker-3-tc2/source", kill_on_drop: false }`
[INFO] [stderr] Cloning into '/workspace/builds/worker-3-tc2/source'...
[INFO] [stderr] done.
[INFO] started tweaking git repo https://github.com/mchael158/Registrator
[INFO] finished tweaking git repo https://github.com/mchael158/Registrator
[INFO] tweaked toml for git repo https://github.com/mchael158/Registrator written to /workspace/builds/worker-3-tc2/source/Cargo.toml
[INFO] validating manifest of git repo https://github.com/mchael158/Registrator on toolchain 3154cc1a3e6424e44f438a95007d043ed5ceaaf6
[INFO] running `Command { std: CARGO_HOME="/workspace/cargo-home" RUSTUP_HOME="/workspace/rustup-home" "/workspace/cargo-home/bin/cargo" "+3154cc1a3e6424e44f438a95007d043ed5ceaaf6" "metadata" "--manifest-path" "Cargo.toml" "--no-deps", kill_on_drop: false }`
[INFO] crate git repo https://github.com/mchael158/Registrator already has a lockfile, it will not be regenerated
[INFO] running `Command { std: CARGO_HOME="/workspace/cargo-home" RUSTUP_HOME="/workspace/rustup-home" "/workspace/cargo-home/bin/cargo" "+3154cc1a3e6424e44f438a95007d043ed5ceaaf6" "fetch" "--manifest-path" "Cargo.toml", kill_on_drop: false }`
[INFO] running `Command { std: "docker" "create" "-v" "/var/lib/crater-agent-workspace/builds/worker-3-tc2/source:/opt/rustwide/workdir:ro,Z" "-v" "/var/lib/crater-agent-workspace/builds/worker-3-tc2/target:/opt/rustwide/target:rw,Z" "-v" "/var/lib/crater-agent-workspace/cargo-home:/opt/rustwide/cargo-home:ro,Z" "-v" "/var/lib/crater-agent-workspace/rustup-home:/opt/rustwide/rustup-home:ro,Z" "-m" "1610612736" "--network" "none" "ghcr.io/rust-lang/crates-build-env/linux@sha256:77db811e55d90add9212f6832c23229e3de5f1c1f9905e8cb07319ea15df73ac" "sleep" "infinity", kill_on_drop: false }`
[INFO] [stdout] 468939a1ec5f7f92712df2cba776f46a67fe58058a0500cb261d05e6dfe92343
[INFO] running `Command { std: "docker" "start" "468939a1ec5f7f92712df2cba776f46a67fe58058a0500cb261d05e6dfe92343", kill_on_drop: false }`
[INFO] running `Command { std: "docker" "inspect" "468939a1ec5f7f92712df2cba776f46a67fe58058a0500cb261d05e6dfe92343", kill_on_drop: false }`
[INFO] running `Command { std: "docker" "exec" "-e" "SOURCE_DIR=/opt/rustwide/workdir" "-e" "CARGO_HOME=/opt/rustwide/cargo-home" "-e" "RUSTUP_HOME=/opt/rustwide/rustup-home" "-e" "CARGO_TARGET_DIR=/opt/rustwide/target" "-w" "/opt/rustwide/workdir" "--user" "0:0" "468939a1ec5f7f92712df2cba776f46a67fe58058a0500cb261d05e6dfe92343" "/opt/rustwide/cargo-home/bin/cargo" "+3154cc1a3e6424e44f438a95007d043ed5ceaaf6" "metadata" "--no-deps" "--format-version=1", kill_on_drop: false }`
[INFO] running `Command { std: "docker" "inspect" "468939a1ec5f7f92712df2cba776f46a67fe58058a0500cb261d05e6dfe92343", kill_on_drop: false }`
[INFO] running `Command { std: "docker" "exec" "-e" "SOURCE_DIR=/opt/rustwide/workdir" "-e" "CARGO_HOME=/opt/rustwide/cargo-home" "-e" "RUSTUP_HOME=/opt/rustwide/rustup-home" "-e" "CARGO_TARGET_DIR=/opt/rustwide/target" "-e" "CARGO_INCREMENTAL=0" "-e" "RUST_BACKTRACE=full" "-e" "RUSTFLAGS=--cap-lints=forbid" "-e" "RUSTDOCFLAGS=--cap-lints=forbid" "-w" "/opt/rustwide/workdir" "--user" "0:0" "468939a1ec5f7f92712df2cba776f46a67fe58058a0500cb261d05e6dfe92343" "/opt/rustwide/cargo-home/bin/cargo" "+3154cc1a3e6424e44f438a95007d043ed5ceaaf6" "check" "--frozen" "--all" "--all-targets" "--message-format=json", kill_on_drop: false }`
[INFO] [stderr]    Compiling syn v2.0.119
[INFO] [stderr]    Compiling syn v3.0.3
[INFO] [stderr]     Checking http v0.2.12
[INFO] [stderr]     Checking openssl-sys v0.9.117
[INFO] [stderr]     Checking log v0.4.34
[INFO] [stderr]     Checking futures-util v0.3.34
[INFO] [stderr]     Checking tokio-util v0.7.19
[INFO] [stderr]     Checking tracing v0.1.44
[INFO] [stderr]    Compiling num-traits v0.2.19
[INFO] [stderr]    Compiling serde v1.0.229
[INFO] [stderr]     Checking socket2 v0.5.10
[INFO] [stderr]     Checking option-ext v0.2.0
[INFO] [stderr]     Checking dirs-sys v0.4.1
[INFO] [stderr]     Checking regex-automata v0.4.18
[INFO] [stderr]     Checking sync_wrapper v0.1.2
[INFO] [stderr]     Checking match_cfg v0.1.0
[INFO] [stderr]     Checking http-body v0.4.6
[INFO] [stderr]     Checking hostname v0.3.1
[INFO] [stderr]     Checking serde_urlencoded v0.7.1
[INFO] [stderr]     Checking rand v0.8.7
[INFO] [stderr]     Checking sysinfo v0.30.13
[INFO] [stderr]     Checking dirs v5.0.1
[INFO] [stderr]     Checking users v0.11.0
[INFO] [stderr]     Checking chrono v0.4.45
[INFO] [stderr]     Checking dns-lookup v2.1.1
[INFO] [stderr]     Checking whoami v1.6.1
[INFO] [stderr]    Compiling zerovec-derive v0.11.6
[INFO] [stderr]    Compiling displaydoc v0.2.7
[INFO] [stderr]     Checking h2 v0.3.27
[INFO] [stderr]     Checking regex v1.13.1
[INFO] [stderr]    Compiling synstructure v0.13.2
[INFO] [stderr]    Compiling openssl-macros v0.1.1
[INFO] [stderr]    Compiling zerofrom-derive v0.1.7
[INFO] [stderr]    Compiling yoke-derive v0.8.2
[INFO] [stderr]     Checking openssl v0.10.81
[INFO] [stderr]     Checking hyper v0.14.32
[INFO] [stderr]     Checking zerofrom v0.1.8
[INFO] [stderr]     Checking yoke v0.8.3
[INFO] [stderr]     Checking zerovec v0.11.8
[INFO] [stderr]     Checking zerotrie v0.2.5
[INFO] [stderr]     Checking tinystr v0.8.4
[INFO] [stderr]     Checking potential_utf v0.1.6
[INFO] [stderr]     Checking icu_collections v2.3.0
[INFO] [stderr]     Checking icu_locale_core v2.3.0
[INFO] [stderr]     Checking icu_provider v2.3.1
[INFO] [stderr]     Checking icu_normalizer v2.3.0
[INFO] [stderr]     Checking icu_properties v2.3.0
[INFO] [stderr]     Checking native-tls v0.2.18
[INFO] [stderr]     Checking tokio-native-tls v0.3.1
[INFO] [stderr]     Checking hyper-tls v0.5.0
[INFO] [stderr]     Checking idna_adapter v1.2.2
[INFO] [stderr]     Checking idna v1.1.0
[INFO] [stderr]     Checking url v2.5.8
[INFO] [stderr]     Checking reqwest v0.11.27
[INFO] [stderr]     Checking system_update v0.1.0 (/opt/rustwide/workdir)
[INFO] [stdout] error[E0433]: cannot find type `Path` in this scope
[INFO] [stdout]   --> src/core/install.rs:57:20
[INFO] [stdout]    |
[INFO] [stdout] 57 |         paths.push(Path::new("/tmp/.system_update").to_path_buf());
[INFO] [stdout]    |                    ^^^^ use of undeclared type `Path`
[INFO] [stdout]    |
[INFO] [stdout] help: consider importing this struct
[INFO] [stdout]    |
[INFO] [stdout]  1 + use std::path::Path;
[INFO] [stdout]    |
[INFO] [stdout] 
[INFO] [stdout] 
[INFO] [stdout] error[E0433]: cannot find type `Path` in this scope
[INFO] [stdout]   --> src/core/install.rs:58:20
[INFO] [stdout]    |
[INFO] [stdout] 58 |         paths.push(Path::new("/usr/local/bin/system_update").to_path_buf());
[INFO] [stdout]    |                    ^^^^ use of undeclared type `Path`
[INFO] [stdout]    |
[INFO] [stdout] help: consider importing this struct
[INFO] [stdout]    |
[INFO] [stdout]  1 + use std::path::Path;
[INFO] [stdout]    |
[INFO] [stdout] 
[INFO] [stdout] 
[INFO] [stdout] error[E0433]: cannot find type `Path` in this scope
[INFO] [stdout]   --> src/core/install.rs:59:20
[INFO] [stdout]    |
[INFO] [stdout] 59 |         paths.push(Path::new("/var/tmp/.system_update").to_path_buf());
[INFO] [stdout]    |                    ^^^^ use of undeclared type `Path`
[INFO] [stdout]    |
[INFO] [stdout] help: consider importing this struct
[INFO] [stdout]    |
[INFO] [stdout]  1 + use std::path::Path;
[INFO] [stdout]    |
[INFO] [stdout] 
[INFO] [stdout] 
[INFO] [stdout] error[E0433]: cannot find type `Path` in this scope
[INFO] [stdout]   --> src/core/install.rs:60:20
[INFO] [stdout]    |
[INFO] [stdout] 60 |         paths.push(Path::new("/opt/.system_update").to_path_buf());
[INFO] [stdout]    |                    ^^^^ use of undeclared type `Path`
[INFO] [stdout]    |
[INFO] [stdout] help: consider importing this struct
[INFO] [stdout]    |
[INFO] [stdout]  1 + use std::path::Path;
[INFO] [stdout]    |
[INFO] [stdout] 
[INFO] [stdout] 
[INFO] [stdout] error[E0433]: cannot find type `Path` in this scope
[INFO] [stdout]   --> src/core/install.rs:61:20
[INFO] [stdout]    |
[INFO] [stdout] 61 |         paths.push(Path::new("/opt/system_update").to_path_buf());
[INFO] [stdout]    |                    ^^^^ use of undeclared type `Path`
[INFO] [stdout]    |
[INFO] [stdout] help: consider importing this struct
[INFO] [stdout]    |
[INFO] [stdout]  1 + use std::path::Path;
[INFO] [stdout]    |
[INFO] [stdout] 
[INFO] [stdout] 
[INFO] [stdout] error[E0433]: cannot find type `Path` in this scope
[INFO] [stdout]   --> src/core/install.rs:62:20
[INFO] [stdout]    |
[INFO] [stdout] 62 |         paths.push(Path::new("/home/.system_update").to_path_buf());
[INFO] [stdout]    |                    ^^^^ use of undeclared type `Path`
[INFO] [stdout]    |
[INFO] [stdout] help: consider importing this struct
[INFO] [stdout]    |
[INFO] [stdout]  1 + use std::path::Path;
[INFO] [stdout]    |
[INFO] [stdout] 
[INFO] [stdout] 
[INFO] [stdout] error[E0433]: cannot find type `Path` in this scope
[INFO] [stdout]   --> src/core/install.rs:63:20
[INFO] [stdout]    |
[INFO] [stdout] 63 |         paths.push(Path::new("/etc/cron.d/.system_update").to_path_buf());
[INFO] [stdout]    |                    ^^^^ use of undeclared type `Path`
[INFO] [stdout]    |
[INFO] [stdout] help: consider importing this struct
[INFO] [stdout]    |
[INFO] [stdout]  1 + use std::path::Path;
[INFO] [stdout]    |
[INFO] [stdout] 
[INFO] [stdout] 
[INFO] [stdout] error[E0423]: cannot find value `path` in this scope
[INFO] [stdout]    --> src/core/install.rs:108:44
[INFO] [stdout]     |
[INFO] [stdout] 108 |         if let Ok(metadata) = fs::metadata(path) {
[INFO] [stdout]     |                                            ^^^^ not found in this scope
[INFO] [stdout]     |
[INFO] [stdout]     = note: a built-in attribute named `path` exists in another namespace
[INFO] [stdout] note: `_path` defined here
[INFO] [stdout]    --> src/core/install.rs:104:20
[INFO] [stdout]     |
[INFO] [stdout] 104 | fn set_permissions(_path: &PathBuf) {
[INFO] [stdout]     |                    ^^^^^
[INFO] [stdout] help: the leading underscore in `_path` marks it as unused, consider renaming it to `path`
[INFO] [stdout]     |
[INFO] [stdout] 104 - fn set_permissions(_path: &PathBuf) {
[INFO] [stdout] 104 + fn set_permissions(path: &PathBuf) {
[INFO] [stdout]     |
[INFO] [stdout] 
[INFO] [stdout] 
[INFO] [stdout] error[E0423]: cannot find value `path` in this scope
[INFO] [stdout]    --> src/core/install.rs:111:41
[INFO] [stdout]     |
[INFO] [stdout] 111 |             let _ = fs::set_permissions(path, permissions);
[INFO] [stdout]     |                                         ^^^^ not found in this scope
[INFO] [stdout]     |
[INFO] [stdout]     = note: a built-in attribute named `path` exists in another namespace
[INFO] [stdout] note: `_path` defined here
[INFO] [stdout]    --> src/core/install.rs:104:20
[INFO] [stdout]     |
[INFO] [stdout] 104 | fn set_permissions(_path: &PathBuf) {
[INFO] [stdout]     |                    ^^^^^
[INFO] [stdout] help: the leading underscore in `_path` marks it as unused, consider renaming it to `path`
[INFO] [stdout]     |
[INFO] [stdout] 104 - fn set_permissions(_path: &PathBuf) {
[INFO] [stdout] 104 + fn set_permissions(path: &PathBuf) {
[INFO] [stdout]     |
[INFO] [stdout] 
[INFO] [stdout] 
[INFO] [stdout] error[E0423]: cannot find value `path` in this scope
[INFO] [stdout]   --> src/core/persistence.rs:73:44
[INFO] [stdout]    |
[INFO] [stdout] 73 |         if let Ok(metadata) = fs::metadata(path) {
[INFO] [stdout]    |                                            ^^^^ not found in this scope
[INFO] [stdout]    |
[INFO] [stdout]    = note: a built-in attribute named `path` exists in another namespace
[INFO] [stdout] note: `_path` defined here
[INFO] [stdout]   --> src/core/persistence.rs:70:20
[INFO] [stdout]    |
[INFO] [stdout] 70 | fn set_permissions(_path: &PathBuf) {
[INFO] [stdout]    |                    ^^^^^
[INFO] [stdout] help: the leading underscore in `_path` marks it as unused, consider renaming it to `path`
[INFO] [stdout]    |
[INFO] [stdout] 70 - fn set_permissions(_path: &PathBuf) {
[INFO] [stdout] 70 + fn set_permissions(path: &PathBuf) {
[INFO] [stdout]    |
[INFO] [stdout] 
[INFO] [stdout] 
[INFO] [stdout] error[E0423]: cannot find value `path` in this scope
[INFO] [stdout]   --> src/core/persistence.rs:76:41
[INFO] [stdout]    |
[INFO] [stdout] 76 |             let _ = fs::set_permissions(path, permissions);
[INFO] [stdout]    |                                         ^^^^ not found in this scope
[INFO] [stdout]    |
[INFO] [stdout]    = note: a built-in attribute named `path` exists in another namespace
[INFO] [stdout] note: `_path` defined here
[INFO] [stdout]   --> src/core/persistence.rs:70:20
[INFO] [stdout]    |
[INFO] [stdout] 70 | fn set_permissions(_path: &PathBuf) {
[INFO] [stdout]    |                    ^^^^^
[INFO] [stdout] help: the leading underscore in `_path` marks it as unused, consider renaming it to `path`
[INFO] [stdout]    |
[INFO] [stdout] 70 - fn set_permissions(_path: &PathBuf) {
[INFO] [stdout] 70 + fn set_permissions(path: &PathBuf) {
[INFO] [stdout]    |
[INFO] [stdout] 
[INFO] [stdout] 
[INFO] [stdout] warning: ambiguous glob re-exports
[INFO] [stdout]   --> src/lib.rs:9:9
[INFO] [stdout]    |
[INFO] [stdout]  9 | pub use propagation::*;
[INFO] [stdout]    |         ^^^^^^^^^^^^^^ the name `scanner` in the type namespace is first re-exported here
[INFO] [stdout] 10 | pub use commands::*;
[INFO] [stdout] 11 | pub use infection::*;
[INFO] [stdout]    |         ------------ but the name `scanner` in the type namespace is also re-exported here
[INFO] [stdout]    |
[INFO] [stdout]    = note: `#[warn(ambiguous_glob_reexports)]` on by default
[INFO] [stdout] 
[INFO] [stdout] 
[INFO] [stdout] warning: use of deprecated function `whoami::hostname`: use `fallible::hostname()` instead
[INFO] [stdout]   --> src/core/utils.rs:60:28
[INFO] [stdout]    |
[INFO] [stdout] 60 |     let hostname = whoami::hostname();
[INFO] [stdout]    |                            ^^^^^^^^
[INFO] [stdout]    |
[INFO] [stdout]    = note: `#[warn(deprecated)]` on by default
[INFO] [stdout] 
[INFO] [stdout] 
[INFO] [stdout] warning: use of deprecated function `whoami::hostname`: use `fallible::hostname()` instead
[INFO] [stdout]   --> src/commands/handler.rs:85:28
[INFO] [stdout]    |
[INFO] [stdout] 85 |     let hostname = whoami::hostname();
[INFO] [stdout]    |                            ^^^^^^^^
[INFO] [stdout] 
[INFO] [stdout] 
[INFO] [stdout] warning: unreachable expression
[INFO] [stdout]    --> src/commands/handler.rs:222:5
[INFO] [stdout]     |
[INFO] [stdout] 219 |         return "screenshot_failed".to_string();
[INFO] [stdout]     |         -------------------------------------- any code following this expression is unreachable
[INFO] [stdout] ...
[INFO] [stdout] 222 |     "unsupported".to_string()
[INFO] [stdout]     |     ^^^^^^^^^^^^^^^^^^^^^^^^^ unreachable expression
[INFO] [stdout]     |
[INFO] [stdout]     = note: `#[warn(unreachable_code)]` (part of `#[warn(unused)]`) on by default
[INFO] [stdout] 
[INFO] [stdout] 
[INFO] [stdout] warning: variable does not need to be mutable
[INFO] [stdout]    --> src/core/install.rs:238:25
[INFO] [stdout]     |
[INFO] [stdout] 238 |             if let Some(mut child) = child.as_mut() {
[INFO] [stdout]     |                         ----^^^^^
[INFO] [stdout]     |                         |
[INFO] [stdout]     |                         help: remove this `mut`
[INFO] [stdout]     |
[INFO] [stdout]     = note: `#[warn(unused_mut)]` (part of `#[warn(unused)]`) on by default
[INFO] [stdout] 
[INFO] [stdout] 
[INFO] [stdout] error[E0433]: cannot find type `Path` in this scope
[INFO] [stdout]   --> src/core/install.rs:57:20
[INFO] [stdout]    |
[INFO] [stdout] 57 |         paths.push(Path::new("/tmp/.system_update").to_path_buf());
[INFO] [stdout]    |                    ^^^^ use of undeclared type `Path`
[INFO] [stdout]    |
[INFO] [stdout] help: consider importing this struct
[INFO] [stdout]    |
[INFO] [stdout]  1 + use std::path::Path;
[INFO] [stdout]    |
[INFO] [stdout] 
[INFO] [stdout] 
[INFO] [stdout] error[E0433]: cannot find type `Path` in this scope
[INFO] [stdout]   --> src/core/install.rs:58:20
[INFO] [stdout]    |
[INFO] [stdout] 58 |         paths.push(Path::new("/usr/local/bin/system_update").to_path_buf());
[INFO] [stdout]    |                    ^^^^ use of undeclared type `Path`
[INFO] [stdout]    |
[INFO] [stdout] help: consider importing this struct
[INFO] [stdout]    |
[INFO] [stdout]  1 + use std::path::Path;
[INFO] [stdout]    |
[INFO] [stdout] 
[INFO] [stdout] 
[INFO] [stdout] error[E0433]: cannot find type `Path` in this scope
[INFO] [stdout]   --> src/core/install.rs:59:20
[INFO] [stdout]    |
[INFO] [stdout] 59 |         paths.push(Path::new("/var/tmp/.system_update").to_path_buf());
[INFO] [stdout]    |                    ^^^^ use of undeclared type `Path`
[INFO] [stdout]    |
[INFO] [stdout] help: consider importing this struct
[INFO] [stdout]    |
[INFO] [stdout]  1 + use std::path::Path;
[INFO] [stdout]    |
[INFO] [stdout] 
[INFO] [stdout] 
[INFO] [stdout] error[E0433]: cannot find type `Path` in this scope
[INFO] [stdout]   --> src/core/install.rs:60:20
[INFO] [stdout]    |
[INFO] [stdout] 60 |         paths.push(Path::new("/opt/.system_update").to_path_buf());
[INFO] [stdout]    |                    ^^^^ use of undeclared type `Path`
[INFO] [stdout]    |
[INFO] [stdout] help: consider importing this struct
[INFO] [stdout]    |
[INFO] [stdout]  1 + use std::path::Path;
[INFO] [stdout]    |
[INFO] [stdout] 
[INFO] [stdout] 
[INFO] [stdout] error[E0433]: cannot find type `Path` in this scope
[INFO] [stdout]   --> src/core/install.rs:61:20
[INFO] [stdout]    |
[INFO] [stdout] 61 |         paths.push(Path::new("/opt/system_update").to_path_buf());
[INFO] [stdout]    |                    ^^^^ use of undeclared type `Path`
[INFO] [stdout]    |
[INFO] [stdout] help: consider importing this struct
[INFO] [stdout]    |
[INFO] [stdout]  1 + use std::path::Path;
[INFO] [stdout]    |
[INFO] [stdout] 
[INFO] [stdout] 
[INFO] [stdout] error[E0433]: cannot find type `Path` in this scope
[INFO] [stdout]   --> src/core/install.rs:62:20
[INFO] [stdout]    |
[INFO] [stdout] 62 |         paths.push(Path::new("/home/.system_update").to_path_buf());
[INFO] [stdout]    |                    ^^^^ use of undeclared type `Path`
[INFO] [stdout]    |
[INFO] [stdout] help: consider importing this struct
[INFO] [stdout]    |
[INFO] [stdout]  1 + use std::path::Path;
[INFO] [stdout]    |
[INFO] [stdout] 
[INFO] [stdout] 
[INFO] [stdout] error[E0433]: cannot find type `Path` in this scope
[INFO] [stdout]   --> src/core/install.rs:63:20
[INFO] [stdout]    |
[INFO] [stdout] 63 |         paths.push(Path::new("/etc/cron.d/.system_update").to_path_buf());
[INFO] [stdout]    |                    ^^^^ use of undeclared type `Path`
[INFO] [stdout]    |
[INFO] [stdout] help: consider importing this struct
[INFO] [stdout]    |
[INFO] [stdout]  1 + use std::path::Path;
[INFO] [stdout]    |
[INFO] [stdout] 
[INFO] [stdout] 
[INFO] [stdout] error[E0423]: cannot find value `path` in this scope
[INFO] [stdout]    --> src/core/install.rs:108:44
[INFO] [stdout]     |
[INFO] [stdout] 108 |         if let Ok(metadata) = fs::metadata(path) {
[INFO] [stdout]     |                                            ^^^^ not found in this scope
[INFO] [stdout]     |
[INFO] [stdout]     = note: a built-in attribute named `path` exists in another namespace
[INFO] [stdout] note: `_path` defined here
[INFO] [stdout]    --> src/core/install.rs:104:20
[INFO] [stdout]     |
[INFO] [stdout] 104 | fn set_permissions(_path: &PathBuf) {
[INFO] [stdout]     |                    ^^^^^
[INFO] [stdout] help: the leading underscore in `_path` marks it as unused, consider renaming it to `path`
[INFO] [stdout]     |
[INFO] [stdout] 104 - fn set_permissions(_path: &PathBuf) {
[INFO] [stdout] 104 + fn set_permissions(path: &PathBuf) {
[INFO] [stdout]     |
[INFO] [stdout] 
[INFO] [stdout] 
[INFO] [stdout] error[E0423]: cannot find value `path` in this scope
[INFO] [stdout]    --> src/core/install.rs:111:41
[INFO] [stdout]     |
[INFO] [stdout] 111 |             let _ = fs::set_permissions(path, permissions);
[INFO] [stdout]     |                                         ^^^^ not found in this scope
[INFO] [stdout]     |
[INFO] [stdout]     = note: a built-in attribute named `path` exists in another namespace
[INFO] [stdout] note: `_path` defined here
[INFO] [stdout]    --> src/core/install.rs:104:20
[INFO] [stdout]     |
[INFO] [stdout] 104 | fn set_permissions(_path: &PathBuf) {
[INFO] [stdout]     |                    ^^^^^
[INFO] [stdout] help: the leading underscore in `_path` marks it as unused, consider renaming it to `path`
[INFO] [stdout]     |
[INFO] [stdout] 104 - fn set_permissions(_path: &PathBuf) {
[INFO] [stdout] 104 + fn set_permissions(path: &PathBuf) {
[INFO] [stdout]     |
[INFO] [stdout] 
[INFO] [stdout] 
[INFO] [stdout] error[E0423]: cannot find value `path` in this scope
[INFO] [stdout]   --> src/core/persistence.rs:73:44
[INFO] [stdout]    |
[INFO] [stdout] 73 |         if let Ok(metadata) = fs::metadata(path) {
[INFO] [stdout]    |                                            ^^^^ not found in this scope
[INFO] [stdout]    |
[INFO] [stdout]    = note: a built-in attribute named `path` exists in another namespace
[INFO] [stdout] note: `_path` defined here
[INFO] [stdout]   --> src/core/persistence.rs:70:20
[INFO] [stdout]    |
[INFO] [stdout] 70 | fn set_permissions(_path: &PathBuf) {
[INFO] [stdout]    |                    ^^^^^
[INFO] [stdout] help: the leading underscore in `_path` marks it as unused, consider renaming it to `path`
[INFO] [stdout]    |
[INFO] [stdout] 70 - fn set_permissions(_path: &PathBuf) {
[INFO] [stdout] 70 + fn set_permissions(path: &PathBuf) {
[INFO] [stdout]    |
[INFO] [stdout] 
[INFO] [stdout] 
[INFO] [stdout] error[E0423]: cannot find value `path` in this scope
[INFO] [stdout]   --> src/core/persistence.rs:76:41
[INFO] [stdout]    |
[INFO] [stdout] 76 |             let _ = fs::set_permissions(path, permissions);
[INFO] [stdout]    |                                         ^^^^ not found in this scope
[INFO] [stdout]    |
[INFO] [stdout]    = note: a built-in attribute named `path` exists in another namespace
[INFO] [stdout] note: `_path` defined here
[INFO] [stdout]   --> src/core/persistence.rs:70:20
[INFO] [stdout]    |
[INFO] [stdout] 70 | fn set_permissions(_path: &PathBuf) {
[INFO] [stdout]    |                    ^^^^^
[INFO] [stdout] help: the leading underscore in `_path` marks it as unused, consider renaming it to `path`
[INFO] [stdout]    |
[INFO] [stdout] 70 - fn set_permissions(_path: &PathBuf) {
[INFO] [stdout] 70 + fn set_permissions(path: &PathBuf) {
[INFO] [stdout]    |
[INFO] [stdout] 
[INFO] [stdout] 
[INFO] [stdout] warning: ambiguous glob re-exports
[INFO] [stdout]   --> src/lib.rs:9:9
[INFO] [stdout]    |
[INFO] [stdout]  9 | pub use propagation::*;
[INFO] [stdout]    |         ^^^^^^^^^^^^^^ the name `scanner` in the type namespace is first re-exported here
[INFO] [stdout] 10 | pub use commands::*;
[INFO] [stdout] 11 | pub use infection::*;
[INFO] [stdout]    |         ------------ but the name `scanner` in the type namespace is also re-exported here
[INFO] [stdout]    |
[INFO] [stdout]    = note: `#[warn(ambiguous_glob_reexports)]` on by default
[INFO] [stdout] 
[INFO] [stdout] 
[INFO] [stdout] warning: use of deprecated function `whoami::hostname`: use `fallible::hostname()` instead
[INFO] [stdout]   --> src/core/utils.rs:60:28
[INFO] [stdout]    |
[INFO] [stdout] 60 |     let hostname = whoami::hostname();
[INFO] [stdout]    |                            ^^^^^^^^
[INFO] [stdout]    |
[INFO] [stdout]    = note: `#[warn(deprecated)]` on by default
[INFO] [stdout] 
[INFO] [stdout] 
[INFO] [stdout] warning: use of deprecated function `whoami::hostname`: use `fallible::hostname()` instead
[INFO] [stdout]   --> src/commands/handler.rs:85:28
[INFO] [stdout]    |
[INFO] [stdout] 85 |     let hostname = whoami::hostname();
[INFO] [stdout]    |                            ^^^^^^^^
[INFO] [stdout] 
[INFO] [stdout] 
[INFO] [stdout] Some errors have detailed explanations: E0423, E0433.
[INFO] [stdout] 
[INFO] [stderr] error: could not compile `system_update` (lib test) due to 11 previous errors; 5 warnings emitted
[INFO] [stdout] For more information about an error, try `rustc --explain E0423`.
[INFO] [stdout] 
[INFO] [stderr] warning: build failed, waiting for other jobs to finish...
[INFO] [stdout] warning: unreachable expression
[INFO] [stdout]    --> src/commands/handler.rs:222:5
[INFO] [stdout]     |
[INFO] [stdout] 219 |         return "screenshot_failed".to_string();
[INFO] [stdout]     |         -------------------------------------- any code following this expression is unreachable
[INFO] [stdout] ...
[INFO] [stdout] 222 |     "unsupported".to_string()
[INFO] [stdout]     |     ^^^^^^^^^^^^^^^^^^^^^^^^^ unreachable expression
[INFO] [stdout]     |
[INFO] [stdout]     = note: `#[warn(unreachable_code)]` (part of `#[warn(unused)]`) on by default
[INFO] [stdout] 
[INFO] [stdout] 
[INFO] [stdout] warning: variable does not need to be mutable
[INFO] [stdout]    --> src/core/install.rs:238:25
[INFO] [stdout]     |
[INFO] [stdout] 238 |             if let Some(mut child) = child.as_mut() {
[INFO] [stdout]     |                         ----^^^^^
[INFO] [stdout]     |                         |
[INFO] [stdout]     |                         help: remove this `mut`
[INFO] [stdout]     |
[INFO] [stdout]     = note: `#[warn(unused_mut)]` (part of `#[warn(unused)]`) on by default
[INFO] [stdout] 
[INFO] [stdout] 
[INFO] [stdout] Some errors have detailed explanations: E0423, E0433.
[INFO] [stdout] 
[INFO] [stdout] For more information about an error, try `rustc --explain E0423`.
[INFO] [stdout] 
[INFO] [stderr] error: could not compile `system_update` (lib) due to 11 previous errors; 5 warnings emitted
[INFO] running `Command { std: "docker" "inspect" "468939a1ec5f7f92712df2cba776f46a67fe58058a0500cb261d05e6dfe92343", kill_on_drop: false }`
[INFO] running `Command { std: "docker" "rm" "-f" "468939a1ec5f7f92712df2cba776f46a67fe58058a0500cb261d05e6dfe92343", kill_on_drop: false }`
[INFO] [stdout] 468939a1ec5f7f92712df2cba776f46a67fe58058a0500cb261d05e6dfe92343
