[INFO] cloning repository https://github.com/mcanyucel/topclock
[INFO] running `Command { std: "git" "-c" "credential.helper=" "-c" "credential.helper=/workspace/cargo-home/bin/git-credential-null" "clone" "--bare" "https://github.com/mcanyucel/topclock" "/workspace/cache/git-repos/https%3A%2F%2Fgithub.com%2Fmcanyucel%2Ftopclock", kill_on_drop: false }`
[INFO] [stderr] Cloning into bare repository '/workspace/cache/git-repos/https%3A%2F%2Fgithub.com%2Fmcanyucel%2Ftopclock'...
[INFO] running `Command { std: "git" "rev-parse" "HEAD", kill_on_drop: false }`
[INFO] [stdout] af4cb0be49fe38c1884c76576ac5a73f9b79caa2
[INFO] checking mcanyucel/topclock against 3154cc1a3e6424e44f438a95007d043ed5ceaaf6 for pr-133502-30
[INFO] running `Command { std: "git" "clone" "/workspace/cache/git-repos/https%3A%2F%2Fgithub.com%2Fmcanyucel%2Ftopclock" "/workspace/builds/worker-3-tc2/source", kill_on_drop: false }`
[INFO] [stderr] Cloning into '/workspace/builds/worker-3-tc2/source'...
[INFO] [stderr] done.
[INFO] started tweaking git repo https://github.com/mcanyucel/topclock
[INFO] finished tweaking git repo https://github.com/mcanyucel/topclock
[INFO] tweaked toml for git repo https://github.com/mcanyucel/topclock written to /workspace/builds/worker-3-tc2/source/Cargo.toml
[INFO] validating manifest of git repo https://github.com/mcanyucel/topclock on toolchain 3154cc1a3e6424e44f438a95007d043ed5ceaaf6
[INFO] running `Command { std: CARGO_HOME="/workspace/cargo-home" RUSTUP_HOME="/workspace/rustup-home" "/workspace/cargo-home/bin/cargo" "+3154cc1a3e6424e44f438a95007d043ed5ceaaf6" "metadata" "--manifest-path" "Cargo.toml" "--no-deps", kill_on_drop: false }`
[INFO] crate git repo https://github.com/mcanyucel/topclock already has a lockfile, it will not be regenerated
[INFO] running `Command { std: CARGO_HOME="/workspace/cargo-home" RUSTUP_HOME="/workspace/rustup-home" "/workspace/cargo-home/bin/cargo" "+3154cc1a3e6424e44f438a95007d043ed5ceaaf6" "fetch" "--manifest-path" "Cargo.toml", kill_on_drop: false }`
[INFO] running `Command { std: "docker" "create" "-v" "/var/lib/crater-agent-workspace/builds/worker-3-tc2/source:/opt/rustwide/workdir:ro,Z" "-v" "/var/lib/crater-agent-workspace/builds/worker-3-tc2/target:/opt/rustwide/target:rw,Z" "-v" "/var/lib/crater-agent-workspace/cargo-home:/opt/rustwide/cargo-home:ro,Z" "-v" "/var/lib/crater-agent-workspace/rustup-home:/opt/rustwide/rustup-home:ro,Z" "-m" "1610612736" "--network" "none" "ghcr.io/rust-lang/crates-build-env/linux@sha256:77db811e55d90add9212f6832c23229e3de5f1c1f9905e8cb07319ea15df73ac" "sleep" "infinity", kill_on_drop: false }`
[INFO] [stdout] 488e5875030611e1ab88a0e6bc152d857e9978ba543397c71383a9e9303a3416
[INFO] running `Command { std: "docker" "start" "488e5875030611e1ab88a0e6bc152d857e9978ba543397c71383a9e9303a3416", kill_on_drop: false }`
[INFO] running `Command { std: "docker" "inspect" "488e5875030611e1ab88a0e6bc152d857e9978ba543397c71383a9e9303a3416", kill_on_drop: false }`
[INFO] running `Command { std: "docker" "exec" "-e" "SOURCE_DIR=/opt/rustwide/workdir" "-e" "CARGO_HOME=/opt/rustwide/cargo-home" "-e" "RUSTUP_HOME=/opt/rustwide/rustup-home" "-e" "CARGO_TARGET_DIR=/opt/rustwide/target" "-w" "/opt/rustwide/workdir" "--user" "0:0" "488e5875030611e1ab88a0e6bc152d857e9978ba543397c71383a9e9303a3416" "/opt/rustwide/cargo-home/bin/cargo" "+3154cc1a3e6424e44f438a95007d043ed5ceaaf6" "metadata" "--no-deps" "--format-version=1", kill_on_drop: false }`
[INFO] running `Command { std: "docker" "inspect" "488e5875030611e1ab88a0e6bc152d857e9978ba543397c71383a9e9303a3416", kill_on_drop: false }`
[INFO] running `Command { std: "docker" "exec" "-e" "SOURCE_DIR=/opt/rustwide/workdir" "-e" "CARGO_HOME=/opt/rustwide/cargo-home" "-e" "RUSTUP_HOME=/opt/rustwide/rustup-home" "-e" "CARGO_TARGET_DIR=/opt/rustwide/target" "-e" "CARGO_INCREMENTAL=0" "-e" "RUST_BACKTRACE=full" "-e" "RUSTFLAGS=--cap-lints=forbid" "-e" "RUSTDOCFLAGS=--cap-lints=forbid" "-w" "/opt/rustwide/workdir" "--user" "0:0" "488e5875030611e1ab88a0e6bc152d857e9978ba543397c71383a9e9303a3416" "/opt/rustwide/cargo-home/bin/cargo" "+3154cc1a3e6424e44f438a95007d043ed5ceaaf6" "check" "--frozen" "--all" "--all-targets" "--message-format=json", kill_on_drop: false }`
[INFO] [stderr]    Compiling serde_core v1.0.229
[INFO] [stderr]    Compiling windows_x86_64_gnu v0.52.6
[INFO] [stderr]    Compiling winnow v1.0.4
[INFO] [stderr]    Compiling syn v2.0.119
[INFO] [stderr]     Checking windows-targets v0.52.6
[INFO] [stderr]     Checking windows-result v0.2.0
[INFO] [stderr]     Checking windows-strings v0.1.0
[INFO] [stderr]    Compiling toml_parser v1.1.3+spec-1.1.0
[INFO] [stderr]    Compiling serde_spanned v1.1.1
[INFO] [stderr]    Compiling toml_datetime v1.1.1+spec-1.1.0
[INFO] [stderr]    Compiling windows-implement v0.58.0
[INFO] [stderr]    Compiling windows-interface v0.58.0
[INFO] [stderr]    Compiling toml v1.1.4+spec-1.1.0
[INFO] [stderr]     Checking windows-core v0.58.0
[INFO] [stderr]    Compiling winresource v0.1.31
[INFO] [stderr]     Checking windows v0.58.0
[INFO] [stderr]    Compiling topclock v0.4.1 (/opt/rustwide/workdir)
[INFO] [stdout] error[E0433]: cannot find `windows` in `os`
[INFO] [stdout]  --> src/main.rs:3:14
[INFO] [stdout]   |
[INFO] [stdout] 3 | use std::os::windows::ffi::OsStrExt;
[INFO] [stdout]   |              ^^^^^^^ could not find `windows` in `os`
[INFO] [stdout]   |
[INFO] [stdout] note: found an item that was configured out
[INFO] [stdout]  --> /rustc/3154cc1a3e6424e44f438a95007d043ed5ceaaf6/library/std/src/os/mod.rs:62:4
[INFO] [stdout]   |
[INFO] [stdout]   = note: the item is gated behind the `windows` feature
[INFO] [stdout] 
[INFO] [stdout] 
[INFO] [stdout] error[E0433]: cannot find `Win32` in `windows`
[INFO] [stdout]  --> src/main.rs:9:14
[INFO] [stdout]   |
[INFO] [stdout] 9 | use windows::Win32::Foundation::*;
[INFO] [stdout]   |              ^^^^^ could not find `Win32` in `windows`
[INFO] [stdout] 
[INFO] [stdout] 
[INFO] [stdout] error[E0433]: cannot find `Win32` in `windows`
[INFO] [stdout]   --> src/main.rs:10:14
[INFO] [stdout]    |
[INFO] [stdout] 10 | use windows::Win32::Graphics::Gdi::*;
[INFO] [stdout]    |              ^^^^^ could not find `Win32` in `windows`
[INFO] [stdout] 
[INFO] [stdout] 
[INFO] [stdout] error[E0433]: cannot find `Win32` in `windows`
[INFO] [stdout]   --> src/main.rs:11:14
[INFO] [stdout]    |
[INFO] [stdout] 11 | use windows::Win32::System::LibraryLoader::GetModuleHandleW;
[INFO] [stdout]    |              ^^^^^ could not find `Win32` in `windows`
[INFO] [stdout] 
[INFO] [stdout] 
[INFO] [stdout] error[E0433]: cannot find `Win32` in `windows`
[INFO] [stdout]   --> src/main.rs:12:14
[INFO] [stdout]    |
[INFO] [stdout] 12 | use windows::Win32::System::SystemInformation::GetLocalTime;
[INFO] [stdout]    |              ^^^^^ could not find `Win32` in `windows`
[INFO] [stdout] 
[INFO] [stdout] 
[INFO] [stdout] error[E0433]: cannot find `Win32` in `windows`
[INFO] [stdout]   --> src/main.rs:13:14
[INFO] [stdout]    |
[INFO] [stdout] 13 | use windows::Win32::UI::Input::KeyboardAndMouse::{ReleaseCapture, VK_ESCAPE};
[INFO] [stdout]    |              ^^^^^ could not find `Win32` in `windows`
[INFO] [stdout] 
[INFO] [stdout] 
[INFO] [stdout] error[E0433]: cannot find `Win32` in `windows`
[INFO] [stdout]   --> src/main.rs:14:14
[INFO] [stdout]    |
[INFO] [stdout] 14 | use windows::Win32::UI::Shell::ShellExecuteW;
[INFO] [stdout]    |              ^^^^^ could not find `Win32` in `windows`
[INFO] [stdout] 
[INFO] [stdout] 
[INFO] [stdout] error[E0433]: cannot find `Win32` in `windows`
[INFO] [stdout]   --> src/main.rs:15:14
[INFO] [stdout]    |
[INFO] [stdout] 15 | use windows::Win32::UI::WindowsAndMessaging::*;
[INFO] [stdout]    |              ^^^^^ could not find `Win32` in `windows`
[INFO] [stdout] 
[INFO] [stdout] 
[INFO] [stdout] error[E0432]: unresolved import `windows::core`
[INFO] [stdout]  --> src/main.rs:8:14
[INFO] [stdout]   |
[INFO] [stdout] 8 | use windows::core::*;
[INFO] [stdout]   |              ^^^^ could not find `core` in `windows`
[INFO] [stdout] 
[INFO] [stdout] 
[INFO] [stdout] error[E0433]: cannot find `windows` in `os`
[INFO] [stdout]  --> src/main.rs:3:14
[INFO] [stdout]   |
[INFO] [stdout] 3 | use std::os::windows::ffi::OsStrExt;
[INFO] [stdout]   |              ^^^^^^^ could not find `windows` in `os`
[INFO] [stdout]   |
[INFO] [stdout] note: found an item that was configured out
[INFO] [stdout]  --> /rustc/3154cc1a3e6424e44f438a95007d043ed5ceaaf6/library/std/src/os/mod.rs:62:4
[INFO] [stdout]   |
[INFO] [stdout]   = note: the item is gated behind the `windows` feature
[INFO] [stdout] 
[INFO] [stdout] 
[INFO] [stdout] error[E0433]: cannot find `Win32` in `windows`
[INFO] [stdout]  --> src/main.rs:9:14
[INFO] [stdout]   |
[INFO] [stdout] 9 | use windows::Win32::Foundation::*;
[INFO] [stdout]   |              ^^^^^ could not find `Win32` in `windows`
[INFO] [stdout] 
[INFO] [stdout] 
[INFO] [stdout] error[E0433]: cannot find `Win32` in `windows`
[INFO] [stdout]   --> src/main.rs:10:14
[INFO] [stdout]    |
[INFO] [stdout] 10 | use windows::Win32::Graphics::Gdi::*;
[INFO] [stdout]    |              ^^^^^ could not find `Win32` in `windows`
[INFO] [stdout] 
[INFO] [stdout] 
[INFO] [stdout] error[E0433]: cannot find `Win32` in `windows`
[INFO] [stdout]   --> src/main.rs:11:14
[INFO] [stdout]    |
[INFO] [stdout] 11 | use windows::Win32::System::LibraryLoader::GetModuleHandleW;
[INFO] [stdout]    |              ^^^^^ could not find `Win32` in `windows`
[INFO] [stdout] 
[INFO] [stdout] 
[INFO] [stdout] error[E0433]: cannot find `Win32` in `windows`
[INFO] [stdout]   --> src/main.rs:12:14
[INFO] [stdout]    |
[INFO] [stdout] 12 | use windows::Win32::System::SystemInformation::GetLocalTime;
[INFO] [stdout]    |              ^^^^^ could not find `Win32` in `windows`
[INFO] [stdout] 
[INFO] [stdout] 
[INFO] [stdout] error[E0433]: cannot find `Win32` in `windows`
[INFO] [stdout]   --> src/main.rs:13:14
[INFO] [stdout]    |
[INFO] [stdout] 13 | use windows::Win32::UI::Input::KeyboardAndMouse::{ReleaseCapture, VK_ESCAPE};
[INFO] [stdout]    |              ^^^^^ could not find `Win32` in `windows`
[INFO] [stdout] 
[INFO] [stdout] 
[INFO] [stdout] error[E0433]: cannot find `Win32` in `windows`
[INFO] [stdout]   --> src/main.rs:14:14
[INFO] [stdout]    |
[INFO] [stdout] 14 | use windows::Win32::UI::Shell::ShellExecuteW;
[INFO] [stdout]    |              ^^^^^ could not find `Win32` in `windows`
[INFO] [stdout] 
[INFO] [stdout] 
[INFO] [stdout] error[E0433]: cannot find `Win32` in `windows`
[INFO] [stdout]   --> src/main.rs:15:14
[INFO] [stdout]    |
[INFO] [stdout] 15 | use windows::Win32::UI::WindowsAndMessaging::*;
[INFO] [stdout]    |              ^^^^^ could not find `Win32` in `windows`
[INFO] [stdout] 
[INFO] [stdout] 
[INFO] [stdout] error[E0432]: unresolved import `windows::core`
[INFO] [stdout]  --> src/main.rs:8:14
[INFO] [stdout]   |
[INFO] [stdout] 8 | use windows::core::*;
[INFO] [stdout]   |              ^^^^ could not find `core` in `windows`
[INFO] [stdout] 
[INFO] [stdout] 
[INFO] [stdout] error: cannot find macro `w` in this scope
[INFO] [stdout]    --> src/main.rs:122:26
[INFO] [stdout]     |
[INFO] [stdout] 122 |         let class_name = w!("TopClockWindow");
[INFO] [stdout]     |                          ^
[INFO] [stdout] 
[INFO] [stdout] 
[INFO] [stdout] error: cannot find macro `w` in this scope
[INFO] [stdout]    --> src/main.rs:146:13
[INFO] [stdout]     |
[INFO] [stdout] 146 |             w!("topclock"),
[INFO] [stdout]     |             ^
[INFO] [stdout] 
[INFO] [stdout] 
[INFO] [stdout] error: cannot find macro `w` in this scope
[INFO] [stdout]    --> src/main.rs:238:13
[INFO] [stdout]     |
[INFO] [stdout] 238 |             w!("open"),
[INFO] [stdout]     |             ^
[INFO] [stdout] 
[INFO] [stdout] 
[INFO] [stdout] error[E0107]: enum takes 2 generic arguments but 1 generic argument was supplied
[INFO] [stdout]    --> src/main.rs:117:14
[INFO] [stdout]     |
[INFO] [stdout] 117 | fn main() -> Result<()> {
[INFO] [stdout]     |              ^^^^^^ -- supplied 1 generic argument
[INFO] [stdout]     |              |
[INFO] [stdout]     |              expected 2 generic arguments
[INFO] [stdout]     |
[INFO] [stdout] help: add missing generic argument
[INFO] [stdout]     |
[INFO] [stdout] 117 | fn main() -> Result<(), E> {
[INFO] [stdout]     |                       +++
[INFO] [stdout] 
[INFO] [stdout] 
[INFO] [stdout] error: cannot find macro `w` in this scope
[INFO] [stdout]    --> src/main.rs:122:26
[INFO] [stdout]     |
[INFO] [stdout] 122 |         let class_name = w!("TopClockWindow");
[INFO] [stdout]     |                          ^
[INFO] [stdout] 
[INFO] [stdout] 
[INFO] [stdout] error: cannot find macro `w` in this scope
[INFO] [stdout]    --> src/main.rs:146:13
[INFO] [stdout]     |
[INFO] [stdout] 146 |             w!("topclock"),
[INFO] [stdout]     |             ^
[INFO] [stdout] 
[INFO] [stdout] 
[INFO] [stdout] error[E0599]: no method named `encode_wide` found for reference `&OsStr` in the current scope
[INFO] [stdout]    --> src/main.rs:232:10
[INFO] [stdout]     |
[INFO] [stdout] 230 |     let wide: Vec<u16> = path
[INFO] [stdout] 231 |         .as_os_str()
[INFO] [stdout] 232 |         .encode_wide()
[INFO] [stdout]     |          ^^^^^^^^^^^ method not found in `&OsStr`
[INFO] [stdout] 
[INFO] [stdout] 
[INFO] [stdout] error: cannot find macro `w` in this scope
[INFO] [stdout]    --> src/main.rs:238:13
[INFO] [stdout]     |
[INFO] [stdout] 238 |             w!("open"),
[INFO] [stdout]     |             ^
[INFO] [stdout] 
[INFO] [stdout] 
[INFO] [stdout] Some errors have detailed explanations: E0107, E0432, E0433, E0599.
[INFO] [stdout] 
[INFO] [stdout] For more information about an error, try `rustc --explain E0107`.
[INFO] [stdout] 
[INFO] [stderr] error: could not compile `topclock` (bin "topclock") due to 14 previous errors
[INFO] [stderr] warning: build failed, waiting for other jobs to finish...
[INFO] [stdout] error[E0107]: enum takes 2 generic arguments but 1 generic argument was supplied
[INFO] [stdout]    --> src/main.rs:117:14
[INFO] [stdout]     |
[INFO] [stdout] 117 | fn main() -> Result<()> {
[INFO] [stdout]     |              ^^^^^^ -- supplied 1 generic argument
[INFO] [stdout]     |              |
[INFO] [stdout]     |              expected 2 generic arguments
[INFO] [stdout]     |
[INFO] [stdout] help: add missing generic argument
[INFO] [stdout]     |
[INFO] [stdout] 117 | fn main() -> Result<(), E> {
[INFO] [stdout]     |                       +++
[INFO] [stdout] 
[INFO] [stdout] 
[INFO] [stdout] error[E0599]: no method named `encode_wide` found for reference `&OsStr` in the current scope
[INFO] [stdout]    --> src/main.rs:232:10
[INFO] [stdout]     |
[INFO] [stdout] 230 |     let wide: Vec<u16> = path
[INFO] [stdout] 231 |         .as_os_str()
[INFO] [stdout] 232 |         .encode_wide()
[INFO] [stdout]     |          ^^^^^^^^^^^ method not found in `&OsStr`
[INFO] [stdout] 
[INFO] [stdout] 
[INFO] [stdout] Some errors have detailed explanations: E0107, E0432, E0433, E0599.
[INFO] [stdout] 
[INFO] [stdout] For more information about an error, try `rustc --explain E0107`.
[INFO] [stdout] 
[INFO] [stderr] error: could not compile `topclock` (bin "topclock" test) due to 14 previous errors
[INFO] running `Command { std: "docker" "inspect" "488e5875030611e1ab88a0e6bc152d857e9978ba543397c71383a9e9303a3416", kill_on_drop: false }`
[INFO] running `Command { std: "docker" "rm" "-f" "488e5875030611e1ab88a0e6bc152d857e9978ba543397c71383a9e9303a3416", kill_on_drop: false }`
[INFO] [stdout] 488e5875030611e1ab88a0e6bc152d857e9978ba543397c71383a9e9303a3416
