[INFO] cloning repository https://github.com/mbuvarp/gopher
[INFO] running `Command { std: "git" "-c" "credential.helper=" "-c" "credential.helper=/workspace/cargo-home/bin/git-credential-null" "clone" "--bare" "https://github.com/mbuvarp/gopher" "/workspace/cache/git-repos/https%3A%2F%2Fgithub.com%2Fmbuvarp%2Fgopher", kill_on_drop: false }`
[INFO] [stderr] Cloning into bare repository '/workspace/cache/git-repos/https%3A%2F%2Fgithub.com%2Fmbuvarp%2Fgopher'...
[INFO] running `Command { std: "git" "rev-parse" "HEAD", kill_on_drop: false }`
[INFO] [stdout] 8922b39e19bc90eaa8c70ca8d00bdd70443a1d63
[INFO] checking mbuvarp/gopher against 3154cc1a3e6424e44f438a95007d043ed5ceaaf6 for pr-133502-30
[INFO] running `Command { std: "git" "clone" "/workspace/cache/git-repos/https%3A%2F%2Fgithub.com%2Fmbuvarp%2Fgopher" "/workspace/builds/worker-1-tc2/source", kill_on_drop: false }`
[INFO] [stderr] Cloning into '/workspace/builds/worker-1-tc2/source'...
[INFO] [stderr] done.
[INFO] started tweaking git repo https://github.com/mbuvarp/gopher
[INFO] finished tweaking git repo https://github.com/mbuvarp/gopher
[INFO] tweaked toml for git repo https://github.com/mbuvarp/gopher written to /workspace/builds/worker-1-tc2/source/Cargo.toml
[INFO] validating manifest of git repo https://github.com/mbuvarp/gopher on toolchain 3154cc1a3e6424e44f438a95007d043ed5ceaaf6
[INFO] running `Command { std: CARGO_HOME="/workspace/cargo-home" RUSTUP_HOME="/workspace/rustup-home" "/workspace/cargo-home/bin/cargo" "+3154cc1a3e6424e44f438a95007d043ed5ceaaf6" "metadata" "--manifest-path" "Cargo.toml" "--no-deps", kill_on_drop: false }`
[INFO] crate git repo https://github.com/mbuvarp/gopher already has a lockfile, it will not be regenerated
[INFO] running `Command { std: CARGO_HOME="/workspace/cargo-home" RUSTUP_HOME="/workspace/rustup-home" "/workspace/cargo-home/bin/cargo" "+3154cc1a3e6424e44f438a95007d043ed5ceaaf6" "fetch" "--manifest-path" "Cargo.toml", kill_on_drop: false }`
[INFO] running `Command { std: "docker" "create" "-v" "/var/lib/crater-agent-workspace/builds/worker-1-tc2/source:/opt/rustwide/workdir:ro,Z" "-v" "/var/lib/crater-agent-workspace/builds/worker-1-tc2/target:/opt/rustwide/target:rw,Z" "-v" "/var/lib/crater-agent-workspace/cargo-home:/opt/rustwide/cargo-home:ro,Z" "-v" "/var/lib/crater-agent-workspace/rustup-home:/opt/rustwide/rustup-home:ro,Z" "-m" "1610612736" "--network" "none" "ghcr.io/rust-lang/crates-build-env/linux@sha256:77db811e55d90add9212f6832c23229e3de5f1c1f9905e8cb07319ea15df73ac" "sleep" "infinity", kill_on_drop: false }`
[INFO] [stdout] 8451c2e190b93d08217df38c1c70a4010e70211c423a6a1588cac242bce93936
[INFO] running `Command { std: "docker" "start" "8451c2e190b93d08217df38c1c70a4010e70211c423a6a1588cac242bce93936", kill_on_drop: false }`
[INFO] running `Command { std: "docker" "inspect" "8451c2e190b93d08217df38c1c70a4010e70211c423a6a1588cac242bce93936", kill_on_drop: false }`
[INFO] running `Command { std: "docker" "exec" "-e" "SOURCE_DIR=/opt/rustwide/workdir" "-e" "CARGO_HOME=/opt/rustwide/cargo-home" "-e" "RUSTUP_HOME=/opt/rustwide/rustup-home" "-e" "CARGO_TARGET_DIR=/opt/rustwide/target" "-w" "/opt/rustwide/workdir" "--user" "0:0" "8451c2e190b93d08217df38c1c70a4010e70211c423a6a1588cac242bce93936" "/opt/rustwide/cargo-home/bin/cargo" "+3154cc1a3e6424e44f438a95007d043ed5ceaaf6" "metadata" "--no-deps" "--format-version=1", kill_on_drop: false }`
[INFO] running `Command { std: "docker" "inspect" "8451c2e190b93d08217df38c1c70a4010e70211c423a6a1588cac242bce93936", kill_on_drop: false }`
[INFO] running `Command { std: "docker" "exec" "-e" "SOURCE_DIR=/opt/rustwide/workdir" "-e" "CARGO_HOME=/opt/rustwide/cargo-home" "-e" "RUSTUP_HOME=/opt/rustwide/rustup-home" "-e" "CARGO_TARGET_DIR=/opt/rustwide/target" "-e" "CARGO_INCREMENTAL=0" "-e" "RUST_BACKTRACE=full" "-e" "RUSTFLAGS=--cap-lints=forbid" "-e" "RUSTDOCFLAGS=--cap-lints=forbid" "-w" "/opt/rustwide/workdir" "--user" "0:0" "8451c2e190b93d08217df38c1c70a4010e70211c423a6a1588cac242bce93936" "/opt/rustwide/cargo-home/bin/cargo" "+3154cc1a3e6424e44f438a95007d043ed5ceaaf6" "check" "--frozen" "--all" "--all-targets" "--message-format=json", kill_on_drop: false }`
[INFO] [stderr]     Checking memchr v2.8.3
[INFO] [stderr]     Checking smallvec v1.16.0
[INFO] [stderr]    Compiling syn v3.0.5
[INFO] [stderr]    Compiling num-traits v0.2.19
[INFO] [stderr]    Compiling libsqlite3-sys v0.36.0
[INFO] [stderr]     Checking foldhash v0.2.0
[INFO] [stderr]     Checking percent-encoding v2.3.2
[INFO] [stderr]     Checking toml_parser v1.1.3+spec-1.1.0
[INFO] [stderr]     Checking form_urlencoded v1.2.2
[INFO] [stderr]     Checking hashbrown v0.16.1
[INFO] [stderr]     Checking tracing v0.1.44
[INFO] [stderr]     Checking digest v0.10.7
[INFO] [stderr]     Checking thread_local v1.1.10
[INFO] [stderr]     Checking toml_datetime v0.7.5+spec-1.1.0
[INFO] [stderr]     Checking serde_spanned v1.1.1
[INFO] [stderr]    Compiling gopher v0.7.1 (/opt/rustwide/workdir)
[INFO] [stderr]     Checking aho-corasick v1.1.5
[INFO] [stderr]     Checking serde_json v1.0.151
[INFO] [stderr]     Checking fallible-streaming-iterator v0.1.9
[INFO] [stderr]     Checking toml_writer v1.1.2+spec-1.1.0
[INFO] [stderr]     Checking fallible-iterator v0.3.0
[INFO] [stderr]     Checking winnow v0.7.15
[INFO] [stderr]     Checking tempfile v3.27.0
[INFO] [stderr]     Checking hashlink v0.11.1
[INFO] [stderr]     Checking sha2 v0.10.9
[INFO] [stderr]     Checking fs2 v0.4.3
[INFO] [stderr]     Checking regex-automata v0.4.18
[INFO] [stderr]     Checking toml v0.9.12+spec-1.1.0
[INFO] [stderr]    Compiling zerovec-derive v0.11.6
[INFO] [stderr]    Compiling displaydoc v0.2.7
[INFO] [stderr]    Compiling serde_derive v1.0.229
[INFO] [stderr]    Compiling clap_derive v4.6.4
[INFO] [stderr]    Compiling tokio-macros v2.7.2
[INFO] [stderr]     Checking zerotrie v0.2.5
[INFO] [stderr]     Checking tokio v1.53.1
[INFO] [stderr]     Checking matchers v0.2.0
[INFO] [stderr]     Checking regex v1.13.1
[INFO] [stderr]     Checking zerovec v0.11.8
[INFO] [stderr]     Checking tinystr v0.8.4
[INFO] [stderr]     Checking potential_utf v0.1.6
[INFO] [stderr]     Checking icu_collections v2.3.0
[INFO] [stderr]     Checking icu_locale_core v2.3.0
[INFO] [stderr]     Checking clap v4.6.6
[INFO] [stderr]     Checking icu_provider v2.3.1
[INFO] [stderr]     Checking icu_normalizer v2.3.0
[INFO] [stderr]     Checking icu_properties v2.3.0
[INFO] [stderr]     Checking serde v1.0.229
[INFO] [stderr]     Checking tracing-serde v0.2.0
[INFO] [stderr]     Checking chrono v0.4.45
[INFO] [stderr]     Checking tracing-subscriber v0.3.23
[INFO] [stderr]     Checking idna_adapter v1.2.2
[INFO] [stderr]     Checking idna v1.1.0
[INFO] [stderr]     Checking url v2.5.8
[INFO] [stderr]     Checking rusqlite v0.38.0
[INFO] [stdout] error[E0432]: unresolved import `objc2`
[INFO] [stdout]  --> examples/update_smoke.rs:2:5
[INFO] [stdout]   |
[INFO] [stdout] 2 | use objc2::{MainThreadMarker, Message, msg_send};
[INFO] [stdout]   |     ^^^^^ use of unresolved module or unlinked crate `objc2`
[INFO] [stdout]   |
[INFO] [stdout]   = help: if you wanted to use a crate named `objc2`, use `cargo add objc2` to add it to your `Cargo.toml`
[INFO] [stdout] 
[INFO] [stdout] 
[INFO] [stdout] error[E0432]: unresolved import `objc2_app_kit`
[INFO] [stdout]  --> examples/update_smoke.rs:3:5
[INFO] [stdout]   |
[INFO] [stdout] 3 | use objc2_app_kit::{NSApplication, NSButton, NSView};
[INFO] [stdout]   |     ^^^^^^^^^^^^^ use of unresolved module or unlinked crate `objc2_app_kit`
[INFO] [stdout]   |
[INFO] [stdout]   = help: if you wanted to use a crate named `objc2_app_kit`, use `cargo add objc2_app_kit` to add it to your `Cargo.toml`
[INFO] [stdout] 
[INFO] [stdout] 
[INFO] [stdout] error[E0433]: cannot find module or crate `tao` in this scope
[INFO] [stdout]  --> examples/update_smoke.rs:9:5
[INFO] [stdout]   |
[INFO] [stdout] 9 | use tao::{
[INFO] [stdout]   |     ^^^ use of unresolved module or unlinked crate `tao`
[INFO] [stdout]   |
[INFO] [stdout]   = help: if you wanted to use a crate named `tao`, use `cargo add tao` to add it to your `Cargo.toml`
[INFO] [stdout] 
[INFO] [stdout] 
[INFO] [stdout] error[E0432]: unresolved import `objc2_foundation`
[INFO] [stdout]  --> examples/update_smoke.rs:4:5
[INFO] [stdout]   |
[INFO] [stdout] 4 | use objc2_foundation::{NSBundle, NSString};
[INFO] [stdout]   |     ^^^^^^^^^^^^^^^^ use of unresolved module or unlinked crate `objc2_foundation`
[INFO] [stdout]   |
[INFO] [stdout]   = help: if you wanted to use a crate named `objc2_foundation`, use `cargo add objc2_foundation` to add it to your `Cargo.toml`
[INFO] [stdout] 
[INFO] [stdout] 
[INFO] [stdout] error[E0433]: cannot find module or crate `objc2` in this scope
[INFO] [stdout]  --> examples/../src/macos/updates.rs:5:5
[INFO] [stdout]   |
[INFO] [stdout] 5 | use objc2::{
[INFO] [stdout]   |     ^^^^^ use of unresolved module or unlinked crate `objc2`
[INFO] [stdout]   |
[INFO] [stdout]   = help: if you wanted to use a crate named `objc2`, use `cargo add objc2` to add it to your `Cargo.toml`
[INFO] [stdout] 
[INFO] [stdout] 
[INFO] [stdout] error[E0432]: unresolved import `objc2`
[INFO] [stdout]  --> examples/../src/macos/updates.rs:5:5
[INFO] [stdout]   |
[INFO] [stdout] 5 | use objc2::{
[INFO] [stdout]   |     ^^^^^ use of unresolved module or unlinked crate `objc2`
[INFO] [stdout]   |
[INFO] [stdout]   = help: if you wanted to use a crate named `objc2`, use `cargo add objc2` to add it to your `Cargo.toml`
[INFO] [stdout] 
[INFO] [stdout] 
[INFO] [stdout] error[E0432]: unresolved import `objc2_app_kit`
[INFO] [stdout]   --> examples/../src/macos/updates.rs:10:5
[INFO] [stdout]    |
[INFO] [stdout] 10 | use objc2_app_kit::{NSApplication, NSApplicationDelegate, NSApplicationTerminateReply};
[INFO] [stdout]    |     ^^^^^^^^^^^^^ use of unresolved module or unlinked crate `objc2_app_kit`
[INFO] [stdout]    |
[INFO] [stdout]    = help: if you wanted to use a crate named `objc2_app_kit`, use `cargo add objc2_app_kit` to add it to your `Cargo.toml`
[INFO] [stdout] 
[INFO] [stdout] 
[INFO] [stdout] error[E0433]: cannot find module or crate `tao` in this scope
[INFO] [stdout]   --> examples/../src/macos/updates.rs:15:5
[INFO] [stdout]    |
[INFO] [stdout] 15 | use tao::event_loop::EventLoopProxy;
[INFO] [stdout]    |     ^^^ use of unresolved module or unlinked crate `tao`
[INFO] [stdout]    |
[INFO] [stdout]    = help: if you wanted to use a crate named `tao`, use `cargo add tao` to add it to your `Cargo.toml`
[INFO] [stdout] 
[INFO] [stdout] 
[INFO] [stdout] error[E0432]: unresolved import `objc2_foundation`
[INFO] [stdout]   --> examples/../src/macos/updates.rs:11:5
[INFO] [stdout]    |
[INFO] [stdout] 11 | use objc2_foundation::{
[INFO] [stdout]    |     ^^^^^^^^^^^^^^^^ use of unresolved module or unlinked crate `objc2_foundation`
[INFO] [stdout]    |
[INFO] [stdout]    = help: if you wanted to use a crate named `objc2_foundation`, use `cargo add objc2_foundation` to add it to your `Cargo.toml`
[INFO] [stdout] 
[INFO] [stdout] 
[INFO] [stdout] error[E0433]: cannot find module or crate `objc2` in this scope
[INFO] [stdout]    --> examples/../src/macos/updates.rs:172:19
[INFO] [stdout]     |
[INFO] [stdout] 172 |         let mtm = objc2::MainThreadMarker::new().unwrap();
[INFO] [stdout]     |                   ^^^^^ use of unresolved module or unlinked crate `objc2`
[INFO] [stdout]     |
[INFO] [stdout]     = help: if you wanted to use a crate named `objc2`, use `cargo add objc2` to add it to your `Cargo.toml`
[INFO] [stdout] 
[INFO] [stdout] 
[INFO] [stdout] error[E0433]: cannot find module or crate `objc2` in this scope
[INFO] [stdout]    --> examples/../src/macos/updates.rs:292:42
[INFO] [stdout]     |
[INFO] [stdout] 292 |         NSApplication::sharedApplication(objc2::MainThreadMarker::new().unwrap())
[INFO] [stdout]     |                                          ^^^^^ use of unresolved module or unlinked crate `objc2`
[INFO] [stdout]     |
[INFO] [stdout]     = help: if you wanted to use a crate named `objc2`, use `cargo add objc2` to add it to your `Cargo.toml`
[INFO] [stdout] 
[INFO] [stdout] 
[INFO] [stdout] error[E0433]: cannot find module or crate `objc2` in this scope
[INFO] [stdout]    --> examples/../src/macos/updates.rs:305:52
[INFO] [stdout]     |
[INFO] [stdout] 305 |         let app = NSApplication::sharedApplication(objc2::MainThreadMarker::new().unwrap());
[INFO] [stdout]     |                                                    ^^^^^ use of unresolved module or unlinked crate `objc2`
[INFO] [stdout]     |
[INFO] [stdout]     = help: if you wanted to use a crate named `objc2`, use `cargo add objc2` to add it to your `Cargo.toml`
[INFO] [stdout] 
[INFO] [stdout] 
[INFO] [stdout] error[E0433]: cannot find module or crate `objc2` in this scope
[INFO] [stdout]   --> examples/update_smoke.rs:31:16
[INFO] [stdout]    |
[INFO] [stdout] 31 |     let value: objc2::rc::Retained<NSString> = unsafe { msg_send![&value, description] };
[INFO] [stdout]    |                ^^^^^ use of unresolved module or unlinked crate `objc2`
[INFO] [stdout]    |
[INFO] [stdout]    = help: if you wanted to use a crate named `objc2`, use `cargo add objc2` to add it to your `Cargo.toml`
[INFO] [stdout] 
[INFO] [stdout] 
[INFO] [stdout] error[E0433]: cannot find module or crate `objc2` in this scope
[INFO] [stdout]   --> examples/update_smoke.rs:34:54
[INFO] [stdout]    |
[INFO] [stdout] 34 | fn find_button(view: &NSView, title: &str) -> Option<objc2::rc::Retained<NSButton>> {
[INFO] [stdout]    |                                                      ^^^^^ use of unresolved module or unlinked crate `objc2`
[INFO] [stdout]    |
[INFO] [stdout]    = help: if you wanted to use a crate named `objc2`, use `cargo add objc2` to add it to your `Cargo.toml`
[INFO] [stdout] 
[INFO] [stdout] 
[INFO] [stdout] error[E0433]: cannot find module or crate `objc2` in this scope
[INFO] [stdout]   --> examples/update_smoke.rs:58:24
[INFO] [stdout]    |
[INFO] [stdout] 58 |             let value: objc2::rc::Retained<NSString> = unsafe { msg_send![&v, description] };
[INFO] [stdout]    |                        ^^^^^ use of unresolved module or unlinked crate `objc2`
[INFO] [stdout]    |
[INFO] [stdout]    = help: if you wanted to use a crate named `objc2`, use `cargo add objc2` to add it to your `Cargo.toml`
[INFO] [stdout] 
[INFO] [stdout] 
[INFO] [stdout] error[E0425]: cannot find type `Delegate` in this scope
[INFO] [stdout]    --> examples/../src/macos/updates.rs:164:24
[INFO] [stdout]     |
[INFO] [stdout] 164 |     delegate: Retained<Delegate>,
[INFO] [stdout]     |                        ^^^^^^^^ not found in this scope
[INFO] [stdout]     |
[INFO] [stdout] help: you might be missing a type parameter
[INFO] [stdout]     |
[INFO] [stdout] 163 | pub(super) struct Updater<Delegate> {
[INFO] [stdout]     |                          ++++++++++
[INFO] [stdout] 
[INFO] [stdout] 
[INFO] [stdout] error[E0425]: cannot find type `Delegate` in this scope
[INFO] [stdout]    --> examples/../src/macos/updates.rs:182:32
[INFO] [stdout]     |
[INFO] [stdout] 182 |         let delegate: Retained<Delegate> = unsafe { msg_send![super(allocated), init] };
[INFO] [stdout]     |                                ^^^^^^^^ not found in this scope
[INFO] [stdout]     |
[INFO] [stdout] help: you might be missing a type parameter
[INFO] [stdout]     |
[INFO] [stdout] 170 | impl<Delegate> Updater {
[INFO] [stdout]     |     ++++++++++
[INFO] [stdout] 
[INFO] [stdout] 
[INFO] [stdout] error[E0433]: cannot find type `Delegate` in this scope
[INFO] [stdout]    --> examples/../src/macos/updates.rs:174:25
[INFO] [stdout]     |
[INFO] [stdout] 174 |         let allocated = Delegate::alloc(mtm).set_ivars(DelegateState {
[INFO] [stdout]     |                         ^^^^^^^^ use of undeclared type `Delegate`
[INFO] [stdout] 
[INFO] [stdout] 
[INFO] [stdout] Some errors have detailed explanations: E0425, E0432, E0433.
[INFO] [stdout] 
[INFO] [stdout] For more information about an error, try `rustc --explain E0425`.
[INFO] [stdout] 
[INFO] [stderr] error: could not compile `gopher` (example "update_smoke") due to 18 previous errors
[INFO] [stderr] warning: build failed, waiting for other jobs to finish...
[INFO] running `Command { std: "docker" "inspect" "8451c2e190b93d08217df38c1c70a4010e70211c423a6a1588cac242bce93936", kill_on_drop: false }`
[INFO] running `Command { std: "docker" "rm" "-f" "8451c2e190b93d08217df38c1c70a4010e70211c423a6a1588cac242bce93936", kill_on_drop: false }`
[INFO] [stdout] 8451c2e190b93d08217df38c1c70a4010e70211c423a6a1588cac242bce93936
