[INFO] cloning repository https://github.com/maximacion/symbiosis-kernel
[INFO] running `Command { std: "git" "-c" "credential.helper=" "-c" "credential.helper=/workspace/cargo-home/bin/git-credential-null" "clone" "--bare" "https://github.com/maximacion/symbiosis-kernel" "/workspace/cache/git-repos/https%3A%2F%2Fgithub.com%2Fmaximacion%2Fsymbiosis-kernel", kill_on_drop: false }`
[INFO] [stderr] Cloning into bare repository '/workspace/cache/git-repos/https%3A%2F%2Fgithub.com%2Fmaximacion%2Fsymbiosis-kernel'...
[INFO] running `Command { std: "git" "rev-parse" "HEAD", kill_on_drop: false }`
[INFO] [stdout] 744e7338ebf0fd918e6a247ede06b855de3829b9
[INFO] checking maximacion/symbiosis-kernel against 3154cc1a3e6424e44f438a95007d043ed5ceaaf6+rustflags=-Znext-solver=coherence for pr-133502-30
[INFO] running `Command { std: "git" "clone" "/workspace/cache/git-repos/https%3A%2F%2Fgithub.com%2Fmaximacion%2Fsymbiosis-kernel" "/workspace/builds/worker-4-tc1/source", kill_on_drop: false }`
[INFO] [stderr] Cloning into '/workspace/builds/worker-4-tc1/source'...
[INFO] [stderr] done.
[INFO] started tweaking git repo https://github.com/maximacion/symbiosis-kernel
[INFO] finished tweaking git repo https://github.com/maximacion/symbiosis-kernel
[INFO] tweaked toml for git repo https://github.com/maximacion/symbiosis-kernel written to /workspace/builds/worker-4-tc1/source/Cargo.toml
[INFO] validating manifest of git repo https://github.com/maximacion/symbiosis-kernel on toolchain 3154cc1a3e6424e44f438a95007d043ed5ceaaf6
[INFO] running `Command { std: CARGO_HOME="/workspace/cargo-home" RUSTUP_HOME="/workspace/rustup-home" "/workspace/cargo-home/bin/cargo" "+3154cc1a3e6424e44f438a95007d043ed5ceaaf6" "metadata" "--manifest-path" "Cargo.toml" "--no-deps", kill_on_drop: false }`
[INFO] crate git repo https://github.com/maximacion/symbiosis-kernel already has a lockfile, it will not be regenerated
[INFO] running `Command { std: CARGO_HOME="/workspace/cargo-home" RUSTUP_HOME="/workspace/rustup-home" "/workspace/cargo-home/bin/cargo" "+3154cc1a3e6424e44f438a95007d043ed5ceaaf6" "fetch" "--manifest-path" "Cargo.toml", kill_on_drop: false }`
[INFO] [stderr]     Updating crates.io index
[INFO] [stderr]  Downloading crates ...
[INFO] [stderr]   Downloaded unsigned-varint v0.8.0
[INFO] [stderr]   Downloaded libp2p v0.53.2
[INFO] [stderr]   Downloaded rw-stream-sink v0.4.0
[INFO] [stderr]   Downloaded multiaddr v0.18.2
[INFO] [stderr]   Downloaded libp2p-webtransport-websys v0.2.0
[INFO] [stderr]   Downloaded data-encoding-macro v0.1.19
[INFO] [stderr]   Downloaded data-encoding-macro-internal v0.1.17
[INFO] [stderr]   Downloaded base256emoji v1.0.2
[INFO] [stderr]   Downloaded multibase v0.9.2
[INFO] [stderr]   Downloaded asynchronous-codec v0.7.0
[INFO] [stderr]   Downloaded match-lookup v0.1.2
[INFO] [stderr]   Downloaded libp2p-yamux v0.45.2
[INFO] [stderr]   Downloaded unsigned-varint v0.7.2
[INFO] [stderr]   Downloaded libp2p-noise v0.44.0
[INFO] [stderr]   Downloaded libp2p-websocket-websys v0.3.3
[INFO] [stderr]   Downloaded const-str v0.4.3
[INFO] [stderr]   Downloaded multistream-select v0.13.0
[INFO] [stderr]   Downloaded libp2p-websocket v0.43.2
[INFO] [stderr]   Downloaded yamux v0.13.8
[INFO] [stderr]   Downloaded yamux v0.12.1
[INFO] [stderr]   Downloaded libp2p-upnp v0.2.2
[INFO] [stderr]   Downloaded libp2p-swarm-derive v0.34.2
[INFO] [stderr]   Downloaded multihash v0.19.3
[INFO] [stderr]   Downloaded libp2p-core v0.41.3
[INFO] [stderr]   Downloaded libp2p-identity v0.2.13
[INFO] [stderr]   Downloaded igd-next v0.14.3
[INFO] [stderr]   Downloaded quick-protobuf v0.8.1
[INFO] [stderr]   Downloaded soketto v0.8.1
[INFO] [stderr]   Downloaded libp2p-swarm v0.44.2
[INFO] [stderr]   Downloaded libp2p-tcp v0.41.0
[INFO] [stderr]   Downloaded if-watch v3.2.1
[INFO] [stderr]   Downloaded netlink-sys v0.8.7
[INFO] [stderr]   Downloaded netlink-proto v0.11.5
[INFO] [stderr]   Downloaded netlink-packet-core v0.7.0
[INFO] [stderr]   Downloaded windows-core v0.53.0
[INFO] [stderr]   Downloaded rtnetlink v0.13.1
[INFO] [stderr]   Downloaded attohttpc v0.24.1
[INFO] [stderr]   Downloaded netlink-packet-route v0.17.1
[INFO] [stderr]   Downloaded sled v0.34.7
[INFO] [stderr]   Downloaded quick-protobuf-codec v0.3.1
[INFO] [stderr]   Downloaded libp2p-quic v0.10.3
[INFO] [stderr]   Downloaded futures-bounded v0.2.4
[INFO] [stderr]   Downloaded libp2p-relay v0.17.2
[INFO] [stderr]   Downloaded libp2p-tls v0.4.1
[INFO] [stderr]   Downloaded libp2p-ping v0.44.1
[INFO] [stderr]   Downloaded libp2p-metrics v0.14.1
[INFO] [stderr]   Downloaded prometheus-client-derive-encode v0.4.2
[INFO] [stderr]   Downloaded libp2p-identify v0.44.2
[INFO] [stderr]   Downloaded rcgen v0.11.3
[INFO] [stderr]   Downloaded prometheus-client v0.22.3
[INFO] [stderr]   Downloaded libp2p-kad v0.45.3
[INFO] [stderr]   Downloaded libp2p-gossipsub v0.46.1
[INFO] [stderr]   Downloaded futures-ticker v0.0.3
[INFO] [stderr]   Downloaded libp2p-dcutr v0.11.0
[INFO] [stderr]   Downloaded lru v0.11.1
[INFO] [stderr]   Downloaded quick-protobuf-codec v0.2.0
[INFO] [stderr]   Downloaded libp2p-dns v0.41.1
[INFO] [stderr]   Downloaded libp2p-mdns v0.45.1
[INFO] [stderr]   Downloaded libp2p-connection-limits v0.3.1
[INFO] [stderr]   Downloaded libp2p-autonat v0.12.0
[INFO] [stderr]   Downloaded libp2p-request-response v0.26.3
[INFO] [stderr]   Downloaded hickory-resolver v0.24.4
[INFO] [stderr]   Downloaded libp2p-allow-block-list v0.3.0
[INFO] [stderr]   Downloaded hickory-proto v0.24.4
[INFO] [stderr]   Downloaded blake3 v1.8.3
[INFO] [stderr]   Downloaded windows v0.53.0
[INFO] running `Command { std: "docker" "create" "-v" "/var/lib/crater-agent-workspace/builds/worker-4-tc1/source:/opt/rustwide/workdir:ro,Z" "-v" "/var/lib/crater-agent-workspace/builds/worker-4-tc1/target:/opt/rustwide/target:rw,Z" "-v" "/var/lib/crater-agent-workspace/cargo-home:/opt/rustwide/cargo-home:ro,Z" "-v" "/var/lib/crater-agent-workspace/rustup-home:/opt/rustwide/rustup-home:ro,Z" "-m" "1610612736" "--network" "none" "ghcr.io/rust-lang/crates-build-env/linux@sha256:77db811e55d90add9212f6832c23229e3de5f1c1f9905e8cb07319ea15df73ac" "sleep" "infinity", kill_on_drop: false }`
[INFO] [stdout] 14cc3cef3f6a16bab68c5d1230ec46a235578f01c8b777df5130b612490d4342
[INFO] running `Command { std: "docker" "start" "14cc3cef3f6a16bab68c5d1230ec46a235578f01c8b777df5130b612490d4342", kill_on_drop: false }`
[INFO] running `Command { std: "docker" "inspect" "14cc3cef3f6a16bab68c5d1230ec46a235578f01c8b777df5130b612490d4342", kill_on_drop: false }`
[INFO] running `Command { std: "docker" "exec" "-e" "SOURCE_DIR=/opt/rustwide/workdir" "-e" "CARGO_HOME=/opt/rustwide/cargo-home" "-e" "RUSTUP_HOME=/opt/rustwide/rustup-home" "-e" "CARGO_TARGET_DIR=/opt/rustwide/target" "-w" "/opt/rustwide/workdir" "--user" "0:0" "14cc3cef3f6a16bab68c5d1230ec46a235578f01c8b777df5130b612490d4342" "/opt/rustwide/cargo-home/bin/cargo" "+3154cc1a3e6424e44f438a95007d043ed5ceaaf6" "metadata" "--no-deps" "--format-version=1", kill_on_drop: false }`
[INFO] running `Command { std: "docker" "inspect" "14cc3cef3f6a16bab68c5d1230ec46a235578f01c8b777df5130b612490d4342", kill_on_drop: false }`
[INFO] running `Command { std: "docker" "exec" "-e" "SOURCE_DIR=/opt/rustwide/workdir" "-e" "CARGO_HOME=/opt/rustwide/cargo-home" "-e" "RUSTUP_HOME=/opt/rustwide/rustup-home" "-e" "CARGO_TARGET_DIR=/opt/rustwide/target" "-e" "CARGO_INCREMENTAL=0" "-e" "RUST_BACKTRACE=full" "-e" "RUSTFLAGS=--cap-lints=forbid -Znext-solver=coherence" "-e" "RUSTDOCFLAGS=--cap-lints=forbid" "-w" "/opt/rustwide/workdir" "--user" "0:0" "14cc3cef3f6a16bab68c5d1230ec46a235578f01c8b777df5130b612490d4342" "/opt/rustwide/cargo-home/bin/cargo" "+3154cc1a3e6424e44f438a95007d043ed5ceaaf6" "check" "--frozen" "--all" "--all-targets" "--message-format=json", kill_on_drop: false }`
[INFO] [stderr]    Compiling unicode-ident v1.0.22
[INFO] [stderr]    Compiling proc-macro2 v1.0.105
[INFO] [stderr]    Compiling quote v1.0.43
[INFO] [stderr]    Compiling libc v0.2.180
[INFO] [stderr]     Checking memchr v2.7.6
[INFO] [stderr]    Compiling zerocopy v0.8.33
[INFO] [stderr]    Compiling wasm-bindgen-shared v0.2.108
[INFO] [stderr]    Compiling bumpalo v3.19.1
[INFO] [stderr]    Compiling wasm-bindgen v0.2.108
[INFO] [stderr]    Compiling curve25519-dalek v4.1.3
[INFO] [stderr]     Checking bytes v1.11.0
[INFO] [stderr]     Checking tracing-core v0.1.36
[INFO] [stderr]     Checking data-encoding v2.10.0
[INFO] [stderr]     Checking quick-protobuf v0.8.1
[INFO] [stderr]    Compiling thiserror v2.0.17
[INFO] [stderr]     Checking signature v2.2.0
[INFO] [stderr]     Checking unsigned-varint v0.8.0
[INFO] [stderr]     Checking ed25519 v2.2.3
[INFO] [stderr]     Checking const-str v0.4.3
[INFO] [stderr]     Checking bs58 v0.5.1
[INFO] [stderr]     Checking base-x v0.2.11
[INFO] [stderr]     Checking void v1.0.2
[INFO] [stderr]     Checking instant v0.1.13
[INFO] [stderr]    Compiling find-msvc-tools v0.1.7
[INFO] [stderr]    Compiling getrandom v0.3.4
[INFO] [stderr]    Compiling snow v0.9.6
[INFO] [stderr]    Compiling crunchy v0.2.4
[INFO] [stderr]     Checking tinyvec v1.10.0
[INFO] [stderr]     Checking regex-syntax v0.8.8
[INFO] [stderr]    Compiling prometheus-client v0.22.3
[INFO] [stderr]     Checking inout v0.1.4
[INFO] [stderr]     Checking send_wrapper v0.6.0
[INFO] [stderr]     Checking dtoa v1.0.11
[INFO] [stderr]     Checking arrayvec v0.7.6
[INFO] [stderr]     Checking hex_fmt v0.3.0
[INFO] [stderr]    Compiling cc v1.2.52
[INFO] [stderr]     Checking iana-time-zone v0.1.64
[INFO] [stderr]     Checking core2 v0.4.0
[INFO] [stderr]     Checking aho-corasick v1.1.4
[INFO] [stderr]     Checking chrono v0.4.43
[INFO] [stderr]     Checking uint v0.9.5
[INFO] [stderr]     Checking multihash v0.19.3
[INFO] [stderr]    Compiling syn v2.0.114
[INFO] [stderr]     Checking getrandom v0.2.17
[INFO] [stderr]     Checking num_cpus v1.17.0
[INFO] [stderr]     Checking parking_lot_core v0.9.12
[INFO] [stderr]     Checking rand_core v0.6.4
[INFO] [stderr]     Checking rand_core v0.9.5
[INFO] [stderr]     Checking parking_lot v0.12.5
[INFO] [stderr]    Compiling ring v0.17.14
[INFO] [stderr]    Compiling blake3 v1.8.3
[INFO] [stderr]     Checking crypto-common v0.1.7
[INFO] [stderr]     Checking digest v0.10.7
[INFO] [stderr]     Checking universal-hash v0.5.1
[INFO] [stderr]     Checking aead v0.5.2
[INFO] [stderr]     Checking poly1305 v0.8.0
[INFO] [stderr]     Checking regex-automata v0.4.13
[INFO] [stderr]     Checking sha2 v0.10.9
[INFO] [stderr]     Checking hmac v0.12.1
[INFO] [stderr]     Checking hkdf v0.12.4
[INFO] [stderr]     Checking ppv-lite86 v0.2.21
[INFO] [stderr]     Checking ahash v0.8.12
[INFO] [stderr]     Checking hashbrown v0.14.5
[INFO] [stderr]     Checking rand_chacha v0.3.1
[INFO] [stderr]     Checking rand_chacha v0.9.0
[INFO] [stderr]     Checking rand v0.9.2
[INFO] [stderr]     Checking rand v0.8.5
[INFO] [stderr]     Checking lru v0.11.1
[INFO] [stderr]     Checking regex v1.12.2
[INFO] [stderr]    Compiling synstructure v0.13.2
[INFO] [stderr]    Compiling wasm-bindgen-macro-support v0.2.108
[INFO] [stderr]    Compiling futures-macro v0.3.31
[INFO] [stderr]    Compiling zerofrom-derive v0.1.6
[INFO] [stderr]    Compiling yoke-derive v0.8.1
[INFO] [stderr]    Compiling zerovec-derive v0.11.2
[INFO] [stderr]    Compiling displaydoc v0.2.5
[INFO] [stderr]    Compiling zeroize_derive v1.4.3
[INFO] [stderr]    Compiling curve25519-dalek-derive v0.1.1
[INFO] [stderr]    Compiling pin-project-internal v1.1.10
[INFO] [stderr]    Compiling tracing-attributes v0.1.31
[INFO] [stderr]    Compiling thiserror-impl v1.0.69
[INFO] [stderr]    Compiling serde_derive v1.0.228
[INFO] [stderr]    Compiling match-lookup v0.1.2
[INFO] [stderr]    Compiling data-encoding-macro-internal v0.1.17
[INFO] [stderr]    Compiling thiserror-impl v2.0.17
[INFO] [stderr]    Compiling libp2p-swarm-derive v0.34.2
[INFO] [stderr]     Checking data-encoding-macro v0.1.19
[INFO] [stderr]    Compiling async-trait v0.1.89
[INFO] [stderr]     Checking zeroize v1.8.2
[INFO] [stderr]     Checking base256emoji v1.0.2
[INFO] [stderr]     Checking multibase v0.9.2
[INFO] [stderr]    Compiling enum-as-inner v0.6.1
[INFO] [stderr]    Compiling prometheus-client-derive-encode v0.4.2
[INFO] [stderr]     Checking cipher v0.4.4
[INFO] [stderr]     Checking chacha20 v0.9.1
[INFO] [stderr]     Checking pin-project v1.1.10
[INFO] [stderr]     Checking chacha20poly1305 v0.10.1
[INFO] [stderr]     Checking futures-util v0.3.31
[INFO] [stderr]     Checking zerofrom v0.1.6
[INFO] [stderr]     Checking thiserror v1.0.69
[INFO] [stderr]     Checking yoke v0.8.1
[INFO] [stderr]     Checking tracing v0.1.44
[INFO] [stderr]     Checking zerovec v0.11.5
[INFO] [stderr]     Checking zerotrie v0.2.3
[INFO] [stderr]    Compiling wasm-bindgen-macro v0.2.108
[INFO] [stderr]     Checking ed25519-dalek v2.2.0
[INFO] [stderr]     Checking x25519-dalek v2.0.1
[INFO] [stderr]     Checking tinystr v0.8.2
[INFO] [stderr]     Checking potential_utf v0.1.4
[INFO] [stderr]     Checking icu_collections v2.1.1
[INFO] [stderr]     Checking libp2p-identity v0.2.13
[INFO] [stderr]     Checking icu_locale_core v2.1.1
[INFO] [stderr]     Checking serde v1.0.228
[INFO] [stderr]     Checking icu_provider v2.1.1
[INFO] [stderr]     Checking js-sys v0.3.85
[INFO] [stderr]     Checking console_error_panic_hook v0.1.7
[INFO] [stderr]     Checking icu_properties v2.1.2
[INFO] [stderr]     Checking icu_normalizer v2.1.1
[INFO] [stderr]     Checking bincode v1.3.3
[INFO] [stderr]     Checking futures-executor v0.3.31
[INFO] [stderr]     Checking asynchronous-codec v0.6.2
[INFO] [stderr]     Checking asynchronous-codec v0.7.0
[INFO] [stderr]     Checking futures v0.3.31
[INFO] [stderr]     Checking rw-stream-sink v0.4.0
[INFO] [stderr]     Checking yamux v0.13.8
[INFO] [stderr]     Checking yamux v0.12.1
[INFO] [stderr]     Checking quick-protobuf-codec v0.3.1
[INFO] [stderr]     Checking unsigned-varint v0.7.2
[INFO] [stderr]     Checking multistream-select v0.13.0
[INFO] [stderr]     Checking quick-protobuf-codec v0.2.0
[INFO] [stderr]     Checking idna_adapter v1.2.1
[INFO] [stderr]     Checking idna v1.1.0
[INFO] [stderr]     Checking url v2.5.8
[INFO] [stderr]     Checking multiaddr v0.18.2
[INFO] [stderr]     Checking hickory-proto v0.24.4
[INFO] [stderr]     Checking gloo-timers v0.2.6
[INFO] [stderr]     Checking web-sys v0.3.85
[INFO] [stderr]     Checking wasm-bindgen-futures v0.4.58
[INFO] [stderr]     Checking serde-wasm-bindgen v0.6.5
[INFO] [stderr]     Checking futures-timer v3.0.3
[INFO] [stderr]     Checking libp2p-core v0.41.3
[INFO] [stderr]     Checking futures-bounded v0.2.4
[INFO] [stderr]     Checking futures-ticker v0.0.3
[INFO] [stderr]     Checking libp2p-swarm v0.44.2
[INFO] [stderr]     Checking libp2p-noise v0.44.0
[INFO] [stderr]     Checking libp2p-yamux v0.45.2
[INFO] [stderr]     Checking hickory-resolver v0.24.4
[INFO] [stderr]     Checking libp2p-dns v0.41.1
[INFO] [stderr]     Checking libp2p-request-response v0.26.3
[INFO] [stderr]     Checking libp2p-ping v0.44.1
[INFO] [stderr]     Checking libp2p-dcutr v0.11.0
[INFO] [stderr]     Checking libp2p-kad v0.45.3
[INFO] [stderr]     Checking libp2p-gossipsub v0.46.1
[INFO] [stderr]     Checking libp2p-connection-limits v0.3.1
[INFO] [stderr]     Checking libp2p-identify v0.44.2
[INFO] [stderr]     Checking libp2p-allow-block-list v0.3.0
[INFO] [stderr]     Checking libp2p-relay v0.17.2
[INFO] [stderr]     Checking libp2p-autonat v0.12.0
[INFO] [stderr]     Checking libp2p-websocket-websys v0.3.3
[INFO] [stderr]     Checking libp2p-webtransport-websys v0.2.0
[INFO] [stderr]     Checking libp2p v0.53.2
[INFO] [stderr]     Checking symbiosis_kernel v0.1.0 (/opt/rustwide/workdir)
[INFO] [stdout] error[E0433]: cannot find module or crate `tokio` in this scope
[INFO] [stdout]   --> tests/dht_rendezvous.rs:11:5
[INFO] [stdout]    |
[INFO] [stdout] 11 | use tokio::net::TcpListener;
[INFO] [stdout]    |     ^^^^^ use of unresolved module or unlinked crate `tokio`
[INFO] [stdout]    |
[INFO] [stdout]    = help: if you wanted to use a crate named `tokio`, use `cargo add tokio` to add it to your `Cargo.toml`
[INFO] [stdout] 
[INFO] [stdout] 
[INFO] [stdout] error[E0433]: cannot find module or crate `tokio` in this scope
[INFO] [stdout]   --> tests/dht_rendezvous.rs:12:5
[INFO] [stdout]    |
[INFO] [stdout] 12 | use tokio::sync::mpsc;
[INFO] [stdout]    |     ^^^^^ use of unresolved module or unlinked crate `tokio`
[INFO] [stdout]    |
[INFO] [stdout]    = help: if you wanted to use a crate named `tokio`, use `cargo add tokio` to add it to your `Cargo.toml`
[INFO] [stdout] 
[INFO] [stdout] 
[INFO] [stdout] error[E0432]: unresolved imports `symbiosis_kernel::RoutingTable`, `symbiosis_kernel::SecuredConnection`
[INFO] [stdout]   --> tests/dht_rendezvous.rs:10:47
[INFO] [stdout]    |
[INFO] [stdout] 10 | use symbiosis_kernel::{ChatMessage, Identity, RoutingTable, SecuredConnection, SignedPresence};
[INFO] [stdout]    |                                               ^^^^^^^^^^^^  ^^^^^^^^^^^^^^^^^ no `SecuredConnection` in the root
[INFO] [stdout]    |                                               |
[INFO] [stdout]    |                                               no `RoutingTable` in the root
[INFO] [stdout]    |
[INFO] [stdout] note: found an item that was configured out
[INFO] [stdout]   --> src/lib.rs:38:37
[INFO] [stdout]    |
[INFO] [stdout] 37 | #[cfg(feature = "cli")]
[INFO] [stdout]    |       --------------- the item is gated behind the `cli` feature
[INFO] [stdout] 38 | pub use routing::{DiscoveryMessage, RoutingTable, SEED_NODES};
[INFO] [stdout]    |                                     ^^^^^^^^^^^^
[INFO] [stdout] note: found an item that was configured out
[INFO] [stdout]   --> src/lib.rs:36:20
[INFO] [stdout]    |
[INFO] [stdout] 35 | #[cfg(feature = "cli")]
[INFO] [stdout]    |       --------------- the item is gated behind the `cli` feature
[INFO] [stdout] 36 | pub use transport::SecuredConnection;
[INFO] [stdout]    |                    ^^^^^^^^^^^^^^^^^
[INFO] [stdout] 
[INFO] [stdout] 
[INFO] [stdout] error[E0433]: cannot find module or crate `tokio` in this scope
[INFO] [stdout]   --> tests/dht_rendezvous.rs:34:3
[INFO] [stdout]    |
[INFO] [stdout] 34 | #[tokio::test]
[INFO] [stdout]    |   ^^^^^ use of unresolved module or unlinked crate `tokio`
[INFO] [stdout] 
[INFO] [stdout] 
[INFO] [stdout] error[E0433]: cannot find module or crate `tokio` in this scope
[INFO] [stdout]   --> tests/dht_rendezvous.rs:25:23
[INFO] [stdout]    |
[INFO] [stdout] 25 |     let accept_task = tokio::spawn(async move {
[INFO] [stdout]    |                       ^^^^^ use of unresolved module or unlinked crate `tokio`
[INFO] [stdout]    |
[INFO] [stdout]    = help: if you wanted to use a crate named `tokio`, use `cargo add tokio` to add it to your `Cargo.toml`
[INFO] [stdout] 
[INFO] [stdout] 
[INFO] [stdout] Some errors have detailed explanations: E0432, E0433.
[INFO] [stdout] 
[INFO] [stdout] For more information about an error, try `rustc --explain E0432`.
[INFO] [stdout] 
[INFO] [stderr] error: could not compile `symbiosis_kernel` (test "dht_rendezvous") due to 5 previous errors
[INFO] [stderr] warning: build failed, waiting for other jobs to finish...
[INFO] [stdout] error[E0433]: cannot find module or crate `tokio` in this scope
[INFO] [stdout]   --> tests/network_e2e.rs:17:5
[INFO] [stdout]    |
[INFO] [stdout] 17 | use tokio::net::TcpListener;
[INFO] [stdout]    |     ^^^^^ use of unresolved module or unlinked crate `tokio`
[INFO] [stdout]    |
[INFO] [stdout]    = help: if you wanted to use a crate named `tokio`, use `cargo add tokio` to add it to your `Cargo.toml`
[INFO] [stdout] 
[INFO] [stdout] 
[INFO] [stdout] error[E0432]: unresolved import `symbiosis_kernel::SecuredConnection`
[INFO] [stdout]   --> tests/network_e2e.rs:15:15
[INFO] [stdout]    |
[INFO] [stdout] 15 |     Identity, SecuredConnection, Storage, SyncMessage,
[INFO] [stdout]    |               ^^^^^^^^^^^^^^^^^ no `SecuredConnection` in the root
[INFO] [stdout]    |
[INFO] [stdout] note: found an item that was configured out
[INFO] [stdout]   --> src/lib.rs:36:20
[INFO] [stdout]    |
[INFO] [stdout] 35 | #[cfg(feature = "cli")]
[INFO] [stdout]    |       --------------- the item is gated behind the `cli` feature
[INFO] [stdout] 36 | pub use transport::SecuredConnection;
[INFO] [stdout]    |                    ^^^^^^^^^^^^^^^^^
[INFO] [stdout] 
[INFO] [stdout] 
[INFO] [stdout] error[E0433]: cannot find module or crate `tokio` in this scope
[INFO] [stdout]    --> tests/network_e2e.rs:151:3
[INFO] [stdout]     |
[INFO] [stdout] 151 | #[tokio::test]
[INFO] [stdout]     |   ^^^^^ use of unresolved module or unlinked crate `tokio`
[INFO] [stdout] 
[INFO] [stdout] 
[INFO] [stdout] error[E0433]: cannot find module or crate `tokio` in this scope
[INFO] [stdout]   --> tests/network_e2e.rs:27:3
[INFO] [stdout]    |
[INFO] [stdout] 27 | #[tokio::test]
[INFO] [stdout]    |   ^^^^^ use of unresolved module or unlinked crate `tokio`
[INFO] [stdout] 
[INFO] [stdout] 
[INFO] [stdout] error[E0433]: cannot find module or crate `tokio` in this scope
[INFO] [stdout]   --> tests/dht_attestation_registry.rs:10:5
[INFO] [stdout]    |
[INFO] [stdout] 10 | use tokio::net::TcpListener;
[INFO] [stdout]    |     ^^^^^ use of unresolved module or unlinked crate `tokio`
[INFO] [stdout]    |
[INFO] [stdout]    = help: if you wanted to use a crate named `tokio`, use `cargo add tokio` to add it to your `Cargo.toml`
[INFO] [stdout] 
[INFO] [stdout] 
[INFO] [stdout] error[E0432]: unresolved import `symbiosis_kernel::SecuredConnection`
[INFO] [stdout]   --> tests/dht_attestation_registry.rs:9:67
[INFO] [stdout]    |
[INFO] [stdout]  9 | use symbiosis_kernel::{Attestation, AttestationBuilder, Identity, SecuredConnection, Storage};
[INFO] [stdout]    |                                                                   ^^^^^^^^^^^^^^^^^ no `SecuredConnection` in the root
[INFO] [stdout]    |
[INFO] [stdout] note: found an item that was configured out
[INFO] [stdout]   --> src/lib.rs:36:20
[INFO] [stdout]    |
[INFO] [stdout] 35 | #[cfg(feature = "cli")]
[INFO] [stdout]    |       --------------- the item is gated behind the `cli` feature
[INFO] [stdout] 36 | pub use transport::SecuredConnection;
[INFO] [stdout]    |                    ^^^^^^^^^^^^^^^^^
[INFO] [stdout] 
[INFO] [stdout] 
[INFO] [stdout] error[E0433]: cannot find module or crate `tokio` in this scope
[INFO] [stdout]   --> tests/dht_attestation_registry.rs:29:3
[INFO] [stdout]    |
[INFO] [stdout] 29 | #[tokio::test]
[INFO] [stdout]    |   ^^^^^ use of unresolved module or unlinked crate `tokio`
[INFO] [stdout] 
[INFO] [stdout] 
[INFO] [stdout] error[E0433]: cannot find module or crate `tokio` in this scope
[INFO] [stdout]   --> tests/network_e2e.rs:48:23
[INFO] [stdout]    |
[INFO] [stdout] 48 |     let accept_task = tokio::spawn(async move {
[INFO] [stdout]    |                       ^^^^^ use of unresolved module or unlinked crate `tokio`
[INFO] [stdout]    |
[INFO] [stdout]    = help: if you wanted to use a crate named `tokio`, use `cargo add tokio` to add it to your `Cargo.toml`
[INFO] [stdout] 
[INFO] [stdout] 
[INFO] [stdout] error[E0433]: cannot find module or crate `tokio` in this scope
[INFO] [stdout]   --> tests/dht_attestation_registry.rs:20:23
[INFO] [stdout]    |
[INFO] [stdout] 20 |     let accept_task = tokio::spawn(async move {
[INFO] [stdout]    |                       ^^^^^ use of unresolved module or unlinked crate `tokio`
[INFO] [stdout]    |
[INFO] [stdout]    = help: if you wanted to use a crate named `tokio`, use `cargo add tokio` to add it to your `Cargo.toml`
[INFO] [stdout] 
[INFO] [stdout] 
[INFO] [stdout] error[E0433]: cannot find module or crate `tokio` in this scope
[INFO] [stdout]    --> tests/network_e2e.rs:160:23
[INFO] [stdout]     |
[INFO] [stdout] 160 |     let accept_task = tokio::spawn(async move {
[INFO] [stdout]     |                       ^^^^^ use of unresolved module or unlinked crate `tokio`
[INFO] [stdout]     |
[INFO] [stdout]     = help: if you wanted to use a crate named `tokio`, use `cargo add tokio` to add it to your `Cargo.toml`
[INFO] [stdout] 
[INFO] [stdout] 
[INFO] [stdout] Some errors have detailed explanations: E0432, E0433.
[INFO] [stdout] 
[INFO] [stdout] For more information about an error, try `rustc --explain E0432`.
[INFO] [stdout] 
[INFO] [stdout] Some errors have detailed explanations: E0432, E0433.
[INFO] [stdout] 
[INFO] [stdout] For more information about an error, try `rustc --explain E0432`.
[INFO] [stdout] 
[INFO] [stderr] error: could not compile `symbiosis_kernel` (test "network_e2e") due to 6 previous errors
[INFO] [stderr] error: could not compile `symbiosis_kernel` (test "dht_attestation_registry") due to 4 previous errors
[INFO] [stderr] warning: unused dependency `chrono`
[INFO] [stderr]   --> Cargo.toml:23:15
[INFO] [stderr]    |
[INFO] [stderr] 23 | [dependencies.chrono]
[INFO] [stderr]    |               ^^^^^^^
[INFO] [stderr]    |
[INFO] [stderr]    = note: `cargo::unused_dependencies` is set to `warn` by default
[INFO] [stderr] help: consider removing the dependency on `chrono`
[INFO] [stderr] warning: `symbiosis_kernel` (manifest) generated 1 warning
[INFO] running `Command { std: "docker" "inspect" "14cc3cef3f6a16bab68c5d1230ec46a235578f01c8b777df5130b612490d4342", kill_on_drop: false }`
[INFO] running `Command { std: "docker" "rm" "-f" "14cc3cef3f6a16bab68c5d1230ec46a235578f01c8b777df5130b612490d4342", kill_on_drop: false }`
[INFO] [stdout] 14cc3cef3f6a16bab68c5d1230ec46a235578f01c8b777df5130b612490d4342
