[INFO] cloning repository https://github.com/max-lt/voxtral-mlx-rs
[INFO] running `Command { std: "git" "-c" "credential.helper=" "-c" "credential.helper=/workspace/cargo-home/bin/git-credential-null" "clone" "--bare" "https://github.com/max-lt/voxtral-mlx-rs" "/workspace/cache/git-repos/https%3A%2F%2Fgithub.com%2Fmax-lt%2Fvoxtral-mlx-rs", kill_on_drop: false }`
[INFO] [stderr] Cloning into bare repository '/workspace/cache/git-repos/https%3A%2F%2Fgithub.com%2Fmax-lt%2Fvoxtral-mlx-rs'...
[INFO] running `Command { std: "git" "rev-parse" "HEAD", kill_on_drop: false }`
[INFO] [stdout] 000dd6a6dd2b5d66e030e8d14eed505d17e9a820
[INFO] checking max-lt/voxtral-mlx-rs against 3154cc1a3e6424e44f438a95007d043ed5ceaaf6+rustflags=-Znext-solver=coherence for pr-133502-30
[INFO] running `Command { std: "git" "clone" "/workspace/cache/git-repos/https%3A%2F%2Fgithub.com%2Fmax-lt%2Fvoxtral-mlx-rs" "/workspace/builds/worker-5-tc1/source", kill_on_drop: false }`
[INFO] [stderr] Cloning into '/workspace/builds/worker-5-tc1/source'...
[INFO] [stderr] done.
[INFO] started tweaking git repo https://github.com/max-lt/voxtral-mlx-rs
[INFO] finished tweaking git repo https://github.com/max-lt/voxtral-mlx-rs
[INFO] tweaked toml for git repo https://github.com/max-lt/voxtral-mlx-rs written to /workspace/builds/worker-5-tc1/source/Cargo.toml
[INFO] validating manifest of git repo https://github.com/max-lt/voxtral-mlx-rs on toolchain 3154cc1a3e6424e44f438a95007d043ed5ceaaf6
[INFO] running `Command { std: CARGO_HOME="/workspace/cargo-home" RUSTUP_HOME="/workspace/rustup-home" "/workspace/cargo-home/bin/cargo" "+3154cc1a3e6424e44f438a95007d043ed5ceaaf6" "metadata" "--manifest-path" "Cargo.toml" "--no-deps", kill_on_drop: false }`
[INFO] crate git repo https://github.com/max-lt/voxtral-mlx-rs already has a lockfile, it will not be regenerated
[INFO] running `Command { std: CARGO_HOME="/workspace/cargo-home" RUSTUP_HOME="/workspace/rustup-home" "/workspace/cargo-home/bin/cargo" "+3154cc1a3e6424e44f438a95007d043ed5ceaaf6" "fetch" "--manifest-path" "Cargo.toml", kill_on_drop: false }`
[INFO] [stderr]     Updating crates.io index
[INFO] [stderr]  Downloading crates ...
[INFO] [stderr]   Downloaded windowfunctions v0.1.1
[INFO] [stderr]   Downloaded visibility v0.1.1
[INFO] [stderr]   Downloaded audioadapter-sample v2.0.0
[INFO] [stderr]   Downloaded rubato v1.0.1
[INFO] [stderr]   Downloaded audioadapter-buffers v2.0.0
[INFO] [stderr]   Downloaded mlx-macros v0.32.0
[INFO] [stderr]   Downloaded audioadapter v2.0.1
[INFO] [stderr]   Downloaded ndarray-npy v0.9.1
[INFO] [stderr]   Downloaded py_literal v0.4.0
[INFO] [stderr]   Downloaded audio-core v0.2.1
[INFO] [stderr]   Downloaded mlx-internal-macros v0.32.0
[INFO] [stderr]   Downloaded mach-sys v0.5.4
[INFO] [stderr]   Downloaded mlx-rs v0.32.0
[INFO] [stderr]   Downloaded mlx-sys v0.6.0
[INFO] [stderr]   Downloaded cpal v0.18.1
[INFO] running `Command { std: "docker" "create" "-v" "/var/lib/crater-agent-workspace/builds/worker-5-tc1/source:/opt/rustwide/workdir:ro,Z" "-v" "/var/lib/crater-agent-workspace/builds/worker-5-tc1/target:/opt/rustwide/target:rw,Z" "-v" "/var/lib/crater-agent-workspace/cargo-home:/opt/rustwide/cargo-home:ro,Z" "-v" "/var/lib/crater-agent-workspace/rustup-home:/opt/rustwide/rustup-home:ro,Z" "-m" "1610612736" "--network" "none" "ghcr.io/rust-lang/crates-build-env/linux@sha256:77db811e55d90add9212f6832c23229e3de5f1c1f9905e8cb07319ea15df73ac" "sleep" "infinity", kill_on_drop: false }`
[INFO] [stdout] a3b21baf9284a0bf1a791de5ceec77b553942494a29dcb103a2fc112be802701
[INFO] running `Command { std: "docker" "start" "a3b21baf9284a0bf1a791de5ceec77b553942494a29dcb103a2fc112be802701", kill_on_drop: false }`
[INFO] running `Command { std: "docker" "inspect" "a3b21baf9284a0bf1a791de5ceec77b553942494a29dcb103a2fc112be802701", kill_on_drop: false }`
[INFO] running `Command { std: "docker" "exec" "-e" "SOURCE_DIR=/opt/rustwide/workdir" "-e" "CARGO_HOME=/opt/rustwide/cargo-home" "-e" "RUSTUP_HOME=/opt/rustwide/rustup-home" "-e" "CARGO_TARGET_DIR=/opt/rustwide/target" "-w" "/opt/rustwide/workdir" "--user" "0:0" "a3b21baf9284a0bf1a791de5ceec77b553942494a29dcb103a2fc112be802701" "/opt/rustwide/cargo-home/bin/cargo" "+3154cc1a3e6424e44f438a95007d043ed5ceaaf6" "metadata" "--no-deps" "--format-version=1", kill_on_drop: false }`
[INFO] running `Command { std: "docker" "inspect" "a3b21baf9284a0bf1a791de5ceec77b553942494a29dcb103a2fc112be802701", kill_on_drop: false }`
[INFO] running `Command { std: "docker" "exec" "-e" "SOURCE_DIR=/opt/rustwide/workdir" "-e" "CARGO_HOME=/opt/rustwide/cargo-home" "-e" "RUSTUP_HOME=/opt/rustwide/rustup-home" "-e" "CARGO_TARGET_DIR=/opt/rustwide/target" "-e" "CARGO_INCREMENTAL=0" "-e" "RUST_BACKTRACE=full" "-e" "RUSTFLAGS=--cap-lints=forbid -Znext-solver=coherence" "-e" "RUSTDOCFLAGS=--cap-lints=forbid" "-w" "/opt/rustwide/workdir" "--user" "0:0" "a3b21baf9284a0bf1a791de5ceec77b553942494a29dcb103a2fc112be802701" "/opt/rustwide/cargo-home/bin/cargo" "+3154cc1a3e6424e44f438a95007d043ed5ceaaf6" "check" "--frozen" "--all" "--all-targets" "--message-format=json", kill_on_drop: false }`
[INFO] [stderr]     Checking smallvec v1.15.2
[INFO] [stderr]    Compiling clang-sys v1.8.1
[INFO] [stderr]    Compiling zerocopy v0.8.55
[INFO] [stderr]    Compiling either v1.17.0
[INFO] [stderr]    Compiling syn v3.0.3
[INFO] [stderr]    Compiling serde_core v1.0.229
[INFO] [stderr]    Compiling displaydoc v0.2.6
[INFO] [stderr]    Compiling zerovec-derive v0.11.3
[INFO] [stderr]    Compiling zerocopy-derive v0.8.55
[INFO] [stderr]     Checking simd-adler32 v0.3.10
[INFO] [stderr]     Checking num-integer v0.1.46
[INFO] [stderr]     Checking num-complex v0.4.6
[INFO] [stderr]    Compiling nom v7.1.3
[INFO] [stderr]     Checking regex-automata v0.4.16
[INFO] [stderr]    Compiling darling_core v0.21.3
[INFO] [stderr]     Checking miniz_oxide v0.8.9
[INFO] [stderr]    Compiling toml_parser v1.1.2+spec-1.1.0
[INFO] [stderr]    Compiling bindgen v0.72.1
[INFO] [stderr]    Compiling prettyplease v0.2.37
[INFO] [stderr]     Checking getrandom v0.2.17
[INFO] [stderr]    Compiling itertools v0.13.0
[INFO] [stderr]    Compiling libm v0.2.16
[INFO] [stderr]    Compiling serde_json v1.0.151
[INFO] [stderr]    Compiling alsa-sys v0.4.0
[INFO] [stderr]     Checking ring v0.17.14
[INFO] [stderr]    Compiling cmake v0.1.58
[INFO] [stderr]     Checking zerotrie v0.2.4
[INFO] [stderr]     Checking audio-core v0.2.1
[INFO] [stderr]     Checking flate2 v1.1.9
[INFO] [stderr]    Compiling toml_edit v0.25.13+spec-1.1.0
[INFO] [stderr]     Checking percent-encoding v2.3.2
[INFO] [stderr]    Compiling portable-atomic v1.14.0
[INFO] [stderr]     Checking strength_reduce v0.2.4
[INFO] [stderr]     Checking zerovec v0.11.6
[INFO] [stderr]    Compiling fastrand v2.5.0
[INFO] [stderr]     Checking transpose v0.2.3
[INFO] [stderr]     Checking form_urlencoded v1.2.2
[INFO] [stderr]    Compiling mach-sys v0.5.4
[INFO] [stderr]    Compiling nix v0.31.3
[INFO] [stderr]    Compiling pest v2.8.8
[INFO] [stderr]     Checking primal-check v0.3.4
[INFO] [stderr]     Checking bit-vec v0.6.3
[INFO] [stderr]     Checking dirs-sys v0.5.0
[INFO] [stderr]    Compiling cexpr v0.6.0
[INFO] [stderr]     Checking tinystr v0.8.3
[INFO] [stderr]     Checking potential_utf v0.1.5
[INFO] [stderr]     Checking bit-set v0.5.3
[INFO] [stderr]     Checking icu_locale_core v2.2.0
[INFO] [stderr]     Checking console v0.15.11
[INFO] [stderr]     Checking icu_collections v2.2.0
[INFO] [stderr]    Compiling regex v1.13.1
[INFO] [stderr]    Compiling proc-macro-crate v3.5.0
[INFO] [stderr]     Checking rustfft v6.4.1
[INFO] [stderr]     Checking rustls-webpki v0.103.13
[INFO] [stderr]     Checking webpki-roots v0.26.11
[INFO] [stderr]     Checking parking_lot_core v0.9.12
[INFO] [stderr]     Checking audioadapter v2.0.1
[INFO] [stderr]     Checking audioadapter-sample v2.0.0
[INFO] [stderr]     Checking socks v0.3.4
[INFO] [stderr]    Compiling num_enum_derive v0.7.6
[INFO] [stderr]    Compiling strum_macros v0.28.0
[INFO] [stderr]     Checking icu_provider v2.2.0
[INFO] [stderr]     Checking rustls v0.23.42
[INFO] [stderr]    Compiling itertools v0.14.0
[INFO] [stderr]    Compiling matrixmultiply v0.3.11
[INFO] [stderr]     Checking icu_normalizer v2.2.0
[INFO] [stderr]     Checking icu_properties v2.2.0
[INFO] [stderr]    Compiling cpal v0.18.1
[INFO] [stderr]    Compiling pest_meta v2.8.8
[INFO] [stderr]     Checking indicatif v0.17.11
[INFO] [stderr]    Compiling darling_macro v0.21.3
[INFO] [stderr]     Checking clap_builder v4.6.2
[INFO] [stderr]     Checking hashbrown v0.16.1
[INFO] [stderr]    Compiling darling v0.21.3
[INFO] [stderr]    Compiling mlx-macros v0.32.0
[INFO] [stderr]     Checking num_enum v0.7.6
[INFO] [stderr]     Checking alsa v0.11.0
[INFO] [stderr]     Checking bstr v1.13.0
[INFO] [stderr]     Checking matchers v0.2.0
[INFO] [stderr]     Checking fancy-regex v0.13.0
[INFO] [stderr]     Checking audioadapter-buffers v2.0.0
[INFO] [stderr]     Checking parking_lot v0.12.5
[INFO] [stderr]     Checking idna_adapter v1.2.2
[INFO] [stderr]    Compiling pest_generator v2.8.8
[INFO] [stderr]     Checking idna v1.1.0
[INFO] [stderr]    Compiling thiserror-impl v2.0.19
[INFO] [stderr]    Compiling serde_derive v1.0.229
[INFO] [stderr]    Compiling clap_derive v4.6.4
[INFO] [stderr]    Compiling mlx-internal-macros v0.32.0
[INFO] [stderr]     Checking url v2.5.8
[INFO] [stderr]     Checking dirs v6.0.0
[INFO] [stderr]     Checking windowfunctions v0.1.1
[INFO] [stderr]    Compiling visibility v0.1.1
[INFO] [stderr]     Checking strum v0.28.0
[INFO] [stderr]     Checking rawpointer v0.2.1
[INFO] [stderr]    Compiling zip v2.4.2
[INFO] [stderr]     Checking dasp_sample v0.11.0
[INFO] [stderr]     Checking bumpalo v3.20.3
[INFO] [stderr]     Checking tiktoken-rs v0.9.1
[INFO] [stderr]     Checking tracing-subscriber v0.3.23
[INFO] [stderr]     Checking zopfli v0.8.3
[INFO] [stderr]     Checking ctrlc v3.5.2
[INFO] [stderr]    Compiling pest_derive v2.8.8
[INFO] [stderr]     Checking num-bigint v0.4.8
[INFO] [stderr]     Checking hound v3.5.1
[INFO] [stderr]     Checking tempfile v3.27.0
[INFO] [stderr]     Checking approx v0.5.1
[INFO] [stderr]     Checking ndarray v0.16.1
[INFO] [stderr]     Checking thiserror v2.0.19
[INFO] [stderr]     Checking clap v4.6.4
[INFO] [stderr]     Checking ppv-lite86 v0.2.21
[INFO] [stderr]     Checking half v2.7.1
[INFO] [stderr]     Checking serde v1.0.229
[INFO] [stderr]     Checking py_literal v0.4.0
[INFO] [stderr]     Checking realfft v3.5.0
[INFO] [stderr]     Checking rand_chacha v0.9.0
[INFO] [stderr]     Checking rand v0.9.5
[INFO] [stderr]     Checking rubato v1.0.1
[INFO] [stderr]     Checking ureq v2.12.1
[INFO] [stderr]     Checking safetensors v0.7.0
[INFO] [stderr]     Checking hf-hub v0.4.3
[INFO] [stderr]    Compiling mlx-sys v0.6.0
[INFO] [stderr]     Checking ndarray-npy v0.9.1
[INFO] [stderr] error: failed to run custom build command for `mlx-sys v0.6.0`
[INFO] [stderr] note: To improve backtraces for build dependencies, set the CARGO_PROFILE_DEV_BUILD_OVERRIDE_DEBUG=true environment variable to enable debug information generation.
[INFO] [stderr] 
[INFO] [stderr] Caused by:
[INFO] [stderr]   process didn't exit successfully: `/opt/rustwide/target/debug/build/mlx-sys/ac9aebdfd1f6014b/out/build_script_build` (exit status: 101)
[INFO] [stderr]   --- stdout
[INFO] [stderr]   cargo:rerun-if-env-changed=MLX_RS_METAL_PATH
[INFO] [stderr]   CMAKE_TOOLCHAIN_FILE_x86_64-unknown-linux-gnu = None
[INFO] [stderr]   CMAKE_TOOLCHAIN_FILE_x86_64_unknown_linux_gnu = None
[INFO] [stderr]   HOST_CMAKE_TOOLCHAIN_FILE = None
[INFO] [stderr]   CMAKE_TOOLCHAIN_FILE = None
[INFO] [stderr]   CMAKE_GENERATOR_x86_64-unknown-linux-gnu = None
[INFO] [stderr]   CMAKE_GENERATOR_x86_64_unknown_linux_gnu = None
[INFO] [stderr]   HOST_CMAKE_GENERATOR = None
[INFO] [stderr]   CMAKE_GENERATOR = None
[INFO] [stderr]   CMAKE_PREFIX_PATH_x86_64-unknown-linux-gnu = None
[INFO] [stderr]   CMAKE_PREFIX_PATH_x86_64_unknown_linux_gnu = None
[INFO] [stderr]   HOST_CMAKE_PREFIX_PATH = None
[INFO] [stderr]   CMAKE_PREFIX_PATH = None
[INFO] [stderr]   CMAKE_x86_64-unknown-linux-gnu = None
[INFO] [stderr]   CMAKE_x86_64_unknown_linux_gnu = None
[INFO] [stderr]   HOST_CMAKE = None
[INFO] [stderr]   CMAKE = None
[INFO] [stderr]   Running with debug output on.
[INFO] [stderr]   -- The CXX compiler identification is GNU 15.2.0
[INFO] [stderr]      Called from: [3]	/opt/rustwide/cargo-home/registry/src/index.crates.io-1949cf8c6b5b557f/mlx-sys-0.6.0/src/mlx-c/CMakeLists.txt
[INFO] [stderr]                   [2]	/usr/share/cmake-4.2/Modules/CMakeDetermineCXXCompiler.cmake
[INFO] [stderr]                   [1]	/usr/share/cmake-4.2/Modules/CMakeDetermineCompilerId.cmake
[INFO] [stderr]   -- The C compiler identification is GNU 15.2.0
[INFO] [stderr]      Called from: [3]	/opt/rustwide/cargo-home/registry/src/index.crates.io-1949cf8c6b5b557f/mlx-sys-0.6.0/src/mlx-c/CMakeLists.txt
[INFO] [stderr]                   [2]	/usr/share/cmake-4.2/Modules/CMakeDetermineCCompiler.cmake
[INFO] [stderr]                   [1]	/usr/share/cmake-4.2/Modules/CMakeDetermineCompilerId.cmake
[INFO] [stderr]   -- Detecting CXX compiler ABI info
[INFO] [stderr]      Called from: [3]	/opt/rustwide/cargo-home/registry/src/index.crates.io-1949cf8c6b5b557f/mlx-sys-0.6.0/src/mlx-c/CMakeLists.txt
[INFO] [stderr]                   [2]	/usr/share/cmake-4.2/Modules/CMakeTestCXXCompiler.cmake
[INFO] [stderr]                   [1]	/usr/share/cmake-4.2/Modules/CMakeDetermineCompilerABI.cmake
[INFO] [stderr]   -- Detecting CXX compiler ABI info - done
[INFO] [stderr]      Called from: [3]	/opt/rustwide/cargo-home/registry/src/index.crates.io-1949cf8c6b5b557f/mlx-sys-0.6.0/src/mlx-c/CMakeLists.txt
[INFO] [stderr]                   [2]	/usr/share/cmake-4.2/Modules/CMakeTestCXXCompiler.cmake
[INFO] [stderr]                   [1]	/usr/share/cmake-4.2/Modules/CMakeDetermineCompilerABI.cmake
[INFO] [stderr]   -- Check for working CXX compiler: /usr/bin/c++ - skipped
[INFO] [stderr]      Called from: [2]	/opt/rustwide/cargo-home/registry/src/index.crates.io-1949cf8c6b5b557f/mlx-sys-0.6.0/src/mlx-c/CMakeLists.txt
[INFO] [stderr]                   [1]	/usr/share/cmake-4.2/Modules/CMakeTestCXXCompiler.cmake
[INFO] [stderr]   -- Detecting CXX compile features
[INFO] [stderr]      Called from: [3]	/opt/rustwide/cargo-home/registry/src/index.crates.io-1949cf8c6b5b557f/mlx-sys-0.6.0/src/mlx-c/CMakeLists.txt
[INFO] [stderr]                   [2]	/usr/share/cmake-4.2/Modules/CMakeTestCXXCompiler.cmake
[INFO] [stderr]                   [1]	/usr/share/cmake-4.2/Modules/CMakeDetermineCompilerSupport.cmake
[INFO] [stderr]   -- Detecting CXX compile features - done
[INFO] [stderr]      Called from: [3]	/opt/rustwide/cargo-home/registry/src/index.crates.io-1949cf8c6b5b557f/mlx-sys-0.6.0/src/mlx-c/CMakeLists.txt
[INFO] [stderr]                   [2]	/usr/share/cmake-4.2/Modules/CMakeTestCXXCompiler.cmake
[INFO] [stderr]                   [1]	/usr/share/cmake-4.2/Modules/CMakeDetermineCompilerSupport.cmake
[INFO] [stderr]   -- Detecting C compiler ABI info
[INFO] [stderr]      Called from: [3]	/opt/rustwide/cargo-home/registry/src/index.crates.io-1949cf8c6b5b557f/mlx-sys-0.6.0/src/mlx-c/CMakeLists.txt
[INFO] [stderr]                   [2]	/usr/share/cmake-4.2/Modules/CMakeTestCCompiler.cmake
[INFO] [stderr]                   [1]	/usr/share/cmake-4.2/Modules/CMakeDetermineCompilerABI.cmake
[INFO] [stderr]   -- Detecting C compiler ABI info - done
[INFO] [stderr]      Called from: [3]	/opt/rustwide/cargo-home/registry/src/index.crates.io-1949cf8c6b5b557f/mlx-sys-0.6.0/src/mlx-c/CMakeLists.txt
[INFO] [stderr]                   [2]	/usr/share/cmake-4.2/Modules/CMakeTestCCompiler.cmake
[INFO] [stderr]                   [1]	/usr/share/cmake-4.2/Modules/CMakeDetermineCompilerABI.cmake
[INFO] [stderr]   -- Check for working C compiler: /usr/bin/cc - skipped
[INFO] [stderr]      Called from: [2]	/opt/rustwide/cargo-home/registry/src/index.crates.io-1949cf8c6b5b557f/mlx-sys-0.6.0/src/mlx-c/CMakeLists.txt
[INFO] [stderr]                   [1]	/usr/share/cmake-4.2/Modules/CMakeTestCCompiler.cmake
[INFO] [stderr]   -- Detecting C compile features
[INFO] [stderr]      Called from: [3]	/opt/rustwide/cargo-home/registry/src/index.crates.io-1949cf8c6b5b557f/mlx-sys-0.6.0/src/mlx-c/CMakeLists.txt
[INFO] [stderr]                   [2]	/usr/share/cmake-4.2/Modules/CMakeTestCCompiler.cmake
[INFO] [stderr]                   [1]	/usr/share/cmake-4.2/Modules/CMakeDetermineCompilerSupport.cmake
[INFO] [stderr]   -- Detecting C compile features - done
[INFO] [stderr]      Called from: [3]	/opt/rustwide/cargo-home/registry/src/index.crates.io-1949cf8c6b5b557f/mlx-sys-0.6.0/src/mlx-c/CMakeLists.txt
[INFO] [stderr]                   [2]	/usr/share/cmake-4.2/Modules/CMakeTestCCompiler.cmake
[INFO] [stderr]                   [1]	/usr/share/cmake-4.2/Modules/CMakeDetermineCompilerSupport.cmake
[INFO] [stderr]   -- Configuring incomplete, errors occurred!
[INFO] [stderr] 
[INFO] [stderr]   --- stderr
[INFO] [stderr]   running: cd "/opt/rustwide/target/debug/build/mlx-sys/f4129f47e69941b7/out/build" && CMAKE_PREFIX_PATH="" LC_ALL="C" "cmake" "-Wdev" "--debug-output" "/opt/rustwide/cargo-home/registry/src/index.crates.io-1949cf8c6b5b557f/mlx-sys-0.6.0/src/mlx-c" "-B" "/opt/rustwide/target/debug/build/mlx-sys/f4129f47e69941b7/out/build" "-DCMAKE_INSTALL_PREFIX=." "-DCMAKE_C_COMPILER=/usr/bin/cc" "-DCMAKE_CXX_COMPILER=/usr/bin/c++" "-DCMAKE_BUILD_TYPE=Debug" "-DMLX_BUILD_METAL=OFF" "-DMLX_BUILD_ACCELERATE=OFF" "-DMLX_BUILD_METAL=ON" "-DMLX_METAL_PATH=/root/.mlx/lib/dd231f807774" "-DMLX_BUILD_ACCELERATE=ON" "-DCMAKE_C_FLAGS= -ffunction-sections -fdata-sections -fPIC -m64 -w" "-DCMAKE_CXX_FLAGS= -ffunction-sections -fdata-sections -fPIC -m64 -w" "-DCMAKE_ASM_FLAGS= -ffunction-sections -fdata-sections -fPIC -m64 -w" "-DCMAKE_ASM_COMPILER=/usr/bin/cc" "-DCMAKE_VERBOSE_MAKEFILE:BOOL=ON"
[INFO] [stderr]   CMake Warning (dev) at /usr/share/cmake-4.2/Modules/CMakeDetermineCompiler.cmake:128 (set):
[INFO] [stderr]     Policy CMP0126 is not set: set(CACHE) does not remove a normal variable of
[INFO] [stderr]     the same name.  Run "cmake --help-policy CMP0126" for policy details.  Use
[INFO] [stderr]     the cmake_policy command to set the policy and suppress this warning.
[INFO] [stderr] 
[INFO] [stderr]     For compatibility with older versions of CMake, normal variable
[INFO] [stderr]     "CMAKE_CXX_COMPILER" will be removed from the current scope.
[INFO] [stderr]   Call Stack (most recent call first):
[INFO] [stderr]     /usr/share/cmake-4.2/Modules/CMakeDetermineCXXCompiler.cmake:71 (_cmake_find_compiler_path)
[INFO] [stderr]     CMakeLists.txt:6 (project)
[INFO] [stderr]   This warning is for project developers.  Use -Wno-dev to suppress it.
[INFO] [stderr] 
[INFO] [stderr]      Called from: [3]	/opt/rustwide/cargo-home/registry/src/index.crates.io-1949cf8c6b5b557f/mlx-sys-0.6.0/src/mlx-c/CMakeLists.txt
[INFO] [stderr]                   [2]	/usr/share/cmake-4.2/Modules/CMakeDetermineCXXCompiler.cmake
[INFO] [stderr]                   [1]	/usr/share/cmake-4.2/Modules/CMakeDetermineCompiler.cmake
[INFO] [stderr]   CMake Warning (dev) at /usr/share/cmake-4.2/Modules/CMakeDetermineCompiler.cmake:128 (set):
[INFO] [stderr]     Policy CMP0126 is not set: set(CACHE) does not remove a normal variable of
[INFO] [stderr]     the same name.  Run "cmake --help-policy CMP0126" for policy details.  Use
[INFO] [stderr]     the cmake_policy command to set the policy and suppress this warning.
[INFO] [stderr] 
[INFO] [stderr]     For compatibility with older versions of CMake, normal variable
[INFO] [stderr]     "CMAKE_C_COMPILER" will be removed from the current scope.
[INFO] [stderr]   Call Stack (most recent call first):
[INFO] [stderr]     /usr/share/cmake-4.2/Modules/CMakeDetermineCCompiler.cmake:67 (_cmake_find_compiler_path)
[INFO] [stderr]     CMakeLists.txt:6 (project)
[INFO] [stderr]   This warning is for project developers.  Use -Wno-dev to suppress it.
[INFO] [stderr] 
[INFO] [stderr]      Called from: [3]	/opt/rustwide/cargo-home/registry/src/index.crates.io-1949cf8c6b5b557f/mlx-sys-0.6.0/src/mlx-c/CMakeLists.txt
[INFO] [stderr]                   [2]	/usr/share/cmake-4.2/Modules/CMakeDetermineCCompiler.cmake
[INFO] [stderr]                   [1]	/usr/share/cmake-4.2/Modules/CMakeDetermineCompiler.cmake
[INFO] [stderr]   CMake Warning (dev) at /usr/share/cmake-4.2/Modules/CMakeFindBinUtils.cmake:243 (find_program):
[INFO] [stderr]     Policy CMP0126 is not set: set(CACHE) does not remove a normal variable of
[INFO] [stderr]     the same name.  Run "cmake --help-policy CMP0126" for policy details.  Use
[INFO] [stderr]     the cmake_policy command to set the policy and suppress this warning.
[INFO] [stderr] 
[INFO] [stderr]     For compatibility with older versions of CMake, normal variable
[INFO] [stderr]     "CMAKE_TAPI" will be removed from the current scope.
[INFO] [stderr]   Call Stack (most recent call first):
[INFO] [stderr]     /usr/share/cmake-4.2/Modules/CMakeDetermineCCompiler.cmake:200 (include)
[INFO] [stderr]     CMakeLists.txt:6 (project)
[INFO] [stderr]   This warning is for project developers.  Use -Wno-dev to suppress it.
[INFO] [stderr] 
[INFO] [stderr]      Called from: [3]	/opt/rustwide/cargo-home/registry/src/index.crates.io-1949cf8c6b5b557f/mlx-sys-0.6.0/src/mlx-c/CMakeLists.txt
[INFO] [stderr]                   [2]	/usr/share/cmake-4.2/Modules/CMakeDetermineCCompiler.cmake
[INFO] [stderr]                   [1]	/usr/share/cmake-4.2/Modules/CMakeFindBinUtils.cmake
[INFO] [stderr]   [ 11%] Creating directories for 'mlx-populate'
[INFO] [stderr]   [ 22%] Performing download step (git clone) for 'mlx-populate'
[INFO] [stderr]   Cloning into 'mlx-src'...
[INFO] [stderr]   fatal: unable to access 'https://github.com/ml-explore/mlx.git/': Could not resolve host: github.com
[INFO] [stderr]   Cloning into 'mlx-src'...
[INFO] [stderr]   fatal: unable to access 'https://github.com/ml-explore/mlx.git/': Could not resolve host: github.com
[INFO] [stderr]   Cloning into 'mlx-src'...
[INFO] [stderr]   fatal: unable to access 'https://github.com/ml-explore/mlx.git/': Could not resolve host: github.com
[INFO] [stderr]   Had to git clone more than once: 3 times.
[INFO] [stderr]   CMake Error at mlx-subbuild/mlx-populate-prefix/tmp/mlx-populate-gitclone.cmake:50 (message):
[INFO] [stderr]     Failed to clone repository: 'https://github.com/ml-explore/mlx.git'
[INFO] [stderr] 
[INFO] [stderr] 
[INFO] [stderr]   gmake[2]: *** [CMakeFiles/mlx-populate.dir/build.make:102: mlx-populate-prefix/src/mlx-populate-stamp/mlx-populate-download] Error 1
[INFO] [stderr]   gmake[1]: *** [CMakeFiles/Makefile2:87: CMakeFiles/mlx-populate.dir/all] Error 2
[INFO] [stderr]   gmake: *** [Makefile:91: all] Error 2
[INFO] [stderr] 
[INFO] [stderr]      Called from: [6]	/opt/rustwide/cargo-home/registry/src/index.crates.io-1949cf8c6b5b557f/mlx-sys-0.6.0/src/mlx-c/CMakeLists.txt
[INFO] [stderr]                   [5]	/usr/share/cmake-4.2/Modules/FetchContent.cmake
[INFO] [stderr]                   [4]	/usr/share/cmake-4.2/Modules/FetchContent.cmake
[INFO] [stderr]                   [3]	/usr/share/cmake-4.2/Modules/FetchContent.cmake:2155:EVAL
[INFO] [stderr]                   [2]	/usr/share/cmake-4.2/Modules/FetchContent.cmake
[INFO] [stderr]                   [1]	/usr/share/cmake-4.2/Modules/FetchContent.cmake
[INFO] [stderr]   CMake Error at /usr/share/cmake-4.2/Modules/FetchContent.cmake:1928 (message):
[INFO] [stderr]     Build step for mlx failed: 2
[INFO] [stderr]   Call Stack (most recent call first):
[INFO] [stderr]     /usr/share/cmake-4.2/Modules/FetchContent.cmake:1619 (__FetchContent_populateSubbuild)
[INFO] [stderr]     /usr/share/cmake-4.2/Modules/FetchContent.cmake:2155:EVAL:2 (__FetchContent_doPopulation)
[INFO] [stderr]     /usr/share/cmake-4.2/Modules/FetchContent.cmake:2155 (cmake_language)
[INFO] [stderr]     /usr/share/cmake-4.2/Modules/FetchContent.cmake:2394 (__FetchContent_Populate)
[INFO] [stderr]     CMakeLists.txt:39 (FetchContent_MakeAvailable)
[INFO] [stderr] 
[INFO] [stderr] 
[INFO] [stderr]      Called from: [6]	/opt/rustwide/cargo-home/registry/src/index.crates.io-1949cf8c6b5b557f/mlx-sys-0.6.0/src/mlx-c/CMakeLists.txt
[INFO] [stderr]                   [5]	/usr/share/cmake-4.2/Modules/FetchContent.cmake
[INFO] [stderr]                   [4]	/usr/share/cmake-4.2/Modules/FetchContent.cmake
[INFO] [stderr]                   [3]	/usr/share/cmake-4.2/Modules/FetchContent.cmake:2155:EVAL
[INFO] [stderr]                   [2]	/usr/share/cmake-4.2/Modules/FetchContent.cmake
[INFO] [stderr]                   [1]	/usr/share/cmake-4.2/Modules/FetchContent.cmake
[INFO] [stderr] 
[INFO] [stderr]   thread 'main' (1471) panicked at /opt/rustwide/cargo-home/registry/src/index.crates.io-1949cf8c6b5b557f/cmake-0.1.58/src/lib.rs:1132:5:
[INFO] [stderr] 
[INFO] [stderr]   command did not execute successfully, got: exit status: 1
[INFO] [stderr] 
[INFO] [stderr]   build script failed, must exit now
[INFO] [stderr]   stack backtrace:
[INFO] [stderr]      0:     0x57fc1de4b561 - std[3164a59e47d3bde]::backtrace_rs::backtrace::libunwind::trace
[INFO] [stderr]                                  at /rustc/3154cc1a3e6424e44f438a95007d043ed5ceaaf6/library/std/src/../../backtrace/src/backtrace/libunwind.rs:117:9
[INFO] [stderr]      1:     0x57fc1de4b561 - std[3164a59e47d3bde]::backtrace_rs::backtrace::trace_unsynchronized::<std[3164a59e47d3bde]::sys::backtrace::_print_fmt::{closure#1}>
[INFO] [stderr]                                  at /rustc/3154cc1a3e6424e44f438a95007d043ed5ceaaf6/library/std/src/../../backtrace/src/backtrace/mod.rs:66:14
[INFO] [stderr]      2:     0x57fc1de4b561 - std[3164a59e47d3bde]::sys::backtrace::_print_fmt
[INFO] [stderr]                                  at /rustc/3154cc1a3e6424e44f438a95007d043ed5ceaaf6/library/std/src/sys/backtrace.rs:74:9
[INFO] [stderr]      3:     0x57fc1de4b561 - <<std[3164a59e47d3bde]::sys::backtrace::BacktraceLock>::print::DisplayBacktrace as core[934024a1e6126fb4]::fmt::Display>::fmt
[INFO] [stderr]                                  at /rustc/3154cc1a3e6424e44f438a95007d043ed5ceaaf6/library/std/src/sys/backtrace.rs:44:26
[INFO] [stderr]      4:     0x57fc1de635ba - <core[934024a1e6126fb4]::fmt::rt::Argument>::fmt
[INFO] [stderr]                                  at /rustc/3154cc1a3e6424e44f438a95007d043ed5ceaaf6/library/core/src/fmt/rt.rs:152:76
[INFO] [stderr]      5:     0x57fc1de635ba - core[934024a1e6126fb4]::fmt::write
[INFO] [stderr]      6:     0x57fc1de5193c - core[934024a1e6126fb4]::io::write::default_write_fmt::<std[3164a59e47d3bde]::sys::stdio::unix::Stderr>
[INFO] [stderr]                                  at /rustc/3154cc1a3e6424e44f438a95007d043ed5ceaaf6/library/core/src/io/write.rs:402:11
[INFO] [stderr]      7:     0x57fc1de5193c - <std[3164a59e47d3bde]::sys::stdio::unix::Stderr as core[934024a1e6126fb4]::io::write::Write>::write_fmt
[INFO] [stderr]                                  at /rustc/3154cc1a3e6424e44f438a95007d043ed5ceaaf6/library/core/src/io/write.rs:335:13
[INFO] [stderr]      8:     0x57fc1de27c36 - <std[3164a59e47d3bde]::sys::backtrace::BacktraceLock>::print
[INFO] [stderr]                                  at /rustc/3154cc1a3e6424e44f438a95007d043ed5ceaaf6/library/std/src/sys/backtrace.rs:47:9
[INFO] [stderr]      9:     0x57fc1de27c36 - std[3164a59e47d3bde]::panicking::default_hook::{closure#0}
[INFO] [stderr]                                  at /rustc/3154cc1a3e6424e44f438a95007d043ed5ceaaf6/library/std/src/panicking.rs:289:27
[INFO] [stderr]     10:     0x57fc1de44f51 - std[3164a59e47d3bde]::panicking::default_hook
[INFO] [stderr]                                  at /rustc/3154cc1a3e6424e44f438a95007d043ed5ceaaf6/library/std/src/panicking.rs:316:9
[INFO] [stderr]     11:     0x57fc1de4527b - std[3164a59e47d3bde]::panicking::panic_with_hook
[INFO] [stderr]                                  at /rustc/3154cc1a3e6424e44f438a95007d043ed5ceaaf6/library/std/src/panicking.rs:811:13
[INFO] [stderr]     12:     0x57fc1de27ce2 - std[3164a59e47d3bde]::panicking::panic_handler::{closure#0}
[INFO] [stderr]                                  at /rustc/3154cc1a3e6424e44f438a95007d043ed5ceaaf6/library/std/src/panicking.rs:685:13
[INFO] [stderr]     13:     0x57fc1de206a9 - std[3164a59e47d3bde]::sys::backtrace::__rust_end_short_backtrace::<std[3164a59e47d3bde]::panicking::panic_handler::{closure#0}, !>
[INFO] [stderr]                                  at /rustc/3154cc1a3e6424e44f438a95007d043ed5ceaaf6/library/std/src/sys/backtrace.rs:182:18
[INFO] [stderr]     14:     0x57fc1de2851d - __rustc[2e7b49d4226056d3]::rust_begin_unwind
[INFO] [stderr]                                  at /rustc/3154cc1a3e6424e44f438a95007d043ed5ceaaf6/library/std/src/panicking.rs:676:5
[INFO] [stderr]     15:     0x57fc1de63e5c - core[934024a1e6126fb4]::panicking::panic_fmt
[INFO] [stderr]                                  at /rustc/3154cc1a3e6424e44f438a95007d043ed5ceaaf6/library/core/src/panicking.rs:80:14
[INFO] [stderr]     16:     0x57fc1ddafaf7 - cmake[7a4f3f31f393ee58]::fail
[INFO] [stderr]     17:     0x57fc1ddaf783 - cmake[7a4f3f31f393ee58]::run
[INFO] [stderr]     18:     0x57fc1ddb5062 - <cmake[7a4f3f31f393ee58]::Config>::build
[INFO] [stderr]     19:     0x57fc1d881535 - build_script_build[291e978ac2e9d2ae]::build_and_link_mlx_c
[INFO] [stderr]     20:     0x57fc1d881ce9 - build_script_build[291e978ac2e9d2ae]::main
[INFO] [stderr]     21:     0x57fc1d889d63 - <fn() as core[934024a1e6126fb4]::ops::function::FnOnce<()>>::call_once
[INFO] [stderr]     22:     0x57fc1d88671e - std[3164a59e47d3bde]::sys::backtrace::__rust_begin_short_backtrace::<fn(), ()>
[INFO] [stderr]     23:     0x57fc1d8802e9 - std[3164a59e47d3bde]::rt::lang_start::<()>::{closure#0}
[INFO] [stderr]     24:     0x57fc1de43eb8 - <&dyn core[934024a1e6126fb4]::ops::function::Fn<(), Output = i32> + core[934024a1e6126fb4]::marker::Sync + core[934024a1e6126fb4]::panic::unwind_safe::RefUnwindSafe as core[934024a1e6126fb4]::ops::function::FnOnce<()>>::call_once
[INFO] [stderr]                                  at /rustc/3154cc1a3e6424e44f438a95007d043ed5ceaaf6/library/core/src/ops/function.rs:287:21
[INFO] [stderr]     25:     0x57fc1de43eb8 - std[3164a59e47d3bde]::panicking::catch_unwind::do_call::<&dyn core[934024a1e6126fb4]::ops::function::Fn<(), Output = i32> + core[934024a1e6126fb4]::marker::Sync + core[934024a1e6126fb4]::panic::unwind_safe::RefUnwindSafe, i32>
[INFO] [stderr]                                  at /rustc/3154cc1a3e6424e44f438a95007d043ed5ceaaf6/library/std/src/panicking.rs:573:43
[INFO] [stderr]     26:     0x57fc1de43eb8 - std[3164a59e47d3bde]::panicking::catch_unwind::<i32, &dyn core[934024a1e6126fb4]::ops::function::Fn<(), Output = i32> + core[934024a1e6126fb4]::marker::Sync + core[934024a1e6126fb4]::panic::unwind_safe::RefUnwindSafe>
[INFO] [stderr]                                  at /rustc/3154cc1a3e6424e44f438a95007d043ed5ceaaf6/library/std/src/panicking.rs:541:19
[INFO] [stderr]     27:     0x57fc1de43eb8 - std[3164a59e47d3bde]::panic::catch_unwind::<&dyn core[934024a1e6126fb4]::ops::function::Fn<(), Output = i32> + core[934024a1e6126fb4]::marker::Sync + core[934024a1e6126fb4]::panic::unwind_safe::RefUnwindSafe, i32>
[INFO] [stderr]                                  at /rustc/3154cc1a3e6424e44f438a95007d043ed5ceaaf6/library/std/src/panic.rs:359:14
[INFO] [stderr]     28:     0x57fc1de43eb8 - std[3164a59e47d3bde]::rt::lang_start_internal::{closure#0}
[INFO] [stderr]                                  at /rustc/3154cc1a3e6424e44f438a95007d043ed5ceaaf6/library/std/src/rt.rs:175:24
[INFO] [stderr]     29:     0x57fc1de43eb8 - std[3164a59e47d3bde]::panicking::catch_unwind::do_call::<std[3164a59e47d3bde]::rt::lang_start_internal::{closure#0}, isize>
[INFO] [stderr]                                  at /rustc/3154cc1a3e6424e44f438a95007d043ed5ceaaf6/library/std/src/panicking.rs:573:43
[INFO] [stderr]     30:     0x57fc1de43eb8 - std[3164a59e47d3bde]::panicking::catch_unwind::<isize, std[3164a59e47d3bde]::rt::lang_start_internal::{closure#0}>
[INFO] [stderr]                                  at /rustc/3154cc1a3e6424e44f438a95007d043ed5ceaaf6/library/std/src/panicking.rs:541:19
[INFO] [stderr]     31:     0x57fc1de43eb8 - std[3164a59e47d3bde]::panic::catch_unwind::<std[3164a59e47d3bde]::rt::lang_start_internal::{closure#0}, isize>
[INFO] [stderr]                                  at /rustc/3154cc1a3e6424e44f438a95007d043ed5ceaaf6/library/std/src/panic.rs:359:14
[INFO] [stderr]     32:     0x57fc1de43eb8 - std[3164a59e47d3bde]::rt::lang_start_internal
[INFO] [stderr]                                  at /rustc/3154cc1a3e6424e44f438a95007d043ed5ceaaf6/library/std/src/rt.rs:171:5
[INFO] [stderr]     33:     0x57fc1d87d921 - std[3164a59e47d3bde]::rt::lang_start::<()>
[INFO] [stderr]     34:     0x57fc1d884975 - main
[INFO] [stderr]     35:     0x70b2e001e601 - <unknown>
[INFO] [stderr]     36:     0x70b2e001e718 - __libc_start_main
[INFO] [stderr]     37:     0x57fc1d87c9b5 - _start
[INFO] [stderr]     38:                0x0 - <unknown>
[INFO] running `Command { std: "docker" "inspect" "a3b21baf9284a0bf1a791de5ceec77b553942494a29dcb103a2fc112be802701", kill_on_drop: false }`
[INFO] running `Command { std: "docker" "rm" "-f" "a3b21baf9284a0bf1a791de5ceec77b553942494a29dcb103a2fc112be802701", kill_on_drop: false }`
[INFO] [stdout] a3b21baf9284a0bf1a791de5ceec77b553942494a29dcb103a2fc112be802701
