[INFO] cloning repository https://github.com/mateocabanal/logan
[INFO] running `Command { std: "git" "-c" "credential.helper=" "-c" "credential.helper=/workspace/cargo-home/bin/git-credential-null" "clone" "--bare" "https://github.com/mateocabanal/logan" "/workspace/cache/git-repos/https%3A%2F%2Fgithub.com%2Fmateocabanal%2Flogan", kill_on_drop: false }`
[INFO] [stderr] Cloning into bare repository '/workspace/cache/git-repos/https%3A%2F%2Fgithub.com%2Fmateocabanal%2Flogan'...
[INFO] running `Command { std: "git" "rev-parse" "HEAD", kill_on_drop: false }`
[INFO] [stdout] fc3eecc9dae366ccb4cec46d87965742acbd0308
[INFO] checking mateocabanal/logan against 3154cc1a3e6424e44f438a95007d043ed5ceaaf6 for pr-133502-30
[INFO] running `Command { std: "git" "clone" "/workspace/cache/git-repos/https%3A%2F%2Fgithub.com%2Fmateocabanal%2Flogan" "/workspace/builds/worker-4-tc2/source", kill_on_drop: false }`
[INFO] [stderr] Cloning into '/workspace/builds/worker-4-tc2/source'...
[INFO] [stderr] done.
[INFO] started tweaking git repo https://github.com/mateocabanal/logan
[INFO] finished tweaking git repo https://github.com/mateocabanal/logan
[INFO] tweaked toml for git repo https://github.com/mateocabanal/logan written to /workspace/builds/worker-4-tc2/source/Cargo.toml
[INFO] validating manifest of git repo https://github.com/mateocabanal/logan on toolchain 3154cc1a3e6424e44f438a95007d043ed5ceaaf6
[INFO] running `Command { std: CARGO_HOME="/workspace/cargo-home" RUSTUP_HOME="/workspace/rustup-home" "/workspace/cargo-home/bin/cargo" "+3154cc1a3e6424e44f438a95007d043ed5ceaaf6" "metadata" "--manifest-path" "Cargo.toml" "--no-deps", kill_on_drop: false }`
[INFO] crate git repo https://github.com/mateocabanal/logan already has a lockfile, it will not be regenerated
[INFO] running `Command { std: CARGO_HOME="/workspace/cargo-home" RUSTUP_HOME="/workspace/rustup-home" "/workspace/cargo-home/bin/cargo" "+3154cc1a3e6424e44f438a95007d043ed5ceaaf6" "fetch" "--manifest-path" "Cargo.toml", kill_on_drop: false }`
[INFO] running `Command { std: "docker" "create" "-v" "/var/lib/crater-agent-workspace/builds/worker-4-tc2/source:/opt/rustwide/workdir:ro,Z" "-v" "/var/lib/crater-agent-workspace/builds/worker-4-tc2/target:/opt/rustwide/target:rw,Z" "-v" "/var/lib/crater-agent-workspace/cargo-home:/opt/rustwide/cargo-home:ro,Z" "-v" "/var/lib/crater-agent-workspace/rustup-home:/opt/rustwide/rustup-home:ro,Z" "-m" "1610612736" "--network" "none" "ghcr.io/rust-lang/crates-build-env/linux@sha256:77db811e55d90add9212f6832c23229e3de5f1c1f9905e8cb07319ea15df73ac" "sleep" "infinity", kill_on_drop: false }`
[INFO] [stdout] 414cf4a1b0b62b9dc90b182a886921d89f870d829036d47e5620207d6ab9e78b
[INFO] running `Command { std: "docker" "start" "414cf4a1b0b62b9dc90b182a886921d89f870d829036d47e5620207d6ab9e78b", kill_on_drop: false }`
[INFO] running `Command { std: "docker" "inspect" "414cf4a1b0b62b9dc90b182a886921d89f870d829036d47e5620207d6ab9e78b", kill_on_drop: false }`
[INFO] running `Command { std: "docker" "exec" "-e" "SOURCE_DIR=/opt/rustwide/workdir" "-e" "CARGO_HOME=/opt/rustwide/cargo-home" "-e" "RUSTUP_HOME=/opt/rustwide/rustup-home" "-e" "CARGO_TARGET_DIR=/opt/rustwide/target" "-w" "/opt/rustwide/workdir" "--user" "0:0" "414cf4a1b0b62b9dc90b182a886921d89f870d829036d47e5620207d6ab9e78b" "/opt/rustwide/cargo-home/bin/cargo" "+3154cc1a3e6424e44f438a95007d043ed5ceaaf6" "metadata" "--no-deps" "--format-version=1", kill_on_drop: false }`
[INFO] running `Command { std: "docker" "inspect" "414cf4a1b0b62b9dc90b182a886921d89f870d829036d47e5620207d6ab9e78b", kill_on_drop: false }`
[INFO] running `Command { std: "docker" "exec" "-e" "SOURCE_DIR=/opt/rustwide/workdir" "-e" "CARGO_HOME=/opt/rustwide/cargo-home" "-e" "RUSTUP_HOME=/opt/rustwide/rustup-home" "-e" "CARGO_TARGET_DIR=/opt/rustwide/target" "-e" "CARGO_INCREMENTAL=0" "-e" "RUST_BACKTRACE=full" "-e" "RUSTFLAGS=--cap-lints=forbid" "-e" "RUSTDOCFLAGS=--cap-lints=forbid" "-w" "/opt/rustwide/workdir" "--user" "0:0" "414cf4a1b0b62b9dc90b182a886921d89f870d829036d47e5620207d6ab9e78b" "/opt/rustwide/cargo-home/bin/cargo" "+3154cc1a3e6424e44f438a95007d043ed5ceaaf6" "check" "--frozen" "--all" "--all-targets" "--message-format=json", kill_on_drop: false }`
[INFO] [stderr]    Compiling logan-metal v0.1.0 (/opt/rustwide/workdir/logan-metal)
[INFO] [stderr]     Checking logan-abi v0.1.0 (/opt/rustwide/workdir/logan-abi)
[INFO] [stderr]    Compiling logan-qwen4 v0.1.0 (/opt/rustwide/workdir/logan-qwen4)
[INFO] [stderr]    Compiling logan-ane v0.1.0 (/opt/rustwide/workdir/logan-ane)
[INFO] [stderr]    Compiling syn v3.0.4
[INFO] [stderr]    Compiling syn v2.0.119
[INFO] [stderr]     Checking serde_json v1.0.151
[INFO] [stderr]    Compiling crc32c v0.6.8
[INFO] [stderr]     Checking hashbrown v0.16.1
[INFO] [stderr]    Compiling rustix v1.1.4
[INFO] [stderr]     Checking smallvec v1.16.0
[INFO] [stderr]     Checking either v1.18.0
[INFO] [stderr]     Checking unicode-width v0.2.2
[INFO] [stderr]    Compiling onig_sys v69.9.3
[INFO] [stderr]    Compiling esaxx-rs v0.1.10
[INFO] [stderr]    Compiling ahash v0.8.12
[INFO] [stderr]    Compiling macro_rules_attribute-proc_macro v0.2.3
[INFO] [stderr]     Checking base64 v0.13.1
[INFO] [stderr]    Compiling pastey v0.2.3
[INFO] [stderr]     Checking parking_lot_core v0.9.12
[INFO] [stderr]     Checking unit-prefix v0.5.2
[INFO] [stderr]     Checking unicode-normalization-alignments v0.1.12
[INFO] [stderr]     Checking regex v1.13.1
[INFO] [stderr]     Checking itertools v0.14.0
[INFO] [stderr]     Checking console v0.16.4
[INFO] [stderr]     Checking parking_lot v0.12.5
[INFO] [stderr]     Checking rayon v1.12.0
[INFO] [stderr]     Checking daachorse v1.0.1
[INFO] [stderr]     Checking logan-format v0.1.0 (/opt/rustwide/workdir/logan-format)
[INFO] [stderr]     Checking macro_rules_attribute v0.2.3
[INFO] [stderr]     Checking unicode_categories v0.1.1
[INFO] [stderr]     Checking mio v1.2.2
[INFO] [stderr]     Checking hashbrown v0.17.1
[INFO] [stderr]    Compiling instability v0.3.10
[INFO] [stderr]     Checking indicatif v0.18.6
[INFO] [stderr]    Compiling convert_case v0.10.0
[INFO] [stderr]     Checking critical-section v1.2.0
[INFO] [stderr]     Checking signal-hook v0.3.18
[INFO] [stderr]     Checking num_threads v0.1.7
[INFO] [stderr]    Compiling litrs v1.0.0
[INFO] [stderr]     Checking line-clipping v0.3.8
[INFO] [stderr]     Checking time v0.3.55
[INFO] [stderr]     Checking tracing v0.1.44
[INFO] [stderr]     Checking signal-hook-mio v0.2.5
[INFO] [stderr]     Checking futures-channel v0.3.34
[INFO] [stderr]     Checking futures-task v0.3.34
[INFO] [stderr]     Checking slab v0.4.12
[INFO] [stderr]     Checking http-body-util v0.1.5
[INFO] [stderr]     Checking logan-artifact v0.1.0 (/opt/rustwide/workdir/logan-artifact)
[INFO] [stderr]     Checking futures-util v0.3.34
[INFO] [stderr]     Checking logan-spark v0.1.0 (/opt/rustwide/workdir/logan-spark)
[INFO] [stderr]     Checking logan-qwen v0.1.0 (/opt/rustwide/workdir/logan-qwen)
[INFO] [stderr]     Checking axum-core v0.5.6
[INFO] [stderr]     Checking lru v0.18.3
[INFO] [stderr]    Compiling document-features v0.2.12
[INFO] [stderr]     Checking tempfile v3.27.0
[INFO] [stderr]     Checking unicode-truncate v2.0.1
[INFO] [stderr]     Checking rayon-cond v0.4.0
[INFO] [stderr]    Compiling serde_derive v1.0.229
[INFO] [stderr]    Compiling thiserror-impl v2.0.20
[INFO] [stderr]    Compiling tokio-macros v2.7.2
[INFO] [stderr]     Checking tokio v1.53.1
[INFO] [stderr]     Checking thiserror v2.0.20
[INFO] [stderr]     Checking kasuari v0.4.12
[INFO] [stderr]    Compiling darling_core v0.20.11
[INFO] [stderr]    Compiling zerocopy-derive v0.8.56
[INFO] [stderr]    Compiling monostate-impl v0.1.18
[INFO] [stderr]    Compiling strum_macros v0.28.0
[INFO] [stderr]    Compiling derive_more-impl v2.1.1
[INFO] [stderr]     Checking monostate v0.1.18
[INFO] [stderr]     Checking onig v6.5.3
[INFO] [stderr]     Checking derive_more v2.1.1
[INFO] [stderr]     Checking crossterm v0.29.0
[INFO] [stderr]     Checking zerocopy v0.8.56
[INFO] [stderr]     Checking serde v1.0.229
[INFO] [stderr]    Compiling darling_macro v0.20.11
[INFO] [stderr]     Checking strum v0.28.0
[INFO] [stderr]     Checking bincode v1.3.3
[INFO] [stderr]     Checking compact_str v0.9.1
[INFO] [stderr]     Checking dary_heap v0.3.9
[INFO] [stderr]     Checking spm_precompiled v0.1.4
[INFO] [stderr]     Checking safetensors v0.8.0
[INFO] [stderr]     Checking serde_urlencoded v0.7.1
[INFO] [stderr]    Compiling darling v0.20.11
[INFO] [stderr]    Compiling derive_builder_core v0.20.2
[INFO] [stderr]     Checking logan-ir v0.1.0 (/opt/rustwide/workdir/logan-ir)
[INFO] [stderr]     Checking ratatui-core v0.1.2
[INFO] [stderr]    Compiling derive_builder_macro v0.20.2
[INFO] [stderr]     Checking ratatui-widgets v0.3.2
[INFO] [stderr]     Checking ratatui-crossterm v0.1.2
[INFO] [stderr]     Checking hyper v1.11.1
[INFO] [stderr]     Checking tower v0.5.3
[INFO] [stderr]     Checking tokio-stream v0.1.19
[INFO] [stderr]     Checking derive_builder v0.20.2
[INFO] [stderr]     Checking hyper-util v0.1.20
[INFO] [stderr]     Checking axum v0.8.9
[INFO] [stderr]     Checking ratatui-macros v0.7.2
[INFO] [stderr]     Checking logan-core v0.1.0 (/opt/rustwide/workdir/logan-core)
[INFO] [stderr]     Checking ratatui v0.30.2
[INFO] [stdout] warning: the `link` attribute cannot be used on foreign functions
[INFO] [stdout]    --> logan-core/src/cuda.rs:189:41
[INFO] [stdout]     |
[INFO] [stdout] 189 |         #[cfg_attr(target_os = "linux", link(name = "dl"))]
[INFO] [stdout]     |                                         ^^^^
[INFO] [stdout]     |
[INFO] [stdout]     = help: the `link` attribute can only be applied to foreign modules
[INFO] [stdout]     = warning: this was previously accepted by the compiler but is being phased out; it will become a hard error in a future release!
[INFO] [stdout]     = note: `#[warn(unused_attributes)]` (part of `#[warn(unused)]`) on by default
[INFO] [stdout] 
[INFO] [stdout] 
[INFO] [stdout] warning: the `link` attribute cannot be used on foreign functions
[INFO] [stdout]    --> logan-core/src/cuda.rs:189:41
[INFO] [stdout]     |
[INFO] [stdout] 189 |         #[cfg_attr(target_os = "linux", link(name = "dl"))]
[INFO] [stdout]     |                                         ^^^^
[INFO] [stdout]     |
[INFO] [stdout]     = help: the `link` attribute can only be applied to foreign modules
[INFO] [stdout]     = warning: this was previously accepted by the compiler but is being phased out; it will become a hard error in a future release!
[INFO] [stdout]     = note: `#[warn(unused_attributes)]` (part of `#[warn(unused)]`) on by default
[INFO] [stdout] 
[INFO] [stdout] 
[INFO] [stdout] warning: unnecessary `unsafe` block
[INFO] [stdout]   --> logan-core/src/math_x86.rs:70:24
[INFO] [stdout]    |
[INFO] [stdout] 70 |         let mut acc0 = unsafe { _mm256_setzero_ps() };
[INFO] [stdout]    |                        ^^^^^^ unnecessary `unsafe` block
[INFO] [stdout]    |
[INFO] [stdout]    = note: `#[warn(unused_unsafe)]` (part of `#[warn(unused)]`) on by default
[INFO] [stdout] 
[INFO] [stdout] 
[INFO] [stdout] warning: unnecessary `unsafe` block
[INFO] [stdout]   --> logan-core/src/math_x86.rs:71:24
[INFO] [stdout]    |
[INFO] [stdout] 71 |         let mut acc1 = unsafe { _mm256_setzero_ps() };
[INFO] [stdout]    |                        ^^^^^^ unnecessary `unsafe` block
[INFO] [stdout] 
[INFO] [stdout] 
[INFO] [stdout] warning: unnecessary `unsafe` block
[INFO] [stdout]    --> logan-core/src/math_x86.rs:129:5
[INFO] [stdout]     |
[INFO] [stdout] 129 |     unsafe {
[INFO] [stdout]     |     ^^^^^^ unnecessary `unsafe` block
[INFO] [stdout] 
[INFO] [stdout] 
[INFO] [stdout] warning: unnecessary `unsafe` block
[INFO] [stdout]    --> logan-core/src/math_x86.rs:151:24
[INFO] [stdout]     |
[INFO] [stdout] 151 |         let mut acc0 = unsafe { _mm256_setzero_ps() };
[INFO] [stdout]     |                        ^^^^^^ unnecessary `unsafe` block
[INFO] [stdout] 
[INFO] [stdout] 
[INFO] [stdout] warning: unnecessary `unsafe` block
[INFO] [stdout]    --> logan-core/src/math_x86.rs:152:24
[INFO] [stdout]     |
[INFO] [stdout] 152 |         let mut acc1 = unsafe { _mm256_setzero_ps() };
[INFO] [stdout]     |                        ^^^^^^ unnecessary `unsafe` block
[INFO] [stdout] 
[INFO] [stdout] 
[INFO] [stdout] warning: variable does not need to be mutable
[INFO] [stdout]     --> logan-core/src/cuda.rs:1061:13
[INFO] [stdout]      |
[INFO] [stdout] 1061 |         let mut b = DeviceBuf::new();
[INFO] [stdout]      |             ----^
[INFO] [stdout]      |             |
[INFO] [stdout]      |             help: remove this `mut`
[INFO] [stdout]      |
[INFO] [stdout]      = note: `#[warn(unused_mut)]` (part of `#[warn(unused)]`) on by default
[INFO] [stdout] 
[INFO] [stdout] 
[INFO] [stdout] warning: unnecessary `unsafe` block
[INFO] [stdout]   --> logan-core/src/math_x86.rs:70:24
[INFO] [stdout]    |
[INFO] [stdout] 70 |         let mut acc0 = unsafe { _mm256_setzero_ps() };
[INFO] [stdout]    |                        ^^^^^^ unnecessary `unsafe` block
[INFO] [stdout]    |
[INFO] [stdout]    = note: `#[warn(unused_unsafe)]` (part of `#[warn(unused)]`) on by default
[INFO] [stdout] 
[INFO] [stdout] 
[INFO] [stdout] warning: unnecessary `unsafe` block
[INFO] [stdout]   --> logan-core/src/math_x86.rs:71:24
[INFO] [stdout]    |
[INFO] [stdout] 71 |         let mut acc1 = unsafe { _mm256_setzero_ps() };
[INFO] [stdout]    |                        ^^^^^^ unnecessary `unsafe` block
[INFO] [stdout] 
[INFO] [stdout] 
[INFO] [stdout] warning: unnecessary `unsafe` block
[INFO] [stdout]    --> logan-core/src/math_x86.rs:129:5
[INFO] [stdout]     |
[INFO] [stdout] 129 |     unsafe {
[INFO] [stdout]     |     ^^^^^^ unnecessary `unsafe` block
[INFO] [stdout] 
[INFO] [stdout] 
[INFO] [stdout] warning: unnecessary `unsafe` block
[INFO] [stdout]    --> logan-core/src/math_x86.rs:151:24
[INFO] [stdout]     |
[INFO] [stdout] 151 |         let mut acc0 = unsafe { _mm256_setzero_ps() };
[INFO] [stdout]     |                        ^^^^^^ unnecessary `unsafe` block
[INFO] [stdout] 
[INFO] [stdout] 
[INFO] [stdout] warning: unnecessary `unsafe` block
[INFO] [stdout]    --> logan-core/src/math_x86.rs:152:24
[INFO] [stdout]     |
[INFO] [stdout] 152 |         let mut acc1 = unsafe { _mm256_setzero_ps() };
[INFO] [stdout]     |                        ^^^^^^ unnecessary `unsafe` block
[INFO] [stdout] 
[INFO] [stdout] 
[INFO] [stderr]     Checking ppv-lite86 v0.2.21
[INFO] [stderr]     Checking half v2.7.1
[INFO] [stderr]     Checking logan-llama v0.1.0 (/opt/rustwide/workdir/logan-llama)
[INFO] [stdout] error[E0425]: cannot find function `mio_probe` in module `crate::ffi`
[INFO] [stdout]    --> logan-qwen4/src/hybrid_stage.rs:728:51
[INFO] [stdout]     |
[INFO] [stdout] 728 |                 if entry.event > 0 && crate::ffi::mio_probe(row.slots[slot_index]) == Some(false) {
[INFO] [stdout]     |                                                   ^^^^^^^^^ not found in `crate::ffi`
[INFO] [stdout] 
[INFO] [stdout] 
[INFO] [stdout] error[E0425]: cannot find function `mio_probe` in module `crate::ffi`
[INFO] [stdout]    --> logan-qwen4/src/hybrid_stage.rs:780:64
[INFO] [stdout]     |
[INFO] [stdout] 780 |                 match classify_staged(entry.event, crate::ffi::mio_probe(slot)) {
[INFO] [stdout]     |                                                                ^^^^^^^^^ not found in `crate::ffi`
[INFO] [stdout] 
[INFO] [stdout] 
[INFO] [stdout] error[E0425]: cannot find function `wrap_stats` in crate `logan_metal`
[INFO] [stdout]      --> logan-qwen4/src/lib.rs:11442:80
[INFO] [stdout]       |
[INFO] [stdout] 11442 |             let (wrap_calls, wrap_zc, wrap_bytes, wrap_created) = logan_metal::wrap_stats();
[INFO] [stdout]       |                                                                                ^^^^^^^^^^ not found in `logan_metal`
[INFO] [stdout] 
[INFO] [stdout] 
[INFO] [stdout] error[E0425]: cannot find function `mio_slot_bytes_view` in module `crate::ffi`
[INFO] [stdout]      --> logan-qwen4/src/lib.rs:13927:37
[INFO] [stdout]       |
[INFO] [stdout] 13927 |                         crate::ffi::mio_slot_bytes_view(slot, stride)
[INFO] [stdout]       |                                     ^^^^^^^^^^^^^^^^^^^ not found in `crate::ffi`
[INFO] [stdout] 
[INFO] [stdout] 
[INFO] [stdout] error[E0425]: cannot find function `mio_slot_consumed` in module `crate::ffi`
[INFO] [stdout]      --> logan-qwen4/src/lib.rs:13937:33
[INFO] [stdout]       |
[INFO] [stdout] 13937 |                     crate::ffi::mio_slot_consumed(slot);
[INFO] [stdout]       |                                 ^^^^^^^^^^^^^^^^^ not found in `crate::ffi`
[INFO] [stdout] 
[INFO] [stdout] 
[INFO] [stdout] error[E0425]: cannot find function `mio_prefetch_demanded` in module `crate::ffi`
[INFO] [stdout]      --> logan-qwen4/src/lib.rs:13946:33
[INFO] [stdout]       |
[INFO] [stdout] 13946 |                     crate::ffi::mio_prefetch_demanded(slot);
[INFO] [stdout]       |                                 ^^^^^^^^^^^^^^^^^^^^^ not found in `crate::ffi`
[INFO] [stdout]       |
[INFO] [stdout] note: similarly named function `metalio_prefetch_demanded` defined here
[INFO] [stdout]      --> logan-metal/src/lib.rs:4766:5
[INFO] [stdout]       |
[INFO] [stdout]  4766 |     pub unsafe fn metalio_prefetch_demanded(_slot: i32) {}
[INFO] [stdout]       |     ^^^^^^^^^^^^^^^^^^^^^^^^^^^^^^^^^^^^^^^^^^^^^^^^^^^
[INFO] [stdout] help: a function with a similar name exists
[INFO] [stdout]       |
[INFO] [stdout] 13946 |                     crate::ffi::metalio_prefetch_demanded(slot);
[INFO] [stdout]       |                                  ++++
[INFO] [stdout] 
[INFO] [stdout] 
[INFO] [stdout] error[E0425]: cannot find function `mio_slot_consumed` in module `crate::ffi`
[INFO] [stdout]      --> logan-qwen4/src/lib.rs:13966:33
[INFO] [stdout]       |
[INFO] [stdout] 13966 |                     crate::ffi::mio_slot_consumed(slot);
[INFO] [stdout]       |                                 ^^^^^^^^^^^^^^^^^ not found in `crate::ffi`
[INFO] [stdout] 
[INFO] [stdout] 
[INFO] [stdout] warning: unused import: `GgmlType`
[INFO] [stdout]  --> logan-qwen4/src/ggufload.rs:8:30
[INFO] [stdout]   |
[INFO] [stdout] 8 |     ggufsource::{decode_row, GgmlType, GgufSource},
[INFO] [stdout]   |                              ^^^^^^^^
[INFO] [stdout]   |
[INFO] [stdout]   = note: `#[warn(unused_imports)]` (part of `#[warn(unused)]`) on by default
[INFO] [stdout] 
[INFO] [stdout] 
[INFO] [stderr]     Checking rand_chacha v0.9.0
[INFO] [stderr]     Checking rand v0.9.5
[INFO] [stdout] warning: unused import: `supports_speculative_sampling`
[INFO] [stdout]  --> logan-llama/tests/speculative_sampling.rs:3:68
[INFO] [stdout]   |
[INFO] [stdout] 3 |     route_for_sampling, route_for_temperature, sample_speculative, supports_speculative_sampling,
[INFO] [stdout]   |                                                                    ^^^^^^^^^^^^^^^^^^^^^^^^^^^^^
[INFO] [stdout]   |
[INFO] [stdout]   = note: `#[warn(unused_imports)]` (part of `#[warn(unused)]`) on by default
[INFO] [stdout] 
[INFO] [stdout] 
[INFO] [stderr]     Checking tokenizers v0.23.1
[INFO] [stdout] error[E0277]: the trait bound `&ColiMetalioStats: CoerceUnsized<&dyn Debug>` is not satisfied in `ColiMetalioStats`
[INFO] [stdout]      --> logan-qwen4/src/lib.rs:15086:5
[INFO] [stdout]       |
[INFO] [stdout] 15072 | #[derive(Debug, Clone)]
[INFO] [stdout]       |          ----- in this derive macro expansion
[INFO] [stdout] ...
[INFO] [stdout] 15086 |     mio: logan_metal::ColiMetalioStats,
[INFO] [stdout]       |     ^^^^^^^^^^^^^^^^^^^^^^^^^^^^^^^^^^ within `ColiMetalioStats`, the trait `Debug` is not implemented for `ColiMetalioStats`
[INFO] [stdout] 
[INFO] [stdout] 
[INFO] [stdout] error[E0277]: the trait bound `ColiMetalioStats: Clone` is not satisfied
[INFO] [stdout]      --> logan-qwen4/src/lib.rs:15086:5
[INFO] [stdout]       |
[INFO] [stdout] 15072 | #[derive(Debug, Clone)]
[INFO] [stdout]       |                 ----- in this derive macro expansion
[INFO] [stdout] ...
[INFO] [stdout] 15086 |     mio: logan_metal::ColiMetalioStats,
[INFO] [stdout]       |     ^^^^^^^^^^^^^^^^^^^^^^^^^^^^^^^^^^ the trait `Clone` is not implemented for `ColiMetalioStats`
[INFO] [stdout] 
[INFO] [stdout] 
[INFO] [stdout] warning: unused import: `Read`
[INFO] [stdout]   --> logan-qwen4/src/pool.rs:27:15
[INFO] [stdout]    |
[INFO] [stdout] 27 | use std::io::{Read, Write};
[INFO] [stdout]    |               ^^^^
[INFO] [stdout] 
[INFO] [stdout] 
[INFO] [stdout] warning: variable does not need to be mutable
[INFO] [stdout]    --> logan-qwen4/src/coliload.rs:603:46
[INFO] [stdout]     |
[INFO] [stdout] 603 |         let (mut ple_sizes, mut ple_offsets, mut ple_mult) = if cfg.ple_layer >= 0 {
[INFO] [stdout]     |                                              ----^^^^^^^^
[INFO] [stdout]     |                                              |
[INFO] [stdout]     |                                              help: remove this `mut`
[INFO] [stdout]     |
[INFO] [stdout]     = note: `#[warn(unused_mut)]` (part of `#[warn(unused)]`) on by default
[INFO] [stdout] 
[INFO] [stdout] 
[INFO] [stdout] warning: unnecessary `unsafe` block
[INFO] [stdout]    --> logan-qwen4/src/colisource.rs:139:13
[INFO] [stdout]     |
[INFO] [stdout] 139 |             unsafe { crate::ffi::metalio_slot_free(self.slot) };
[INFO] [stdout]     |             ^^^^^^ unnecessary `unsafe` block
[INFO] [stdout]     |
[INFO] [stdout]     = note: `#[warn(unused_unsafe)]` (part of `#[warn(unused)]`) on by default
[INFO] [stdout] 
[INFO] [stdout] 
[INFO] [stdout] warning: unnecessary `unsafe` block
[INFO] [stdout]    --> logan-qwen4/src/colisource.rs:150:13
[INFO] [stdout]     |
[INFO] [stdout] 150 |             unsafe { crate::ffi::metalio_slot_free(self.slot) };
[INFO] [stdout]     |             ^^^^^^ unnecessary `unsafe` block
[INFO] [stdout] 
[INFO] [stdout] 
[INFO] [stdout] warning: unused variable: `role`
[INFO] [stdout]    --> logan-qwen4/src/colisource.rs:452:17
[INFO] [stdout]     |
[INFO] [stdout] 452 |             let role = u16::from_le_bytes(raw[d..d + 2].try_into().unwrap());
[INFO] [stdout]     |                 ^^^^ help: if this is intentional, prefix it with an underscore: `_role`
[INFO] [stdout]     |
[INFO] [stdout]     = note: `#[warn(unused_variables)]` (part of `#[warn(unused)]`) on by default
[INFO] [stdout] 
[INFO] [stdout] 
[INFO] [stdout] warning: unused variable: `w_decoded`
[INFO] [stdout]    --> logan-qwen4/src/colisource.rs:561:17
[INFO] [stdout]     |
[INFO] [stdout] 561 |             let w_decoded = u64::from_le_bytes(raw[d + 64..d + 72].try_into().unwrap());
[INFO] [stdout]     |                 ^^^^^^^^^ help: if this is intentional, prefix it with an underscore: `_w_decoded`
[INFO] [stdout] 
[INFO] [stdout] 
[INFO] [stdout] warning: unused variable: `file`
[INFO] [stdout]    --> logan-qwen4/src/plan/prefix_cache.rs:964:25
[INFO] [stdout]     |
[INFO] [stdout] 964 | fn maybe_enable_nocache(file: &File) -> Result<bool, String> {
[INFO] [stdout]     |                         ^^^^ help: if this is intentional, prefix it with an underscore: `_file`
[INFO] [stdout] 
[INFO] [stdout] 
[INFO] [stdout] warning: variable does not need to be mutable
[INFO] [stdout]    --> logan-qwen4/src/route_mode.rs:470:5
[INFO] [stdout]     |
[INFO] [stdout] 470 |     mut experts: Vec<usize>,
[INFO] [stdout]     |     ----^^^^^^^
[INFO] [stdout]     |     |
[INFO] [stdout]     |     help: remove this `mut`
[INFO] [stdout] 
[INFO] [stdout] 
[INFO] [stdout] warning: variable does not need to be mutable
[INFO] [stdout]    --> logan-qwen4/src/route_mode.rs:471:5
[INFO] [stdout]     |
[INFO] [stdout] 471 |     mut weights: Vec<f32>,
[INFO] [stdout]     |     ----^^^^^^^
[INFO] [stdout]     |     |
[INFO] [stdout]     |     help: remove this `mut`
[INFO] [stdout] 
[INFO] [stdout] 
[INFO] [stdout] warning: unused variable: `i`
[INFO] [stdout]     --> logan-qwen4/src/lib.rs:4185:10
[INFO] [stdout]      |
[INFO] [stdout] 4185 |     for (i, ((part, guard), y)) in parts
[INFO] [stdout]      |          ^ help: if this is intentional, prefix it with an underscore: `_i`
[INFO] [stdout] 
[INFO] [stdout] 
[INFO] [stdout] warning: unnecessary `unsafe` block
[INFO] [stdout]     --> logan-qwen4/src/lib.rs:7166:23
[INFO] [stdout]      |
[INFO] [stdout] 7166 |             let ptr = unsafe { crate::ffi::metalio_slot_ptr(slot) } as *mut u8;
[INFO] [stdout]      |                       ^^^^^^ unnecessary `unsafe` block
[INFO] [stdout] 
[INFO] [stdout] 
[INFO] [stdout] warning: unnecessary `unsafe` block
[INFO] [stdout]     --> logan-qwen4/src/lib.rs:7168:17
[INFO] [stdout]      |
[INFO] [stdout] 7168 |                 unsafe { crate::ffi::metalio_slot_free(slot) };
[INFO] [stdout]      |                 ^^^^^^ unnecessary `unsafe` block
[INFO] [stdout] 
[INFO] [stdout] 
[INFO] [stdout] warning: unnecessary `unsafe` block
[INFO] [stdout]     --> logan-qwen4/src/lib.rs:7249:19
[INFO] [stdout]      |
[INFO] [stdout] 7249 |         let ptr = unsafe { crate::ffi::metalio_slot_ptr(slot) } as *mut u8;
[INFO] [stdout]      |                   ^^^^^^ unnecessary `unsafe` block
[INFO] [stdout] 
[INFO] [stdout] 
[INFO] [stdout] warning: unnecessary `unsafe` block
[INFO] [stdout]     --> logan-qwen4/src/lib.rs:7251:13
[INFO] [stdout]      |
[INFO] [stdout] 7251 |             unsafe { crate::ffi::metalio_slot_free(slot) };
[INFO] [stdout]      |             ^^^^^^ unnecessary `unsafe` block
[INFO] [stdout] 
[INFO] [stdout] 
[INFO] [stdout] warning: unnecessary `unsafe` block
[INFO] [stdout]     --> logan-qwen4/src/lib.rs:7454:12
[INFO] [stdout]      |
[INFO] [stdout] 7454 |         if unsafe { crate::ffi::metalio_wait(ev) } != 0 {
[INFO] [stdout]      |            ^^^^^^ unnecessary `unsafe` block
[INFO] [stdout] 
[INFO] [stdout] 
[INFO] [stdout] warning: variable does not need to be mutable
[INFO] [stdout]     --> logan-qwen4/src/lib.rs:8692:17
[INFO] [stdout]      |
[INFO] [stdout] 8692 |             let mut finish_with = |me: &mut Self, outs: &[Vec<f32>]| {
[INFO] [stdout]      |                 ----^^^^^^^^^^^
[INFO] [stdout]      |                 |
[INFO] [stdout]      |                 help: remove this `mut`
[INFO] [stdout] 
[INFO] [stdout] 
[INFO] [stdout] warning: variable does not need to be mutable
[INFO] [stdout]     --> logan-qwen4/src/lib.rs:9282:13
[INFO] [stdout]      |
[INFO] [stdout] 9282 |         let mut layer = std::mem::replace(&mut self.layers[li], Layer::empty());
[INFO] [stdout]      |             ----^^^^^
[INFO] [stdout]      |             |
[INFO] [stdout]      |             help: remove this `mut`
[INFO] [stdout] 
[INFO] [stdout] 
[INFO] [stdout] warning: unnecessary `unsafe` block
[INFO] [stdout]      --> logan-qwen4/src/lib.rs:10446:44
[INFO] [stdout]       |
[INFO] [stdout] 10446 | ...                   ev == 0 || unsafe { crate::ffi::metalio_wait(ev) } == 0
[INFO] [stdout]       |                                  ^^^^^^ unnecessary `unsafe` block
[INFO] [stdout] 
[INFO] [stdout] 
[INFO] [stdout] warning: unnecessary `unsafe` block
[INFO] [stdout]      --> logan-qwen4/src/lib.rs:11038:19
[INFO] [stdout]       |
[INFO] [stdout] 11038 |         let ptr = unsafe { crate::ffi::metalio_slot_ptr(slot) } as *mut u8;
[INFO] [stdout]       |                   ^^^^^^ unnecessary `unsafe` block
[INFO] [stdout] 
[INFO] [stdout] 
[INFO] [stdout] warning: unnecessary `unsafe` block
[INFO] [stdout]      --> logan-qwen4/src/lib.rs:11040:13
[INFO] [stdout]       |
[INFO] [stdout] 11040 |             unsafe { crate::ffi::metalio_slot_free(slot) };
[INFO] [stdout]       |             ^^^^^^ unnecessary `unsafe` block
[INFO] [stdout] 
[INFO] [stdout] 
[INFO] [stdout] warning: unnecessary `unsafe` block
[INFO] [stdout]      --> logan-qwen4/src/lib.rs:11065:12
[INFO] [stdout]       |
[INFO] [stdout] 11065 |         if unsafe { crate::ffi::metalio_wait(ev) } != 0 {
[INFO] [stdout]       |            ^^^^^^ unnecessary `unsafe` block
[INFO] [stdout] 
[INFO] [stdout] 
[INFO] [stdout] warning: unused variable: `e`
[INFO] [stdout]      --> logan-qwen4/src/lib.rs:12853:21
[INFO] [stdout]       |
[INFO] [stdout] 12853 |         if let Some(e) = failure.as_ref() {}
[INFO] [stdout]       |                     ^ help: if this is intentional, prefix it with an underscore: `_e`
[INFO] [stdout] 
[INFO] [stdout] 
[INFO] [stdout] warning: value assigned to `arena_share_ns` is never read
[INFO] [stdout]      --> logan-qwen4/src/lib.rs:12740:34
[INFO] [stdout]       |
[INFO] [stdout] 12740 |         let mut arena_share_ns = 0u64;
[INFO] [stdout]       |                                  ^^^^ this value is reassigned later and never used
[INFO] [stdout] ...
[INFO] [stdout] 12872 |         arena_share_ns = arena_t0.elapsed().as_nanos() as u64;
[INFO] [stdout]       |         ----------------------------------------------------- `arena_share_ns` is overwritten here before the previous value is read
[INFO] [stdout]       |
[INFO] [stdout]       = note: `#[warn(unused_assignments)]` (part of `#[warn(unused)]`) on by default
[INFO] [stdout] 
[INFO] [stdout] 
[INFO] [stdout] warning: variable `arena_used` is assigned to, but never used
[INFO] [stdout]      --> logan-qwen4/src/lib.rs:14662:13
[INFO] [stdout]       |
[INFO] [stdout] 14662 |         let mut arena_used = false;
[INFO] [stdout]       |             ^^^^^^^^^^^^^^
[INFO] [stdout]       |
[INFO] [stdout]       = note: consider using `_arena_used` instead
[INFO] [stdout] 
[INFO] [stdout] 
[INFO] [stdout] warning: value assigned to `arena_used` is never read
[INFO] [stdout]      --> logan-qwen4/src/lib.rs:14683:21
[INFO] [stdout]       |
[INFO] [stdout] 14683 |                     arena_used = true;
[INFO] [stdout]       |                     ^^^^^^^^^^^^^^^^^
[INFO] [stdout]       |
[INFO] [stdout]       = help: maybe it is overwritten before being read?
[INFO] [stdout] 
[INFO] [stdout] 
[INFO] [stdout] warning: variable does not need to be mutable
[INFO] [stdout]      --> logan-qwen4/src/lib.rs:14771:9
[INFO] [stdout]       |
[INFO] [stdout] 14771 |         mut mats_all: Vec<[Wt; 3]>,
[INFO] [stdout]       |         ----^^^^^^^^
[INFO] [stdout]       |         |
[INFO] [stdout]       |         help: remove this `mut`
[INFO] [stdout] 
[INFO] [stdout] 
[INFO] [stdout] Some errors have detailed explanations: E0277, E0425.
[INFO] [stdout] 
[INFO] [stdout] For more information about an error, try `rustc --explain E0277`.
[INFO] [stdout] 
[INFO] [stderr] error: could not compile `logan-qwen4` (lib) due to 9 previous errors; 27 warnings emitted
[INFO] [stderr] warning: build failed, waiting for other jobs to finish...
[INFO] [stderr] warning: unused dependency `bytemuck`
[INFO] [stderr]   --> logan-core/Cargo.toml:15:1
[INFO] [stderr]    |
[INFO] [stderr] 15 | bytemuck = "1.0"
[INFO] [stderr]    | ^^^^^^^^^^^^^^^^
[INFO] [stderr]    |
[INFO] [stderr]    = note: `cargo::unused_dependencies` is set to `warn` by default
[INFO] [stderr] help: consider removing the dependency on `bytemuck`
[INFO] [stderr] warning: unused dependency `logan-ir`
[INFO] [stderr]   --> logan-core/Cargo.toml:11:1
[INFO] [stderr]    |
[INFO] [stderr] 11 | logan-ir = { path = "../logan-ir" }
[INFO] [stderr]    | ^^^^^^^^^^^^^^^^^^^^^^^^^^^^^^^^^^^
[INFO] [stderr]    |
[INFO] [stderr] help: consider removing the dependency on `logan-ir`
[INFO] [stderr] warning: `logan-core` (manifest) generated 2 warnings
[INFO] running `Command { std: "docker" "inspect" "414cf4a1b0b62b9dc90b182a886921d89f870d829036d47e5620207d6ab9e78b", kill_on_drop: false }`
[INFO] running `Command { std: "docker" "rm" "-f" "414cf4a1b0b62b9dc90b182a886921d89f870d829036d47e5620207d6ab9e78b", kill_on_drop: false }`
[INFO] [stdout] 414cf4a1b0b62b9dc90b182a886921d89f870d829036d47e5620207d6ab9e78b
