[INFO] cloning repository https://github.com/matatabi072/sizeview
[INFO] running `Command { std: "git" "-c" "credential.helper=" "-c" "credential.helper=/workspace/cargo-home/bin/git-credential-null" "clone" "--bare" "https://github.com/matatabi072/sizeview" "/workspace/cache/git-repos/https%3A%2F%2Fgithub.com%2Fmatatabi072%2Fsizeview", kill_on_drop: false }`
[INFO] [stderr] Cloning into bare repository '/workspace/cache/git-repos/https%3A%2F%2Fgithub.com%2Fmatatabi072%2Fsizeview'...
[INFO] running `Command { std: "git" "rev-parse" "HEAD", kill_on_drop: false }`
[INFO] [stdout] 38c8817a6f66f9b658ff47f8061a389a4d0df833
[INFO] checking matatabi072/sizeview against 3154cc1a3e6424e44f438a95007d043ed5ceaaf6 for pr-133502-30
[INFO] running `Command { std: "git" "clone" "/workspace/cache/git-repos/https%3A%2F%2Fgithub.com%2Fmatatabi072%2Fsizeview" "/workspace/builds/worker-0-tc2/source", kill_on_drop: false }`
[INFO] [stderr] Cloning into '/workspace/builds/worker-0-tc2/source'...
[INFO] [stderr] done.
[INFO] started tweaking git repo https://github.com/matatabi072/sizeview
[INFO] finished tweaking git repo https://github.com/matatabi072/sizeview
[INFO] tweaked toml for git repo https://github.com/matatabi072/sizeview written to /workspace/builds/worker-0-tc2/source/Cargo.toml
[INFO] validating manifest of git repo https://github.com/matatabi072/sizeview on toolchain 3154cc1a3e6424e44f438a95007d043ed5ceaaf6
[INFO] running `Command { std: CARGO_HOME="/workspace/cargo-home" RUSTUP_HOME="/workspace/rustup-home" "/workspace/cargo-home/bin/cargo" "+3154cc1a3e6424e44f438a95007d043ed5ceaaf6" "metadata" "--manifest-path" "Cargo.toml" "--no-deps", kill_on_drop: false }`
[INFO] crate git repo https://github.com/matatabi072/sizeview already has a lockfile, it will not be regenerated
[INFO] running `Command { std: CARGO_HOME="/workspace/cargo-home" RUSTUP_HOME="/workspace/rustup-home" "/workspace/cargo-home/bin/cargo" "+3154cc1a3e6424e44f438a95007d043ed5ceaaf6" "fetch" "--manifest-path" "Cargo.toml", kill_on_drop: false }`
[INFO] [stderr]     Blocking waiting for file lock on package cache
[INFO] [stderr]     Blocking waiting for file lock on package cache
[INFO] running `Command { std: "docker" "create" "-v" "/var/lib/crater-agent-workspace/builds/worker-0-tc2/source:/opt/rustwide/workdir:ro,Z" "-v" "/var/lib/crater-agent-workspace/builds/worker-0-tc2/target:/opt/rustwide/target:rw,Z" "-v" "/var/lib/crater-agent-workspace/cargo-home:/opt/rustwide/cargo-home:ro,Z" "-v" "/var/lib/crater-agent-workspace/rustup-home:/opt/rustwide/rustup-home:ro,Z" "-m" "1610612736" "--network" "none" "ghcr.io/rust-lang/crates-build-env/linux@sha256:77db811e55d90add9212f6832c23229e3de5f1c1f9905e8cb07319ea15df73ac" "sleep" "infinity", kill_on_drop: false }`
[INFO] [stdout] 11b617c1362216d0fc43f2a617e772dd28bea5355440d8925469abeee1910fae
[INFO] running `Command { std: "docker" "start" "11b617c1362216d0fc43f2a617e772dd28bea5355440d8925469abeee1910fae", kill_on_drop: false }`
[INFO] running `Command { std: "docker" "inspect" "11b617c1362216d0fc43f2a617e772dd28bea5355440d8925469abeee1910fae", kill_on_drop: false }`
[INFO] running `Command { std: "docker" "exec" "-e" "SOURCE_DIR=/opt/rustwide/workdir" "-e" "CARGO_HOME=/opt/rustwide/cargo-home" "-e" "RUSTUP_HOME=/opt/rustwide/rustup-home" "-e" "CARGO_TARGET_DIR=/opt/rustwide/target" "-w" "/opt/rustwide/workdir" "--user" "0:0" "11b617c1362216d0fc43f2a617e772dd28bea5355440d8925469abeee1910fae" "/opt/rustwide/cargo-home/bin/cargo" "+3154cc1a3e6424e44f438a95007d043ed5ceaaf6" "metadata" "--no-deps" "--format-version=1", kill_on_drop: false }`
[INFO] running `Command { std: "docker" "inspect" "11b617c1362216d0fc43f2a617e772dd28bea5355440d8925469abeee1910fae", kill_on_drop: false }`
[INFO] running `Command { std: "docker" "exec" "-e" "SOURCE_DIR=/opt/rustwide/workdir" "-e" "CARGO_HOME=/opt/rustwide/cargo-home" "-e" "RUSTUP_HOME=/opt/rustwide/rustup-home" "-e" "CARGO_TARGET_DIR=/opt/rustwide/target" "-e" "CARGO_INCREMENTAL=0" "-e" "RUST_BACKTRACE=full" "-e" "RUSTFLAGS=--cap-lints=forbid" "-e" "RUSTDOCFLAGS=--cap-lints=forbid" "-w" "/opt/rustwide/workdir" "--user" "0:0" "11b617c1362216d0fc43f2a617e772dd28bea5355440d8925469abeee1910fae" "/opt/rustwide/cargo-home/bin/cargo" "+3154cc1a3e6424e44f438a95007d043ed5ceaaf6" "check" "--frozen" "--all" "--all-targets" "--message-format=json", kill_on_drop: false }`
[INFO] [stderr]    Compiling serde_core v1.0.229
[INFO] [stderr]    Compiling rustix v1.1.4
[INFO] [stderr]    Compiling zerocopy v0.8.55
[INFO] [stderr]    Compiling syn v2.0.119
[INFO] [stderr]    Compiling syn v3.0.3
[INFO] [stderr]    Compiling wayland-backend v0.3.16
[INFO] [stderr]    Compiling wayland-client v0.31.15
[INFO] [stderr]    Compiling serde v1.0.229
[INFO] [stderr]     Checking wayland-sys v0.31.11
[INFO] [stderr]    Compiling ahash v0.8.12
[INFO] [stderr]     Checking tracing-core v0.1.36
[INFO] [stderr]     Checking parking_lot_core v0.9.12
[INFO] [stderr]    Compiling x11-dl v2.21.0
[INFO] [stderr]     Checking ttf-parser v0.25.1
[INFO] [stderr]     Checking epaint_default_fonts v0.29.1
[INFO] [stderr]     Checking x11rb-protocol v0.13.2
[INFO] [stderr]    Compiling phf_shared v0.11.3
[INFO] [stderr]    Compiling glutin_glx_sys v0.6.1
[INFO] [stderr]    Compiling glutin_egl_sys v0.7.1
[INFO] [stderr]    Compiling winit v0.30.13
[INFO] [stderr]    Compiling phf v0.11.3
[INFO] [stderr]    Compiling glutin v0.32.3
[INFO] [stderr]     Checking parking_lot v0.12.5
[INFO] [stderr]    Compiling memoffset v0.9.1
[INFO] [stderr]    Compiling glutin-winit v0.5.0
[INFO] [stderr]    Compiling mime_guess2 v2.3.1
[INFO] [stderr]     Checking moxcms v0.8.1
[INFO] [stderr]     Checking tracing v0.1.44
[INFO] [stderr]     Checking glow v0.14.2
[INFO] [stderr]     Checking either v1.17.0
[INFO] [stderr]     Checking chrono v0.4.45
[INFO] [stderr]     Checking humansize v2.1.3
[INFO] [stderr]     Checking rayon v1.12.0
[INFO] [stderr]    Compiling serde_derive v1.0.229
[INFO] [stderr]    Compiling displaydoc v0.2.7
[INFO] [stderr]    Compiling thiserror-impl v2.0.19
[INFO] [stderr]     Checking bitflags v2.13.1
[INFO] [stderr]     Checking serde_json v1.0.151
[INFO] [stderr]     Checking owned_ttf_parser v0.25.1
[INFO] [stderr]     Checking ab_glyph v0.2.32
[INFO] [stderr]     Checking rustix v0.38.44
[INFO] [stderr]     Checking xkbcommon-dl v0.4.2
[INFO] [stderr]     Checking png v0.18.1
[INFO] [stderr]    Compiling synstructure v0.13.2
[INFO] [stderr]     Checking thiserror v2.0.19
[INFO] [stderr]    Compiling zerovec-derive v0.11.3
[INFO] [stderr]    Compiling bytemuck_derive v1.11.0
[INFO] [stderr]    Compiling thiserror-impl v1.0.69
[INFO] [stderr]    Compiling enum-map-derive v0.17.0
[INFO] [stderr]    Compiling zerofrom-derive v0.1.7
[INFO] [stderr]    Compiling yoke-derive v0.8.2
[INFO] [stderr]     Checking zerofrom v0.1.8
[INFO] [stderr]     Checking yoke v0.8.3
[INFO] [stderr]     Checking zerotrie v0.2.4
[INFO] [stderr]     Checking zerovec v0.11.6
[INFO] [stderr]     Checking thiserror v1.0.69
[INFO] [stderr]     Checking bytemuck v1.25.2
[INFO] [stderr]     Checking image v0.25.10
[INFO] [stderr]     Checking tinystr v0.8.3
[INFO] [stderr]     Checking potential_utf v0.1.5
[INFO] [stderr]     Checking icu_collections v2.2.0
[INFO] [stderr]     Checking icu_locale_core v2.2.0
[INFO] [stderr]     Checking emath v0.29.1
[INFO] [stderr]     Checking ron v0.8.1
[INFO] [stderr]     Checking enum-map v2.7.3
[INFO] [stderr]     Checking icu_provider v2.2.0
[INFO] [stderr]     Checking ecolor v0.29.1
[INFO] [stderr]     Checking epaint v0.29.1
[INFO] [stderr]     Checking icu_properties v2.2.0
[INFO] [stderr]     Checking icu_normalizer v2.2.0
[INFO] [stderr]     Checking polling v3.11.0
[INFO] [stderr]     Checking gethostname v1.1.0
[INFO] [stderr]     Checking calloop v0.14.4
[INFO] [stderr]     Checking calloop v0.13.0
[INFO] [stderr]     Checking wayland-csd-frame v0.3.0
[INFO] [stderr]     Checking idna_adapter v1.2.2
[INFO] [stderr]     Checking idna v1.1.0
[INFO] [stderr]     Checking url v2.5.8
[INFO] [stderr]     Checking webbrowser v1.2.2
[INFO] [stderr]     Checking wayland-protocols v0.32.13
[INFO] [stderr]     Checking wayland-cursor v0.31.14
[INFO] [stderr]     Checking calloop-wayland-source v0.3.0
[INFO] [stderr]     Checking calloop-wayland-source v0.4.1
[INFO] [stderr]     Checking egui v0.29.1
[INFO] [stderr]     Checking x11rb v0.13.2
[INFO] [stderr]     Checking arboard v3.6.1
[INFO] [stderr]     Checking wayland-protocols-wlr v0.3.12
[INFO] [stderr]     Checking wayland-protocols-misc v0.3.12
[INFO] [stderr]     Checking wayland-protocols-plasma v0.3.12
[INFO] [stderr]     Checking wayland-protocols-experimental v20250721.0.1
[INFO] [stderr]     Checking egui_glow v0.29.1
[INFO] [stderr]     Checking egui_extras v0.29.1
[INFO] [stderr]     Checking smithay-client-toolkit v0.19.2
[INFO] [stderr]     Checking smithay-client-toolkit v0.20.0
[INFO] [stderr]     Checking smithay-clipboard v0.7.3
[INFO] [stderr]     Checking egui-winit v0.29.1
[INFO] [stderr]     Checking eframe v0.29.1
[INFO] [stderr]     Checking sizeview v0.1.1 (/opt/rustwide/workdir)
[INFO] [stdout] error[E0432]: unresolved import `crate::icons`
[INFO] [stdout]   --> src/app.rs:4:12
[INFO] [stdout]    |
[INFO] [stdout]  4 | use crate::icons::IconCache;
[INFO] [stdout]    |            ^^^^^ could not find `icons` in the crate root
[INFO] [stdout]    |
[INFO] [stdout] note: found an item that was configured out
[INFO] [stdout]   --> src/main.rs:14:5
[INFO] [stdout]    |
[INFO] [stdout] 13 | #[cfg(windows)]
[INFO] [stdout]    |       ------- the item is gated here
[INFO] [stdout] 14 | mod icons;
[INFO] [stdout]    |     ^^^^^
[INFO] [stdout] 
[INFO] [stdout] 
[INFO] [stdout] error[E0433]: cannot find `winfs_stub` in the crate root
[INFO] [stdout]   --> src/size_worker.rs:89:26
[INFO] [stdout]    |
[INFO] [stdout] 89 |     let raws: Vec<crate::winfs_stub::RawEntry> = Vec::new();
[INFO] [stdout]    |                          ^^^^^^^^^^ could not find `winfs_stub` in the crate root
[INFO] [stdout] 
[INFO] [stdout] 
[INFO] [stdout] error[E0433]: cannot find `icons` in the crate root
[INFO] [stdout]   --> src/ui/table.rs:29:24
[INFO] [stdout]    |
[INFO] [stdout] 29 |     icons: &mut crate::icons::IconCache,
[INFO] [stdout]    |                        ^^^^^ could not find `icons` in the crate root
[INFO] [stdout]    |
[INFO] [stdout] note: found an item that was configured out
[INFO] [stdout]   --> src/main.rs:14:5
[INFO] [stdout]    |
[INFO] [stdout] 13 | #[cfg(windows)]
[INFO] [stdout]    |       ------- the item is gated here
[INFO] [stdout] 14 | mod icons;
[INFO] [stdout]    |     ^^^^^
[INFO] [stdout] 
[INFO] [stdout] 
[INFO] [stdout] error[E0432]: unresolved import `crate::icons`
[INFO] [stdout]   --> src/app.rs:4:12
[INFO] [stdout]    |
[INFO] [stdout]  4 | use crate::icons::IconCache;
[INFO] [stdout]    |            ^^^^^ could not find `icons` in the crate root
[INFO] [stdout]    |
[INFO] [stdout] note: found an item that was configured out
[INFO] [stdout]   --> src/main.rs:14:5
[INFO] [stdout]    |
[INFO] [stdout] 13 | #[cfg(windows)]
[INFO] [stdout]    |       ------- the item is gated here
[INFO] [stdout] 14 | mod icons;
[INFO] [stdout]    |     ^^^^^
[INFO] [stdout] 
[INFO] [stdout] 
[INFO] [stdout] error[E0433]: cannot find `winfs_stub` in the crate root
[INFO] [stdout]   --> src/size_worker.rs:89:26
[INFO] [stdout]    |
[INFO] [stdout] 89 |     let raws: Vec<crate::winfs_stub::RawEntry> = Vec::new();
[INFO] [stdout]    |                          ^^^^^^^^^^ could not find `winfs_stub` in the crate root
[INFO] [stdout] 
[INFO] [stdout] 
[INFO] [stdout] error[E0433]: cannot find `icons` in the crate root
[INFO] [stdout]   --> src/ui/table.rs:29:24
[INFO] [stdout]    |
[INFO] [stdout] 29 |     icons: &mut crate::icons::IconCache,
[INFO] [stdout]    |                        ^^^^^ could not find `icons` in the crate root
[INFO] [stdout]    |
[INFO] [stdout] note: found an item that was configured out
[INFO] [stdout]   --> src/main.rs:14:5
[INFO] [stdout]    |
[INFO] [stdout] 13 | #[cfg(windows)]
[INFO] [stdout]    |       ------- the item is gated here
[INFO] [stdout] 14 | mod icons;
[INFO] [stdout]    |     ^^^^^
[INFO] [stdout] 
[INFO] [stdout] 
[INFO] [stdout] Some errors have detailed explanations: E0432, E0433.
[INFO] [stdout] 
[INFO] [stdout] For more information about an error, try `rustc --explain E0432`.
[INFO] [stdout] 
[INFO] [stderr] error: could not compile `sizeview` (bin "sizeview" test) due to 3 previous errors
[INFO] [stderr] warning: build failed, waiting for other jobs to finish...
[INFO] [stdout] Some errors have detailed explanations: E0432, E0433.
[INFO] [stdout] 
[INFO] [stdout] For more information about an error, try `rustc --explain E0432`.
[INFO] [stdout] 
[INFO] [stderr] error: could not compile `sizeview` (bin "sizeview") due to 3 previous errors
[INFO] running `Command { std: "docker" "inspect" "11b617c1362216d0fc43f2a617e772dd28bea5355440d8925469abeee1910fae", kill_on_drop: false }`
[INFO] running `Command { std: "docker" "rm" "-f" "11b617c1362216d0fc43f2a617e772dd28bea5355440d8925469abeee1910fae", kill_on_drop: false }`
[INFO] [stdout] 11b617c1362216d0fc43f2a617e772dd28bea5355440d8925469abeee1910fae
