[INFO] cloning repository https://github.com/matatabi072/WinEnvManager
[INFO] running `Command { std: "git" "-c" "credential.helper=" "-c" "credential.helper=/workspace/cargo-home/bin/git-credential-null" "clone" "--bare" "https://github.com/matatabi072/WinEnvManager" "/workspace/cache/git-repos/https%3A%2F%2Fgithub.com%2Fmatatabi072%2FWinEnvManager", kill_on_drop: false }`
[INFO] [stderr] Cloning into bare repository '/workspace/cache/git-repos/https%3A%2F%2Fgithub.com%2Fmatatabi072%2FWinEnvManager'...
[INFO] running `Command { std: "git" "rev-parse" "HEAD", kill_on_drop: false }`
[INFO] [stdout] f9bfc36b5eda9d1346394caaf163cb100e2172c3
[INFO] checking matatabi072/WinEnvManager against 3154cc1a3e6424e44f438a95007d043ed5ceaaf6+rustflags=-Znext-solver=coherence for pr-133502-30
[INFO] running `Command { std: "git" "clone" "/workspace/cache/git-repos/https%3A%2F%2Fgithub.com%2Fmatatabi072%2FWinEnvManager" "/workspace/builds/worker-2-tc1/source", kill_on_drop: false }`
[INFO] [stderr] Cloning into '/workspace/builds/worker-2-tc1/source'...
[INFO] [stderr] done.
[INFO] started tweaking git repo https://github.com/matatabi072/WinEnvManager
[INFO] finished tweaking git repo https://github.com/matatabi072/WinEnvManager
[INFO] tweaked toml for git repo https://github.com/matatabi072/WinEnvManager written to /workspace/builds/worker-2-tc1/source/Cargo.toml
[INFO] validating manifest of git repo https://github.com/matatabi072/WinEnvManager on toolchain 3154cc1a3e6424e44f438a95007d043ed5ceaaf6
[INFO] running `Command { std: CARGO_HOME="/workspace/cargo-home" RUSTUP_HOME="/workspace/rustup-home" "/workspace/cargo-home/bin/cargo" "+3154cc1a3e6424e44f438a95007d043ed5ceaaf6" "metadata" "--manifest-path" "Cargo.toml" "--no-deps", kill_on_drop: false }`
[INFO] crate git repo https://github.com/matatabi072/WinEnvManager already has a lockfile, it will not be regenerated
[INFO] running `Command { std: CARGO_HOME="/workspace/cargo-home" RUSTUP_HOME="/workspace/rustup-home" "/workspace/cargo-home/bin/cargo" "+3154cc1a3e6424e44f438a95007d043ed5ceaaf6" "fetch" "--manifest-path" "Cargo.toml", kill_on_drop: false }`
[INFO] [stderr]  Downloading crates ...
[INFO] [stderr]   Downloaded winreg v0.52.0
[INFO] [stderr]   Downloaded egui_extras v0.29.1
[INFO] [stderr]   Downloaded bytemuck_derive v1.11.0
[INFO] [stderr]   Downloaded webbrowser v1.2.2
[INFO] running `Command { std: "docker" "create" "-v" "/var/lib/crater-agent-workspace/builds/worker-2-tc1/source:/opt/rustwide/workdir:ro,Z" "-v" "/var/lib/crater-agent-workspace/builds/worker-2-tc1/target:/opt/rustwide/target:rw,Z" "-v" "/var/lib/crater-agent-workspace/cargo-home:/opt/rustwide/cargo-home:ro,Z" "-v" "/var/lib/crater-agent-workspace/rustup-home:/opt/rustwide/rustup-home:ro,Z" "-m" "1610612736" "--network" "none" "ghcr.io/rust-lang/crates-build-env/linux@sha256:77db811e55d90add9212f6832c23229e3de5f1c1f9905e8cb07319ea15df73ac" "sleep" "infinity", kill_on_drop: false }`
[INFO] [stdout] 49baeed8db876f1199fc9ed7360fdd49fb415417a9e815567c4d097bffe18869
[INFO] running `Command { std: "docker" "start" "49baeed8db876f1199fc9ed7360fdd49fb415417a9e815567c4d097bffe18869", kill_on_drop: false }`
[INFO] running `Command { std: "docker" "inspect" "49baeed8db876f1199fc9ed7360fdd49fb415417a9e815567c4d097bffe18869", kill_on_drop: false }`
[INFO] running `Command { std: "docker" "exec" "-e" "SOURCE_DIR=/opt/rustwide/workdir" "-e" "CARGO_HOME=/opt/rustwide/cargo-home" "-e" "RUSTUP_HOME=/opt/rustwide/rustup-home" "-e" "CARGO_TARGET_DIR=/opt/rustwide/target" "-w" "/opt/rustwide/workdir" "--user" "0:0" "49baeed8db876f1199fc9ed7360fdd49fb415417a9e815567c4d097bffe18869" "/opt/rustwide/cargo-home/bin/cargo" "+3154cc1a3e6424e44f438a95007d043ed5ceaaf6" "metadata" "--no-deps" "--format-version=1", kill_on_drop: false }`
[INFO] running `Command { std: "docker" "inspect" "49baeed8db876f1199fc9ed7360fdd49fb415417a9e815567c4d097bffe18869", kill_on_drop: false }`
[INFO] running `Command { std: "docker" "exec" "-e" "SOURCE_DIR=/opt/rustwide/workdir" "-e" "CARGO_HOME=/opt/rustwide/cargo-home" "-e" "RUSTUP_HOME=/opt/rustwide/rustup-home" "-e" "CARGO_TARGET_DIR=/opt/rustwide/target" "-e" "CARGO_INCREMENTAL=0" "-e" "RUST_BACKTRACE=full" "-e" "RUSTFLAGS=--cap-lints=forbid -Znext-solver=coherence" "-e" "RUSTDOCFLAGS=--cap-lints=forbid" "-w" "/opt/rustwide/workdir" "--user" "0:0" "49baeed8db876f1199fc9ed7360fdd49fb415417a9e815567c4d097bffe18869" "/opt/rustwide/cargo-home/bin/cargo" "+3154cc1a3e6424e44f438a95007d043ed5ceaaf6" "check" "--frozen" "--all" "--all-targets" "--message-format=json", kill_on_drop: false }`
[INFO] [stderr]    Compiling serde_core v1.0.229
[INFO] [stderr]     Checking log v0.4.33
[INFO] [stderr]    Compiling pkg-config v0.3.33
[INFO] [stderr]    Compiling syn v2.0.119
[INFO] [stderr]    Compiling syn v3.0.3
[INFO] [stderr]    Compiling libc v0.2.189
[INFO] [stderr]    Compiling find-msvc-tools v0.1.9
[INFO] [stderr]     Checking stable_deref_trait v1.2.1
[INFO] [stderr]    Compiling serde v1.0.229
[INFO] [stderr]    Compiling khronos_api v3.1.0
[INFO] [stderr]    Compiling zerocopy v0.8.55
[INFO] [stderr]     Checking litemap v0.8.2
[INFO] [stderr]    Compiling ahash v0.8.12
[INFO] [stderr]     Checking writeable v0.6.3
[INFO] [stderr]    Compiling xml-rs v0.8.28
[INFO] [stderr]     Checking tracing-core v0.1.36
[INFO] [stderr]    Compiling icu_normalizer_data v2.2.0
[INFO] [stderr]    Compiling cc v1.4.0
[INFO] [stderr]    Compiling icu_properties_data v2.2.0
[INFO] [stderr]     Checking utf8_iter v1.0.4
[INFO] [stderr]     Checking xcursor v0.3.10
[INFO] [stderr]     Checking owned_ttf_parser v0.25.1
[INFO] [stderr]    Compiling num-traits v0.2.19
[INFO] [stderr]     Checking nohash-hasher v0.2.0
[INFO] [stderr]    Compiling crc32fast v1.5.0
[INFO] [stderr]    Compiling unicase v2.9.0
[INFO] [stderr]     Checking ab_glyph v0.2.32
[INFO] [stderr]    Compiling thiserror v2.0.19
[INFO] [stderr]     Checking base64 v0.21.7
[INFO] [stderr]    Compiling siphasher v1.0.3
[INFO] [stderr]     Checking epaint_default_fonts v0.29.1
[INFO] [stderr]    Compiling gl_generator v0.14.0
[INFO] [stderr]    Compiling phf_shared v0.11.3
[INFO] [stderr]    Compiling winit v0.30.13
[INFO] [stderr]    Compiling smithay-client-toolkit v0.20.0
[INFO] [stderr]    Compiling wayland-sys v0.31.11
[INFO] [stderr]    Compiling x11-dl v2.21.0
[INFO] [stderr]     Checking tracing v0.1.44
[INFO] [stderr]    Compiling phf v0.11.3
[INFO] [stderr]     Checking form_urlencoded v1.2.2
[INFO] [stderr]    Compiling glutin v0.32.3
[INFO] [stderr]    Compiling memoffset v0.9.1
[INFO] [stderr]     Checking dpi v0.1.2
[INFO] [stderr]     Checking smol_str v0.2.2
[INFO] [stderr]    Compiling mime_guess2 v2.3.1
[INFO] [stderr]     Checking flate2 v1.1.9
[INFO] [stderr]    Compiling glutin-winit v0.5.0
[INFO] [stderr]    Compiling serde_json v1.0.151
[INFO] [stderr]     Checking byteorder-lite v0.1.0
[INFO] [stderr]     Checking glow v0.14.2
[INFO] [stderr]     Checking web-time v1.1.0
[INFO] [stderr]     Checking iana-time-zone v0.1.65
[INFO] [stderr]     Checking home v0.5.12
[INFO] [stderr]    Compiling glutin_egl_sys v0.7.1
[INFO] [stderr]    Compiling glutin_glx_sys v0.6.1
[INFO] [stderr]     Checking moxcms v0.8.1
[INFO] [stderr]     Checking getrandom v0.3.4
[INFO] [stderr]     Checking parking_lot_core v0.9.12
[INFO] [stderr]     Checking memmap2 v0.9.11
[INFO] [stderr]    Compiling wayland-backend v0.3.16
[INFO] [stderr]     Checking parking_lot v0.12.5
[INFO] [stderr]    Compiling serde_derive v1.0.229
[INFO] [stderr]    Compiling displaydoc v0.2.7
[INFO] [stderr]    Compiling thiserror-impl v2.0.19
[INFO] [stderr]    Compiling synstructure v0.13.2
[INFO] [stderr]     Checking bitflags v2.13.1
[INFO] [stderr]    Compiling zerofrom-derive v0.1.7
[INFO] [stderr]    Compiling yoke-derive v0.8.2
[INFO] [stderr]    Compiling zerovec-derive v0.11.3
[INFO] [stderr]    Compiling bytemuck_derive v1.11.0
[INFO] [stderr]    Compiling thiserror-impl v1.0.69
[INFO] [stderr]    Compiling enum-map-derive v0.17.0
[INFO] [stderr]     Checking rustix v1.1.4
[INFO] [stderr]     Checking rustix v0.38.44
[INFO] [stderr]     Checking xkbcommon-dl v0.4.2
[INFO] [stderr]     Checking png v0.18.1
[INFO] [stderr]     Checking zerofrom v0.1.8
[INFO] [stderr]     Checking yoke v0.8.3
[INFO] [stderr]     Checking zerovec v0.11.6
[INFO] [stderr]     Checking zerotrie v0.2.4
[INFO] [stderr]     Checking thiserror v1.0.69
[INFO] [stderr]     Checking bytemuck v1.25.2
[INFO] [stderr]     Checking tinystr v0.8.3
[INFO] [stderr]     Checking potential_utf v0.1.5
[INFO] [stderr]     Checking icu_collections v2.2.0
[INFO] [stderr]     Checking icu_locale_core v2.2.0
[INFO] [stderr]     Checking image v0.25.10
[INFO] [stderr]     Checking icu_provider v2.2.0
[INFO] [stderr]     Checking icu_normalizer v2.2.0
[INFO] [stderr]     Checking icu_properties v2.2.0
[INFO] [stderr]     Checking emath v0.29.1
[INFO] [stderr]     Checking ron v0.8.1
[INFO] [stderr]     Checking enum-map v2.7.3
[INFO] [stderr]     Checking chrono v0.4.45
[INFO] [stderr]     Checking ecolor v0.29.1
[INFO] [stderr]     Checking epaint v0.29.1
[INFO] [stderr]     Checking polling v3.11.0
[INFO] [stderr]     Checking gethostname v1.1.0
[INFO] [stderr]     Checking x11rb v0.13.2
[INFO] [stderr]     Checking calloop v0.14.4
[INFO] [stderr]     Checking idna_adapter v1.2.2
[INFO] [stderr]     Checking idna v1.1.0
[INFO] [stderr]     Checking url v2.5.8
[INFO] [stderr]     Checking wayland-client v0.31.15
[INFO] [stderr]     Checking wayland-csd-frame v0.3.0
[INFO] [stderr]     Checking calloop v0.13.0
[INFO] [stderr]     Checking webbrowser v1.2.2
[INFO] [stderr]     Checking arboard v3.6.1
[INFO] [stderr]     Checking egui v0.29.1
[INFO] [stderr]     Checking wayland-protocols v0.32.13
[INFO] [stderr]     Checking wayland-cursor v0.31.14
[INFO] [stderr]     Checking calloop-wayland-source v0.3.0
[INFO] [stderr]     Checking calloop-wayland-source v0.4.1
[INFO] [stderr]     Checking egui_glow v0.29.1
[INFO] [stderr]     Checking egui_extras v0.29.1
[INFO] [stderr]     Checking wayland-protocols-wlr v0.3.12
[INFO] [stderr]     Checking wayland-protocols-misc v0.3.12
[INFO] [stderr]     Checking wayland-protocols-plasma v0.3.12
[INFO] [stderr]     Checking wayland-protocols-experimental v20250721.0.1
[INFO] [stderr]     Checking smithay-client-toolkit v0.19.2
[INFO] [stderr]     Checking smithay-clipboard v0.7.3
[INFO] [stderr]     Checking egui-winit v0.29.1
[INFO] [stderr]     Checking eframe v0.29.1
[INFO] [stderr]     Checking envmanager v0.1.0 (/opt/rustwide/workdir)
[INFO] [stdout] error[E0433]: cannot find `windows` in `os`
[INFO] [stdout]  --> src/admin.rs:2:14
[INFO] [stdout]   |
[INFO] [stdout] 2 | use std::os::windows::ffi::OsStrExt;
[INFO] [stdout]   |              ^^^^^^^ could not find `windows` in `os`
[INFO] [stdout]   |
[INFO] [stdout] note: found an item that was configured out
[INFO] [stdout]  --> /rustc/3154cc1a3e6424e44f438a95007d043ed5ceaaf6/library/std/src/os/mod.rs:62:4
[INFO] [stdout]   |
[INFO] [stdout]   = note: the item is gated behind the `windows` feature
[INFO] [stdout] 
[INFO] [stdout] 
[INFO] [stdout] error[E0433]: cannot find module or crate `windows` in this scope
[INFO] [stdout]  --> src/admin.rs:3:5
[INFO] [stdout]   |
[INFO] [stdout] 3 | use windows::core::PCWSTR;
[INFO] [stdout]   |     ^^^^^^^ use of unresolved module or unlinked crate `windows`
[INFO] [stdout]   |
[INFO] [stdout]   = help: if you wanted to use a crate named `windows`, use `cargo add windows` to add it to your `Cargo.toml`
[INFO] [stdout] 
[INFO] [stdout] 
[INFO] [stdout] error[E0433]: cannot find module or crate `windows` in this scope
[INFO] [stdout]  --> src/admin.rs:4:5
[INFO] [stdout]   |
[INFO] [stdout] 4 | use windows::Win32::Foundation::{CloseHandle, HANDLE};
[INFO] [stdout]   |     ^^^^^^^ use of unresolved module or unlinked crate `windows`
[INFO] [stdout]   |
[INFO] [stdout]   = help: if you wanted to use a crate named `windows`, use `cargo add windows` to add it to your `Cargo.toml`
[INFO] [stdout] 
[INFO] [stdout] 
[INFO] [stdout] error[E0433]: cannot find module or crate `windows` in this scope
[INFO] [stdout]  --> src/admin.rs:5:5
[INFO] [stdout]   |
[INFO] [stdout] 5 | use windows::Win32::Security::{GetTokenInformation, TokenElevation, TOKEN_ELEVATION, TOKEN_QUERY};
[INFO] [stdout]   |     ^^^^^^^ use of unresolved module or unlinked crate `windows`
[INFO] [stdout]   |
[INFO] [stdout]   = help: if you wanted to use a crate named `windows`, use `cargo add windows` to add it to your `Cargo.toml`
[INFO] [stdout] 
[INFO] [stdout] 
[INFO] [stdout] error[E0433]: cannot find module or crate `windows` in this scope
[INFO] [stdout]  --> src/admin.rs:6:5
[INFO] [stdout]   |
[INFO] [stdout] 6 | use windows::Win32::System::Threading::{GetCurrentProcess, OpenProcessToken};
[INFO] [stdout]   |     ^^^^^^^ use of unresolved module or unlinked crate `windows`
[INFO] [stdout]   |
[INFO] [stdout]   = help: if you wanted to use a crate named `windows`, use `cargo add windows` to add it to your `Cargo.toml`
[INFO] [stdout] 
[INFO] [stdout] 
[INFO] [stdout] error[E0433]: cannot find module or crate `windows` in this scope
[INFO] [stdout]  --> src/admin.rs:7:5
[INFO] [stdout]   |
[INFO] [stdout] 7 | use windows::Win32::UI::Shell::ShellExecuteW;
[INFO] [stdout]   |     ^^^^^^^ use of unresolved module or unlinked crate `windows`
[INFO] [stdout]   |
[INFO] [stdout]   = help: if you wanted to use a crate named `windows`, use `cargo add windows` to add it to your `Cargo.toml`
[INFO] [stdout] 
[INFO] [stdout] 
[INFO] [stdout] error[E0433]: cannot find module or crate `windows` in this scope
[INFO] [stdout]  --> src/admin.rs:8:5
[INFO] [stdout]   |
[INFO] [stdout] 8 | use windows::Win32::UI::WindowsAndMessaging::SW_SHOWNORMAL;
[INFO] [stdout]   |     ^^^^^^^ use of unresolved module or unlinked crate `windows`
[INFO] [stdout]   |
[INFO] [stdout]   = help: if you wanted to use a crate named `windows`, use `cargo add windows` to add it to your `Cargo.toml`
[INFO] [stdout] 
[INFO] [stdout] 
[INFO] [stdout] error[E0433]: cannot find module or crate `winreg` in this scope
[INFO] [stdout]   --> src/admin.rs:79:9
[INFO] [stdout]    |
[INFO] [stdout] 79 |     use winreg::enums::HKEY_LOCAL_MACHINE;
[INFO] [stdout]    |         ^^^^^^ use of unresolved module or unlinked crate `winreg`
[INFO] [stdout]    |
[INFO] [stdout]    = help: if you wanted to use a crate named `winreg`, use `cargo add winreg` to add it to your `Cargo.toml`
[INFO] [stdout] 
[INFO] [stdout] 
[INFO] [stdout] error[E0433]: cannot find module or crate `winreg` in this scope
[INFO] [stdout]  --> src/write.rs:3:5
[INFO] [stdout]   |
[INFO] [stdout] 3 | use winreg::enums::*;
[INFO] [stdout]   |     ^^^^^^ use of unresolved module or unlinked crate `winreg`
[INFO] [stdout]   |
[INFO] [stdout]   = help: if you wanted to use a crate named `winreg`, use `cargo add winreg` to add it to your `Cargo.toml`
[INFO] [stdout] 
[INFO] [stdout] 
[INFO] [stdout] error[E0433]: cannot find module or crate `winreg` in this scope
[INFO] [stdout]  --> src/env.rs:4:5
[INFO] [stdout]   |
[INFO] [stdout] 4 | use winreg::enums::*;
[INFO] [stdout]   |     ^^^^^^ use of unresolved module or unlinked crate `winreg`
[INFO] [stdout]   |
[INFO] [stdout]   = help: if you wanted to use a crate named `winreg`, use `cargo add winreg` to add it to your `Cargo.toml`
[INFO] [stdout] 
[INFO] [stdout] 
[INFO] [stdout] error[E0432]: unresolved import `winreg`
[INFO] [stdout]   --> src/admin.rs:80:9
[INFO] [stdout]    |
[INFO] [stdout] 80 |     use winreg::RegKey;
[INFO] [stdout]    |         ^^^^^^ use of unresolved module or unlinked crate `winreg`
[INFO] [stdout]    |
[INFO] [stdout]    = help: if you wanted to use a crate named `winreg`, use `cargo add winreg` to add it to your `Cargo.toml`
[INFO] [stdout] 
[INFO] [stdout] 
[INFO] [stdout] error[E0432]: unresolved import `winreg`
[INFO] [stdout]  --> src/env.rs:5:5
[INFO] [stdout]   |
[INFO] [stdout] 5 | use winreg::{RegKey, RegValue};
[INFO] [stdout]   |     ^^^^^^ use of unresolved module or unlinked crate `winreg`
[INFO] [stdout]   |
[INFO] [stdout]   = help: if you wanted to use a crate named `winreg`, use `cargo add winreg` to add it to your `Cargo.toml`
[INFO] [stdout] 
[INFO] [stdout] 
[INFO] [stdout] error[E0432]: unresolved import `winreg`
[INFO] [stdout]  --> src/write.rs:4:5
[INFO] [stdout]   |
[INFO] [stdout] 4 | use winreg::{RegKey, RegValue};
[INFO] [stdout]   |     ^^^^^^ use of unresolved module or unlinked crate `winreg`
[INFO] [stdout]   |
[INFO] [stdout]   = help: if you wanted to use a crate named `winreg`, use `cargo add winreg` to add it to your `Cargo.toml`
[INFO] [stdout] 
[INFO] [stdout] 
[INFO] [stdout] error[E0433]: cannot find `windows` in `os`
[INFO] [stdout]  --> src/admin.rs:2:14
[INFO] [stdout]   |
[INFO] [stdout] 2 | use std::os::windows::ffi::OsStrExt;
[INFO] [stdout]   |              ^^^^^^^ could not find `windows` in `os`
[INFO] [stdout]   |
[INFO] [stdout] note: found an item that was configured out
[INFO] [stdout]  --> /rustc/3154cc1a3e6424e44f438a95007d043ed5ceaaf6/library/std/src/os/mod.rs:62:4
[INFO] [stdout]   |
[INFO] [stdout]   = note: the item is gated behind the `windows` feature
[INFO] [stdout] 
[INFO] [stdout] 
[INFO] [stdout] error[E0433]: cannot find module or crate `windows` in this scope
[INFO] [stdout]  --> src/admin.rs:3:5
[INFO] [stdout]   |
[INFO] [stdout] 3 | use windows::core::PCWSTR;
[INFO] [stdout]   |     ^^^^^^^ use of unresolved module or unlinked crate `windows`
[INFO] [stdout]   |
[INFO] [stdout]   = help: if you wanted to use a crate named `windows`, use `cargo add windows` to add it to your `Cargo.toml`
[INFO] [stdout] 
[INFO] [stdout] 
[INFO] [stdout] error[E0433]: cannot find module or crate `windows` in this scope
[INFO] [stdout]  --> src/admin.rs:4:5
[INFO] [stdout]   |
[INFO] [stdout] 4 | use windows::Win32::Foundation::{CloseHandle, HANDLE};
[INFO] [stdout]   |     ^^^^^^^ use of unresolved module or unlinked crate `windows`
[INFO] [stdout]   |
[INFO] [stdout]   = help: if you wanted to use a crate named `windows`, use `cargo add windows` to add it to your `Cargo.toml`
[INFO] [stdout] 
[INFO] [stdout] 
[INFO] [stdout] error[E0433]: cannot find module or crate `windows` in this scope
[INFO] [stdout]  --> src/admin.rs:5:5
[INFO] [stdout]   |
[INFO] [stdout] 5 | use windows::Win32::Security::{GetTokenInformation, TokenElevation, TOKEN_ELEVATION, TOKEN_QUERY};
[INFO] [stdout]   |     ^^^^^^^ use of unresolved module or unlinked crate `windows`
[INFO] [stdout]   |
[INFO] [stdout]   = help: if you wanted to use a crate named `windows`, use `cargo add windows` to add it to your `Cargo.toml`
[INFO] [stdout] 
[INFO] [stdout] 
[INFO] [stdout] error[E0433]: cannot find module or crate `windows` in this scope
[INFO] [stdout]  --> src/admin.rs:6:5
[INFO] [stdout]   |
[INFO] [stdout] 6 | use windows::Win32::System::Threading::{GetCurrentProcess, OpenProcessToken};
[INFO] [stdout]   |     ^^^^^^^ use of unresolved module or unlinked crate `windows`
[INFO] [stdout]   |
[INFO] [stdout]   = help: if you wanted to use a crate named `windows`, use `cargo add windows` to add it to your `Cargo.toml`
[INFO] [stdout] 
[INFO] [stdout] 
[INFO] [stdout] error[E0433]: cannot find module or crate `windows` in this scope
[INFO] [stdout]  --> src/admin.rs:7:5
[INFO] [stdout]   |
[INFO] [stdout] 7 | use windows::Win32::UI::Shell::ShellExecuteW;
[INFO] [stdout]   |     ^^^^^^^ use of unresolved module or unlinked crate `windows`
[INFO] [stdout]   |
[INFO] [stdout]   = help: if you wanted to use a crate named `windows`, use `cargo add windows` to add it to your `Cargo.toml`
[INFO] [stdout] 
[INFO] [stdout] 
[INFO] [stdout] error[E0433]: cannot find module or crate `windows` in this scope
[INFO] [stdout]  --> src/admin.rs:8:5
[INFO] [stdout]   |
[INFO] [stdout] 8 | use windows::Win32::UI::WindowsAndMessaging::SW_SHOWNORMAL;
[INFO] [stdout]   |     ^^^^^^^ use of unresolved module or unlinked crate `windows`
[INFO] [stdout]   |
[INFO] [stdout]   = help: if you wanted to use a crate named `windows`, use `cargo add windows` to add it to your `Cargo.toml`
[INFO] [stdout] 
[INFO] [stdout] 
[INFO] [stdout] error[E0433]: cannot find module or crate `winreg` in this scope
[INFO] [stdout]   --> src/admin.rs:79:9
[INFO] [stdout]    |
[INFO] [stdout] 79 |     use winreg::enums::HKEY_LOCAL_MACHINE;
[INFO] [stdout]    |         ^^^^^^ use of unresolved module or unlinked crate `winreg`
[INFO] [stdout]    |
[INFO] [stdout]    = help: if you wanted to use a crate named `winreg`, use `cargo add winreg` to add it to your `Cargo.toml`
[INFO] [stdout] 
[INFO] [stdout] 
[INFO] [stdout] error[E0433]: cannot find module or crate `winreg` in this scope
[INFO] [stdout]  --> src/write.rs:3:5
[INFO] [stdout]   |
[INFO] [stdout] 3 | use winreg::enums::*;
[INFO] [stdout]   |     ^^^^^^ use of unresolved module or unlinked crate `winreg`
[INFO] [stdout]   |
[INFO] [stdout]   = help: if you wanted to use a crate named `winreg`, use `cargo add winreg` to add it to your `Cargo.toml`
[INFO] [stdout] 
[INFO] [stdout] 
[INFO] [stdout] error[E0433]: cannot find module or crate `winreg` in this scope
[INFO] [stdout]  --> src/env.rs:4:5
[INFO] [stdout]   |
[INFO] [stdout] 4 | use winreg::enums::*;
[INFO] [stdout]   |     ^^^^^^ use of unresolved module or unlinked crate `winreg`
[INFO] [stdout]   |
[INFO] [stdout]   = help: if you wanted to use a crate named `winreg`, use `cargo add winreg` to add it to your `Cargo.toml`
[INFO] [stdout] 
[INFO] [stdout] 
[INFO] [stdout] error[E0432]: unresolved import `winreg`
[INFO] [stdout]   --> src/admin.rs:80:9
[INFO] [stdout]    |
[INFO] [stdout] 80 |     use winreg::RegKey;
[INFO] [stdout]    |         ^^^^^^ use of unresolved module or unlinked crate `winreg`
[INFO] [stdout]    |
[INFO] [stdout]    = help: if you wanted to use a crate named `winreg`, use `cargo add winreg` to add it to your `Cargo.toml`
[INFO] [stdout] 
[INFO] [stdout] 
[INFO] [stdout] error[E0432]: unresolved import `winreg`
[INFO] [stdout]  --> src/env.rs:5:5
[INFO] [stdout]   |
[INFO] [stdout] 5 | use winreg::{RegKey, RegValue};
[INFO] [stdout]   |     ^^^^^^ use of unresolved module or unlinked crate `winreg`
[INFO] [stdout]   |
[INFO] [stdout]   = help: if you wanted to use a crate named `winreg`, use `cargo add winreg` to add it to your `Cargo.toml`
[INFO] [stdout] 
[INFO] [stdout] 
[INFO] [stdout] error[E0432]: unresolved import `winreg`
[INFO] [stdout]  --> src/write.rs:4:5
[INFO] [stdout]   |
[INFO] [stdout] 4 | use winreg::{RegKey, RegValue};
[INFO] [stdout]   |     ^^^^^^ use of unresolved module or unlinked crate `winreg`
[INFO] [stdout]   |
[INFO] [stdout]   = help: if you wanted to use a crate named `winreg`, use `cargo add winreg` to add it to your `Cargo.toml`
[INFO] [stdout] 
[INFO] [stdout] 
[INFO] [stdout] error[E0408]: variable `REG_EXPAND_SZ` is not bound in all patterns
[INFO] [stdout]    --> src/env.rs:124:9
[INFO] [stdout]     |
[INFO] [stdout] 124 |         REG_SZ | REG_EXPAND_SZ | REG_MULTI_SZ => {
[INFO] [stdout]     |         ^^^^^^   -------------   ^^^^^^^^^^^^ pattern doesn't bind `REG_EXPAND_SZ`
[INFO] [stdout]     |         |        |
[INFO] [stdout]     |         |        variable not in all patterns
[INFO] [stdout]     |         pattern doesn't bind `REG_EXPAND_SZ`
[INFO] [stdout]     |
[INFO] [stdout] help: if you meant to match on a unit struct, unit variant or a `const` item, consider making the path in the pattern qualified: `path::to::ModOrType::REG_EXPAND_SZ`
[INFO] [stdout]    --> src/env.rs:124:18
[INFO] [stdout]     |
[INFO] [stdout] 124 |         REG_SZ | REG_EXPAND_SZ | REG_MULTI_SZ => {
[INFO] [stdout]     |                  ^^^^^^^^^^^^^
[INFO] [stdout] 
[INFO] [stdout] 
[INFO] [stdout] error[E0408]: variable `REG_MULTI_SZ` is not bound in all patterns
[INFO] [stdout]    --> src/env.rs:124:9
[INFO] [stdout]     |
[INFO] [stdout] 124 |         REG_SZ | REG_EXPAND_SZ | REG_MULTI_SZ => {
[INFO] [stdout]     |         ^^^^^^   ^^^^^^^^^^^^^   ------------ variable not in all patterns
[INFO] [stdout]     |         |        |
[INFO] [stdout]     |         |        pattern doesn't bind `REG_MULTI_SZ`
[INFO] [stdout]     |         pattern doesn't bind `REG_MULTI_SZ`
[INFO] [stdout]     |
[INFO] [stdout] help: if you meant to match on a unit struct, unit variant or a `const` item, consider making the path in the pattern qualified: `path::to::ModOrType::REG_MULTI_SZ`
[INFO] [stdout]    --> src/env.rs:124:34
[INFO] [stdout]     |
[INFO] [stdout] 124 |         REG_SZ | REG_EXPAND_SZ | REG_MULTI_SZ => {
[INFO] [stdout]     |                                  ^^^^^^^^^^^^
[INFO] [stdout] 
[INFO] [stdout] 
[INFO] [stdout] error[E0408]: variable `REG_SZ` is not bound in all patterns
[INFO] [stdout]    --> src/env.rs:124:18
[INFO] [stdout]     |
[INFO] [stdout] 124 |         REG_SZ | REG_EXPAND_SZ | REG_MULTI_SZ => {
[INFO] [stdout]     |         ------   ^^^^^^^^^^^^^   ^^^^^^^^^^^^ pattern doesn't bind `REG_SZ`
[INFO] [stdout]     |         |        |
[INFO] [stdout]     |         |        pattern doesn't bind `REG_SZ`
[INFO] [stdout]     |         variable not in all patterns
[INFO] [stdout]     |
[INFO] [stdout] help: if you meant to match on a unit struct, unit variant or a `const` item, consider making the path in the pattern qualified: `path::to::ModOrType::REG_SZ`
[INFO] [stdout]    --> src/env.rs:124:9
[INFO] [stdout]     |
[INFO] [stdout] 124 |         REG_SZ | REG_EXPAND_SZ | REG_MULTI_SZ => {
[INFO] [stdout]     |         ^^^^^^
[INFO] [stdout] 
[INFO] [stdout] 
[INFO] [stdout] error[E0408]: variable `REG_EXPAND_SZ` is not bound in all patterns
[INFO] [stdout]    --> src/env.rs:124:9
[INFO] [stdout]     |
[INFO] [stdout] 124 |         REG_SZ | REG_EXPAND_SZ | REG_MULTI_SZ => {
[INFO] [stdout]     |         ^^^^^^   -------------   ^^^^^^^^^^^^ pattern doesn't bind `REG_EXPAND_SZ`
[INFO] [stdout]     |         |        |
[INFO] [stdout]     |         |        variable not in all patterns
[INFO] [stdout]     |         pattern doesn't bind `REG_EXPAND_SZ`
[INFO] [stdout]     |
[INFO] [stdout] help: if you meant to match on a unit struct, unit variant or a `const` item, consider making the path in the pattern qualified: `path::to::ModOrType::REG_EXPAND_SZ`
[INFO] [stdout]    --> src/env.rs:124:18
[INFO] [stdout]     |
[INFO] [stdout] 124 |         REG_SZ | REG_EXPAND_SZ | REG_MULTI_SZ => {
[INFO] [stdout]     |                  ^^^^^^^^^^^^^
[INFO] [stdout] 
[INFO] [stdout] 
[INFO] [stdout] error[E0408]: variable `REG_MULTI_SZ` is not bound in all patterns
[INFO] [stdout]    --> src/env.rs:124:9
[INFO] [stdout]     |
[INFO] [stdout] 124 |         REG_SZ | REG_EXPAND_SZ | REG_MULTI_SZ => {
[INFO] [stdout]     |         ^^^^^^   ^^^^^^^^^^^^^   ------------ variable not in all patterns
[INFO] [stdout]     |         |        |
[INFO] [stdout]     |         |        pattern doesn't bind `REG_MULTI_SZ`
[INFO] [stdout]     |         pattern doesn't bind `REG_MULTI_SZ`
[INFO] [stdout]     |
[INFO] [stdout] help: if you meant to match on a unit struct, unit variant or a `const` item, consider making the path in the pattern qualified: `path::to::ModOrType::REG_MULTI_SZ`
[INFO] [stdout]    --> src/env.rs:124:34
[INFO] [stdout]     |
[INFO] [stdout] 124 |         REG_SZ | REG_EXPAND_SZ | REG_MULTI_SZ => {
[INFO] [stdout]     |                                  ^^^^^^^^^^^^
[INFO] [stdout] 
[INFO] [stdout] 
[INFO] [stdout] error[E0408]: variable `REG_SZ` is not bound in all patterns
[INFO] [stdout]    --> src/env.rs:124:18
[INFO] [stdout]     |
[INFO] [stdout] 124 |         REG_SZ | REG_EXPAND_SZ | REG_MULTI_SZ => {
[INFO] [stdout]     |         ------   ^^^^^^^^^^^^^   ^^^^^^^^^^^^ pattern doesn't bind `REG_SZ`
[INFO] [stdout]     |         |        |
[INFO] [stdout]     |         |        pattern doesn't bind `REG_SZ`
[INFO] [stdout]     |         variable not in all patterns
[INFO] [stdout]     |
[INFO] [stdout] help: if you meant to match on a unit struct, unit variant or a `const` item, consider making the path in the pattern qualified: `path::to::ModOrType::REG_SZ`
[INFO] [stdout]    --> src/env.rs:124:9
[INFO] [stdout]     |
[INFO] [stdout] 124 |         REG_SZ | REG_EXPAND_SZ | REG_MULTI_SZ => {
[INFO] [stdout]     |         ^^^^^^
[INFO] [stdout] 
[INFO] [stdout] 
[INFO] [stdout] error[E0425]: cannot find type `RegType` in this scope
[INFO] [stdout]   --> src/env.rs:36:25
[INFO] [stdout]    |
[INFO] [stdout] 36 |     fn from_reg_type(t: RegType) -> Self {
[INFO] [stdout]    |                         ^^^^^^^ not found in this scope
[INFO] [stdout] 
[INFO] [stdout] 
[INFO] [stdout] error[E0425]: cannot find value `HKEY_CURRENT_USER` in this scope
[INFO] [stdout]   --> src/env.rs:97:39
[INFO] [stdout]    |
[INFO] [stdout] 97 |         Scope::User => RegKey::predef(HKEY_CURRENT_USER),
[INFO] [stdout]    |                                       ^^^^^^^^^^^^^^^^^ not found in this scope
[INFO] [stdout] 
[INFO] [stdout] 
[INFO] [stdout] error[E0425]: cannot find value `HKEY_LOCAL_MACHINE` in this scope
[INFO] [stdout]   --> src/env.rs:98:41
[INFO] [stdout]    |
[INFO] [stdout] 98 |         Scope::System => RegKey::predef(HKEY_LOCAL_MACHINE),
[INFO] [stdout]    |                                         ^^^^^^^^^^^^^^^^^^ not found in this scope
[INFO] [stdout] 
[INFO] [stdout] 
[INFO] [stdout] error[E0425]: cannot find value `KEY_SET_VALUE` in this scope
[INFO] [stdout]   --> src/write.rs:39:49
[INFO] [stdout]    |
[INFO] [stdout] 39 |     let key = hive.open_subkey_with_flags(path, KEY_SET_VALUE)?;
[INFO] [stdout]    |                                                 ^^^^^^^^^^^^^ not found in this scope
[INFO] [stdout] 
[INFO] [stdout] 
[INFO] [stdout] error[E0425]: cannot find value `REG_SZ` in this scope
[INFO] [stdout]   --> src/write.rs:46:33
[INFO] [stdout]    |
[INFO] [stdout] 46 |             ValueType::RegSz => REG_SZ,
[INFO] [stdout]    |                                 ^^^^^^ not found in this scope
[INFO] [stdout] 
[INFO] [stdout] 
[INFO] [stdout] error[E0425]: cannot find value `REG_EXPAND_SZ` in this scope
[INFO] [stdout]   --> src/write.rs:47:39
[INFO] [stdout]    |
[INFO] [stdout] 47 |             ValueType::RegExpandSz => REG_EXPAND_SZ,
[INFO] [stdout]    |                                       ^^^^^^^^^^^^^ not found in this scope
[INFO] [stdout] 
[INFO] [stdout] 
[INFO] [stdout] error[E0425]: cannot find value `KEY_SET_VALUE` in this scope
[INFO] [stdout]   --> src/write.rs:64:49
[INFO] [stdout]    |
[INFO] [stdout] 64 |     let key = hive.open_subkey_with_flags(path, KEY_SET_VALUE)?;
[INFO] [stdout]    |                                                 ^^^^^^^^^^^^^ not found in this scope
[INFO] [stdout] 
[INFO] [stdout] 
[INFO] [stdout] error[E0425]: cannot find value `HKEY_CURRENT_USER` in this scope
[INFO] [stdout]   --> src/write.rs:71:25
[INFO] [stdout]    |
[INFO] [stdout] 71 |         Scope::User => (HKEY_CURRENT_USER, "Environment"),
[INFO] [stdout]    |                         ^^^^^^^^^^^^^^^^^ not found in this scope
[INFO] [stdout] 
[INFO] [stdout] 
[INFO] [stdout] error[E0425]: cannot find value `HKEY_LOCAL_MACHINE` in this scope
[INFO] [stdout]   --> src/write.rs:73:13
[INFO] [stdout]    |
[INFO] [stdout] 73 |             HKEY_LOCAL_MACHINE,
[INFO] [stdout]    |             ^^^^^^^^^^^^^^^^^^ not found in this scope
[INFO] [stdout] 
[INFO] [stdout] 
[INFO] [stdout] error[E0425]: cannot find type `RegType` in this scope
[INFO] [stdout]   --> src/env.rs:36:25
[INFO] [stdout]    |
[INFO] [stdout] 36 |     fn from_reg_type(t: RegType) -> Self {
[INFO] [stdout]    |                         ^^^^^^^ not found in this scope
[INFO] [stdout] 
[INFO] [stdout] 
[INFO] [stdout] error[E0425]: cannot find value `HKEY_CURRENT_USER` in this scope
[INFO] [stdout]   --> src/env.rs:97:39
[INFO] [stdout]    |
[INFO] [stdout] 97 |         Scope::User => RegKey::predef(HKEY_CURRENT_USER),
[INFO] [stdout]    |                                       ^^^^^^^^^^^^^^^^^ not found in this scope
[INFO] [stdout] 
[INFO] [stdout] 
[INFO] [stdout] error[E0425]: cannot find value `HKEY_LOCAL_MACHINE` in this scope
[INFO] [stdout]   --> src/env.rs:98:41
[INFO] [stdout]    |
[INFO] [stdout] 98 |         Scope::System => RegKey::predef(HKEY_LOCAL_MACHINE),
[INFO] [stdout]    |                                         ^^^^^^^^^^^^^^^^^^ not found in this scope
[INFO] [stdout] 
[INFO] [stdout] 
[INFO] [stdout] error[E0425]: cannot find value `KEY_SET_VALUE` in this scope
[INFO] [stdout]   --> src/write.rs:39:49
[INFO] [stdout]    |
[INFO] [stdout] 39 |     let key = hive.open_subkey_with_flags(path, KEY_SET_VALUE)?;
[INFO] [stdout]    |                                                 ^^^^^^^^^^^^^ not found in this scope
[INFO] [stdout] 
[INFO] [stdout] 
[INFO] [stdout] error[E0425]: cannot find value `REG_SZ` in this scope
[INFO] [stdout]   --> src/write.rs:46:33
[INFO] [stdout]    |
[INFO] [stdout] 46 |             ValueType::RegSz => REG_SZ,
[INFO] [stdout]    |                                 ^^^^^^ not found in this scope
[INFO] [stdout] 
[INFO] [stdout] 
[INFO] [stdout] error[E0425]: cannot find value `REG_EXPAND_SZ` in this scope
[INFO] [stdout]   --> src/write.rs:47:39
[INFO] [stdout]    |
[INFO] [stdout] 47 |             ValueType::RegExpandSz => REG_EXPAND_SZ,
[INFO] [stdout]    |                                       ^^^^^^^^^^^^^ not found in this scope
[INFO] [stdout] 
[INFO] [stdout] 
[INFO] [stdout] error[E0425]: cannot find value `KEY_SET_VALUE` in this scope
[INFO] [stdout]   --> src/write.rs:64:49
[INFO] [stdout]    |
[INFO] [stdout] 64 |     let key = hive.open_subkey_with_flags(path, KEY_SET_VALUE)?;
[INFO] [stdout]    |                                                 ^^^^^^^^^^^^^ not found in this scope
[INFO] [stdout] 
[INFO] [stdout] 
[INFO] [stdout] error[E0425]: cannot find value `HKEY_CURRENT_USER` in this scope
[INFO] [stdout]   --> src/write.rs:71:25
[INFO] [stdout]    |
[INFO] [stdout] 71 |         Scope::User => (HKEY_CURRENT_USER, "Environment"),
[INFO] [stdout]    |                         ^^^^^^^^^^^^^^^^^ not found in this scope
[INFO] [stdout] 
[INFO] [stdout] 
[INFO] [stdout] error[E0425]: cannot find value `HKEY_LOCAL_MACHINE` in this scope
[INFO] [stdout]   --> src/write.rs:73:13
[INFO] [stdout]    |
[INFO] [stdout] 73 |             HKEY_LOCAL_MACHINE,
[INFO] [stdout]    |             ^^^^^^^^^^^^^^^^^^ not found in this scope
[INFO] [stdout] 
[INFO] [stdout] 
[INFO] [stdout] error[E0599]: no method named `encode_wide` found for reference `&OsStr` in the current scope
[INFO] [stdout]   --> src/admin.rs:49:10
[INFO] [stdout]    |
[INFO] [stdout] 47 |     let exe_wide: Vec<u16> = exe
[INFO] [stdout] 48 |         .as_os_str()
[INFO] [stdout] 49 |         .encode_wide()
[INFO] [stdout]    |          ^^^^^^^^^^^ method not found in `&OsStr`
[INFO] [stdout] 
[INFO] [stdout] 
[INFO] [stdout] warning: method call on a diverging inference variable
[INFO] [stdout]   --> src/admin.rs:87:26
[INFO] [stdout]    |
[INFO] [stdout] 87 |     let major: u32 = key.get_value("CurrentMajorVersionNumber").unwrap_or(0);
[INFO] [stdout]    |                          ^^^^^^^^^
[INFO] [stdout]    |
[INFO] [stdout]    = help: consider providing a type annotation
[INFO] [stdout]    = warning: this was previously accepted by the compiler but is being phased out; it will become a hard error in a future release!
[INFO] [stdout]    = note: for more information, see issue #156047 <https://github.com/rust-lang/rust/issues/156047>
[INFO] [stdout]    = note: `#[warn(method_call_on_diverging_infer_var)]` (part of `#[warn(future_incompatible)]`) on by default
[INFO] [stdout] 
[INFO] [stdout] 
[INFO] [stdout] error[E0599]: no method named `encode_wide` found for reference `&OsStr` in the current scope
[INFO] [stdout]   --> src/admin.rs:49:10
[INFO] [stdout]    |
[INFO] [stdout] 47 |     let exe_wide: Vec<u16> = exe
[INFO] [stdout] 48 |         .as_os_str()
[INFO] [stdout] 49 |         .encode_wide()
[INFO] [stdout]    |          ^^^^^^^^^^^ method not found in `&OsStr`
[INFO] [stdout] 
[INFO] [stdout] 
[INFO] [stdout] warning: method call on a diverging inference variable
[INFO] [stdout]   --> src/admin.rs:87:26
[INFO] [stdout]    |
[INFO] [stdout] 87 |     let major: u32 = key.get_value("CurrentMajorVersionNumber").unwrap_or(0);
[INFO] [stdout]    |                          ^^^^^^^^^
[INFO] [stdout]    |
[INFO] [stdout]    = help: consider providing a type annotation
[INFO] [stdout]    = warning: this was previously accepted by the compiler but is being phased out; it will become a hard error in a future release!
[INFO] [stdout]    = note: for more information, see issue #156047 <https://github.com/rust-lang/rust/issues/156047>
[INFO] [stdout]    = note: `#[warn(method_call_on_diverging_infer_var)]` (part of `#[warn(future_incompatible)]`) on by default
[INFO] [stdout] 
[INFO] [stdout] 
[INFO] [stdout] error[E0599]: no method named `get_value` found for type `!` in the current scope
[INFO] [stdout]   --> src/admin.rs:87:26
[INFO] [stdout]    |
[INFO] [stdout] 87 |     let major: u32 = key.get_value("CurrentMajorVersionNumber").unwrap_or(0);
[INFO] [stdout]    |                          ^^^^^^^^^ method not found in `!`
[INFO] [stdout] 
[INFO] [stdout] 
[INFO] [stdout] error[E0599]: no method named `get_value` found for type `!` in the current scope
[INFO] [stdout]   --> src/admin.rs:87:26
[INFO] [stdout]    |
[INFO] [stdout] 87 |     let major: u32 = key.get_value("CurrentMajorVersionNumber").unwrap_or(0);
[INFO] [stdout]    |                          ^^^^^^^^^ method not found in `!`
[INFO] [stdout] 
[INFO] [stdout] 
[INFO] [stdout] error[E0599]: no method named `get_value` found for type `!` in the current scope
[INFO] [stdout]   --> src/admin.rs:88:26
[INFO] [stdout]    |
[INFO] [stdout] 88 |     let minor: u32 = key.get_value("CurrentMinorVersionNumber").unwrap_or(0);
[INFO] [stdout]    |                          ^^^^^^^^^ method not found in `!`
[INFO] [stdout] 
[INFO] [stdout] 
[INFO] [stdout] warning: unreachable expression
[INFO] [stdout]   --> src/admin.rs:88:36
[INFO] [stdout]    |
[INFO] [stdout] 88 |     let minor: u32 = key.get_value("CurrentMinorVersionNumber").unwrap_or(0);
[INFO] [stdout]    |                      ---           ^^^^^^^^^^^^^^^^^^^^^^^^^^^ unreachable expression
[INFO] [stdout]    |                      |
[INFO] [stdout]    |                      any code following this expression is unreachable
[INFO] [stdout]    |
[INFO] [stdout]    = note: `#[warn(unreachable_code)]` (part of `#[warn(unused)]`) on by default
[INFO] [stdout] 
[INFO] [stdout] 
[INFO] [stdout] error[E0599]: no method named `get_value` found for type `!` in the current scope
[INFO] [stdout]   --> src/admin.rs:88:26
[INFO] [stdout]    |
[INFO] [stdout] 88 |     let minor: u32 = key.get_value("CurrentMinorVersionNumber").unwrap_or(0);
[INFO] [stdout]    |                          ^^^^^^^^^ method not found in `!`
[INFO] [stdout] 
[INFO] [stdout] 
[INFO] [stdout] warning: unreachable expression
[INFO] [stdout]   --> src/admin.rs:88:36
[INFO] [stdout]    |
[INFO] [stdout] 88 |     let minor: u32 = key.get_value("CurrentMinorVersionNumber").unwrap_or(0);
[INFO] [stdout]    |                      ---           ^^^^^^^^^^^^^^^^^^^^^^^^^^^ unreachable expression
[INFO] [stdout]    |                      |
[INFO] [stdout]    |                      any code following this expression is unreachable
[INFO] [stdout]    |
[INFO] [stdout]    = note: `#[warn(unreachable_code)]` (part of `#[warn(unused)]`) on by default
[INFO] [stdout] 
[INFO] [stdout] 
[INFO] [stdout] error[E0599]: no method named `get_value` found for type `!` in the current scope
[INFO] [stdout]   --> src/admin.rs:89:29
[INFO] [stdout]    |
[INFO] [stdout] 89 |     let build: String = key.get_value("CurrentBuild").unwrap_or_default();
[INFO] [stdout]    |                             ^^^^^^^^^ method not found in `!`
[INFO] [stdout] 
[INFO] [stdout] 
[INFO] [stdout] warning: unreachable expression
[INFO] [stdout]   --> src/admin.rs:89:39
[INFO] [stdout]    |
[INFO] [stdout] 89 |     let build: String = key.get_value("CurrentBuild").unwrap_or_default();
[INFO] [stdout]    |                         ---           ^^^^^^^^^^^^^^ unreachable expression
[INFO] [stdout]    |                         |
[INFO] [stdout]    |                         any code following this expression is unreachable
[INFO] [stdout] 
[INFO] [stdout] 
[INFO] [stdout] error[E0599]: no method named `get_value` found for type `!` in the current scope
[INFO] [stdout]   --> src/admin.rs:89:29
[INFO] [stdout]    |
[INFO] [stdout] 89 |     let build: String = key.get_value("CurrentBuild").unwrap_or_default();
[INFO] [stdout]    |                             ^^^^^^^^^ method not found in `!`
[INFO] [stdout] 
[INFO] [stdout] 
[INFO] [stdout] warning: unreachable expression
[INFO] [stdout]   --> src/admin.rs:89:39
[INFO] [stdout]    |
[INFO] [stdout] 89 |     let build: String = key.get_value("CurrentBuild").unwrap_or_default();
[INFO] [stdout]    |                         ---           ^^^^^^^^^^^^^^ unreachable expression
[INFO] [stdout]    |                         |
[INFO] [stdout]    |                         any code following this expression is unreachable
[INFO] [stdout] 
[INFO] [stdout] 
[INFO] [stdout] error[E0599]: no method named `get_value` found for type `!` in the current scope
[INFO] [stdout]   --> src/admin.rs:90:24
[INFO] [stdout]    |
[INFO] [stdout] 90 |     let ubr: u32 = key.get_value("UBR").unwrap_or(0);
[INFO] [stdout]    |                        ^^^^^^^^^ method not found in `!`
[INFO] [stdout] 
[INFO] [stdout] 
[INFO] [stdout] warning: unreachable expression
[INFO] [stdout]   --> src/admin.rs:90:34
[INFO] [stdout]    |
[INFO] [stdout] 90 |     let ubr: u32 = key.get_value("UBR").unwrap_or(0);
[INFO] [stdout]    |                    ---           ^^^^^ unreachable expression
[INFO] [stdout]    |                    |
[INFO] [stdout]    |                    any code following this expression is unreachable
[INFO] [stdout] 
[INFO] [stdout] 
[INFO] [stdout] error[E0599]: no method named `get_value` found for type `!` in the current scope
[INFO] [stdout]   --> src/admin.rs:90:24
[INFO] [stdout]    |
[INFO] [stdout] 90 |     let ubr: u32 = key.get_value("UBR").unwrap_or(0);
[INFO] [stdout]    |                        ^^^^^^^^^ method not found in `!`
[INFO] [stdout] 
[INFO] [stdout] 
[INFO] [stdout] warning: unreachable expression
[INFO] [stdout]   --> src/admin.rs:90:34
[INFO] [stdout]    |
[INFO] [stdout] 90 |     let ubr: u32 = key.get_value("UBR").unwrap_or(0);
[INFO] [stdout]    |                    ---           ^^^^^ unreachable expression
[INFO] [stdout]    |                    |
[INFO] [stdout]    |                    any code following this expression is unreachable
[INFO] [stdout] 
[INFO] [stdout] 
[INFO] [stdout] error[E0599]: no method named `get_value` found for type `!` in the current scope
[INFO] [stdout]   --> src/admin.rs:91:31
[INFO] [stdout]    |
[INFO] [stdout] 91 |     let display: String = key.get_value("DisplayVersion").unwrap_or_default();
[INFO] [stdout]    |                               ^^^^^^^^^ method not found in `!`
[INFO] [stdout] 
[INFO] [stdout] 
[INFO] [stdout] warning: unreachable expression
[INFO] [stdout]   --> src/admin.rs:91:41
[INFO] [stdout]    |
[INFO] [stdout] 91 |     let display: String = key.get_value("DisplayVersion").unwrap_or_default();
[INFO] [stdout]    |                           ---           ^^^^^^^^^^^^^^^^ unreachable expression
[INFO] [stdout]    |                           |
[INFO] [stdout]    |                           any code following this expression is unreachable
[INFO] [stdout] 
[INFO] [stdout] 
[INFO] [stdout] error[E0599]: no method named `get_value` found for type `!` in the current scope
[INFO] [stdout]   --> src/admin.rs:91:31
[INFO] [stdout]    |
[INFO] [stdout] 91 |     let display: String = key.get_value("DisplayVersion").unwrap_or_default();
[INFO] [stdout]    |                               ^^^^^^^^^ method not found in `!`
[INFO] [stdout] 
[INFO] [stdout] 
[INFO] [stdout] warning: unreachable expression
[INFO] [stdout]   --> src/admin.rs:91:41
[INFO] [stdout]    |
[INFO] [stdout] 91 |     let display: String = key.get_value("DisplayVersion").unwrap_or_default();
[INFO] [stdout]    |                           ---           ^^^^^^^^^^^^^^^^ unreachable expression
[INFO] [stdout]    |                           |
[INFO] [stdout]    |                           any code following this expression is unreachable
[INFO] [stdout] 
[INFO] [stdout] 
[INFO] [stdout] Some errors have detailed explanations: E0408, E0425, E0432, E0433, E0599.
[INFO] [stdout] 
[INFO] [stdout] For more information about an error, try `rustc --explain E0408`.
[INFO] [stdout] 
[INFO] [stdout] Some errors have detailed explanations: E0408, E0425, E0432, E0433, E0599.
[INFO] [stdout] 
[INFO] [stdout] For more information about an error, try `rustc --explain E0408`.
[INFO] [stdout] 
[INFO] [stderr] error: could not compile `envmanager` (bin "EnvManager") due to 31 previous errors; 6 warnings emitted
[INFO] [stderr] warning: build failed, waiting for other jobs to finish...
[INFO] [stderr] error: could not compile `envmanager` (bin "EnvManager" test) due to 31 previous errors; 6 warnings emitted
[INFO] running `Command { std: "docker" "inspect" "49baeed8db876f1199fc9ed7360fdd49fb415417a9e815567c4d097bffe18869", kill_on_drop: false }`
[INFO] running `Command { std: "docker" "rm" "-f" "49baeed8db876f1199fc9ed7360fdd49fb415417a9e815567c4d097bffe18869", kill_on_drop: false }`
[INFO] [stdout] 49baeed8db876f1199fc9ed7360fdd49fb415417a9e815567c4d097bffe18869
