[INFO] cloning repository https://github.com/masojie/SCIA-SUPREME
[INFO] running `Command { std: "git" "-c" "credential.helper=" "-c" "credential.helper=/workspace/cargo-home/bin/git-credential-null" "clone" "--bare" "https://github.com/masojie/SCIA-SUPREME" "/workspace/cache/git-repos/https%3A%2F%2Fgithub.com%2Fmasojie%2FSCIA-SUPREME", kill_on_drop: false }`
[INFO] [stderr] Cloning into bare repository '/workspace/cache/git-repos/https%3A%2F%2Fgithub.com%2Fmasojie%2FSCIA-SUPREME'...
[INFO] running `Command { std: "git" "rev-parse" "HEAD", kill_on_drop: false }`
[INFO] [stdout] 6a498b90a0d31e9e9994bf48a3e4195ba502e730
[INFO] checking masojie/SCIA-SUPREME against 3154cc1a3e6424e44f438a95007d043ed5ceaaf6 for pr-133502-30
[INFO] running `Command { std: "git" "clone" "/workspace/cache/git-repos/https%3A%2F%2Fgithub.com%2Fmasojie%2FSCIA-SUPREME" "/workspace/builds/worker-4-tc2/source", kill_on_drop: false }`
[INFO] [stderr] Cloning into '/workspace/builds/worker-4-tc2/source'...
[INFO] [stderr] done.
[INFO] started tweaking git repo https://github.com/masojie/SCIA-SUPREME
[INFO] finished tweaking git repo https://github.com/masojie/SCIA-SUPREME
[INFO] tweaked toml for git repo https://github.com/masojie/SCIA-SUPREME written to /workspace/builds/worker-4-tc2/source/Cargo.toml
[INFO] validating manifest of git repo https://github.com/masojie/SCIA-SUPREME on toolchain 3154cc1a3e6424e44f438a95007d043ed5ceaaf6
[INFO] running `Command { std: CARGO_HOME="/workspace/cargo-home" RUSTUP_HOME="/workspace/rustup-home" "/workspace/cargo-home/bin/cargo" "+3154cc1a3e6424e44f438a95007d043ed5ceaaf6" "metadata" "--manifest-path" "Cargo.toml" "--no-deps", kill_on_drop: false }`
[INFO] crate git repo https://github.com/masojie/SCIA-SUPREME already has a lockfile, it will not be regenerated
[INFO] running `Command { std: CARGO_HOME="/workspace/cargo-home" RUSTUP_HOME="/workspace/rustup-home" "/workspace/cargo-home/bin/cargo" "+3154cc1a3e6424e44f438a95007d043ed5ceaaf6" "fetch" "--manifest-path" "Cargo.toml", kill_on_drop: false }`
[INFO] running `Command { std: "docker" "create" "-v" "/var/lib/crater-agent-workspace/builds/worker-4-tc2/source:/opt/rustwide/workdir:ro,Z" "-v" "/var/lib/crater-agent-workspace/builds/worker-4-tc2/target:/opt/rustwide/target:rw,Z" "-v" "/var/lib/crater-agent-workspace/cargo-home:/opt/rustwide/cargo-home:ro,Z" "-v" "/var/lib/crater-agent-workspace/rustup-home:/opt/rustwide/rustup-home:ro,Z" "-m" "1610612736" "--network" "none" "ghcr.io/rust-lang/crates-build-env/linux@sha256:77db811e55d90add9212f6832c23229e3de5f1c1f9905e8cb07319ea15df73ac" "sleep" "infinity", kill_on_drop: false }`
[INFO] [stdout] b035ffbbf50d996d9b72fc66339e95c51bdb0d4335ac280213f67a77d706f929
[INFO] running `Command { std: "docker" "start" "b035ffbbf50d996d9b72fc66339e95c51bdb0d4335ac280213f67a77d706f929", kill_on_drop: false }`
[INFO] running `Command { std: "docker" "inspect" "b035ffbbf50d996d9b72fc66339e95c51bdb0d4335ac280213f67a77d706f929", kill_on_drop: false }`
[INFO] running `Command { std: "docker" "exec" "-e" "SOURCE_DIR=/opt/rustwide/workdir" "-e" "CARGO_HOME=/opt/rustwide/cargo-home" "-e" "RUSTUP_HOME=/opt/rustwide/rustup-home" "-e" "CARGO_TARGET_DIR=/opt/rustwide/target" "-w" "/opt/rustwide/workdir" "--user" "0:0" "b035ffbbf50d996d9b72fc66339e95c51bdb0d4335ac280213f67a77d706f929" "/opt/rustwide/cargo-home/bin/cargo" "+3154cc1a3e6424e44f438a95007d043ed5ceaaf6" "metadata" "--no-deps" "--format-version=1", kill_on_drop: false }`
[INFO] running `Command { std: "docker" "inspect" "b035ffbbf50d996d9b72fc66339e95c51bdb0d4335ac280213f67a77d706f929", kill_on_drop: false }`
[INFO] running `Command { std: "docker" "exec" "-e" "SOURCE_DIR=/opt/rustwide/workdir" "-e" "CARGO_HOME=/opt/rustwide/cargo-home" "-e" "RUSTUP_HOME=/opt/rustwide/rustup-home" "-e" "CARGO_TARGET_DIR=/opt/rustwide/target" "-e" "CARGO_INCREMENTAL=0" "-e" "RUST_BACKTRACE=full" "-e" "RUSTFLAGS=--cap-lints=forbid" "-e" "RUSTDOCFLAGS=--cap-lints=forbid" "-w" "/opt/rustwide/workdir" "--user" "0:0" "b035ffbbf50d996d9b72fc66339e95c51bdb0d4335ac280213f67a77d706f929" "/opt/rustwide/cargo-home/bin/cargo" "+3154cc1a3e6424e44f438a95007d043ed5ceaaf6" "check" "--frozen" "--all" "--all-targets" "--message-format=json", kill_on_drop: false }`
[INFO] [stderr]    Compiling libc v0.2.185
[INFO] [stderr]     Checking typenum v1.20.0
[INFO] [stderr]     Checking smallvec v1.15.1
[INFO] [stderr]    Compiling cc v1.2.60
[INFO] [stderr]     Checking subtle v2.6.1
[INFO] [stderr]    Compiling zerocopy v0.8.48
[INFO] [stderr]    Compiling serde_core v1.0.228
[INFO] [stderr]     Checking log v0.4.29
[INFO] [stderr]    Compiling tracing-attributes v0.1.31
[INFO] [stderr]    Compiling crossbeam-utils v0.8.21
[INFO] [stderr]     Checking http v0.2.12
[INFO] [stderr]    Compiling ahash v0.8.12
[INFO] [stderr]    Compiling rustls v0.21.12
[INFO] [stderr]     Checking futures-task v0.3.32
[INFO] [stderr]    Compiling semver v1.0.28
[INFO] [stderr]    Compiling serde v1.0.228
[INFO] [stderr]    Compiling rustc_version v0.4.1
[INFO] [stderr]     Checking futures-util v0.3.32
[INFO] [stderr]     Checking icu_normalizer v2.2.0
[INFO] [stderr]     Checking tracing v0.1.44
[INFO] [stderr]    Compiling ring v0.17.14
[INFO] [stderr]     Checking getrandom v0.2.17
[INFO] [stderr]     Checking generic-array v0.14.7
[INFO] [stderr]     Checking parking_lot_core v0.9.12
[INFO] [stderr]     Checking rand_core v0.6.4
[INFO] [stderr]     Checking errno v0.3.14
[INFO] [stderr]     Checking parking_lot v0.12.5
[INFO] [stderr]     Checking signal-hook-registry v1.4.8
[INFO] [stderr]     Checking socket2 v0.6.3
[INFO] [stderr]     Checking mio v1.2.0
[INFO] [stderr]    Compiling serde_derive v1.0.228
[INFO] [stderr]     Checking crypto-common v0.1.7
[INFO] [stderr]     Checking block-buffer v0.10.4
[INFO] [stderr]     Checking digest v0.10.7
[INFO] [stderr]     Checking inout v0.1.4
[INFO] [stderr]    Compiling autocfg v1.5.0
[INFO] [stderr]     Checking tokio v1.52.1
[INFO] [stderr]    Compiling zmij v1.0.21
[INFO] [stderr]    Compiling libsqlite3-sys v0.28.0
[INFO] [stderr]     Checking cipher v0.4.4
[INFO] [stderr]    Compiling num-traits v0.2.19
[INFO] [stderr]     Checking universal-hash v0.5.1
[INFO] [stderr]     Checking crossbeam-epoch v0.9.18
[INFO] [stderr]     Checking socket2 v0.5.10
[INFO] [stderr]     Checking idna_adapter v1.2.1
[INFO] [stderr]    Compiling curve25519-dalek v4.1.3
[INFO] [stderr]     Checking http-body v0.4.6
[INFO] [stderr]    Compiling zeroize_derive v1.4.3
[INFO] [stderr]    Compiling rayon-core v1.13.0
[INFO] [stderr]     Checking opaque-debug v0.3.1
[INFO] [stderr]    Compiling serde_json v1.0.149
[INFO] [stderr]     Checking regex-syntax v0.8.10
[INFO] [stderr]    Compiling getrandom v0.4.2
[INFO] [stderr]     Checking polyval v0.6.2
[INFO] [stderr]     Checking crossbeam-deque v0.8.6
[INFO] [stderr]     Checking zeroize v1.8.2
[INFO] [stderr]     Checking idna v1.1.0
[INFO] [stderr]    Compiling curve25519-dalek-derive v0.1.1
[INFO] [stderr]     Checking base64ct v1.8.3
[INFO] [stderr]     Checking signature v2.2.0
[INFO] [stderr]     Checking rustls-pemfile v1.0.4
[INFO] [stderr]     Checking regex-automata v0.4.14
[INFO] [stderr]     Checking ed25519 v2.2.3
[INFO] [stderr]     Checking password-hash v0.5.0
[INFO] [stderr]     Checking url v2.5.8
[INFO] [stderr]     Checking ppv-lite86 v0.2.21
[INFO] [stderr]     Checking hashbrown v0.14.5
[INFO] [stderr]     Checking rustls-webpki v0.101.7
[INFO] [stderr]     Checking sct v0.7.1
[INFO] [stderr]     Checking matchers v0.2.0
[INFO] [stderr]     Checking ghash v0.5.1
[INFO] [stderr]     Checking rand_chacha v0.3.1
[INFO] [stderr]     Checking serde_urlencoded v0.7.1
[INFO] [stderr]     Checking aes v0.8.4
[INFO] [stderr]     Checking ctr v0.9.2
[INFO] [stderr]     Checking hashlink v0.9.1
[INFO] [stderr]     Checking sha2 v0.10.9
[INFO] [stderr]     Checking blake2 v0.10.6
[INFO] [stderr]     Checking aead v0.5.2
[INFO] [stderr]     Checking tracing-log v0.2.0
[INFO] [stderr]     Checking thread_local v1.1.9
[INFO] [stderr]     Checking webpki-roots v0.25.4
[INFO] [stderr]     Checking either v1.15.0
[INFO] [stderr]     Checking bitflags v2.11.1
[INFO] [stderr]     Checking ascii v1.1.0
[INFO] [stderr]     Checking chunked_transfer v1.5.0
[INFO] [stderr]     Checking sync_wrapper v0.1.2
[INFO] [stderr]     Checking fallible-iterator v0.3.0
[INFO] [stderr]     Checking fallible-streaming-iterator v0.1.9
[INFO] [stderr]     Checking tracing-subscriber v0.3.23
[INFO] [stderr]     Checking rayon v1.12.0
[INFO] [stderr]     Checking aes-gcm v0.10.3
[INFO] [stderr]     Checking tiny_http v0.12.0
[INFO] [stderr]     Checking chrono v0.4.44
[INFO] [stderr]     Checking ed25519-dalek v2.2.0
[INFO] [stderr]     Checking argon2 v0.5.3
[INFO] [stderr]     Checking rand v0.8.6
[INFO] [stderr]     Checking uuid v1.23.1
[INFO] [stderr]     Checking colored v2.2.0
[INFO] [stderr]     Checking hmac v0.12.1
[INFO] [stderr]     Checking urlencoding v2.1.3
[INFO] [stderr]     Checking dotenv v0.15.0
[INFO] [stderr]     Checking tokio-util v0.7.18
[INFO] [stderr]     Checking tokio-stream v0.1.18
[INFO] [stderr]     Checking tokio-rustls v0.24.1
[INFO] [stderr]     Checking tokio-test v0.4.5
[INFO] [stderr]     Checking h2 v0.3.27
[INFO] [stderr]     Checking hyper v0.14.32
[INFO] [stderr]     Checking hyper-rustls v0.24.2
[INFO] [stderr]     Checking reqwest v0.11.27
[INFO] [stderr]     Checking rusqlite v0.31.0
[INFO] [stderr]     Checking scia v3.5.0 (/opt/rustwide/workdir)
[INFO] [stdout] error[E0061]: this enum variant takes 1 argument but 2 arguments were supplied
[INFO] [stdout]    --> src/ai_brain.rs:688:34
[INFO] [stdout]     |
[INFO] [stdout] 688 |             brain.learn(3, 80.0, Some(60.0, 75.0), "BULLISH EMA", 2, 5.0);
[INFO] [stdout]     |                                  ^^^^       ---- unexpected argument #2 of type `{float}`
[INFO] [stdout]     |
[INFO] [stdout] note: tuple variant defined here
[INFO] [stdout]    --> /rustc/3154cc1a3e6424e44f438a95007d043ed5ceaaf6/library/core/src/option.rs:606:4
[INFO] [stdout] help: remove the extra argument
[INFO] [stdout]     |
[INFO] [stdout] 688 -             brain.learn(3, 80.0, Some(60.0, 75.0), "BULLISH EMA", 2, 5.0);
[INFO] [stdout] 688 +             brain.learn(3, 80.0, Some(60.0), "BULLISH EMA", 2, 5.0);
[INFO] [stdout]     |
[INFO] [stdout] 
[INFO] [stdout] 
[INFO] [stdout] error[E0061]: this method takes 7 arguments but 6 arguments were supplied
[INFO] [stdout]    --> src/ai_brain.rs:688:19
[INFO] [stdout]     |
[INFO] [stdout] 688 |             brain.learn(3, 80.0, Some(60.0, 75.0), "BULLISH EMA", 2, 5.0);
[INFO] [stdout]     |                   ^^^^^-------------------------------------------------- argument #7 of type `f32` is missing
[INFO] [stdout]     |
[INFO] [stdout] note: method defined here
[INFO] [stdout]    --> src/ai_brain.rs:279:12
[INFO] [stdout]     |
[INFO] [stdout] 279 |     pub fn learn(
[INFO] [stdout]     |            ^^^^^
[INFO] [stdout] ...
[INFO] [stdout] 282 |         pip_thr: f32,  // dynamic threshold dari scia_config (default 75.0)
[INFO] [stdout]     |         ------------
[INFO] [stdout] help: provide the argument
[INFO] [stdout]     |
[INFO] [stdout] 688 |             brain.learn(3, 80.0, Some(60.0, 75.0), "BULLISH EMA", 2, 5.0, /* f32 */);
[INFO] [stdout]     |                                                                         +++++++++++
[INFO] [stdout] 
[INFO] [stdout] 
[INFO] [stdout] error[E0061]: this enum variant takes 1 argument but 2 arguments were supplied
[INFO] [stdout]    --> src/ai_brain.rs:724:30
[INFO] [stdout]     |
[INFO] [stdout] 724 |         brain.learn(1, 60.0, Some(40.0, 75.0), "BEARISH EMA", 0, 0.0);
[INFO] [stdout]     |                              ^^^^       ---- unexpected argument #2 of type `{float}`
[INFO] [stdout]     |
[INFO] [stdout] note: tuple variant defined here
[INFO] [stdout]    --> /rustc/3154cc1a3e6424e44f438a95007d043ed5ceaaf6/library/core/src/option.rs:606:4
[INFO] [stdout] help: remove the extra argument
[INFO] [stdout]     |
[INFO] [stdout] 724 -         brain.learn(1, 60.0, Some(40.0, 75.0), "BEARISH EMA", 0, 0.0);
[INFO] [stdout] 724 +         brain.learn(1, 60.0, Some(40.0), "BEARISH EMA", 0, 0.0);
[INFO] [stdout]     |
[INFO] [stdout] 
[INFO] [stdout] 
[INFO] [stdout] error[E0061]: this method takes 7 arguments but 6 arguments were supplied
[INFO] [stdout]    --> src/ai_brain.rs:724:15
[INFO] [stdout]     |
[INFO] [stdout] 724 |         brain.learn(1, 60.0, Some(40.0, 75.0), "BEARISH EMA", 0, 0.0);
[INFO] [stdout]     |               ^^^^^-------------------------------------------------- argument #7 of type `f32` is missing
[INFO] [stdout]     |
[INFO] [stdout] note: method defined here
[INFO] [stdout]    --> src/ai_brain.rs:279:12
[INFO] [stdout]     |
[INFO] [stdout] 279 |     pub fn learn(
[INFO] [stdout]     |            ^^^^^
[INFO] [stdout] ...
[INFO] [stdout] 282 |         pip_thr: f32,  // dynamic threshold dari scia_config (default 75.0)
[INFO] [stdout]     |         ------------
[INFO] [stdout] help: provide the argument
[INFO] [stdout]     |
[INFO] [stdout] 724 |         brain.learn(1, 60.0, Some(40.0, 75.0), "BEARISH EMA", 0, 0.0, /* f32 */);
[INFO] [stdout]     |                                                                     +++++++++++
[INFO] [stdout] 
[INFO] [stdout] 
[INFO] [stdout] error[E0061]: this enum variant takes 1 argument but 2 arguments were supplied
[INFO] [stdout]    --> src/ai_brain.rs:725:30
[INFO] [stdout]     |
[INFO] [stdout] 725 |         brain.learn(3, 85.0, Some(65.0, 75.0), "BULLISH EMA", 3, 10.0);
[INFO] [stdout]     |                              ^^^^       ---- unexpected argument #2 of type `{float}`
[INFO] [stdout]     |
[INFO] [stdout] note: tuple variant defined here
[INFO] [stdout]    --> /rustc/3154cc1a3e6424e44f438a95007d043ed5ceaaf6/library/core/src/option.rs:606:4
[INFO] [stdout] help: remove the extra argument
[INFO] [stdout]     |
[INFO] [stdout] 725 -         brain.learn(3, 85.0, Some(65.0, 75.0), "BULLISH EMA", 3, 10.0);
[INFO] [stdout] 725 +         brain.learn(3, 85.0, Some(65.0), "BULLISH EMA", 3, 10.0);
[INFO] [stdout]     |
[INFO] [stdout] 
[INFO] [stdout] 
[INFO] [stdout] error[E0061]: this method takes 7 arguments but 6 arguments were supplied
[INFO] [stdout]    --> src/ai_brain.rs:725:15
[INFO] [stdout]     |
[INFO] [stdout] 725 |         brain.learn(3, 85.0, Some(65.0, 75.0), "BULLISH EMA", 3, 10.0);
[INFO] [stdout]     |               ^^^^^--------------------------------------------------- argument #7 of type `f32` is missing
[INFO] [stdout]     |
[INFO] [stdout] note: method defined here
[INFO] [stdout]    --> src/ai_brain.rs:279:12
[INFO] [stdout]     |
[INFO] [stdout] 279 |     pub fn learn(
[INFO] [stdout]     |            ^^^^^
[INFO] [stdout] ...
[INFO] [stdout] 282 |         pip_thr: f32,  // dynamic threshold dari scia_config (default 75.0)
[INFO] [stdout]     |         ------------
[INFO] [stdout] help: provide the argument
[INFO] [stdout]     |
[INFO] [stdout] 725 |         brain.learn(3, 85.0, Some(65.0, 75.0), "BULLISH EMA", 3, 10.0, /* f32 */);
[INFO] [stdout]     |                                                                      +++++++++++
[INFO] [stdout] 
[INFO] [stdout] 
[INFO] [stdout] error[E0061]: this enum variant takes 1 argument but 2 arguments were supplied
[INFO] [stdout]    --> src/ai_brain.rs:746:30
[INFO] [stdout]     |
[INFO] [stdout] 746 |         brain.learn(3, 75.0, Some(55.0, 75.0), "BULLISH EMA", 1, 0.0);
[INFO] [stdout]     |                              ^^^^       ---- unexpected argument #2 of type `{float}`
[INFO] [stdout]     |
[INFO] [stdout] note: tuple variant defined here
[INFO] [stdout]    --> /rustc/3154cc1a3e6424e44f438a95007d043ed5ceaaf6/library/core/src/option.rs:606:4
[INFO] [stdout] help: remove the extra argument
[INFO] [stdout]     |
[INFO] [stdout] 746 -         brain.learn(3, 75.0, Some(55.0, 75.0), "BULLISH EMA", 1, 0.0);
[INFO] [stdout] 746 +         brain.learn(3, 75.0, Some(55.0), "BULLISH EMA", 1, 0.0);
[INFO] [stdout]     |
[INFO] [stdout] 
[INFO] [stdout] 
[INFO] [stdout] error[E0061]: this method takes 7 arguments but 6 arguments were supplied
[INFO] [stdout]    --> src/ai_brain.rs:746:15
[INFO] [stdout]     |
[INFO] [stdout] 746 |         brain.learn(3, 75.0, Some(55.0, 75.0), "BULLISH EMA", 1, 0.0);
[INFO] [stdout]     |               ^^^^^-------------------------------------------------- argument #7 of type `f32` is missing
[INFO] [stdout]     |
[INFO] [stdout] note: method defined here
[INFO] [stdout]    --> src/ai_brain.rs:279:12
[INFO] [stdout]     |
[INFO] [stdout] 279 |     pub fn learn(
[INFO] [stdout]     |            ^^^^^
[INFO] [stdout] ...
[INFO] [stdout] 282 |         pip_thr: f32,  // dynamic threshold dari scia_config (default 75.0)
[INFO] [stdout]     |         ------------
[INFO] [stdout] help: provide the argument
[INFO] [stdout]     |
[INFO] [stdout] 746 |         brain.learn(3, 75.0, Some(55.0, 75.0), "BULLISH EMA", 1, 0.0, /* f32 */);
[INFO] [stdout]     |                                                                     +++++++++++
[INFO] [stdout] 
[INFO] [stdout] 
[INFO] [stdout] error[E0061]: this enum variant takes 1 argument but 2 arguments were supplied
[INFO] [stdout]    --> src/ai_brain.rs:853:46
[INFO] [stdout]     |
[INFO] [stdout] 853 |         for _ in 0..5 { brain.learn(3, 80.0, Some(60.0, 75.0), "BULLISH EMA", 1, 0.0); }
[INFO] [stdout]     |                                              ^^^^       ---- unexpected argument #2 of type `{float}`
[INFO] [stdout]     |
[INFO] [stdout] note: tuple variant defined here
[INFO] [stdout]    --> /rustc/3154cc1a3e6424e44f438a95007d043ed5ceaaf6/library/core/src/option.rs:606:4
[INFO] [stdout] help: remove the extra argument
[INFO] [stdout]     |
[INFO] [stdout] 853 -         for _ in 0..5 { brain.learn(3, 80.0, Some(60.0, 75.0), "BULLISH EMA", 1, 0.0); }
[INFO] [stdout] 853 +         for _ in 0..5 { brain.learn(3, 80.0, Some(60.0), "BULLISH EMA", 1, 0.0); }
[INFO] [stdout]     |
[INFO] [stdout] 
[INFO] [stdout] 
[INFO] [stdout] error[E0061]: this method takes 7 arguments but 6 arguments were supplied
[INFO] [stdout]    --> src/ai_brain.rs:853:31
[INFO] [stdout]     |
[INFO] [stdout] 853 |         for _ in 0..5 { brain.learn(3, 80.0, Some(60.0, 75.0), "BULLISH EMA", 1, 0.0); }
[INFO] [stdout]     |                               ^^^^^-------------------------------------------------- argument #7 of type `f32` is missing
[INFO] [stdout]     |
[INFO] [stdout] note: method defined here
[INFO] [stdout]    --> src/ai_brain.rs:279:12
[INFO] [stdout]     |
[INFO] [stdout] 279 |     pub fn learn(
[INFO] [stdout]     |            ^^^^^
[INFO] [stdout] ...
[INFO] [stdout] 282 |         pip_thr: f32,  // dynamic threshold dari scia_config (default 75.0)
[INFO] [stdout]     |         ------------
[INFO] [stdout] help: provide the argument
[INFO] [stdout]     |
[INFO] [stdout] 853 |         for _ in 0..5 { brain.learn(3, 80.0, Some(60.0, 75.0), "BULLISH EMA", 1, 0.0, /* f32 */); }
[INFO] [stdout]     |                                                                                     +++++++++++
[INFO] [stdout] 
[INFO] [stdout] 
[INFO] [stdout] error[E0061]: this enum variant takes 1 argument but 2 arguments were supplied
[INFO] [stdout]    --> src/ai_brain.rs:871:46
[INFO] [stdout]     |
[INFO] [stdout] 871 |         for _ in 0..5 { brain.learn(3, 85.0, Some(60.0, 75.0), "BULLISH EMA", 2, 5.0); }
[INFO] [stdout]     |                                              ^^^^       ---- unexpected argument #2 of type `{float}`
[INFO] [stdout]     |
[INFO] [stdout] note: tuple variant defined here
[INFO] [stdout]    --> /rustc/3154cc1a3e6424e44f438a95007d043ed5ceaaf6/library/core/src/option.rs:606:4
[INFO] [stdout] help: remove the extra argument
[INFO] [stdout]     |
[INFO] [stdout] 871 -         for _ in 0..5 { brain.learn(3, 85.0, Some(60.0, 75.0), "BULLISH EMA", 2, 5.0); }
[INFO] [stdout] 871 +         for _ in 0..5 { brain.learn(3, 85.0, Some(60.0), "BULLISH EMA", 2, 5.0); }
[INFO] [stdout]     |
[INFO] [stdout] 
[INFO] [stdout] 
[INFO] [stdout] error[E0061]: this method takes 7 arguments but 6 arguments were supplied
[INFO] [stdout]    --> src/ai_brain.rs:871:31
[INFO] [stdout]     |
[INFO] [stdout] 871 |         for _ in 0..5 { brain.learn(3, 85.0, Some(60.0, 75.0), "BULLISH EMA", 2, 5.0); }
[INFO] [stdout]     |                               ^^^^^-------------------------------------------------- argument #7 of type `f32` is missing
[INFO] [stdout]     |
[INFO] [stdout] note: method defined here
[INFO] [stdout]    --> src/ai_brain.rs:279:12
[INFO] [stdout]     |
[INFO] [stdout] 279 |     pub fn learn(
[INFO] [stdout]     |            ^^^^^
[INFO] [stdout] ...
[INFO] [stdout] 282 |         pip_thr: f32,  // dynamic threshold dari scia_config (default 75.0)
[INFO] [stdout]     |         ------------
[INFO] [stdout] help: provide the argument
[INFO] [stdout]     |
[INFO] [stdout] 871 |         for _ in 0..5 { brain.learn(3, 85.0, Some(60.0, 75.0), "BULLISH EMA", 2, 5.0, /* f32 */); }
[INFO] [stdout]     |                                                                                     +++++++++++
[INFO] [stdout] 
[INFO] [stdout] 
[INFO] [stdout] error[E0061]: this enum variant takes 1 argument but 2 arguments were supplied
[INFO] [stdout]    --> src/ai_brain.rs:882:30
[INFO] [stdout]     |
[INFO] [stdout] 882 |         brain.learn(1, 80.0, Some(60.0, 75.0), "BULLISH EMA", 0, 0.0);
[INFO] [stdout]     |                              ^^^^       ---- unexpected argument #2 of type `{float}`
[INFO] [stdout]     |
[INFO] [stdout] note: tuple variant defined here
[INFO] [stdout]    --> /rustc/3154cc1a3e6424e44f438a95007d043ed5ceaaf6/library/core/src/option.rs:606:4
[INFO] [stdout] help: remove the extra argument
[INFO] [stdout]     |
[INFO] [stdout] 882 -         brain.learn(1, 80.0, Some(60.0, 75.0), "BULLISH EMA", 0, 0.0);
[INFO] [stdout] 882 +         brain.learn(1, 80.0, Some(60.0), "BULLISH EMA", 0, 0.0);
[INFO] [stdout]     |
[INFO] [stdout] 
[INFO] [stdout] 
[INFO] [stdout] error[E0061]: this method takes 7 arguments but 6 arguments were supplied
[INFO] [stdout]    --> src/ai_brain.rs:882:15
[INFO] [stdout]     |
[INFO] [stdout] 882 |         brain.learn(1, 80.0, Some(60.0, 75.0), "BULLISH EMA", 0, 0.0);
[INFO] [stdout]     |               ^^^^^-------------------------------------------------- argument #7 of type `f32` is missing
[INFO] [stdout]     |
[INFO] [stdout] note: method defined here
[INFO] [stdout]    --> src/ai_brain.rs:279:12
[INFO] [stdout]     |
[INFO] [stdout] 279 |     pub fn learn(
[INFO] [stdout]     |            ^^^^^
[INFO] [stdout] ...
[INFO] [stdout] 282 |         pip_thr: f32,  // dynamic threshold dari scia_config (default 75.0)
[INFO] [stdout]     |         ------------
[INFO] [stdout] help: provide the argument
[INFO] [stdout]     |
[INFO] [stdout] 882 |         brain.learn(1, 80.0, Some(60.0, 75.0), "BULLISH EMA", 0, 0.0, /* f32 */);
[INFO] [stdout]     |                                                                     +++++++++++
[INFO] [stdout] 
[INFO] [stdout] 
[INFO] [stdout] error[E0061]: this enum variant takes 1 argument but 2 arguments were supplied
[INFO] [stdout]    --> src/ai_brain.rs:883:30
[INFO] [stdout]     |
[INFO] [stdout] 883 |         brain.learn(1, 80.0, Some(60.0, 75.0), "BULLISH EMA", 0, 0.0);
[INFO] [stdout]     |                              ^^^^       ---- unexpected argument #2 of type `{float}`
[INFO] [stdout]     |
[INFO] [stdout] note: tuple variant defined here
[INFO] [stdout]    --> /rustc/3154cc1a3e6424e44f438a95007d043ed5ceaaf6/library/core/src/option.rs:606:4
[INFO] [stdout] help: remove the extra argument
[INFO] [stdout]     |
[INFO] [stdout] 883 -         brain.learn(1, 80.0, Some(60.0, 75.0), "BULLISH EMA", 0, 0.0);
[INFO] [stdout] 883 +         brain.learn(1, 80.0, Some(60.0), "BULLISH EMA", 0, 0.0);
[INFO] [stdout]     |
[INFO] [stdout] 
[INFO] [stdout] 
[INFO] [stdout] error[E0061]: this method takes 7 arguments but 6 arguments were supplied
[INFO] [stdout]    --> src/ai_brain.rs:883:15
[INFO] [stdout]     |
[INFO] [stdout] 883 |         brain.learn(1, 80.0, Some(60.0, 75.0), "BULLISH EMA", 0, 0.0);
[INFO] [stdout]     |               ^^^^^-------------------------------------------------- argument #7 of type `f32` is missing
[INFO] [stdout]     |
[INFO] [stdout] note: method defined here
[INFO] [stdout]    --> src/ai_brain.rs:279:12
[INFO] [stdout]     |
[INFO] [stdout] 279 |     pub fn learn(
[INFO] [stdout]     |            ^^^^^
[INFO] [stdout] ...
[INFO] [stdout] 282 |         pip_thr: f32,  // dynamic threshold dari scia_config (default 75.0)
[INFO] [stdout]     |         ------------
[INFO] [stdout] help: provide the argument
[INFO] [stdout]     |
[INFO] [stdout] 883 |         brain.learn(1, 80.0, Some(60.0, 75.0), "BULLISH EMA", 0, 0.0, /* f32 */);
[INFO] [stdout]     |                                                                     +++++++++++
[INFO] [stdout] 
[INFO] [stdout] 
[INFO] [stdout] error[E0061]: this enum variant takes 1 argument but 2 arguments were supplied
[INFO] [stdout]    --> src/ai_brain.rs:899:46
[INFO] [stdout]     |
[INFO] [stdout] 899 |         for _ in 0..5 { brain.learn(3, 85.0, Some(55.0, 75.0), "BULLISH EMA", 1, 0.0); }
[INFO] [stdout]     |                                              ^^^^       ---- unexpected argument #2 of type `{float}`
[INFO] [stdout]     |
[INFO] [stdout] note: tuple variant defined here
[INFO] [stdout]    --> /rustc/3154cc1a3e6424e44f438a95007d043ed5ceaaf6/library/core/src/option.rs:606:4
[INFO] [stdout] help: remove the extra argument
[INFO] [stdout]     |
[INFO] [stdout] 899 -         for _ in 0..5 { brain.learn(3, 85.0, Some(55.0, 75.0), "BULLISH EMA", 1, 0.0); }
[INFO] [stdout] 899 +         for _ in 0..5 { brain.learn(3, 85.0, Some(55.0), "BULLISH EMA", 1, 0.0); }
[INFO] [stdout]     |
[INFO] [stdout] 
[INFO] [stdout] 
[INFO] [stdout] error[E0061]: this method takes 7 arguments but 6 arguments were supplied
[INFO] [stdout]    --> src/ai_brain.rs:899:31
[INFO] [stdout]     |
[INFO] [stdout] 899 |         for _ in 0..5 { brain.learn(3, 85.0, Some(55.0, 75.0), "BULLISH EMA", 1, 0.0); }
[INFO] [stdout]     |                               ^^^^^-------------------------------------------------- argument #7 of type `f32` is missing
[INFO] [stdout]     |
[INFO] [stdout] note: method defined here
[INFO] [stdout]    --> src/ai_brain.rs:279:12
[INFO] [stdout]     |
[INFO] [stdout] 279 |     pub fn learn(
[INFO] [stdout]     |            ^^^^^
[INFO] [stdout] ...
[INFO] [stdout] 282 |         pip_thr: f32,  // dynamic threshold dari scia_config (default 75.0)
[INFO] [stdout]     |         ------------
[INFO] [stdout] help: provide the argument
[INFO] [stdout]     |
[INFO] [stdout] 899 |         for _ in 0..5 { brain.learn(3, 85.0, Some(55.0, 75.0), "BULLISH EMA", 1, 0.0, /* f32 */); }
[INFO] [stdout]     |                                                                                     +++++++++++
[INFO] [stdout] 
[INFO] [stdout] 
[INFO] [stdout] error[E0061]: this enum variant takes 1 argument but 2 arguments were supplied
[INFO] [stdout]    --> src/ai_brain.rs:907:47
[INFO] [stdout]     |
[INFO] [stdout] 907 |         for _ in 0..25 { brain.learn(3, 80.0, Some(55.0, 75.0), "BULLISH EMA", 1, 0.0); }
[INFO] [stdout]     |                                               ^^^^       ---- unexpected argument #2 of type `{float}`
[INFO] [stdout]     |
[INFO] [stdout] note: tuple variant defined here
[INFO] [stdout]    --> /rustc/3154cc1a3e6424e44f438a95007d043ed5ceaaf6/library/core/src/option.rs:606:4
[INFO] [stdout] help: remove the extra argument
[INFO] [stdout]     |
[INFO] [stdout] 907 -         for _ in 0..25 { brain.learn(3, 80.0, Some(55.0, 75.0), "BULLISH EMA", 1, 0.0); }
[INFO] [stdout] 907 +         for _ in 0..25 { brain.learn(3, 80.0, Some(55.0), "BULLISH EMA", 1, 0.0); }
[INFO] [stdout]     |
[INFO] [stdout] 
[INFO] [stdout] 
[INFO] [stdout] error[E0061]: this method takes 7 arguments but 6 arguments were supplied
[INFO] [stdout]    --> src/ai_brain.rs:907:32
[INFO] [stdout]     |
[INFO] [stdout] 907 |         for _ in 0..25 { brain.learn(3, 80.0, Some(55.0, 75.0), "BULLISH EMA", 1, 0.0); }
[INFO] [stdout]     |                                ^^^^^-------------------------------------------------- argument #7 of type `f32` is missing
[INFO] [stdout]     |
[INFO] [stdout] note: method defined here
[INFO] [stdout]    --> src/ai_brain.rs:279:12
[INFO] [stdout]     |
[INFO] [stdout] 279 |     pub fn learn(
[INFO] [stdout]     |            ^^^^^
[INFO] [stdout] ...
[INFO] [stdout] 282 |         pip_thr: f32,  // dynamic threshold dari scia_config (default 75.0)
[INFO] [stdout]     |         ------------
[INFO] [stdout] help: provide the argument
[INFO] [stdout]     |
[INFO] [stdout] 907 |         for _ in 0..25 { brain.learn(3, 80.0, Some(55.0, 75.0), "BULLISH EMA", 1, 0.0, /* f32 */); }
[INFO] [stdout]     |                                                                                      +++++++++++
[INFO] [stdout] 
[INFO] [stdout] 
[INFO] [stdout] error[E0061]: this enum variant takes 1 argument but 2 arguments were supplied
[INFO] [stdout]    --> src/ai_brain.rs:927:34
[INFO] [stdout]     |
[INFO] [stdout] 927 |             brain.learn(3, 80.0, Some(60.0, 75.0), "BULLISH EMA", 1, 0.0);
[INFO] [stdout]     |                                  ^^^^       ---- unexpected argument #2 of type `{float}`
[INFO] [stdout]     |
[INFO] [stdout] note: tuple variant defined here
[INFO] [stdout]    --> /rustc/3154cc1a3e6424e44f438a95007d043ed5ceaaf6/library/core/src/option.rs:606:4
[INFO] [stdout] help: remove the extra argument
[INFO] [stdout]     |
[INFO] [stdout] 927 -             brain.learn(3, 80.0, Some(60.0, 75.0), "BULLISH EMA", 1, 0.0);
[INFO] [stdout] 927 +             brain.learn(3, 80.0, Some(60.0), "BULLISH EMA", 1, 0.0);
[INFO] [stdout]     |
[INFO] [stdout] 
[INFO] [stdout] 
[INFO] [stdout] error[E0061]: this method takes 7 arguments but 6 arguments were supplied
[INFO] [stdout]    --> src/ai_brain.rs:927:19
[INFO] [stdout]     |
[INFO] [stdout] 927 |             brain.learn(3, 80.0, Some(60.0, 75.0), "BULLISH EMA", 1, 0.0);
[INFO] [stdout]     |                   ^^^^^-------------------------------------------------- argument #7 of type `f32` is missing
[INFO] [stdout]     |
[INFO] [stdout] note: method defined here
[INFO] [stdout]    --> src/ai_brain.rs:279:12
[INFO] [stdout]     |
[INFO] [stdout] 279 |     pub fn learn(
[INFO] [stdout]     |            ^^^^^
[INFO] [stdout] ...
[INFO] [stdout] 282 |         pip_thr: f32,  // dynamic threshold dari scia_config (default 75.0)
[INFO] [stdout]     |         ------------
[INFO] [stdout] help: provide the argument
[INFO] [stdout]     |
[INFO] [stdout] 927 |             brain.learn(3, 80.0, Some(60.0, 75.0), "BULLISH EMA", 1, 0.0, /* f32 */);
[INFO] [stdout]     |                                                                         +++++++++++
[INFO] [stdout] 
[INFO] [stdout] 
[INFO] [stdout] error[E0061]: this enum variant takes 1 argument but 2 arguments were supplied
[INFO] [stdout]    --> src/ai_brain.rs:940:47
[INFO] [stdout]     |
[INFO] [stdout] 940 |         for _ in 0..20 { brain.learn(3, 90.0, Some(60.0, 75.0), "BULLISH EMA", 1, 0.0); }
[INFO] [stdout]     |                                               ^^^^       ---- unexpected argument #2 of type `{float}`
[INFO] [stdout]     |
[INFO] [stdout] note: tuple variant defined here
[INFO] [stdout]    --> /rustc/3154cc1a3e6424e44f438a95007d043ed5ceaaf6/library/core/src/option.rs:606:4
[INFO] [stdout] help: remove the extra argument
[INFO] [stdout]     |
[INFO] [stdout] 940 -         for _ in 0..20 { brain.learn(3, 90.0, Some(60.0, 75.0), "BULLISH EMA", 1, 0.0); }
[INFO] [stdout] 940 +         for _ in 0..20 { brain.learn(3, 90.0, Some(60.0), "BULLISH EMA", 1, 0.0); }
[INFO] [stdout]     |
[INFO] [stdout] 
[INFO] [stdout] 
[INFO] [stdout] error[E0061]: this method takes 7 arguments but 6 arguments were supplied
[INFO] [stdout]    --> src/ai_brain.rs:940:32
[INFO] [stdout]     |
[INFO] [stdout] 940 |         for _ in 0..20 { brain.learn(3, 90.0, Some(60.0, 75.0), "BULLISH EMA", 1, 0.0); }
[INFO] [stdout]     |                                ^^^^^-------------------------------------------------- argument #7 of type `f32` is missing
[INFO] [stdout]     |
[INFO] [stdout] note: method defined here
[INFO] [stdout]    --> src/ai_brain.rs:279:12
[INFO] [stdout]     |
[INFO] [stdout] 279 |     pub fn learn(
[INFO] [stdout]     |            ^^^^^
[INFO] [stdout] ...
[INFO] [stdout] 282 |         pip_thr: f32,  // dynamic threshold dari scia_config (default 75.0)
[INFO] [stdout]     |         ------------
[INFO] [stdout] help: provide the argument
[INFO] [stdout]     |
[INFO] [stdout] 940 |         for _ in 0..20 { brain.learn(3, 90.0, Some(60.0, 75.0), "BULLISH EMA", 1, 0.0, /* f32 */); }
[INFO] [stdout]     |                                                                                      +++++++++++
[INFO] [stdout] 
[INFO] [stdout] 
[INFO] [stdout] For more information about this error, try `rustc --explain E0061`.
[INFO] [stdout] 
[INFO] [stderr] error: could not compile `scia` (lib test) due to 24 previous errors
[INFO] [stderr] warning: build failed, waiting for other jobs to finish...
[INFO] running `Command { std: "docker" "inspect" "b035ffbbf50d996d9b72fc66339e95c51bdb0d4335ac280213f67a77d706f929", kill_on_drop: false }`
[INFO] running `Command { std: "docker" "rm" "-f" "b035ffbbf50d996d9b72fc66339e95c51bdb0d4335ac280213f67a77d706f929", kill_on_drop: false }`
[INFO] [stdout] b035ffbbf50d996d9b72fc66339e95c51bdb0d4335ac280213f67a77d706f929
