[INFO] cloning repository https://github.com/mask47631/lonisle_project
[INFO] running `Command { std: "git" "-c" "credential.helper=" "-c" "credential.helper=/workspace/cargo-home/bin/git-credential-null" "clone" "--bare" "https://github.com/mask47631/lonisle_project" "/workspace/cache/git-repos/https%3A%2F%2Fgithub.com%2Fmask47631%2Flonisle_project", kill_on_drop: false }`
[INFO] [stderr] Cloning into bare repository '/workspace/cache/git-repos/https%3A%2F%2Fgithub.com%2Fmask47631%2Flonisle_project'...
[INFO] running `Command { std: "git" "rev-parse" "HEAD", kill_on_drop: false }`
[INFO] [stdout] 676878b0ec1af794c1b77d3b51ae1a1907a75626
[INFO] checking mask47631/lonisle_project against 3154cc1a3e6424e44f438a95007d043ed5ceaaf6+rustflags=-Znext-solver=coherence for pr-133502-30
[INFO] running `Command { std: "git" "clone" "/workspace/cache/git-repos/https%3A%2F%2Fgithub.com%2Fmask47631%2Flonisle_project" "/workspace/builds/worker-3-tc1/source", kill_on_drop: false }`
[INFO] [stderr] Cloning into '/workspace/builds/worker-3-tc1/source'...
[INFO] [stderr] done.
[INFO] started tweaking git repo https://github.com/mask47631/lonisle_project
[INFO] finished tweaking git repo https://github.com/mask47631/lonisle_project
[INFO] tweaked toml for git repo https://github.com/mask47631/lonisle_project written to /workspace/builds/worker-3-tc1/source/Cargo.toml
[INFO] validating manifest of git repo https://github.com/mask47631/lonisle_project on toolchain 3154cc1a3e6424e44f438a95007d043ed5ceaaf6
[INFO] running `Command { std: CARGO_HOME="/workspace/cargo-home" RUSTUP_HOME="/workspace/rustup-home" "/workspace/cargo-home/bin/cargo" "+3154cc1a3e6424e44f438a95007d043ed5ceaaf6" "metadata" "--manifest-path" "Cargo.toml" "--no-deps", kill_on_drop: false }`
[INFO] crate git repo https://github.com/mask47631/lonisle_project already has a lockfile, it will not be regenerated
[INFO] running `Command { std: CARGO_HOME="/workspace/cargo-home" RUSTUP_HOME="/workspace/rustup-home" "/workspace/cargo-home/bin/cargo" "+3154cc1a3e6424e44f438a95007d043ed5ceaaf6" "fetch" "--manifest-path" "Cargo.toml", kill_on_drop: false }`
[INFO] [stderr]  Downloading crates ...
[INFO] [stderr]   Downloaded axum-server v0.7.3
[INFO] running `Command { std: "docker" "create" "-v" "/var/lib/crater-agent-workspace/builds/worker-3-tc1/source:/opt/rustwide/workdir:ro,Z" "-v" "/var/lib/crater-agent-workspace/builds/worker-3-tc1/target:/opt/rustwide/target:rw,Z" "-v" "/var/lib/crater-agent-workspace/cargo-home:/opt/rustwide/cargo-home:ro,Z" "-v" "/var/lib/crater-agent-workspace/rustup-home:/opt/rustwide/rustup-home:ro,Z" "-m" "1610612736" "--network" "none" "ghcr.io/rust-lang/crates-build-env/linux@sha256:77db811e55d90add9212f6832c23229e3de5f1c1f9905e8cb07319ea15df73ac" "sleep" "infinity", kill_on_drop: false }`
[INFO] [stdout] 15468611a5444481c1ec1eb57d7f20740baeebfefbfe7e5f60d816eb2ed9d25e
[INFO] running `Command { std: "docker" "start" "15468611a5444481c1ec1eb57d7f20740baeebfefbfe7e5f60d816eb2ed9d25e", kill_on_drop: false }`
[INFO] running `Command { std: "docker" "inspect" "15468611a5444481c1ec1eb57d7f20740baeebfefbfe7e5f60d816eb2ed9d25e", kill_on_drop: false }`
[INFO] running `Command { std: "docker" "exec" "-e" "SOURCE_DIR=/opt/rustwide/workdir" "-e" "CARGO_HOME=/opt/rustwide/cargo-home" "-e" "RUSTUP_HOME=/opt/rustwide/rustup-home" "-e" "CARGO_TARGET_DIR=/opt/rustwide/target" "-w" "/opt/rustwide/workdir" "--user" "0:0" "15468611a5444481c1ec1eb57d7f20740baeebfefbfe7e5f60d816eb2ed9d25e" "/opt/rustwide/cargo-home/bin/cargo" "+3154cc1a3e6424e44f438a95007d043ed5ceaaf6" "metadata" "--no-deps" "--format-version=1", kill_on_drop: false }`
[INFO] running `Command { std: "docker" "inspect" "15468611a5444481c1ec1eb57d7f20740baeebfefbfe7e5f60d816eb2ed9d25e", kill_on_drop: false }`
[INFO] running `Command { std: "docker" "exec" "-e" "SOURCE_DIR=/opt/rustwide/workdir" "-e" "CARGO_HOME=/opt/rustwide/cargo-home" "-e" "RUSTUP_HOME=/opt/rustwide/rustup-home" "-e" "CARGO_TARGET_DIR=/opt/rustwide/target" "-e" "CARGO_INCREMENTAL=0" "-e" "RUST_BACKTRACE=full" "-e" "RUSTFLAGS=--cap-lints=forbid -Znext-solver=coherence" "-e" "RUSTDOCFLAGS=--cap-lints=forbid" "-w" "/opt/rustwide/workdir" "--user" "0:0" "15468611a5444481c1ec1eb57d7f20740baeebfefbfe7e5f60d816eb2ed9d25e" "/opt/rustwide/cargo-home/bin/cargo" "+3154cc1a3e6424e44f438a95007d043ed5ceaaf6" "check" "--frozen" "--all" "--all-targets" "--message-format=json", kill_on_drop: false }`
[INFO] [stderr]     Checking generic-array v0.14.7
[INFO] [stderr]    Compiling cc v1.4.3
[INFO] [stderr]    Compiling zeroize_derive v1.5.0
[INFO] [stderr]    Compiling futures-macro v0.3.34
[INFO] [stderr]     Checking tracing v0.1.44
[INFO] [stderr]     Checking tokio v1.53.1
[INFO] [stderr]    Compiling serde v1.0.229
[INFO] [stderr]    Compiling zerovec v0.11.7
[INFO] [stderr]    Compiling zerotrie v0.2.5
[INFO] [stderr]    Compiling num-traits v0.2.19
[INFO] [stderr]    Compiling aws-lc-rs v1.18.0
[INFO] [stderr]    Compiling futures-sink v0.3.34
[INFO] [stderr]     Checking time v0.3.55
[INFO] [stderr]     Checking serde_json v1.0.151
[INFO] [stderr]    Compiling rustix v1.1.4
[INFO] [stderr]    Compiling getrandom v0.4.3
[INFO] [stderr]    Compiling hybrid-array v0.4.14
[INFO] [stderr]    Compiling mio v1.2.2
[INFO] [stderr]    Compiling regex-syntax v0.8.11
[INFO] [stderr]    Compiling bitflags v2.13.1
[INFO] [stderr]     Checking zeroize v1.9.0
[INFO] [stderr]    Compiling futures-util v0.3.34
[INFO] [stderr]     Checking rustls-pki-types v1.15.1
[INFO] [stderr]     Checking crypto-common v0.1.7
[INFO] [stderr]     Checking block-buffer v0.10.4
[INFO] [stderr]    Compiling either v1.17.0
[INFO] [stderr]     Checking digest v0.10.7
[INFO] [stderr]    Compiling tinystr v0.8.4
[INFO] [stderr]    Compiling potential_utf v0.1.6
[INFO] [stderr]     Checking inout v0.1.4
[INFO] [stderr]    Compiling icu_locale_core v2.3.0
[INFO] [stderr]    Compiling icu_collections v2.3.0
[INFO] [stderr]     Checking cipher v0.4.4
[INFO] [stderr]    Compiling itertools v0.14.0
[INFO] [stderr]     Checking sha2 v0.10.9
[INFO] [stderr]     Checking rand_chacha v0.3.1
[INFO] [stderr]    Compiling cmake v0.1.58
[INFO] [stderr]    Compiling crossbeam-utils v0.8.22
[INFO] [stderr]    Compiling rustls v0.23.43
[INFO] [stderr]     Checking rand v0.8.7
[INFO] [stderr]    Compiling futures-intrusive v0.5.0
[INFO] [stderr]    Compiling prettyplease v0.2.37
[INFO] [stderr]    Compiling icu_provider v2.3.0
[INFO] [stderr]    Compiling ring v0.17.14
[INFO] [stderr]    Compiling aws-lc-sys v0.44.0
[INFO] [stderr]    Compiling libsqlite3-sys v0.30.1
[INFO] [stderr]    Compiling regex-automata v0.4.18
[INFO] [stderr]    Compiling icu_normalizer v2.3.0
[INFO] [stderr]    Compiling icu_properties v2.3.0
[INFO] [stderr]    Compiling crossbeam-queue v0.3.13
[INFO] [stderr]     Checking hmac v0.12.1
[INFO] [stderr]    Compiling tempfile v3.27.0
[INFO] [stderr]    Compiling block-buffer v0.12.1
[INFO] [stderr]    Compiling crypto-common v0.2.2
[INFO] [stderr]     Checking universal-hash v0.5.1
[INFO] [stderr]    Compiling thiserror v2.0.20
[INFO] [stderr]    Compiling prost-derive v0.13.5
[INFO] [stderr]    Compiling curve25519-dalek-derive v0.1.1
[INFO] [stderr]    Compiling protoc-bin-vendored-linux-x86_32 v3.2.0
[INFO] [stderr]    Compiling protoc-bin-vendored-linux-aarch_64 v3.2.0
[INFO] [stderr]    Compiling protoc-bin-vendored-macos-x86_64 v3.2.0
[INFO] [stderr]    Compiling protoc-bin-vendored-linux-s390_64 v3.2.0
[INFO] [stderr]    Compiling protoc-bin-vendored-linux-x86_64 v3.2.0
[INFO] [stderr]    Compiling protoc-bin-vendored-macos-aarch_64 v3.2.0
[INFO] [stderr]    Compiling protoc-bin-vendored-linux-ppcle_64 v3.2.0
[INFO] [stderr]    Compiling const-oid v0.10.2
[INFO] [stderr]    Compiling protoc-bin-vendored-win32 v3.2.0
[INFO] [stderr]     Checking hex-conservative v0.2.2
[INFO] [stderr]     Checking serde_urlencoded v0.7.1
[INFO] [stderr]    Compiling protoc-bin-vendored v3.2.0
[INFO] [stderr]     Checking polyval v0.6.2
[INFO] [stderr]    Compiling flume v0.11.1
[INFO] [stderr]    Compiling atoi v2.0.0
[INFO] [stderr]     Checking curve25519-dalek v4.1.3
[INFO] [stderr]     Checking aes v0.8.4
[INFO] [stderr]     Checking sha1 v0.10.7
[INFO] [stderr]    Compiling futures-channel v0.3.34
[INFO] [stderr]     Checking tracing-subscriber v0.3.23
[INFO] [stderr]     Checking digest v0.11.3
[INFO] [stderr]    Compiling mime_guess v2.0.5
[INFO] [stderr]     Checking ghash v0.5.1
[INFO] [stderr]     Checking bitcoin_hashes v0.14.101
[INFO] [stderr]     Checking unicode-normalization v0.1.25
[INFO] [stderr]    Compiling idna_adapter v1.2.2
[INFO] [stderr]    Compiling idna v1.1.0
[INFO] [stderr]    Compiling futures-executor v0.3.34
[INFO] [stderr]    Compiling sha2 v0.11.0
[INFO] [stderr]     Checking yasna v0.5.2
[INFO] [stderr]     Checking ctr v0.9.2
[INFO] [stderr]     Checking num-integer v0.1.47
[INFO] [stderr]    Compiling url v2.5.8
[INFO] [stderr]    Compiling prost v0.13.5
[INFO] [stderr]     Checking aead v0.5.2
[INFO] [stderr]    Compiling regex v1.13.1
[INFO] [stderr]    Compiling fs-err v3.3.1
[INFO] [stderr]     Checking symlink v0.1.0
[INFO] [stderr]     Checking tungstenite v0.24.0
[INFO] [stderr]    Compiling rust-embed-utils v8.12.0
[INFO] [stderr]    Compiling prost-types v0.13.5
[INFO] [stderr]     Checking aes-gcm v0.10.3
[INFO] [stderr]     Checking bip39 v2.2.2
[INFO] [stderr]     Checking tracing-appender v0.2.5
[INFO] [stderr]     Checking num-bigint v0.4.8
[INFO] [stderr]     Checking ed25519-dalek v2.2.0
[INFO] [stderr]     Checking x25519-dalek v2.0.1
[INFO] [stderr]     Checking hkdf v0.12.4
[INFO] [stderr]     Checking webpki-roots v1.0.9
[INFO] [stderr]     Checking tokio-util v0.7.19
[INFO] [stderr]     Checking tokio-stream v0.1.19
[INFO] [stderr]     Checking tower v0.5.3
[INFO] [stderr]     Checking base32 v0.5.1
[INFO] [stderr]     Checking clap_builder v4.6.6
[INFO] [stderr]    Compiling rust-embed-impl v8.12.0
[INFO] [stderr]     Checking multer v3.1.0
[INFO] [stderr]     Checking axum-core v0.4.5
[INFO] [stderr]     Checking tokio-tungstenite v0.24.0
[INFO] [stderr]    Compiling zstd-sys v2.0.16+zstd.1.5.7
[INFO] [stderr]     Checking sqlx-core v0.8.6
[INFO] [stderr]     Checking rustls-pemfile v2.2.0
[INFO] [stderr]    Compiling clap_derive v4.6.4
[INFO] [stderr]     Checking serde_path_to_error v0.1.20
[INFO] [stderr]     Checking h2 v0.4.16
[INFO] [stderr]     Checking tower-http v0.6.11
[INFO] [stderr]     Checking tower v0.4.13
[INFO] [stderr]    Compiling bzip2-sys v0.1.13+1.0.8
[INFO] [stderr]     Checking rust-embed v8.12.0
[INFO] [stderr]    Compiling lzma-sys v0.1.20
[INFO] [stderr]    Compiling prost-build v0.13.5
[INFO] [stderr]     Checking simple_asn1 v0.6.4
[INFO] [stderr]    Compiling zstd-safe v7.2.4
[INFO] [stderr]     Checking miniz_oxide v0.8.9
[INFO] [stderr]     Checking zopfli v0.8.3
[INFO] [stderr]     Checking pbkdf2 v0.12.2
[INFO] [stderr]     Checking bzip2 v0.5.2
[INFO] [stderr]    Compiling lonisle-server v0.1.0 (/opt/rustwide/workdir/server)
[INFO] [stderr]     Checking xz2 v0.1.7
[INFO] [stderr]    Compiling lonisle-push v0.1.0 (/opt/rustwide/workdir/push)
[INFO] [stderr]     Checking flate2 v1.1.9
[INFO] [stderr]    Compiling lonisle-core v0.1.0 (/opt/rustwide/workdir/core)
[INFO] [stderr]     Checking rcgen v0.13.2
[INFO] [stderr]     Checking jsonwebtoken v9.3.1
[INFO] [stderr]     Checking clap v4.6.6
[INFO] [stdout] warning: variable does not need to be mutable
[INFO] [stdout]    --> core/src/ratchet.rs:293:13
[INFO] [stdout]     |
[INFO] [stdout] 293 |         let mut take32 = |off: &mut usize| -> Result<[u8; 32], String> {
[INFO] [stdout]     |             ----^^^^^^
[INFO] [stdout]     |             |
[INFO] [stdout]     |             help: remove this `mut`
[INFO] [stdout]     |
[INFO] [stdout]     = note: `#[warn(unused_mut)]` (part of `#[warn(unused)]`) on by default
[INFO] [stdout] 
[INFO] [stdout] 
[INFO] [stdout] warning: variable does not need to be mutable
[INFO] [stdout]    --> core/src/ratchet.rs:300:13
[INFO] [stdout]     |
[INFO] [stdout] 300 |         let mut take_opt32 = |off: &mut usize| -> Result<Option<[u8; 32]>, String> {
[INFO] [stdout]     |             ----^^^^^^^^^^
[INFO] [stdout]     |             |
[INFO] [stdout]     |             help: remove this `mut`
[INFO] [stdout] 
[INFO] [stdout] 
[INFO] [stdout] warning: variable does not need to be mutable
[INFO] [stdout]    --> core/src/ratchet.rs:293:13
[INFO] [stdout]     |
[INFO] [stdout] 293 |         let mut take32 = |off: &mut usize| -> Result<[u8; 32], String> {
[INFO] [stdout]     |             ----^^^^^^
[INFO] [stdout]     |             |
[INFO] [stdout]     |             help: remove this `mut`
[INFO] [stdout]     |
[INFO] [stdout]     = note: `#[warn(unused_mut)]` (part of `#[warn(unused)]`) on by default
[INFO] [stdout] 
[INFO] [stdout] 
[INFO] [stdout] warning: variable does not need to be mutable
[INFO] [stdout]    --> core/src/ratchet.rs:300:13
[INFO] [stdout]     |
[INFO] [stdout] 300 |         let mut take_opt32 = |off: &mut usize| -> Result<Option<[u8; 32]>, String> {
[INFO] [stdout]     |             ----^^^^^^^^^^
[INFO] [stdout]     |             |
[INFO] [stdout]     |             help: remove this `mut`
[INFO] [stdout] 
[INFO] [stdout] 
[INFO] [stderr]     Checking hyper v1.11.0
[INFO] [stderr]     Checking hyper-util v0.1.20
[INFO] [stderr]     Checking zstd v0.13.3
[INFO] [stderr]     Checking zip v2.4.2
[INFO] [stderr]     Checking axum v0.7.9
[INFO] [stderr]    Compiling sqlx-sqlite v0.8.6
[INFO] [stderr]    Compiling sqlx-macros-core v0.8.6
[INFO] [stderr]    Compiling sqlx-macros v0.8.6
[INFO] [stderr]     Checking sqlx v0.8.6
[INFO] [stderr]     Checking rustls-webpki v0.103.14
[INFO] [stderr]     Checking tokio-rustls v0.26.4
[INFO] [stderr]     Checking hyper-rustls v0.27.9
[INFO] [stderr]     Checking axum-server v0.7.3
[INFO] [stderr]     Checking reqwest v0.12.28
[INFO] [stdout] warning: variable does not need to be mutable
[INFO] [stdout]    --> push/src/storage.rs:443:13
[INFO] [stdout]     |
[INFO] [stdout] 443 | ...   let mut rows = sqlx::query("SELECT key, value FROM config WHERE key IN ('fcm_project_id','fcm_client_id','fcm_client_secret',...
[INFO] [stdout]     |           ----^^^^
[INFO] [stdout]     |           |
[INFO] [stdout]     |           help: remove this `mut`
[INFO] [stdout]     |
[INFO] [stdout]     = note: `#[warn(unused_mut)]` (part of `#[warn(unused)]`) on by default
[INFO] [stdout] 
[INFO] [stdout] 
[INFO] [stdout] warning: variable does not need to be mutable
[INFO] [stdout]    --> push/src/storage.rs:443:13
[INFO] [stdout]     |
[INFO] [stdout] 443 | ...   let mut rows = sqlx::query("SELECT key, value FROM config WHERE key IN ('fcm_project_id','fcm_client_id','fcm_client_secret',...
[INFO] [stdout]     |           ----^^^^
[INFO] [stdout]     |           |
[INFO] [stdout]     |           help: remove this `mut`
[INFO] [stdout]     |
[INFO] [stdout]     = note: `#[warn(unused_mut)]` (part of `#[warn(unused)]`) on by default
[INFO] [stdout] 
[INFO] [stdout] 
[INFO] [stdout] error[E0432]: unresolved import `base64`
[INFO] [stdout]   --> server/tests/tls_smoke.rs:80:13
[INFO] [stdout]    |
[INFO] [stdout] 80 |         use base64::Engine as _;
[INFO] [stdout]    |             ^^^^^^ use of unresolved module or unlinked crate `base64`
[INFO] [stdout]    |
[INFO] [stdout] help: there is a crate or module with a similar name
[INFO] [stdout]    |
[INFO] [stdout] 80 -         use base64::Engine as _;
[INFO] [stdout] 80 +         use base32::Engine as _;
[INFO] [stdout]    |
[INFO] [stdout] 
[INFO] [stdout] 
[INFO] [stdout] error[E0433]: cannot find module or crate `base64` in this scope
[INFO] [stdout]   --> server/tests/tls_smoke.rs:81:9
[INFO] [stdout]    |
[INFO] [stdout] 81 |         base64::engine::general_purpose::STANDARD.decode(b64).unwrap()
[INFO] [stdout]    |         ^^^^^^ use of unresolved module or unlinked crate `base64`
[INFO] [stdout]    |
[INFO] [stdout] help: there is a crate or module with a similar name
[INFO] [stdout]    |
[INFO] [stdout] 81 -         base64::engine::general_purpose::STANDARD.decode(b64).unwrap()
[INFO] [stdout] 81 +         base32::engine::general_purpose::STANDARD.decode(b64).unwrap()
[INFO] [stdout]    |
[INFO] [stdout] 
[INFO] [stdout] 
[INFO] [stdout] error[E0433]: cannot find `tls` in `lonisle_server`
[INFO] [stdout]   --> server/tests/tls_smoke.rs:18:31
[INFO] [stdout]    |
[INFO] [stdout] 18 |     let tls = lonisle_server::tls::load_or_generate(&dir).unwrap();
[INFO] [stdout]    |                               ^^^ could not find `tls` in `lonisle_server`
[INFO] [stdout]    |
[INFO] [stdout] help: consider importing this module
[INFO] [stdout]    |
[INFO] [stdout]  4 + use lonisle_core::tls;
[INFO] [stdout]    |
[INFO] [stdout] help: if you import `tls`, refer to it directly
[INFO] [stdout]    |
[INFO] [stdout] 18 -     let tls = lonisle_server::tls::load_or_generate(&dir).unwrap();
[INFO] [stdout] 18 +     let tls = tls::load_or_generate(&dir).unwrap();
[INFO] [stdout]    |
[INFO] [stdout] 
[INFO] [stdout] 
[INFO] [stdout] Some errors have detailed explanations: E0432, E0433.
[INFO] [stdout] 
[INFO] [stdout] For more information about an error, try `rustc --explain E0432`.
[INFO] [stdout] 
[INFO] [stderr] error: could not compile `lonisle-server` (test "tls_smoke") due to 3 previous errors
[INFO] [stderr] warning: build failed, waiting for other jobs to finish...
[INFO] [stderr] warning: unused dependency `serde_json`
[INFO] [stderr]   --> core/Cargo.toml:23:1
[INFO] [stderr]    |
[INFO] [stderr] 23 | serde_json.workspace = true
[INFO] [stderr]    | ^^^^^^^^^^
[INFO] [stderr]    |
[INFO] [stderr]    = note: `cargo::unused_dependencies` is set to `warn` by default
[INFO] [stderr] help: consider removing the dependency on `serde_json`
[INFO] [stderr] warning: `lonisle-core` (manifest) generated 1 warning
[INFO] [stderr] warning: unused dependency `tower`
[INFO] [stderr]   --> push/Cargo.toml:20:1
[INFO] [stderr]    |
[INFO] [stderr] 20 | tower.workspace = true
[INFO] [stderr]    | ^^^^^
[INFO] [stderr]    |
[INFO] [stderr]    = note: `cargo::unused_dependencies` is set to `warn` by default
[INFO] [stderr] help: consider removing the dependency on `tower`
[INFO] [stderr] warning: `lonisle-push` (manifest) generated 1 warning
[INFO] running `Command { std: "docker" "inspect" "15468611a5444481c1ec1eb57d7f20740baeebfefbfe7e5f60d816eb2ed9d25e", kill_on_drop: false }`
[INFO] running `Command { std: "docker" "rm" "-f" "15468611a5444481c1ec1eb57d7f20740baeebfefbfe7e5f60d816eb2ed9d25e", kill_on_drop: false }`
[INFO] [stdout] 15468611a5444481c1ec1eb57d7f20740baeebfefbfe7e5f60d816eb2ed9d25e
