[INFO] cloning repository https://github.com/mashu/dust
[INFO] running `Command { std: "git" "-c" "credential.helper=" "-c" "credential.helper=/workspace/cargo-home/bin/git-credential-null" "clone" "--bare" "https://github.com/mashu/dust" "/workspace/cache/git-repos/https%3A%2F%2Fgithub.com%2Fmashu%2Fdust", kill_on_drop: false }`
[INFO] [stderr] Cloning into bare repository '/workspace/cache/git-repos/https%3A%2F%2Fgithub.com%2Fmashu%2Fdust'...
[INFO] running `Command { std: "git" "rev-parse" "HEAD", kill_on_drop: false }`
[INFO] [stdout] 2819451d2da79fdbcee5f72ba4b9f1724169e736
[INFO] checking mashu/dust against 3154cc1a3e6424e44f438a95007d043ed5ceaaf6+rustflags=-Znext-solver=coherence for pr-133502-30
[INFO] running `Command { std: "git" "clone" "/workspace/cache/git-repos/https%3A%2F%2Fgithub.com%2Fmashu%2Fdust" "/workspace/builds/worker-4-tc1/source", kill_on_drop: false }`
[INFO] [stderr] Cloning into '/workspace/builds/worker-4-tc1/source'...
[INFO] [stderr] done.
[INFO] removed /workspace/builds/worker-4-tc1/source/.cargo/config.toml
[INFO] started tweaking git repo https://github.com/mashu/dust
[INFO] finished tweaking git repo https://github.com/mashu/dust
[INFO] tweaked toml for git repo https://github.com/mashu/dust written to /workspace/builds/worker-4-tc1/source/Cargo.toml
[INFO] validating manifest of git repo https://github.com/mashu/dust on toolchain 3154cc1a3e6424e44f438a95007d043ed5ceaaf6
[INFO] running `Command { std: CARGO_HOME="/workspace/cargo-home" RUSTUP_HOME="/workspace/rustup-home" "/workspace/cargo-home/bin/cargo" "+3154cc1a3e6424e44f438a95007d043ed5ceaaf6" "metadata" "--manifest-path" "Cargo.toml" "--no-deps", kill_on_drop: false }`
[INFO] crate git repo https://github.com/mashu/dust already has a lockfile, it will not be regenerated
[INFO] running `Command { std: CARGO_HOME="/workspace/cargo-home" RUSTUP_HOME="/workspace/rustup-home" "/workspace/cargo-home/bin/cargo" "+3154cc1a3e6424e44f438a95007d043ed5ceaaf6" "fetch" "--manifest-path" "Cargo.toml", kill_on_drop: false }`
[INFO] [stderr]     Updating crates.io index
[INFO] [stderr]  Downloading crates ...
[INFO] [stderr]   Downloaded subsecond-types v0.7.10
[INFO] [stderr]   Downloaded subsecond v0.7.10
[INFO] [stderr]   Downloaded dioxus-ssr v0.7.10
[INFO] [stderr]   Downloaded dioxus-core-types v0.7.10
[INFO] [stderr]   Downloaded dioxus-core v0.7.10
[INFO] [stderr]   Downloaded lazy-js-bundle v0.7.10
[INFO] [stderr]   Downloaded dioxus-fullstack v0.7.10
[INFO] [stderr]   Downloaded dioxus-devtools v0.7.10
[INFO] [stderr]   Downloaded dioxus-logger v0.7.10
[INFO] [stderr]   Downloaded dioxus-stores-macro v0.7.10
[INFO] [stderr]   Downloaded const-serialize-macro v0.8.0-alpha.1
[INFO] [stderr]   Downloaded dioxus-core-macro v0.7.10
[INFO] [stderr]   Downloaded manganis v0.7.10
[INFO] [stderr]   Downloaded const-serialize v0.7.2
[INFO] [stderr]   Downloaded dioxus-devtools-types v0.7.10
[INFO] [stderr]   Downloaded dioxus-html-internal-macro v0.7.10
[INFO] [stderr]   Downloaded const-serialize-macro v0.7.2
[INFO] [stderr]   Downloaded dioxus-document v0.7.10
[INFO] [stderr]   Downloaded askama_escape v0.13.0
[INFO] [stderr]   Downloaded dioxus-hooks v0.7.10
[INFO] [stderr]   Downloaded dioxus-history v0.7.10
[INFO] [stderr]   Downloaded manganis-core v0.7.10
[INFO] [stderr]   Downloaded dioxus-cli-config v0.7.10
[INFO] [stderr]   Downloaded sledgehammer_bindgen_macro v0.6.5
[INFO] [stderr]   Downloaded manganis-macro v0.7.10
[INFO] [stderr]   Downloaded const-serialize v0.8.0-alpha.0
[INFO] [stderr]   Downloaded dioxus-web v0.7.10
[INFO] [stderr]   Downloaded dioxus-interpreter-js v0.7.10
[INFO] [stderr]   Downloaded dioxus-stores v0.7.10
[INFO] [stderr]   Downloaded generational-box v0.7.10
[INFO] [stderr]   Downloaded dioxus-html v0.7.10
[INFO] [stderr]   Downloaded dioxus-signals v0.7.10
[INFO] [stderr]   Downloaded dioxus-rsx v0.7.10
[INFO] [stderr]   Downloaded dioxus v0.7.10
[INFO] [stderr]   Downloaded dioxus-fullstack-macro v0.7.10
[INFO] [stderr]   Downloaded publicsuffix v2.3.0
[INFO] [stderr]   Downloaded dioxus-fullstack-core v0.7.10
[INFO] [stderr]   Downloaded dioxus-asset-resolver v0.7.10
[INFO] [stderr]   Downloaded content_disposition v0.4.0
[INFO] [stderr]   Downloaded const-str v0.7.1
[INFO] [stderr]   Downloaded async-tungstenite v0.31.0
[INFO] [stderr]   Downloaded dioxus-desktop v0.7.10
[INFO] [stderr]   Downloaded dioxus-config-macros v0.7.10
[INFO] [stderr]   Downloaded dioxus-config-macro v0.7.10
[INFO] running `Command { std: "docker" "create" "-v" "/var/lib/crater-agent-workspace/builds/worker-4-tc1/source:/opt/rustwide/workdir:ro,Z" "-v" "/var/lib/crater-agent-workspace/builds/worker-4-tc1/target:/opt/rustwide/target:rw,Z" "-v" "/var/lib/crater-agent-workspace/cargo-home:/opt/rustwide/cargo-home:ro,Z" "-v" "/var/lib/crater-agent-workspace/rustup-home:/opt/rustwide/rustup-home:ro,Z" "-m" "1610612736" "--network" "none" "ghcr.io/rust-lang/crates-build-env/linux@sha256:77db811e55d90add9212f6832c23229e3de5f1c1f9905e8cb07319ea15df73ac" "sleep" "infinity", kill_on_drop: false }`
[INFO] [stdout] 7d83aea164639c9300717a1ad795eb1b26f65ae1130e84322b4bb02bd2a7ef3c
[INFO] running `Command { std: "docker" "start" "7d83aea164639c9300717a1ad795eb1b26f65ae1130e84322b4bb02bd2a7ef3c", kill_on_drop: false }`
[INFO] running `Command { std: "docker" "inspect" "7d83aea164639c9300717a1ad795eb1b26f65ae1130e84322b4bb02bd2a7ef3c", kill_on_drop: false }`
[INFO] running `Command { std: "docker" "exec" "-e" "SOURCE_DIR=/opt/rustwide/workdir" "-e" "CARGO_HOME=/opt/rustwide/cargo-home" "-e" "RUSTUP_HOME=/opt/rustwide/rustup-home" "-e" "CARGO_TARGET_DIR=/opt/rustwide/target" "-w" "/opt/rustwide/workdir" "--user" "0:0" "7d83aea164639c9300717a1ad795eb1b26f65ae1130e84322b4bb02bd2a7ef3c" "/opt/rustwide/cargo-home/bin/cargo" "+3154cc1a3e6424e44f438a95007d043ed5ceaaf6" "metadata" "--no-deps" "--format-version=1", kill_on_drop: false }`
[INFO] running `Command { std: "docker" "inspect" "7d83aea164639c9300717a1ad795eb1b26f65ae1130e84322b4bb02bd2a7ef3c", kill_on_drop: false }`
[INFO] running `Command { std: "docker" "exec" "-e" "SOURCE_DIR=/opt/rustwide/workdir" "-e" "CARGO_HOME=/opt/rustwide/cargo-home" "-e" "RUSTUP_HOME=/opt/rustwide/rustup-home" "-e" "CARGO_TARGET_DIR=/opt/rustwide/target" "-e" "CARGO_INCREMENTAL=0" "-e" "RUST_BACKTRACE=full" "-e" "RUSTFLAGS=--cap-lints=forbid -Znext-solver=coherence" "-e" "RUSTDOCFLAGS=--cap-lints=forbid" "-w" "/opt/rustwide/workdir" "--user" "0:0" "7d83aea164639c9300717a1ad795eb1b26f65ae1130e84322b4bb02bd2a7ef3c" "/opt/rustwide/cargo-home/bin/cargo" "+3154cc1a3e6424e44f438a95007d043ed5ceaaf6" "check" "--frozen" "--all" "--all-targets" "--message-format=json", kill_on_drop: false }`
[INFO] [stderr]    Compiling unicode-ident v1.0.26
[INFO] [stderr]     Checking cfg-if v1.0.5
[INFO] [stderr]     Checking smallvec v1.16.1
[INFO] [stderr]    Compiling slotmap v1.1.1
[INFO] [stderr]     Checking konst_macro_rules v0.2.19
[INFO] [stderr]     Checking dioxus-core-types v0.7.10
[INFO] [stderr]     Checking futures-core v0.3.34
[INFO] [stderr]    Compiling convert_case v0.8.0
[INFO] [stderr]    Compiling serde_json v1.0.151
[INFO] [stderr]     Checking libloading v0.8.9
[INFO] [stderr]    Compiling proc-macro2-diagnostics v0.10.1
[INFO] [stderr]     Checking getrandom v0.3.4
[INFO] [stderr]     Checking dioxus-cli-config v0.7.10
[INFO] [stderr]     Checking bitflags v2.13.2
[INFO] [stderr]    Compiling lazy-js-bundle v0.7.10
[INFO] [stderr]    Compiling winnow v0.7.15
[INFO] [stderr]     Checking sha1 v0.10.7
[INFO] [stderr]     Checking thread_local v1.1.10
[INFO] [stderr]     Checking konst v0.2.20
[INFO] [stderr]    Compiling proc-macro2 v1.0.107
[INFO] [stderr]     Checking futures-util v0.3.34
[INFO] [stderr]     Checking futures-channel v0.3.34
[INFO] [stderr]     Checking dioxus-config-macros v0.7.10
[INFO] [stderr]     Checking chrono v0.4.45
[INFO] [stderr]    Compiling dioxus-document v0.7.10
[INFO] [stderr]     Checking askama_escape v0.13.0
[INFO] [stderr]     Checking rand_core v0.9.5
[INFO] [stderr]     Checking parking_lot_core v0.9.12
[INFO] [stderr]     Checking rand_chacha v0.9.0
[INFO] [stderr]     Checking parking_lot v0.12.5
[INFO] [stderr]     Checking rand v0.9.5
[INFO] [stderr]    Compiling quote v1.0.47
[INFO] [stderr]    Compiling syn v2.0.119
[INFO] [stderr]    Compiling syn v3.0.6
[INFO] [stderr]    Compiling const_format_proc_macros v0.2.34
[INFO] [stderr]    Compiling dioxus-config-macro v0.7.10
[INFO] [stderr]     Checking const_format v0.2.36
[INFO] [stderr]    Compiling serde_derive v1.0.229
[INFO] [stderr]    Compiling thiserror-impl v2.0.20
[INFO] [stderr]    Compiling serde_repr v0.1.21
[INFO] [stderr]    Compiling async-trait v0.1.92
[INFO] [stderr]    Compiling tokio-macros v2.7.2
[INFO] [stderr]    Compiling darling_core v0.21.3
[INFO] [stderr]    Compiling macro-string v0.1.4
[INFO] [stderr]    Compiling dioxus-rsx v0.7.10
[INFO] [stderr]     Checking tokio v1.53.1
[INFO] [stderr]     Checking thiserror v2.0.20
[INFO] [stderr]     Checking dioxus-asset-resolver v0.7.10
[INFO] [stderr]    Compiling tracing-attributes v0.1.31
[INFO] [stderr]    Compiling pin-project-internal v1.1.13
[INFO] [stderr]    Compiling const-serialize-macro v0.7.2
[INFO] [stderr]    Compiling warnings-macro v0.2.0
[INFO] [stderr]    Compiling const-serialize-macro v0.8.0-alpha.1
[INFO] [stderr]    Compiling dioxus-html-internal-macro v0.7.10
[INFO] [stderr]    Compiling dioxus-stores-macro v0.7.10
[INFO] [stderr]    Compiling dioxus-core-macro v0.7.10
[INFO] [stderr]    Compiling const-serialize v0.7.2
[INFO] [stderr]     Checking pin-project v1.1.13
[INFO] [stderr]     Checking tracing v0.1.44
[INFO] [stderr]     Checking generational-box v0.7.10
[INFO] [stderr]     Checking warnings v0.2.1
[INFO] [stderr]     Checking tracing-subscriber v0.3.23
[INFO] [stderr]     Checking serde v1.0.229
[INFO] [stderr]    Compiling darling_macro v0.21.3
[INFO] [stderr]    Compiling darling v0.21.3
[INFO] [stderr]    Compiling enumset_derive v0.15.0
[INFO] [stderr]     Checking subsecond-types v0.7.10
[INFO] [stderr]     Checking bytes v1.12.1
[INFO] [stderr]     Checking euclid v0.22.14
[INFO] [stderr]     Checking keyboard-types v0.7.0
[INFO] [stderr]     Checking const-serialize v0.8.0-alpha.0
[INFO] [stderr]     Checking cw-core v0.11.0 (/opt/rustwide/workdir/crates/cw-core)
[INFO] [stderr]     Checking subsecond v0.7.10
[INFO] [stderr]     Checking dioxus-logger v0.7.10
[INFO] [stderr]     Checking manganis-core v0.7.10
[INFO] [stderr]     Checking http v1.5.0
[INFO] [stderr]     Checking dioxus-core v0.7.10
[INFO] [stderr]     Checking enumset v1.1.14
[INFO] [stderr]    Compiling manganis-macro v0.7.10
[INFO] [stderr]     Checking tungstenite v0.28.0
[INFO] [stderr]     Checking manganis v0.7.10
[INFO] [stderr]     Checking dioxus-signals v0.7.10
[INFO] [stderr]     Checking dioxus-devtools-types v0.7.10
[INFO] [stderr]     Checking dioxus-history v0.7.10
[INFO] [stderr]     Checking dioxus-ssr v0.7.10
[INFO] [stderr]     Checking dioxus-hooks v0.7.10
[INFO] [stderr]     Checking dioxus-stores v0.7.10
[INFO] [stderr]     Checking dioxus-devtools v0.7.10
[INFO] [stderr]     Checking dioxus-html v0.7.10
[INFO] [stderr]     Checking dioxus v0.7.10
[INFO] [stderr]     Checking dust v0.11.0 (/opt/rustwide/workdir)
[INFO] [stdout] error[E0433]: cannot find module or crate `tokio` in this scope
[INFO] [stdout]   --> src/time.rs:13:9
[INFO] [stdout]    |
[INFO] [stdout] 13 |         tokio::time::sleep(std::time::Duration::from_millis(u64::from(ms))).await;
[INFO] [stdout]    |         ^^^^^ use of unresolved module or unlinked crate `tokio`
[INFO] [stdout]    |
[INFO] [stdout]    = help: if you wanted to use a crate named `tokio`, use `cargo add tokio` to add it to your `Cargo.toml`
[INFO] [stdout] 
[INFO] [stdout] 
[INFO] [stdout] error[E0433]: cannot find module or crate `tokio` in this scope
[INFO] [stdout]   --> src/time.rs:28:12
[INFO] [stdout]    |
[INFO] [stdout] 28 |         if tokio::runtime::Handle::try_current().is_ok() {
[INFO] [stdout]    |            ^^^^^ use of unresolved module or unlinked crate `tokio`
[INFO] [stdout]    |
[INFO] [stdout]    = help: if you wanted to use a crate named `tokio`, use `cargo add tokio` to add it to your `Cargo.toml`
[INFO] [stdout] 
[INFO] [stdout] 
[INFO] [stdout] error[E0425]: cannot find type `DesktopStore` in this scope
[INFO] [stdout]    --> src/persist.rs:635:39
[INFO] [stdout]     |
[INFO] [stdout] 635 |     fn store(name: &str) -> (TempDir, DesktopStore) {
[INFO] [stdout]     |                                       ^^^^^^^^^^^^ not found in this scope
[INFO] [stdout] 
[INFO] [stdout] 
[INFO] [stdout] error[E0433]: cannot find module or crate `tokio` in this scope
[INFO] [stdout]   --> src/time.rs:31:31
[INFO] [stdout]    |
[INFO] [stdout] 31 |                     let now = tokio::time::Instant::now();
[INFO] [stdout]    |                               ^^^^^ use of unresolved module or unlinked crate `tokio`
[INFO] [stdout]    |
[INFO] [stdout]    = help: if you wanted to use a crate named `tokio`, use `cargo add tokio` to add it to your `Cargo.toml`
[INFO] [stdout] help: consider importing this struct
[INFO] [stdout]    |
[INFO] [stdout]  1 + use std::time::Instant;
[INFO] [stdout]    |
[INFO] [stdout] help: if you import `Instant`, refer to it directly
[INFO] [stdout]    |
[INFO] [stdout] 31 -                     let now = tokio::time::Instant::now();
[INFO] [stdout] 31 +                     let now = Instant::now();
[INFO] [stdout]    |
[INFO] [stdout] 
[INFO] [stdout] 
[INFO] [stdout] error[E0433]: cannot find module or crate `tokio` in this scope
[INFO] [stdout]   --> src/time.rs:35:17
[INFO] [stdout]    |
[INFO] [stdout] 35 |                 tokio::time::Instant::now()
[INFO] [stdout]    |                 ^^^^^ use of unresolved module or unlinked crate `tokio`
[INFO] [stdout]    |
[INFO] [stdout]    = help: if you wanted to use a crate named `tokio`, use `cargo add tokio` to add it to your `Cargo.toml`
[INFO] [stdout] help: consider importing this struct
[INFO] [stdout]    |
[INFO] [stdout]  1 + use std::time::Instant;
[INFO] [stdout]    |
[INFO] [stdout] help: if you import `Instant`, refer to it directly
[INFO] [stdout]    |
[INFO] [stdout] 35 -                 tokio::time::Instant::now()
[INFO] [stdout] 35 +                 Instant::now()
[INFO] [stdout]    |
[INFO] [stdout] 
[INFO] [stdout] 
[INFO] [stdout] error[E0433]: cannot find module or crate `tokio` in this scope
[INFO] [stdout]   --> src/time.rs:46:49
[INFO] [stdout]    |
[INFO] [stdout] 46 |     static CLOCK_ORIGIN: std::cell::Cell<Option<tokio::time::Instant>> =
[INFO] [stdout]    |                                                 ^^^^^ use of unresolved module or unlinked crate `tokio`
[INFO] [stdout]    |
[INFO] [stdout]    = help: if you wanted to use a crate named `tokio`, use `cargo add tokio` to add it to your `Cargo.toml`
[INFO] [stdout] help: consider importing this module
[INFO] [stdout]    |
[INFO] [stdout]  1 + use std::time;
[INFO] [stdout]    |
[INFO] [stdout] help: if you import `time`, refer to it directly
[INFO] [stdout]    |
[INFO] [stdout] 46 -     static CLOCK_ORIGIN: std::cell::Cell<Option<tokio::time::Instant>> =
[INFO] [stdout] 46 +     static CLOCK_ORIGIN: std::cell::Cell<Option<time::Instant>> =
[INFO] [stdout]    |
[INFO] [stdout] 
[INFO] [stdout] 
[INFO] [stdout] warning: unused import: `AutoAdjustMode`
[INFO] [stdout]  --> src/persist.rs:2:52
[INFO] [stdout]   |
[INFO] [stdout] 2 |     auto_level_progress, fit_settings_to_alphabet, AutoAdjustMode, AutoLevelCounters,
[INFO] [stdout]   |                                                    ^^^^^^^^^^^^^^
[INFO] [stdout]   |
[INFO] [stdout]   = note: `#[warn(unused_imports)]` (part of `#[warn(unused)]`) on by default
[INFO] [stdout] 
[INFO] [stdout] 
[INFO] [stdout] error[E0425]: cannot find function `default_store` in this scope
[INFO] [stdout]    --> src/persist.rs:353:5
[INFO] [stdout]     |
[INFO] [stdout] 353 |     default_store().load_theme()
[INFO] [stdout]     |     ^^^^^^^^^^^^^ not found in this scope
[INFO] [stdout] 
[INFO] [stdout] 
[INFO] [stdout] error[E0425]: cannot find function `default_store` in this scope
[INFO] [stdout]    --> src/persist.rs:357:5
[INFO] [stdout]     |
[INFO] [stdout] 357 |     default_store().save_theme(theme)
[INFO] [stdout]     |     ^^^^^^^^^^^^^ not found in this scope
[INFO] [stdout] 
[INFO] [stdout] 
[INFO] [stdout] error[E0425]: cannot find function `default_store` in this scope
[INFO] [stdout]    --> src/persist.rs:361:5
[INFO] [stdout]     |
[INFO] [stdout] 361 |     default_store().load_settings()
[INFO] [stdout]     |     ^^^^^^^^^^^^^ not found in this scope
[INFO] [stdout] 
[INFO] [stdout] 
[INFO] [stdout] error[E0425]: cannot find function `default_store` in this scope
[INFO] [stdout]    --> src/persist.rs:365:5
[INFO] [stdout]     |
[INFO] [stdout] 365 |     default_store().save_settings(settings)
[INFO] [stdout]     |     ^^^^^^^^^^^^^ not found in this scope
[INFO] [stdout] 
[INFO] [stdout] 
[INFO] [stdout] error[E0425]: cannot find function `default_store` in this scope
[INFO] [stdout]    --> src/persist.rs:369:5
[INFO] [stdout]     |
[INFO] [stdout] 369 |     default_store().load_sessions()
[INFO] [stdout]     |     ^^^^^^^^^^^^^ not found in this scope
[INFO] [stdout] 
[INFO] [stdout] 
[INFO] [stdout] error[E0425]: cannot find function `default_store` in this scope
[INFO] [stdout]    --> src/persist.rs:373:5
[INFO] [stdout]     |
[INFO] [stdout] 373 |     default_store().save_sessions(sessions)
[INFO] [stdout]     |     ^^^^^^^^^^^^^ not found in this scope
[INFO] [stdout] 
[INFO] [stdout] 
[INFO] [stdout] error[E0425]: cannot find function `default_store` in this scope
[INFO] [stdout]    --> src/persist.rs:377:5
[INFO] [stdout]     |
[INFO] [stdout] 377 |     default_store().load_auto_counters(settings)
[INFO] [stdout]     |     ^^^^^^^^^^^^^ not found in this scope
[INFO] [stdout] 
[INFO] [stdout] 
[INFO] [stdout] error[E0425]: cannot find function `default_store` in this scope
[INFO] [stdout]    --> src/persist.rs:381:5
[INFO] [stdout]     |
[INFO] [stdout] 381 |     default_store().save_auto_counters(settings, counters)
[INFO] [stdout]     |     ^^^^^^^^^^^^^ not found in this scope
[INFO] [stdout] 
[INFO] [stdout] 
[INFO] [stdout] error[E0425]: cannot find function `default_store` in this scope
[INFO] [stdout]    --> src/persist.rs:385:5
[INFO] [stdout]     |
[INFO] [stdout] 385 |     default_store().clear_auto_counters(keys)
[INFO] [stdout]     |     ^^^^^^^^^^^^^ not found in this scope
[INFO] [stdout] 
[INFO] [stdout] 
[INFO] [stdout] error[E0433]: cannot find type `DesktopStore` in this scope
[INFO] [stdout]    --> src/persist.rs:637:21
[INFO] [stdout]     |
[INFO] [stdout] 637 |         let store = DesktopStore::at(dir.0.clone());
[INFO] [stdout]     |                     ^^^^^^^^^^^^ use of undeclared type `DesktopStore`
[INFO] [stdout] 
[INFO] [stdout] 
[INFO] [stdout] error[E0425]: cannot find function `data_dir` in this scope
[INFO] [stdout]    --> src/persist.rs:741:20
[INFO] [stdout]     |
[INFO] [stdout] 741 |         assert_eq!(data_dir(), dir.0);
[INFO] [stdout]     |                    ^^^^^^^^ not found in this scope
[INFO] [stdout] 
[INFO] [stdout] 
[INFO] [stdout] error[E0433]: cannot find type `DesktopStore` in this scope
[INFO] [stdout]    --> src/persist.rs:742:20
[INFO] [stdout]     |
[INFO] [stdout] 742 |         assert_eq!(DesktopStore::new().root, dir.0);
[INFO] [stdout]     |                    ^^^^^^^^^^^^ use of undeclared type `DesktopStore`
[INFO] [stdout] 
[INFO] [stdout] 
[INFO] [stdout] error[E0433]: cannot find type `DesktopStore` in this scope
[INFO] [stdout]    --> src/persist.rs:743:20
[INFO] [stdout]     |
[INFO] [stdout] 743 |         assert_eq!(DesktopStore::default().root, dir.0);
[INFO] [stdout]     |                    ^^^^^^^^^^^^ use of undeclared type `DesktopStore`
[INFO] [stdout] 
[INFO] [stdout] 
[INFO] [stdout] error[E0425]: cannot find function `data_dir` in this scope
[INFO] [stdout]    --> src/persist.rs:747:20
[INFO] [stdout]     |
[INFO] [stdout] 747 |         assert_ne!(data_dir(), std::path::PathBuf::new());
[INFO] [stdout]     |                    ^^^^^^^^ not found in this scope
[INFO] [stdout] 
[INFO] [stdout] 
[INFO] [stdout] error[E0425]: cannot find function `data_dir` in this scope
[INFO] [stdout]    --> src/persist.rs:748:17
[INFO] [stdout]     |
[INFO] [stdout] 748 |         assert!(data_dir().ends_with("dust"));
[INFO] [stdout]     |                 ^^^^^^^^ not found in this scope
[INFO] [stdout] 
[INFO] [stdout] 
[INFO] [stdout] Some errors have detailed explanations: E0425, E0433.
[INFO] [stdout] 
[INFO] [stdout] For more information about an error, try `rustc --explain E0425`.
[INFO] [stdout] 
[INFO] [stderr] error: could not compile `dust` (bin "dust") due to 14 previous errors; 1 warning emitted
[INFO] [stderr] warning: build failed, waiting for other jobs to finish...
[INFO] [stdout] Some errors have detailed explanations: E0425, E0433.
[INFO] [stdout] 
[INFO] [stdout] For more information about an error, try `rustc --explain E0425`.
[INFO] [stdout] 
[INFO] [stderr] error: could not compile `dust` (bin "dust" test) due to 7 previous errors
[INFO] running `Command { std: "docker" "inspect" "7d83aea164639c9300717a1ad795eb1b26f65ae1130e84322b4bb02bd2a7ef3c", kill_on_drop: false }`
[INFO] running `Command { std: "docker" "rm" "-f" "7d83aea164639c9300717a1ad795eb1b26f65ae1130e84322b4bb02bd2a7ef3c", kill_on_drop: false }`
[INFO] [stdout] 7d83aea164639c9300717a1ad795eb1b26f65ae1130e84322b4bb02bd2a7ef3c
