[INFO] cloning repository https://github.com/martinbudden/Crate-motor_mixers
[INFO] running `Command { std: "git" "-c" "credential.helper=" "-c" "credential.helper=/workspace/cargo-home/bin/git-credential-null" "clone" "--bare" "https://github.com/martinbudden/Crate-motor_mixers" "/workspace/cache/git-repos/https%3A%2F%2Fgithub.com%2Fmartinbudden%2FCrate-motor_mixers", kill_on_drop: false }`
[INFO] [stderr] Cloning into bare repository '/workspace/cache/git-repos/https%3A%2F%2Fgithub.com%2Fmartinbudden%2FCrate-motor_mixers'...
[INFO] running `Command { std: "git" "rev-parse" "HEAD", kill_on_drop: false }`
[INFO] [stdout] b6759410e58fbe2659bc21329b221fcf48f1b4ee
[INFO] checking martinbudden/Crate-motor_mixers against 3154cc1a3e6424e44f438a95007d043ed5ceaaf6+rustflags=-Znext-solver=coherence for pr-133502-30
[INFO] running `Command { std: "git" "clone" "/workspace/cache/git-repos/https%3A%2F%2Fgithub.com%2Fmartinbudden%2FCrate-motor_mixers" "/workspace/builds/worker-1-tc1/source", kill_on_drop: false }`
[INFO] [stderr] Cloning into '/workspace/builds/worker-1-tc1/source'...
[INFO] [stderr] done.
[INFO] removed /workspace/builds/worker-1-tc1/source/.cargo/config.toml
[INFO] removed /workspace/builds/worker-1-tc1/source/rust-toolchain.toml
[INFO] started tweaking git repo https://github.com/martinbudden/Crate-motor_mixers
[INFO] finished tweaking git repo https://github.com/martinbudden/Crate-motor_mixers
[INFO] tweaked toml for git repo https://github.com/martinbudden/Crate-motor_mixers written to /workspace/builds/worker-1-tc1/source/Cargo.toml
[INFO] validating manifest of git repo https://github.com/martinbudden/Crate-motor_mixers on toolchain 3154cc1a3e6424e44f438a95007d043ed5ceaaf6
[INFO] running `Command { std: CARGO_HOME="/workspace/cargo-home" RUSTUP_HOME="/workspace/rustup-home" "/workspace/cargo-home/bin/cargo" "+3154cc1a3e6424e44f438a95007d043ed5ceaaf6" "metadata" "--manifest-path" "Cargo.toml" "--no-deps", kill_on_drop: false }`
[INFO] crate git repo https://github.com/martinbudden/Crate-motor_mixers already has a lockfile, it will not be regenerated
[INFO] running `Command { std: CARGO_HOME="/workspace/cargo-home" RUSTUP_HOME="/workspace/rustup-home" "/workspace/cargo-home/bin/cargo" "+3154cc1a3e6424e44f438a95007d043ed5ceaaf6" "fetch" "--manifest-path" "Cargo.toml", kill_on_drop: false }`
[INFO] [stderr]     Updating crates.io index
[INFO] [stderr]  Downloading crates ...
[INFO] [stderr]   Downloaded xtensa-lx v0.13.0
[INFO] [stderr]   Downloaded postcard-derive v0.2.2
[INFO] [stderr]   Downloaded atomic-polyfill v1.0.3
[INFO] [stderr]   Downloaded instability v0.3.14
[INFO] [stderr]   Downloaded embedded-storage v0.3.2
[INFO] [stderr]   Downloaded sdio-host v0.9.0
[INFO] [stderr]   Downloaded static_cell v2.1.1
[INFO] [stderr]   Downloaded block-device-driver v0.2.0
[INFO] [stderr]   Downloaded gcd v2.3.0
[INFO] [stderr]   Downloaded embedded-can v0.4.1
[INFO] [stderr]   Downloaded embassy-net-driver v0.2.0
[INFO] [stderr]   Downloaded cortex-m-rt-macros v0.7.7
[INFO] [stderr]   Downloaded hash32 v0.2.1
[INFO] [stderr]   Downloaded riscv-macros v0.3.0
[INFO] [stderr]   Downloaded esp-sync v0.3.0
[INFO] [stderr]   Downloaded embedded-hal-nb v1.0.0
[INFO] [stderr]   Downloaded embedded-storage-async v0.4.2
[INFO] [stderr]   Downloaded ufmt-write v0.1.0
[INFO] [stderr]   Downloaded riscv-pac v0.2.0
[INFO] [stderr]   Downloaded bitfield-macros v0.19.5
[INFO] [stderr]   Downloaded trait-set v0.3.0
[INFO] [stderr]   Downloaded smart-leds-trait v0.3.2
[INFO] [stderr]   Downloaded ascii-canvas v4.0.0
[INFO] [stderr]   Downloaded smart-leds v0.4.0
[INFO] [stderr]   Downloaded debug-helper v0.3.14
[INFO] [stderr]   Downloaded pio-parser v0.3.0
[INFO] [stderr]   Downloaded pio-core v0.3.0
[INFO] [stderr]   Downloaded pio-proc v0.3.0
[INFO] [stderr]   Downloaded defmt-test-macros v0.3.3
[INFO] [stderr]   Downloaded somni-template v0.3.2
[INFO] [stderr]   Downloaded esp-hal-procmacros v0.23.0
[INFO] [stderr]   Downloaded indoc v2.0.8
[INFO] [stderr]   Downloaded delegate v0.13.5
[INFO] [stderr]   Downloaded bitfield v0.19.5
[INFO] [stderr]   Downloaded pidsk-controller v0.1.11
[INFO] [stderr]   Downloaded pio v0.3.0
[INFO] [stderr]   Downloaded lalrpop-util v0.22.2
[INFO] [stderr]   Downloaded signal-filters v0.1.14
[INFO] [stderr]   Downloaded dshot-codec v0.1.2
[INFO] [stderr]   Downloaded riscv v0.15.0
[INFO] [stderr]   Downloaded somni-parser v0.3.1
[INFO] [stderr]   Downloaded esp-config v0.8.0
[INFO] [stderr]   Downloaded somni-expr v0.3.2
[INFO] [stderr]   Downloaded sdio v0.5.2
[INFO] [stderr]   Downloaded enumset v1.1.14
[INFO] [stderr]   Downloaded cortex-m-rt v0.7.7
[INFO] [stderr]   Downloaded embassy-usb-synopsys-otg v0.3.3
[INFO] [stderr]   Downloaded sequential-storage v8.0.2
[INFO] [stderr]   Downloaded fugit v0.5.0
[INFO] [stderr]   Downloaded stm32-fmc v0.4.0
[INFO] [stderr]   Downloaded embassy-sync v0.6.2
[INFO] [stderr]   Downloaded rp2040-boot2 v0.3.0
[INFO] [stderr]   Downloaded smallvec v1.16.3
[INFO] [stderr]   Downloaded embassy-sync v0.7.2
[INFO] [stderr]   Downloaded crc-any v2.5.1
[INFO] [stderr]   Downloaded term v1.2.1
[INFO] [stderr]   Downloaded generator v0.8.10
[INFO] [stderr]   Downloaded heapless v0.7.17
[INFO] [stderr]   Downloaded semihosting v0.1.25
[INFO] [stderr]   Downloaded vqm v0.1.17
[INFO] [stderr]   Downloaded syn v3.0.7
[INFO] [stderr]   Downloaded cc v1.7.0
[INFO] [stderr]   Downloaded esp-rom-sys v0.1.4
[INFO] [stderr]   Downloaded embassy-rp v0.10.0
[INFO] [stderr]   Downloaded esp-metadata-generated v0.4.0
[INFO] [stderr]   Downloaded fixed v1.29.0
[INFO] [stderr]   Downloaded lalrpop v0.22.2
[INFO] [stderr]   Downloaded defmt-test v0.5.0
[INFO] [stderr]   Downloaded esp-metadata-generated v0.5.3
[INFO] [stderr]   Downloaded embassy-stm32 v0.6.0
[INFO] [stderr]   Downloaded esp32s3 v0.36.0
[INFO] [stderr]   Downloaded esp32s3 v0.35.2
[INFO] [stderr]   Downloaded rp-pac v7.0.0
[INFO] [stderr]   Downloaded esp-hal v1.2.2
[INFO] [stderr]   Downloaded sha2-const-stable v0.1.0
[INFO] [stderr]   Downloaded stm32-metapac v21.0.0
[INFO] running `Command { std: "docker" "create" "-v" "/var/lib/crater-agent-workspace/builds/worker-1-tc1/source:/opt/rustwide/workdir:ro,Z" "-v" "/var/lib/crater-agent-workspace/builds/worker-1-tc1/target:/opt/rustwide/target:rw,Z" "-v" "/var/lib/crater-agent-workspace/cargo-home:/opt/rustwide/cargo-home:ro,Z" "-v" "/var/lib/crater-agent-workspace/rustup-home:/opt/rustwide/rustup-home:ro,Z" "-m" "1610612736" "--network" "none" "ghcr.io/rust-lang/crates-build-env/linux@sha256:77db811e55d90add9212f6832c23229e3de5f1c1f9905e8cb07319ea15df73ac" "sleep" "infinity", kill_on_drop: false }`
[INFO] [stdout] e7f0db0abd8069b62ccf5362264eef95d23656d71795bbb24c2a0bf3ee7365fc
[INFO] running `Command { std: "docker" "start" "e7f0db0abd8069b62ccf5362264eef95d23656d71795bbb24c2a0bf3ee7365fc", kill_on_drop: false }`
[INFO] running `Command { std: "docker" "inspect" "e7f0db0abd8069b62ccf5362264eef95d23656d71795bbb24c2a0bf3ee7365fc", kill_on_drop: false }`
[INFO] running `Command { std: "docker" "exec" "-e" "SOURCE_DIR=/opt/rustwide/workdir" "-e" "CARGO_HOME=/opt/rustwide/cargo-home" "-e" "RUSTUP_HOME=/opt/rustwide/rustup-home" "-e" "CARGO_TARGET_DIR=/opt/rustwide/target" "-w" "/opt/rustwide/workdir" "--user" "0:0" "e7f0db0abd8069b62ccf5362264eef95d23656d71795bbb24c2a0bf3ee7365fc" "/opt/rustwide/cargo-home/bin/cargo" "+3154cc1a3e6424e44f438a95007d043ed5ceaaf6" "metadata" "--no-deps" "--format-version=1", kill_on_drop: false }`
[INFO] running `Command { std: "docker" "inspect" "e7f0db0abd8069b62ccf5362264eef95d23656d71795bbb24c2a0bf3ee7365fc", kill_on_drop: false }`
[INFO] running `Command { std: "docker" "exec" "-e" "SOURCE_DIR=/opt/rustwide/workdir" "-e" "CARGO_HOME=/opt/rustwide/cargo-home" "-e" "RUSTUP_HOME=/opt/rustwide/rustup-home" "-e" "CARGO_TARGET_DIR=/opt/rustwide/target" "-e" "CARGO_INCREMENTAL=0" "-e" "RUST_BACKTRACE=full" "-e" "RUSTFLAGS=--cap-lints=forbid -Znext-solver=coherence" "-e" "RUSTDOCFLAGS=--cap-lints=forbid" "-w" "/opt/rustwide/workdir" "--user" "0:0" "e7f0db0abd8069b62ccf5362264eef95d23656d71795bbb24c2a0bf3ee7365fc" "/opt/rustwide/cargo-home/bin/cargo" "+3154cc1a3e6424e44f438a95007d043ed5ceaaf6" "check" "--frozen" "--all" "--all-targets" "--message-format=json", kill_on_drop: false }`
[INFO] [stderr]    Compiling proc-macro2 v1.0.107
[INFO] [stderr]    Compiling quote v1.0.47
[INFO] [stderr]    Compiling unicode-ident v1.0.26
[INFO] [stderr]    Compiling semver v1.0.28
[INFO] [stderr]    Compiling libm v0.2.16
[INFO] [stderr]    Compiling autocfg v1.5.1
[INFO] [stderr]     Checking critical-section v1.2.0
[INFO] [stderr]     Checking nb v1.1.0
[INFO] [stderr]    Compiling thiserror v2.0.21
[INFO] [stderr]    Compiling ident_case v1.0.1
[INFO] [stderr]    Compiling strsim v0.11.1
[INFO] [stderr]    Compiling fnv v1.0.7
[INFO] [stderr]    Compiling defmt v1.1.1
[INFO] [stderr]     Checking nb v0.1.3
[INFO] [stderr]    Compiling litrs v1.0.0
[INFO] [stderr]    Compiling rustc_version v0.4.1
[INFO] [stderr]    Compiling zerocopy v0.8.62
[INFO] [stderr]     Checking void v1.0.2
[INFO] [stderr]     Checking cfg-if v1.0.5
[INFO] [stderr]    Compiling num-traits v0.2.19
[INFO] [stderr]    Compiling semver-parser v0.7.0
[INFO] [stderr]     Checking embedded-hal v1.0.0
[INFO] [stderr]     Checking embedded-hal v0.2.7
[INFO] [stderr]    Compiling semver v0.9.0
[INFO] [stderr]    Compiling vqm v0.1.17
[INFO] [stderr]     Checking byteorder v1.5.0
[INFO] [stderr]    Compiling defmt-macros v1.1.1
[INFO] [stderr]    Compiling heapless v0.9.3
[INFO] [stderr]    Compiling embedded-hal-async v1.0.0
[INFO] [stderr]    Compiling embassy-time-driver v0.2.2
[INFO] [stderr]    Compiling document-features v0.2.12
[INFO] [stderr]     Checking hash32 v0.3.1
[INFO] [stderr]    Compiling rustc_version v0.2.3
[INFO] [stderr]    Compiling dshot-codec v0.1.2
[INFO] [stderr]    Compiling pidsk-controller v0.1.11
[INFO] [stderr]    Compiling embassy-executor v0.10.0
[INFO] [stderr]    Compiling syn v2.0.119
[INFO] [stderr]    Compiling syn v3.0.7
[INFO] [stderr]     Checking stable_deref_trait v1.2.1
[INFO] [stderr]    Compiling embassy-sync v0.8.0
[INFO] [stderr]     Checking embedded-io v0.7.1
[INFO] [stderr]    Compiling fixed v1.29.0
[INFO] [stderr]     Checking futures-core v0.3.34
[INFO] [stderr]    Compiling bare-metal v0.2.5
[INFO] [stderr]     Checking embedded-io-async v0.7.0
[INFO] [stderr]    Compiling motor-mixers v0.1.7 (/opt/rustwide/workdir)
[INFO] [stderr]     Checking embassy-executor-timer-queue v0.1.0
[INFO] [stderr]     Checking az v1.3.0
[INFO] [stderr]    Compiling cortex-m-macros v0.7.8
[INFO] [stderr]     Checking bytemuck v1.25.2
[INFO] [stderr]     Checking cordyceps v0.3.5
[INFO] [stderr]     Checking futures-sink v0.3.34
[INFO] [stderr]     Checking bitflags v1.3.2
[INFO] [stderr]     Checking typenum v1.20.1
[INFO] [stderr]    Compiling cortex-m v0.7.9
[INFO] [stderr]     Checking embassy-time v0.5.1
[INFO] [stderr]     Checking embassy-futures v0.1.2
[INFO] [stderr]     Checking vcell v0.1.3
[INFO] [stderr]    Compiling semihosting v0.1.25
[INFO] [stderr]     Checking volatile-register v0.2.2
[INFO] [stderr]     Checking bitfield v0.13.2
[INFO] [stderr]    Compiling defmt-rtt v1.3.0
[INFO] [stderr]    Compiling panic-probe v1.0.0
[INFO] [stdout] error: unsupported target; if you need support for this target, please submit an issue at <https://github.com/taiki-e/semihosting>
[INFO] [stdout]    --> /opt/rustwide/cargo-home/registry/src/index.crates.io-1949cf8c6b5b557f/semihosting-0.1.25/src/lib.rs:304:1
[INFO] [stdout]     |
[INFO] [stdout] 304 | / compile_error!(
[INFO] [stdout] 305 | |     "unsupported target; if you need support for this target, \
[INFO] [stdout] 306 | |      please submit an issue at <https://github.com/taiki-e/semihosting>"
[INFO] [stdout] 307 | | );
[INFO] [stdout]     | |_^
[INFO] [stdout] 
[INFO] [stdout] 
[INFO] [stderr]    Compiling motor-mixers-examples v0.0.0 (/opt/rustwide/workdir/examples)
[INFO] [stderr]     Checking xtask v0.1.0 (/opt/rustwide/workdir/xtask)
[INFO] [stdout] error[E0432]: unresolved import `crate::sys::arch`
[INFO] [stdout]   --> /opt/rustwide/cargo-home/registry/src/index.crates.io-1949cf8c6b5b557f/semihosting-0.1.25/src/sys/errno.rs:7:10
[INFO] [stdout]    |
[INFO] [stdout]  7 |     sys::arch::errno,
[INFO] [stdout]    |          ^^^^ could not find `arch` in `sys`
[INFO] [stdout]    |
[INFO] [stdout] note: found an item that was configured out
[INFO] [stdout]   --> /opt/rustwide/cargo-home/registry/src/index.crates.io-1949cf8c6b5b557f/semihosting-0.1.25/src/sys/mod.rs:31:25
[INFO] [stdout]    |
[INFO] [stdout] 22 |   #[cfg(any(
[INFO] [stdout]    |  __________-
[INFO] [stdout] 23 | |     target_arch = "aarch64",
[INFO] [stdout] 24 | |     target_arch = "arm",
[INFO] [stdout] 25 | |     target_arch = "riscv32",
[INFO] [stdout] ...  |
[INFO] [stdout] 29 | |     all(target_arch = "xtensa", feature = "openocd-semihosting"),
[INFO] [stdout] 30 | | ))]
[INFO] [stdout]    | |_- the item is gated here
[INFO] [stdout] 31 |   use self::arm_compat as arch;
[INFO] [stdout]    |                           ^^^^
[INFO] [stdout] note: found an item that was configured out
[INFO] [stdout]   --> /opt/rustwide/cargo-home/registry/src/index.crates.io-1949cf8c6b5b557f/semihosting-0.1.25/src/sys/mod.rs:61:19
[INFO] [stdout]    |
[INFO] [stdout] 55 |   #[cfg(any(
[INFO] [stdout]    |  __________-
[INFO] [stdout] 56 | |     target_arch = "mips",
[INFO] [stdout] 57 | |     target_arch = "mips32r6",
[INFO] [stdout] 58 | |     target_arch = "mips64",
[INFO] [stdout] 59 | |     target_arch = "mips64r6",
[INFO] [stdout] 60 | | ))]
[INFO] [stdout]    | |_- the item is gated here
[INFO] [stdout] 61 |   use self::mips as arch;
[INFO] [stdout]    |                     ^^^^
[INFO] [stdout] 
[INFO] [stdout] 
[INFO] [stdout] error[E0432]: unresolved import `self::arch`
[INFO] [stdout]   --> /opt/rustwide/cargo-home/registry/src/index.crates.io-1949cf8c6b5b557f/semihosting-0.1.25/src/sys/mod.rs:96:5
[INFO] [stdout]    |
[INFO] [stdout] 96 |     arch::exit,
[INFO] [stdout]    |     ^^^^ could not find `arch` in `self`
[INFO] [stdout]    |
[INFO] [stdout] note: found an item that was configured out
[INFO] [stdout]   --> /opt/rustwide/cargo-home/registry/src/index.crates.io-1949cf8c6b5b557f/semihosting-0.1.25/src/sys/mod.rs:31:25
[INFO] [stdout]    |
[INFO] [stdout] 22 |   #[cfg(any(
[INFO] [stdout]    |  __________-
[INFO] [stdout] 23 | |     target_arch = "aarch64",
[INFO] [stdout] 24 | |     target_arch = "arm",
[INFO] [stdout] 25 | |     target_arch = "riscv32",
[INFO] [stdout] ...  |
[INFO] [stdout] 29 | |     all(target_arch = "xtensa", feature = "openocd-semihosting"),
[INFO] [stdout] 30 | | ))]
[INFO] [stdout]    | |_- the item is gated here
[INFO] [stdout] 31 |   use self::arm_compat as arch;
[INFO] [stdout]    |                           ^^^^
[INFO] [stdout] note: found an item that was configured out
[INFO] [stdout]   --> /opt/rustwide/cargo-home/registry/src/index.crates.io-1949cf8c6b5b557f/semihosting-0.1.25/src/sys/mod.rs:61:19
[INFO] [stdout]    |
[INFO] [stdout] 55 |   #[cfg(any(
[INFO] [stdout]    |  __________-
[INFO] [stdout] 56 | |     target_arch = "mips",
[INFO] [stdout] 57 | |     target_arch = "mips32r6",
[INFO] [stdout] 58 | |     target_arch = "mips64",
[INFO] [stdout] 59 | |     target_arch = "mips64r6",
[INFO] [stdout] 60 | | ))]
[INFO] [stdout]    | |_- the item is gated here
[INFO] [stdout] 61 |   use self::mips as arch;
[INFO] [stdout]    |                     ^^^^
[INFO] [stdout] 
[INFO] [stdout] 
[INFO] [stdout] error[E0433]: cannot find module or crate `arch` in this scope
[INFO] [stdout]    --> /opt/rustwide/cargo-home/registry/src/index.crates.io-1949cf8c6b5b557f/semihosting-0.1.25/src/sys/mod.rs:129:14
[INFO] [stdout]     |
[INFO] [stdout] 129 |     unsafe { arch::close(fd) }
[INFO] [stdout]     |              ^^^^ use of unresolved module or unlinked crate `arch`
[INFO] [stdout]     |
[INFO] [stdout]     = help: if you wanted to use a crate named `arch`, use `cargo add arch` to add it to your `Cargo.toml`
[INFO] [stdout] 
[INFO] [stdout] 
[INFO] [stdout] error[E0433]: cannot find module or crate `arch` in this scope
[INFO] [stdout]    --> /opt/rustwide/cargo-home/registry/src/index.crates.io-1949cf8c6b5b557f/semihosting-0.1.25/src/sys/mod.rs:151:5
[INFO] [stdout]     |
[INFO] [stdout] 151 |     arch::read(fd, buf)
[INFO] [stdout]     |     ^^^^ use of unresolved module or unlinked crate `arch`
[INFO] [stdout]     |
[INFO] [stdout]     = help: if you wanted to use a crate named `arch`, use `cargo add arch` to add it to your `Cargo.toml`
[INFO] [stdout] 
[INFO] [stdout] 
[INFO] [stdout] error[E0433]: cannot find module or crate `arch` in this scope
[INFO] [stdout]    --> /opt/rustwide/cargo-home/registry/src/index.crates.io-1949cf8c6b5b557f/semihosting-0.1.25/src/sys/mod.rs:168:5
[INFO] [stdout]     |
[INFO] [stdout] 168 |     arch::read_uninit(fd, buf)
[INFO] [stdout]     |     ^^^^ use of unresolved module or unlinked crate `arch`
[INFO] [stdout]     |
[INFO] [stdout]     = help: if you wanted to use a crate named `arch`, use `cargo add arch` to add it to your `Cargo.toml`
[INFO] [stdout] 
[INFO] [stdout] 
[INFO] [stdout] error[E0433]: cannot find module or crate `arch` in this scope
[INFO] [stdout]    --> /opt/rustwide/cargo-home/registry/src/index.crates.io-1949cf8c6b5b557f/semihosting-0.1.25/src/sys/mod.rs:188:5
[INFO] [stdout]     |
[INFO] [stdout] 188 |     arch::write(fd, buf)
[INFO] [stdout]     |     ^^^^ use of unresolved module or unlinked crate `arch`
[INFO] [stdout]     |
[INFO] [stdout]     = help: if you wanted to use a crate named `arch`, use `cargo add arch` to add it to your `Cargo.toml`
[INFO] [stdout] 
[INFO] [stdout] 
[INFO] [stdout] Some errors have detailed explanations: E0432, E0433.
[INFO] [stdout] 
[INFO] [stdout] For more information about an error, try `rustc --explain E0432`.
[INFO] [stdout] 
[INFO] [stderr] error: could not compile `semihosting` (lib) due to 7 previous errors
[INFO] [stderr] warning: build failed, waiting for other jobs to finish...
[INFO] [stderr] error: failed to run custom build command for `motor-mixers-examples v0.0.0 (/opt/rustwide/workdir/examples)`
[INFO] [stderr] note: To improve backtraces for build dependencies, set the CARGO_PROFILE_DEV_BUILD_OVERRIDE_DEBUG=true environment variable to enable debug information generation.
[INFO] [stderr] 
[INFO] [stderr] Caused by:
[INFO] [stderr]   process didn't exit successfully: `/opt/rustwide/target/debug/build/motor-mixers-examples/3bccd0b9f2c2466c/out/build_script_build` (exit status: 101)
[INFO] [stderr]   --- stderr
[INFO] [stderr] 
[INFO] [stderr]   thread 'main' (885) panicked at examples/build.rs:14:14:
[INFO] [stderr]   Unsupported target: x86_64-unknown-linux-gnu
[INFO] [stderr]   stack backtrace:
[INFO] [stderr]      0:     0x647b36d77141 - std[3164a59e47d3bde]::backtrace_rs::backtrace::libunwind::trace
[INFO] [stderr]                                  at /rustc/3154cc1a3e6424e44f438a95007d043ed5ceaaf6/library/std/src/../../backtrace/src/backtrace/libunwind.rs:117:9
[INFO] [stderr]      1:     0x647b36d77141 - std[3164a59e47d3bde]::backtrace_rs::backtrace::trace_unsynchronized::<std[3164a59e47d3bde]::sys::backtrace::_print_fmt::{closure#1}>
[INFO] [stderr]                                  at /rustc/3154cc1a3e6424e44f438a95007d043ed5ceaaf6/library/std/src/../../backtrace/src/backtrace/mod.rs:66:14
[INFO] [stderr]      2:     0x647b36d77141 - std[3164a59e47d3bde]::sys::backtrace::_print_fmt
[INFO] [stderr]                                  at /rustc/3154cc1a3e6424e44f438a95007d043ed5ceaaf6/library/std/src/sys/backtrace.rs:74:9
[INFO] [stderr]      3:     0x647b36d77141 - <<std[3164a59e47d3bde]::sys::backtrace::BacktraceLock>::print::DisplayBacktrace as core[934024a1e6126fb4]::fmt::Display>::fmt
[INFO] [stderr]                                  at /rustc/3154cc1a3e6424e44f438a95007d043ed5ceaaf6/library/std/src/sys/backtrace.rs:44:26
[INFO] [stderr]      4:     0x647b36d881ba - <core[934024a1e6126fb4]::fmt::rt::Argument>::fmt
[INFO] [stderr]                                  at /rustc/3154cc1a3e6424e44f438a95007d043ed5ceaaf6/library/core/src/fmt/rt.rs:152:76
[INFO] [stderr]      5:     0x647b36d881ba - core[934024a1e6126fb4]::fmt::write
[INFO] [stderr]      6:     0x647b36d7adfc - core[934024a1e6126fb4]::io::write::default_write_fmt::<std[3164a59e47d3bde]::sys::stdio::unix::Stderr>
[INFO] [stderr]                                  at /rustc/3154cc1a3e6424e44f438a95007d043ed5ceaaf6/library/core/src/io/write.rs:402:11
[INFO] [stderr]      7:     0x647b36d7adfc - <std[3164a59e47d3bde]::sys::stdio::unix::Stderr as core[934024a1e6126fb4]::io::write::Write>::write_fmt
[INFO] [stderr]                                  at /rustc/3154cc1a3e6424e44f438a95007d043ed5ceaaf6/library/core/src/io/write.rs:335:13
[INFO] [stderr]      8:     0x647b36d60ce6 - <std[3164a59e47d3bde]::sys::backtrace::BacktraceLock>::print
[INFO] [stderr]                                  at /rustc/3154cc1a3e6424e44f438a95007d043ed5ceaaf6/library/std/src/sys/backtrace.rs:47:9
[INFO] [stderr]      9:     0x647b36d60ce6 - std[3164a59e47d3bde]::panicking::default_hook::{closure#0}
[INFO] [stderr]                                  at /rustc/3154cc1a3e6424e44f438a95007d043ed5ceaaf6/library/std/src/panicking.rs:289:27
[INFO] [stderr]     10:     0x647b36d73691 - std[3164a59e47d3bde]::panicking::default_hook
[INFO] [stderr]                                  at /rustc/3154cc1a3e6424e44f438a95007d043ed5ceaaf6/library/std/src/panicking.rs:316:9
[INFO] [stderr]     11:     0x647b36d7384b - std[3164a59e47d3bde]::panicking::panic_with_hook
[INFO] [stderr]                                  at /rustc/3154cc1a3e6424e44f438a95007d043ed5ceaaf6/library/std/src/panicking.rs:811:13
[INFO] [stderr]     12:     0x647b36d60d92 - std[3164a59e47d3bde]::panicking::panic_handler::{closure#0}
[INFO] [stderr]                                  at /rustc/3154cc1a3e6424e44f438a95007d043ed5ceaaf6/library/std/src/panicking.rs:685:13
[INFO] [stderr]     13:     0x647b36d59e99 - std[3164a59e47d3bde]::sys::backtrace::__rust_end_short_backtrace::<std[3164a59e47d3bde]::panicking::panic_handler::{closure#0}, !>
[INFO] [stderr]                                  at /rustc/3154cc1a3e6424e44f438a95007d043ed5ceaaf6/library/std/src/sys/backtrace.rs:182:18
[INFO] [stderr]     14:     0x647b36d6155d - __rustc[2e7b49d4226056d3]::rust_begin_unwind
[INFO] [stderr]                                  at /rustc/3154cc1a3e6424e44f438a95007d043ed5ceaaf6/library/std/src/panicking.rs:676:5
[INFO] [stderr]     15:     0x647b36d888ec - core[934024a1e6126fb4]::panicking::panic_fmt
[INFO] [stderr]                                  at /rustc/3154cc1a3e6424e44f438a95007d043ed5ceaaf6/library/core/src/panicking.rs:80:14
[INFO] [stderr]     16:     0x647b36d4dff0 - build_script_build[3e4a6e24b92867fc]::main
[INFO] [stderr]     17:     0x647b36d4f973 - <fn() -> core[934024a1e6126fb4]::result::Result<(), alloc[b96ed41a801e996d]::boxed::Box<dyn core[934024a1e6126fb4]::error::Error>> as core[934024a1e6126fb4]::ops::function::FnOnce<()>>::call_once
[INFO] [stderr]     18:     0x647b36d4d9ce - std[3164a59e47d3bde]::sys::backtrace::__rust_begin_short_backtrace::<fn() -> core[934024a1e6126fb4]::result::Result<(), alloc[b96ed41a801e996d]::boxed::Box<dyn core[934024a1e6126fb4]::error::Error>>, core[934024a1e6126fb4]::result::Result<(), alloc[b96ed41a801e996d]::boxed::Box<dyn core[934024a1e6126fb4]::error::Error>>>
[INFO] [stderr]     19:     0x647b36d4dbf9 - std[3164a59e47d3bde]::rt::lang_start::<core[934024a1e6126fb4]::result::Result<(), alloc[b96ed41a801e996d]::boxed::Box<dyn core[934024a1e6126fb4]::error::Error>>>::{closure#0}
[INFO] [stderr]     20:     0x647b36d72e38 - <&dyn core[934024a1e6126fb4]::ops::function::Fn<(), Output = i32> + core[934024a1e6126fb4]::marker::Sync + core[934024a1e6126fb4]::panic::unwind_safe::RefUnwindSafe as core[934024a1e6126fb4]::ops::function::FnOnce<()>>::call_once
[INFO] [stderr]                                  at /rustc/3154cc1a3e6424e44f438a95007d043ed5ceaaf6/library/core/src/ops/function.rs:287:21
[INFO] [stderr]     21:     0x647b36d72e38 - std[3164a59e47d3bde]::panicking::catch_unwind::do_call::<&dyn core[934024a1e6126fb4]::ops::function::Fn<(), Output = i32> + core[934024a1e6126fb4]::marker::Sync + core[934024a1e6126fb4]::panic::unwind_safe::RefUnwindSafe, i32>
[INFO] [stderr]                                  at /rustc/3154cc1a3e6424e44f438a95007d043ed5ceaaf6/library/std/src/panicking.rs:573:43
[INFO] [stderr]     22:     0x647b36d72e38 - std[3164a59e47d3bde]::panicking::catch_unwind::<i32, &dyn core[934024a1e6126fb4]::ops::function::Fn<(), Output = i32> + core[934024a1e6126fb4]::marker::Sync + core[934024a1e6126fb4]::panic::unwind_safe::RefUnwindSafe>
[INFO] [stderr]                                  at /rustc/3154cc1a3e6424e44f438a95007d043ed5ceaaf6/library/std/src/panicking.rs:541:19
[INFO] [stderr]     23:     0x647b36d72e38 - std[3164a59e47d3bde]::panic::catch_unwind::<&dyn core[934024a1e6126fb4]::ops::function::Fn<(), Output = i32> + core[934024a1e6126fb4]::marker::Sync + core[934024a1e6126fb4]::panic::unwind_safe::RefUnwindSafe, i32>
[INFO] [stderr]                                  at /rustc/3154cc1a3e6424e44f438a95007d043ed5ceaaf6/library/std/src/panic.rs:359:14
[INFO] [stderr]     24:     0x647b36d72e38 - std[3164a59e47d3bde]::rt::lang_start_internal::{closure#0}
[INFO] [stderr]                                  at /rustc/3154cc1a3e6424e44f438a95007d043ed5ceaaf6/library/std/src/rt.rs:175:24
[INFO] [stderr]     25:     0x647b36d72e38 - std[3164a59e47d3bde]::panicking::catch_unwind::do_call::<std[3164a59e47d3bde]::rt::lang_start_internal::{closure#0}, isize>
[INFO] [stderr]                                  at /rustc/3154cc1a3e6424e44f438a95007d043ed5ceaaf6/library/std/src/panicking.rs:573:43
[INFO] [stderr]     26:     0x647b36d72e38 - std[3164a59e47d3bde]::panicking::catch_unwind::<isize, std[3164a59e47d3bde]::rt::lang_start_internal::{closure#0}>
[INFO] [stderr]                                  at /rustc/3154cc1a3e6424e44f438a95007d043ed5ceaaf6/library/std/src/panicking.rs:541:19
[INFO] [stderr]     27:     0x647b36d72e38 - std[3164a59e47d3bde]::panic::catch_unwind::<std[3164a59e47d3bde]::rt::lang_start_internal::{closure#0}, isize>
[INFO] [stderr]                                  at /rustc/3154cc1a3e6424e44f438a95007d043ed5ceaaf6/library/std/src/panic.rs:359:14
[INFO] [stderr]     28:     0x647b36d72e38 - std[3164a59e47d3bde]::rt::lang_start_internal
[INFO] [stderr]                                  at /rustc/3154cc1a3e6424e44f438a95007d043ed5ceaaf6/library/std/src/rt.rs:171:5
[INFO] [stderr]     29:     0x647b36d4d831 - std[3164a59e47d3bde]::rt::lang_start::<core[934024a1e6126fb4]::result::Result<(), alloc[b96ed41a801e996d]::boxed::Box<dyn core[934024a1e6126fb4]::error::Error>>>
[INFO] [stderr]     30:     0x647b36d4fdc5 - main
[INFO] [stderr]     31:     0x72309eed6601 - <unknown>
[INFO] [stderr]     32:     0x72309eed6718 - __libc_start_main
[INFO] [stderr]     33:     0x647b36d4d2f5 - _start
[INFO] [stderr]     34:                0x0 - <unknown>
[INFO] running `Command { std: "docker" "inspect" "e7f0db0abd8069b62ccf5362264eef95d23656d71795bbb24c2a0bf3ee7365fc", kill_on_drop: false }`
[INFO] running `Command { std: "docker" "rm" "-f" "e7f0db0abd8069b62ccf5362264eef95d23656d71795bbb24c2a0bf3ee7365fc", kill_on_drop: false }`
[INFO] [stdout] e7f0db0abd8069b62ccf5362264eef95d23656d71795bbb24c2a0bf3ee7365fc
