[INFO] cloning repository https://github.com/marcua/ayb
[INFO] running `Command { std: "git" "-c" "credential.helper=" "-c" "credential.helper=/workspace/cargo-home/bin/git-credential-null" "clone" "--bare" "https://github.com/marcua/ayb" "/workspace/cache/git-repos/https%3A%2F%2Fgithub.com%2Fmarcua%2Fayb", kill_on_drop: false }`
[INFO] [stderr] Cloning into bare repository '/workspace/cache/git-repos/https%3A%2F%2Fgithub.com%2Fmarcua%2Fayb'...
[INFO] running `Command { std: "git" "rev-parse" "HEAD", kill_on_drop: false }`
[INFO] [stdout] 8accc032a4e035a7af31599c29c16179f9efc16e
[INFO] checking marcua/ayb against 3154cc1a3e6424e44f438a95007d043ed5ceaaf6+rustflags=-Znext-solver=coherence for pr-133502-30
[INFO] running `Command { std: "git" "clone" "/workspace/cache/git-repos/https%3A%2F%2Fgithub.com%2Fmarcua%2Fayb" "/workspace/builds/worker-4-tc1/source", kill_on_drop: false }`
[INFO] [stderr] Cloning into '/workspace/builds/worker-4-tc1/source'...
[INFO] [stderr] done.
[INFO] started tweaking git repo https://github.com/marcua/ayb
[INFO] finished tweaking git repo https://github.com/marcua/ayb
[INFO] tweaked toml for git repo https://github.com/marcua/ayb written to /workspace/builds/worker-4-tc1/source/Cargo.toml
[INFO] validating manifest of git repo https://github.com/marcua/ayb on toolchain 3154cc1a3e6424e44f438a95007d043ed5ceaaf6
[INFO] running `Command { std: CARGO_HOME="/workspace/cargo-home" RUSTUP_HOME="/workspace/rustup-home" "/workspace/cargo-home/bin/cargo" "+3154cc1a3e6424e44f438a95007d043ed5ceaaf6" "metadata" "--manifest-path" "Cargo.toml" "--no-deps", kill_on_drop: false }`
[INFO] crate git repo https://github.com/marcua/ayb already has a lockfile, it will not be regenerated
[INFO] running `Command { std: CARGO_HOME="/workspace/cargo-home" RUSTUP_HOME="/workspace/rustup-home" "/workspace/cargo-home/bin/cargo" "+3154cc1a3e6424e44f438a95007d043ed5ceaaf6" "fetch" "--manifest-path" "Cargo.toml", kill_on_drop: false }`
[INFO] [stderr]     Updating crates.io index
[INFO] [stderr]  Downloading crates ...
[INFO] [stderr]   Downloaded phf v0.12.1
[INFO] [stderr]   Downloaded slug v0.1.6
[INFO] [stderr]   Downloaded tokio-cron-scheduler v0.15.1
[INFO] [stderr]   Downloaded phf_shared v0.12.1
[INFO] [stderr]   Downloaded humansize v2.1.3
[INFO] [stderr]   Downloaded globwalk v0.9.1
[INFO] [stderr]   Downloaded chrono-tz-build v0.3.0
[INFO] [stderr]   Downloaded sqlx-rt v0.6.3
[INFO] [stderr]   Downloaded sqlx-macros v0.6.3
[INFO] [stderr]   Downloaded globset v0.4.19
[INFO] [stderr]   Downloaded cc v1.4.0
[INFO] [stderr]   Downloaded croner v3.0.1
[INFO] [stderr]   Downloaded ignore v0.4.31
[INFO] [stderr]   Downloaded parse-zoneinfo v0.3.1
[INFO] [stderr]   Downloaded parking_lot_core v0.8.6
[INFO] [stderr]   Downloaded tera v1.20.1
[INFO] [stderr]   Downloaded parking_lot v0.11.2
[INFO] [stderr]   Downloaded sqlx v0.6.3
[INFO] [stderr]   Downloaded futures-intrusive v0.4.2
[INFO] [stderr]   Downloaded flume v0.10.14
[INFO] [stderr]   Downloaded atoi v1.0.0
[INFO] [stderr]   Downloaded sqlx-core v0.6.3
[INFO] [stderr]   Downloaded endian-type v0.2.0
[INFO] [stderr]   Downloaded chrono-tz v0.9.0
[INFO] [stderr]   Downloaded error-code v3.3.2
[INFO] [stderr]   Downloaded radix_trie v0.3.0
[INFO] [stderr]   Downloaded rustyline v18.0.1
[INFO] [stderr]   Downloaded rust-s3 v0.37.2
[INFO] [stderr]   Downloaded chrono-tz v0.10.4
[INFO] [stderr]   Downloaded sysinfo v0.37.2
[INFO] [stderr]   Downloaded objc2-io-kit v0.3.2
[INFO] [stderr]   Downloaded libsqlite3-sys v0.24.2
[INFO] [stderr]   Downloaded minidom v0.16.0
[INFO] [stderr]   Downloaded rxml_validation v0.11.0
[INFO] [stderr]   Downloaded compact_str v0.7.1
[INFO] [stderr]   Downloaded md5 v0.8.1
[INFO] [stderr]   Downloaded maybe-async v0.2.11
[INFO] [stderr]   Downloaded aws-creds v0.39.1
[INFO] [stderr]   Downloaded rxml v0.11.1
[INFO] [stderr]   Downloaded aws-region v0.28.1
[INFO] [stderr]   Downloaded attohttpc v0.30.1
[INFO] [stderr]   Downloaded rusqlite v0.27.0
[INFO] [stderr]   Downloaded hashlink v0.7.0
[INFO] [stderr]   Downloaded fallible-iterator v0.2.0
[INFO] [stderr]   Downloaded hashbrown v0.11.2
[INFO] [stderr]   Downloaded aws-lc-rs v1.17.3
[INFO] [stderr]   Downloaded quoted_printable v0.5.2
[INFO] [stderr]   Downloaded prettytable-rs v0.10.0
[INFO] [stderr]   Downloaded constant_time_eq v0.2.6
[INFO] [stderr]   Downloaded predicates v3.1.4
[INFO] [stderr]   Downloaded predicates-core v1.0.10
[INFO] [stderr]   Downloaded normalize-line-endings v0.3.0
[INFO] [stderr]   Downloaded difflib v0.4.0
[INFO] [stderr]   Downloaded prefixed-api-key v0.3.0
[INFO] [stderr]   Downloaded bs58 v0.4.0
[INFO] [stderr]   Downloaded float-cmp v0.10.0
[INFO] [stderr]   Downloaded zlib-rs v0.6.6
[INFO] [stderr]   Downloaded hostname v0.4.2
[INFO] [stderr]   Downloaded playwright-rs-macros v0.1.1
[INFO] [stderr]   Downloaded lettre v0.11.22
[INFO] [stderr]   Downloaded playwright-rs v0.14.1
[INFO] [stderr]   Downloaded aws-lc-sys v0.43.0
[INFO] [stderr]   Downloaded email-encoding v0.4.2
[INFO] [stderr]   Downloaded base64 v0.23.0
[INFO] [stderr]   Downloaded landlock v0.4.7
[INFO] [stderr]   Downloaded go-parse-duration v0.1.1
[INFO] [stderr]   Downloaded fernet v0.2.2
[INFO] [stderr]   Downloaded arrow-string v58.4.0
[INFO] [stderr]   Downloaded lexical-parse-integer v1.0.6
[INFO] [stderr]   Downloaded arrow-buffer v58.4.0
[INFO] [stderr]   Downloaded lexical-core v1.0.6
[INFO] [stderr]   Downloaded zip v6.0.0
[INFO] [stderr]   Downloaded comfy-table v7.1.4
[INFO] [stderr]   Downloaded arrow v58.4.0
[INFO] [stderr]   Downloaded arrow-schema v58.4.0
[INFO] [stderr]   Downloaded arrow-data v58.4.0
[INFO] [stderr]   Downloaded arrow-row v58.4.0
[INFO] [stderr]   Downloaded arrow-ord v58.4.0
[INFO] [stderr]   Downloaded lexical-write-integer v1.0.6
[INFO] [stderr]   Downloaded lexical-util v1.0.7
[INFO] [stderr]   Downloaded arrow-arith v58.4.0
[INFO] [stderr]   Downloaded clap v4.6.5
[INFO] [stderr]   Downloaded arrow-select v58.4.0
[INFO] [stderr]   Downloaded arrow-cast v58.4.0
[INFO] [stderr]   Downloaded lexical-write-float v1.0.6
[INFO] [stderr]   Downloaded lexical-parse-float v1.0.6
[INFO] [stderr]   Downloaded clap_builder v4.6.5
[INFO] [stderr]   Downloaded actix-web-codegen v4.3.0
[INFO] [stderr]   Downloaded local-waker v0.1.4
[INFO] [stderr]   Downloaded duckdb v1.10505.0
[INFO] [stderr]   Downloaded arrow-array v58.4.0
[INFO] [stderr]   Downloaded assert_cmd v2.2.2
[INFO] [stderr]   Downloaded predicates-tree v1.0.13
[INFO] [stderr]   Downloaded termtree v0.5.1
[INFO] [stderr]   Downloaded actix-web-httpauth v0.8.2
[INFO] [stderr]   Downloaded impl-more v0.3.5
[INFO] [stderr]   Downloaded cookie v0.16.2
[INFO] [stderr]   Downloaded bytestring v1.5.1
[INFO] [stderr]   Downloaded actix-router v0.5.4
[INFO] [stderr]   Downloaded actix-utils v3.0.1
[INFO] [stderr]   Downloaded actix-web v4.14.0
[INFO] [stderr]   Downloaded actix-server v2.6.0
[INFO] [stderr]   Downloaded actix-rt v2.11.0
[INFO] [stderr]   Downloaded actix-macros v0.2.4
[INFO] [stderr]   Downloaded actix-http v3.13.1
[INFO] [stderr]   Downloaded local-channel v0.1.5
[INFO] [stderr]   Downloaded actix-codec v0.5.2
[INFO] [stderr]   Downloaded actix-service v2.0.3
[INFO] [stderr]   Downloaded actix-cors v0.7.1
[INFO] [stderr]   Downloaded libduckdb-sys v1.10505.0
[INFO] running `Command { std: "docker" "create" "-v" "/var/lib/crater-agent-workspace/builds/worker-4-tc1/source:/opt/rustwide/workdir:ro,Z" "-v" "/var/lib/crater-agent-workspace/builds/worker-4-tc1/target:/opt/rustwide/target:rw,Z" "-v" "/var/lib/crater-agent-workspace/cargo-home:/opt/rustwide/cargo-home:ro,Z" "-v" "/var/lib/crater-agent-workspace/rustup-home:/opt/rustwide/rustup-home:ro,Z" "-m" "1610612736" "--network" "none" "ghcr.io/rust-lang/crates-build-env/linux@sha256:77db811e55d90add9212f6832c23229e3de5f1c1f9905e8cb07319ea15df73ac" "sleep" "infinity", kill_on_drop: false }`
[INFO] [stdout] e9fabf36c460045f28f7703cfb29f69d037286ce105a48834dee1c74205c03e9
[INFO] running `Command { std: "docker" "start" "e9fabf36c460045f28f7703cfb29f69d037286ce105a48834dee1c74205c03e9", kill_on_drop: false }`
[INFO] running `Command { std: "docker" "inspect" "e9fabf36c460045f28f7703cfb29f69d037286ce105a48834dee1c74205c03e9", kill_on_drop: false }`
[INFO] running `Command { std: "docker" "exec" "-e" "SOURCE_DIR=/opt/rustwide/workdir" "-e" "CARGO_HOME=/opt/rustwide/cargo-home" "-e" "RUSTUP_HOME=/opt/rustwide/rustup-home" "-e" "CARGO_TARGET_DIR=/opt/rustwide/target" "-w" "/opt/rustwide/workdir" "--user" "0:0" "e9fabf36c460045f28f7703cfb29f69d037286ce105a48834dee1c74205c03e9" "/opt/rustwide/cargo-home/bin/cargo" "+3154cc1a3e6424e44f438a95007d043ed5ceaaf6" "metadata" "--no-deps" "--format-version=1", kill_on_drop: false }`
[INFO] running `Command { std: "docker" "inspect" "e9fabf36c460045f28f7703cfb29f69d037286ce105a48834dee1c74205c03e9", kill_on_drop: false }`
[INFO] running `Command { std: "docker" "exec" "-e" "SOURCE_DIR=/opt/rustwide/workdir" "-e" "CARGO_HOME=/opt/rustwide/cargo-home" "-e" "RUSTUP_HOME=/opt/rustwide/rustup-home" "-e" "CARGO_TARGET_DIR=/opt/rustwide/target" "-e" "CARGO_INCREMENTAL=0" "-e" "RUST_BACKTRACE=full" "-e" "RUSTFLAGS=--cap-lints=forbid -Znext-solver=coherence" "-e" "RUSTDOCFLAGS=--cap-lints=forbid" "-w" "/opt/rustwide/workdir" "--user" "0:0" "e9fabf36c460045f28f7703cfb29f69d037286ce105a48834dee1c74205c03e9" "/opt/rustwide/cargo-home/bin/cargo" "+3154cc1a3e6424e44f438a95007d043ed5ceaaf6" "check" "--frozen" "--all" "--all-targets" "--message-format=json", kill_on_drop: false }`
[INFO] [stderr]     Checking cfg-if v1.0.4
[INFO] [stderr]    Compiling libc v0.2.189
[INFO] [stderr]    Compiling serde_core v1.0.229
[INFO] [stderr]    Compiling find-msvc-tools v0.1.9
[INFO] [stderr]     Checking memchr v2.8.3
[INFO] [stderr]    Compiling syn v2.0.119
[INFO] [stderr]    Compiling syn v3.0.3
[INFO] [stderr]    Compiling pkg-config v0.3.33
[INFO] [stderr]     Checking bytes v1.12.1
[INFO] [stderr]     Checking smallvec v1.15.2
[INFO] [stderr]     Checking log v0.4.33
[INFO] [stderr]     Checking once_cell v1.21.4
[INFO] [stderr]    Compiling libm v0.2.16
[INFO] [stderr]     Checking scopeguard v1.2.0
[INFO] [stderr]     Checking lock_api v0.4.14
[INFO] [stderr]    Compiling num-traits v0.2.19
[INFO] [stderr]    Compiling vcpkg v0.2.15
[INFO] [stderr]    Compiling parking_lot_core v0.9.12
[INFO] [stderr]    Compiling serde v1.0.229
[INFO] [stderr]    Compiling zerocopy v0.8.55
[INFO] [stderr]     Checking itoa v1.0.18
[INFO] [stderr]    Compiling jobserver v0.1.35
[INFO] [stderr]     Checking pin-project-lite v0.2.17
[INFO] [stderr]     Checking futures-core v0.3.33
[INFO] [stderr]    Compiling cc v1.4.0
[INFO] [stderr]    Compiling getrandom v0.2.17
[INFO] [stderr]     Checking stable_deref_trait v1.2.1
[INFO] [stderr]     Checking futures-sink v0.3.33
[INFO] [stderr]     Checking errno v0.3.14
[INFO] [stderr]     Checking socket2 v0.6.5
[INFO] [stderr]     Checking signal-hook-registry v1.4.8
[INFO] [stderr]     Checking parking_lot v0.12.5
[INFO] [stderr]     Checking mio v1.2.2
[INFO] [stderr]    Compiling generic-array v0.14.7
[INFO] [stderr]    Compiling getrandom v0.3.4
[INFO] [stderr]    Compiling icu_normalizer_data v2.2.0
[INFO] [stderr]    Compiling icu_properties_data v2.2.0
[INFO] [stderr]     Checking typenum v1.20.1
[INFO] [stderr]    Compiling zmij v1.0.23
[INFO] [stderr]     Checking hashbrown v0.17.1
[INFO] [stderr]     Checking slab v0.4.12
[INFO] [stderr]    Compiling crc32fast v1.5.0
[INFO] [stderr]    Compiling openssl v0.10.81
[INFO] [stderr]     Checking bitflags v2.13.1
[INFO] [stderr]    Compiling serde_json v1.0.151
[INFO] [stderr]     Checking percent-encoding v2.3.2
[INFO] [stderr]     Checking futures-io v0.3.33
[INFO] [stderr]     Checking futures-task v0.3.33
[INFO] [stderr]    Compiling ahash v0.8.12
[INFO] [stderr]     Checking writeable v0.6.3
[INFO] [stderr]    Compiling native-tls v0.2.18
[INFO] [stderr]     Checking litemap v0.8.2
[INFO] [stderr]     Checking tracing-core v0.1.36
[INFO] [stderr]     Checking aho-corasick v1.1.4
[INFO] [stderr]     Checking utf8_iter v1.0.4
[INFO] [stderr]     Checking regex-syntax v0.8.11
[INFO] [stderr]     Checking num-integer v0.1.46
[INFO] [stderr]    Compiling openssl-sys v0.9.117
[INFO] [stderr]    Compiling subtle v2.6.1
[INFO] [stderr]     Checking base64 v0.22.1
[INFO] [stderr]    Compiling crossbeam-utils v0.8.22
[INFO] [stderr]     Checking num-bigint v0.4.8
[INFO] [stderr]     Checking iana-time-zone v0.1.65
[INFO] [stderr]     Checking foreign-types-shared v0.1.1
[INFO] [stderr]     Checking openssl-probe v0.2.1
[INFO] [stderr]     Checking foreign-types v0.3.2
[INFO] [stderr]     Checking http v1.5.0
[INFO] [stderr]    Compiling httparse v1.10.1
[INFO] [stderr]     Checking form_urlencoded v1.2.2
[INFO] [stderr]     Checking fnv v1.0.7
[INFO] [stderr]    Compiling synstructure v0.13.2
[INFO] [stderr]    Compiling serde_derive v1.0.229
[INFO] [stderr]    Compiling displaydoc v0.2.7
[INFO] [stderr]    Compiling tokio-macros v2.7.2
[INFO] [stderr]     Checking regex-automata v0.4.16
[INFO] [stderr]     Checking ryu v1.0.23
[INFO] [stderr]     Checking tokio v1.53.1
[INFO] [stderr]     Checking equivalent v1.0.2
[INFO] [stderr]     Checking bytemuck v1.25.2
[INFO] [stderr]    Compiling crossbeam-epoch v0.9.20
[INFO] [stderr]     Checking indexmap v2.14.0
[INFO] [stderr]     Checking crypto-common v0.1.7
[INFO] [stderr]     Checking block-buffer v0.10.4
[INFO] [stderr]    Compiling ring v0.17.14
[INFO] [stderr]    Compiling thiserror v2.0.19
[INFO] [stderr]    Compiling simd-adler32 v0.3.10
[INFO] [stderr]    Compiling crossbeam-deque v0.8.7
[INFO] [stderr]     Checking digest v0.10.7
[INFO] [stderr]     Checking num-complex v0.4.6
[INFO] [stderr]    Compiling zerofrom-derive v0.1.7
[INFO] [stderr]    Compiling yoke-derive v0.8.2
[INFO] [stderr]    Compiling zerovec-derive v0.11.3
[INFO] [stderr]    Compiling zerocopy-derive v0.8.55
[INFO] [stderr]    Compiling openssl-macros v0.1.1
[INFO] [stderr]    Compiling futures-macro v0.3.33
[INFO] [stderr]     Checking zerofrom v0.1.8
[INFO] [stderr]    Compiling tracing-attributes v0.1.31
[INFO] [stderr]     Checking yoke v0.8.3
[INFO] [stderr]     Checking zerovec v0.11.6
[INFO] [stderr]     Checking zerotrie v0.2.4
[INFO] [stderr]     Checking futures-util v0.3.33
[INFO] [stderr]     Checking tinystr v0.8.3
[INFO] [stderr]     Checking potential_utf v0.1.5
[INFO] [stderr]     Checking icu_locale_core v2.2.0
[INFO] [stderr]     Checking icu_collections v2.2.0
[INFO] [stderr]     Checking chrono v0.4.45
[INFO] [stderr]     Checking tracing v0.1.44
[INFO] [stderr]     Checking tokio-util v0.7.19
[INFO] [stderr]     Checking icu_provider v2.2.0
[INFO] [stderr]     Checking regex v1.13.1
[INFO] [stderr]     Checking icu_properties v2.2.0
[INFO] [stderr]     Checking icu_normalizer v2.2.0
[INFO] [stderr]    Compiling zeroize_derive v1.5.0
[INFO] [stderr]    Compiling ppv-lite86 v0.2.21
[INFO] [stderr]     Checking zeroize v1.9.0
[INFO] [stderr]    Compiling thiserror-impl v2.0.19
[INFO] [stderr]    Compiling cmake v0.1.58
[INFO] [stderr]    Compiling rand_core v0.6.4
[INFO] [stderr]    Compiling fs_extra v1.3.0
[INFO] [stderr]    Compiling adler2 v2.0.1
[INFO] [stderr]     Checking idna_adapter v1.2.2
[INFO] [stderr]    Compiling dunce v1.0.5
[INFO] [stderr]    Compiling aws-lc-sys v0.43.0
[INFO] [stderr]     Checking idna v1.1.0
[INFO] [stderr]    Compiling rustls-pki-types v1.15.1
[INFO] [stderr]     Checking url v2.5.8
[INFO] [stderr]    Compiling miniz_oxide v0.8.9
[INFO] [stderr]    Compiling rand_chacha v0.3.1
[INFO] [stderr]    Compiling zlib-rs v0.6.6
[INFO] [stderr]    Compiling parking_lot_core v0.8.6
[INFO] [stderr]    Compiling rustix v1.1.4
[INFO] [stderr]    Compiling untrusted v0.9.0
[INFO] [stderr]    Compiling rand v0.8.7
[INFO] [stderr]     Checking arrow-schema v58.4.0
[INFO] [stderr]    Compiling ahash v0.7.8
[INFO] [stderr]    Compiling unicode-segmentation v1.13.3
[INFO] [stderr]    Compiling linux-raw-sys v0.12.1
[INFO] [stderr]    Compiling rustls v0.23.43
[INFO] [stderr]     Checking rand_core v0.10.1
[INFO] [stderr]    Compiling getrandom v0.4.3
[INFO] [stderr]    Compiling bumpalo v3.20.3
[INFO] [stderr]    Compiling zopfli v0.8.3
[INFO] [stderr]     Checking half v2.7.1
[INFO] [stderr]     Checking arrow-buffer v58.4.0
[INFO] [stderr]    Compiling rustls-webpki v0.103.13
[INFO] [stderr]     Checking tokio-native-tls v0.3.1
[INFO] [stderr]     Checking arrow-data v58.4.0
[INFO] [stderr]     Checking http-body v1.1.0
[INFO] [stderr]    Compiling zstd-sys v2.0.16+zstd.1.5.7
[INFO] [stderr]     Checking hybrid-array v0.4.14
[INFO] [stderr]     Checking futures-channel v0.3.33
[INFO] [stderr]    Compiling siphasher v1.0.3
[INFO] [stderr]    Compiling aws-lc-rs v1.17.3
[INFO] [stderr]     Checking either v1.17.0
[INFO] [stderr]     Checking cpufeatures v0.2.17
[INFO] [stderr]     Checking allocator-api2 v0.2.21
[INFO] [stderr]    Compiling flate2 v1.1.9
[INFO] [stderr]     Checking cpufeatures v0.3.0
[INFO] [stderr]    Compiling phf_shared v0.11.3
[INFO] [stderr]     Checking arrow-array v58.4.0
[INFO] [stderr]    Compiling xattr v1.6.1
[INFO] [stderr]     Checking hashbrown v0.14.5
[INFO] [stderr]    Compiling ureq-proto v0.6.0
[INFO] [stderr]    Compiling webpki-roots v1.0.9
[INFO] [stderr]    Compiling pin-project-internal v1.1.13
[INFO] [stderr]    Compiling filetime v0.2.29
[INFO] [stderr]     Checking lexical-util v1.0.7
[INFO] [stderr]     Checking tower-service v0.3.3
[INFO] [stderr]    Compiling utf8-zero v0.8.1
[INFO] [stderr]    Compiling time-core v0.1.9
[INFO] [stderr]    Compiling num-conv v0.2.2
[INFO] [stderr]     Checking atomic-waker v1.1.2
[INFO] [stderr]     Checking try-lock v0.2.5
[INFO] [stderr]     Checking foldhash v0.2.0
[INFO] [stderr]     Checking want v0.3.1
[INFO] [stderr]    Compiling time-macros v0.2.32
[INFO] [stderr]     Checking h2 v0.4.15
[INFO] [stderr]    Compiling darling_core v0.20.11
[INFO] [stderr]    Compiling tar v0.4.46
[INFO] [stderr]    Compiling const-random-macro v0.1.16
[INFO] [stderr]    Compiling ureq v3.3.0
[INFO] [stderr]     Checking crypto-common v0.2.2
[INFO] [stderr]     Checking block-buffer v0.12.1
[INFO] [stderr]     Checking deranged v0.5.8
[INFO] [stderr]    Compiling indexmap v1.9.3
[INFO] [stderr]     Checking encoding_rs v0.8.35
[INFO] [stderr]     Checking powerfmt v0.2.0
[INFO] [stderr]     Checking arrayvec v0.7.8
[INFO] [stderr]    Compiling rustix v0.38.44
[INFO] [stderr]    Compiling ucd-trie v0.1.7
[INFO] [stderr]     Checking const-oid v0.10.2
[INFO] [stderr]     Checking alloc-no-stdlib v2.0.4
[INFO] [stderr]     Checking local-waker v0.1.4
[INFO] [stderr]    Compiling zstd-safe v7.2.4
[INFO] [stderr]     Checking time v0.3.55
[INFO] [stderr]     Checking digest v0.11.3
[INFO] [stderr]     Checking alloc-stdlib v0.2.4
[INFO] [stderr]    Compiling pest v2.8.8
[INFO] [stderr]    Compiling thiserror v1.0.69
[INFO] [stderr]     Checking hyper v1.11.0
[INFO] [stderr]     Checking const-random v0.1.18
[INFO] [stderr]    Compiling darling_macro v0.20.11
[INFO] [stderr]    Compiling phf_generator v0.11.3
[INFO] [stderr]    Compiling convert_case v0.10.0
[INFO] [stderr]    Compiling thiserror-impl v1.0.69
[INFO] [stderr]     Checking http v0.2.12
[INFO] [stderr]    Compiling instant v0.1.13
[INFO] [stderr]     Checking mime v0.3.17
[INFO] [stderr]     Checking ipnet v2.12.1
[INFO] [stderr]     Checking anstyle v1.0.14
[INFO] [stderr]    Compiling tinyvec_macros v0.1.1
[INFO] [stderr]     Checking utf8parse v0.2.2
[INFO] [stderr]     Checking linux-raw-sys v0.4.15
[INFO] [stderr]    Compiling derive_more-impl v2.1.1
[INFO] [stderr]    Compiling tinyvec v1.12.0
[INFO] [stderr]    Compiling rayon-core v1.13.0
[INFO] [stderr]    Compiling typeid v1.0.3
[INFO] [stderr]     Checking hyper-util v0.1.20
[INFO] [stderr]    Compiling parse-zoneinfo v0.3.1
[INFO] [stderr]    Compiling phf_codegen v0.11.3
[INFO] [stderr]     Checking castaway v0.2.4
[INFO] [stderr]    Compiling pest_meta v2.8.8
[INFO] [stderr]    Compiling darling v0.20.11
[INFO] [stderr]     Checking dlv-list v0.5.2
[INFO] [stderr]     Checking brotli-decompressor v5.0.3
[INFO] [stderr]     Checking actix-utils v3.0.1
[INFO] [stderr]     Checking arrow-select v58.4.0
[INFO] [stderr]     Checking lexical-parse-integer v1.0.6
[INFO] [stderr]     Checking lexical-write-integer v1.0.6
[INFO] [stderr]    Compiling phf v0.11.3
[INFO] [stderr]     Checking chacha20 v0.10.1
[INFO] [stderr]     Checking sha1 v0.10.7
[INFO] [stderr]     Checking actix-rt v2.11.0
[INFO] [stderr]     Checking serde_urlencoded v0.7.1
[INFO] [stderr]     Checking bstr v1.13.0
[INFO] [stderr]    Compiling equator-macro v0.4.2
[INFO] [stderr]    Compiling libsqlite3-sys v0.24.2
[INFO] [stderr]    Compiling bytestring v1.5.1
[INFO] [stderr]     Checking actix-service v2.0.3
[INFO] [stderr]     Checking sync_wrapper v1.0.2
[INFO] [stderr]     Checking nom v8.0.0
[INFO] [stderr]    Compiling cookie v0.16.2
[INFO] [stderr]     Checking unicode-width v0.2.2
[INFO] [stderr]     Checking static_assertions v1.1.0
[INFO] [stderr]     Checking tower-layer v0.3.3
[INFO] [stderr]    Compiling minimal-lexical v0.2.1
[INFO] [stderr]    Compiling regex-lite v0.1.9
[INFO] [stderr]     Checking httpdate v1.0.3
[INFO] [stderr]    Compiling nom v7.1.3
[INFO] [stderr]     Checking tower v0.5.3
[INFO] [stderr]    Compiling actix-router v0.5.4
[INFO] [stderr]     Checking compact_str v0.7.1
[INFO] [stderr]     Checking zstd v0.13.3
[INFO] [stderr]     Checking equator v0.4.2
[INFO] [stderr]     Checking derive_more v2.1.1
[INFO] [stderr]     Checking rand v0.10.2
[INFO] [stderr]    Compiling chrono-tz-build v0.3.0
[INFO] [stderr]     Checking brotli v8.0.4
[INFO] [stderr]     Checking lexical-write-float v1.0.6
[INFO] [stderr]     Checking lexical-parse-float v1.0.6
[INFO] [stderr]    Compiling pest_generator v2.8.8
[INFO] [stderr]     Checking ordered-multimap v0.7.3
[INFO] [stderr]    Compiling derive_builder_core v0.20.2
[INFO] [stderr]     Checking crossterm v0.28.1
[INFO] [stderr]    Compiling parking_lot v0.11.2
[INFO] [stderr]    Compiling unicode-normalization v0.1.25
[INFO] [stderr]     Checking anstyle-parse v1.0.0
[INFO] [stderr]     Checking h2 v0.3.27
[INFO] [stderr]     Checking sha1 v0.11.0
[INFO] [stderr]     Checking local-channel v0.1.5
[INFO] [stderr]    Compiling strum_macros v0.27.2
[INFO] [stderr]    Compiling spin v0.9.9
[INFO] [stderr]    Compiling pin-project v1.1.13
[INFO] [stderr]    Compiling hmac v0.12.1
[INFO] [stderr]    Compiling zip v6.0.0
[INFO] [stderr]     Checking sha2 v0.10.9
[INFO] [stderr]     Checking http-body-util v0.1.4
[INFO] [stderr]     Checking actix-codec v0.5.2
[INFO] [stderr]    Compiling num-derive v0.4.2
[INFO] [stderr]    Compiling async-trait v0.1.91
[INFO] [stderr]     Checking socket2 v0.5.10
[INFO] [stderr]    Compiling dirs-sys v0.3.7
[INFO] [stderr]     Checking hex v0.4.3
[INFO] [stderr]     Checking option-ext v0.2.0
[INFO] [stderr]     Checking is_terminal_polyfill v1.70.2
[INFO] [stderr]    Compiling hashbrown v0.12.3
[INFO] [stderr]    Compiling unicode_categories v0.1.1
[INFO] [stderr]     Checking anstyle-query v1.1.5
[INFO] [stderr]     Checking colorchoice v1.0.5
[INFO] [stderr]    Compiling crc-catalog v2.5.0
[INFO] [stderr]     Checking language-tags v0.3.2
[INFO] [stderr]    Compiling unicode-bidi v0.3.18
[INFO] [stderr]    Compiling unicode-properties v0.1.4
[INFO] [stderr]     Checking same-file v1.0.6
[INFO] [stderr]    Compiling syn v1.0.109
[INFO] [stderr]    Compiling erased-serde v0.4.10
[INFO] [stderr]     Checking walkdir v2.5.0
[INFO] [stderr]    Compiling stringprep v0.1.5
[INFO] [stderr]    Compiling nix v0.31.3
[INFO] [stderr]     Checking actix-http v3.13.1
[INFO] [stderr]    Compiling anyhow v1.0.104
[INFO] [stderr]    Compiling crc v3.4.0
[INFO] [stderr]     Checking anstream v1.0.0
[INFO] [stderr]    Compiling sqlformat v0.2.6
[INFO] [stderr]     Checking strum v0.27.2
[INFO] [stderr]     Checking dirs-sys v0.5.0
[INFO] [stderr]    Compiling dirs v4.0.0
[INFO] [stderr]     Checking actix-server v2.6.0
[INFO] [stderr]    Compiling libduckdb-sys v1.10505.0
[INFO] [stderr]    Compiling hkdf v0.12.4
[INFO] [stderr]    Compiling crossbeam-queue v0.3.13
[INFO] [stderr]    Compiling flume v0.10.14
[INFO] [stderr]    Compiling futures-intrusive v0.4.2
[INFO] [stderr]    Compiling derive_builder_macro v0.20.2
[INFO] [stderr]     Checking comfy-table v7.1.4
[INFO] [stderr]    Compiling pest_derive v2.8.8
[INFO] [stderr]    Compiling futures-executor v0.3.33
[INFO] [stderr]     Checking rust-ini v0.21.3
[INFO] [stderr]     Checking lexical-core v1.0.6
[INFO] [stderr]    Compiling sqlx-rt v0.6.3
[INFO] [stderr]    Compiling chrono-tz v0.9.0
[INFO] [stderr]    Compiling actix-web-codegen v4.3.0
[INFO] [stderr]     Checking aligned-vec v0.6.4
[INFO] [stderr]     Checking rxml_validation v0.11.0
[INFO] [stderr]     Checking tower-http v0.6.11
[INFO] [stderr]    Compiling hashlink v0.8.4
[INFO] [stderr]     Checking globset v0.4.19
[INFO] [stderr]     Checking arrow-ord v58.4.0
[INFO] [stderr]    Compiling tokio-stream v0.1.19
[INFO] [stderr]    Compiling atoi v1.0.0
[INFO] [stderr]     Checking phf_shared v0.12.1
[INFO] [stderr]     Checking hashbrown v0.16.1
[INFO] [stderr]    Compiling md-5 v0.10.6
[INFO] [stderr]    Compiling actix-macros v0.2.4
[INFO] [stderr]     Checking atoi v2.0.0
[INFO] [stderr]     Checking dirs-sys-next v0.1.2
[INFO] [stderr]     Checking home v0.5.12
[INFO] [stderr]    Compiling base64 v0.13.1
[INFO] [stderr]    Compiling chrono-tz v0.10.4
[INFO] [stderr]    Compiling byteorder v1.5.0
[INFO] [stderr]     Checking bitflags v1.3.2
[INFO] [stderr]     Checking winnow v1.0.4
[INFO] [stderr]    Compiling dotenvy v0.15.7
[INFO] [stderr]     Checking impl-more v0.3.5
[INFO] [stderr]     Checking foldhash v0.1.5
[INFO] [stderr]    Compiling whoami v1.6.1
[INFO] [stderr]    Compiling event-listener v2.5.3
[INFO] [stderr]     Checking hashbrown v0.15.5
[INFO] [stderr]     Checking actix-web v4.14.0
[INFO] [stderr]    Compiling sqlx-core v0.6.3
[INFO] [stderr]     Checking hashlink v0.11.1
[INFO] [stderr]     Checking toml_parser v1.1.3+spec-1.1.0
[INFO] [stderr]     Checking dirs-next v2.0.0
[INFO] [stderr]     Checking arrow-cast v58.4.0
[INFO] [stderr]     Checking phf v0.12.1
[INFO] [stderr]     Checking ignore v0.4.31
[INFO] [stderr]     Checking rxml v0.11.1
[INFO] [stderr]     Checking v_frame v0.3.9
[INFO] [stdout] error[E0277]: the trait bound `!: io::decode::Decode<'_>` is not satisfied
[INFO] [stdout]   --> /opt/rustwide/cargo-home/registry/src/index.crates.io-1949cf8c6b5b557f/sqlx-core-0.6.3/src/postgres/connection/executor.rs:68:10
[INFO] [stdout]    |
[INFO] [stdout] 68 |         .recv_expect(MessageFormat::ParseComplete)
[INFO] [stdout]    |          ^^^^^^^^^^^ the trait `io::decode::Decode<'_>` is not implemented for `!`
[INFO] [stdout]    |
[INFO] [stdout]    = help: the following other types implement trait `io::decode::Decode<'de, Context>`:
[INFO] [stdout]              ()
[INFO] [stdout]              Authentication
[INFO] [stdout]              AuthenticationSaslContinue
[INFO] [stdout]              AuthenticationSaslFinal
[INFO] [stdout]              BackendKeyData
[INFO] [stdout]              CommandComplete
[INFO] [stdout]              CopyData<bytes::Bytes>
[INFO] [stdout]              CopyDone
[INFO] [stdout]            and 10 others
[INFO] [stdout]    = note: this error might have been caused by changes to Rust's type-inference algorithm (see issue #148922 <https://github.com/rust-lang/rust/issues/148922> for more information)
[INFO] [stdout]    = help: you might have intended to use the type `()` here instead
[INFO] [stdout] note: required by a bound in `PgStream::recv_expect`
[INFO] [stdout]   --> /opt/rustwide/cargo-home/registry/src/index.crates.io-1949cf8c6b5b557f/sqlx-core-0.6.3/src/postgres/connection/stream.rs:64:45
[INFO] [stdout]    |
[INFO] [stdout] 38 | impl PgStream {
[INFO] [stdout] ...
[INFO] [stdout] 64 |     pub(crate) async fn recv_expect<'de, T: Decode<'de>>(
[INFO] [stdout]    |                                             ^^^^^^^^^^^ required by this bound in `PgStream::recv_expect`
[INFO] [stdout] 
[INFO] [stdout] 
[INFO] [stdout] error[E0277]: the trait bound `!: io::decode::Decode<'_>` is not satisfied
[INFO] [stdout]   --> /opt/rustwide/cargo-home/registry/src/index.crates.io-1949cf8c6b5b557f/sqlx-core-0.6.3/src/postgres/connection/executor.rs:69:10
[INFO] [stdout]    |
[INFO] [stdout] 69 |         .await?;
[INFO] [stdout]    |          ^^^^^ the trait `io::decode::Decode<'_>` is not implemented for `!`
[INFO] [stdout]    |
[INFO] [stdout]    = help: the following other types implement trait `io::decode::Decode<'de, Context>`:
[INFO] [stdout]              ()
[INFO] [stdout]              Authentication
[INFO] [stdout]              AuthenticationSaslContinue
[INFO] [stdout]              AuthenticationSaslFinal
[INFO] [stdout]              BackendKeyData
[INFO] [stdout]              CommandComplete
[INFO] [stdout]              CopyData<bytes::Bytes>
[INFO] [stdout]              CopyDone
[INFO] [stdout]            and 10 others
[INFO] [stdout]    = note: this error might have been caused by changes to Rust's type-inference algorithm (see issue #148922 <https://github.com/rust-lang/rust/issues/148922> for more information)
[INFO] [stdout]    = help: you might have intended to use the type `()` here instead
[INFO] [stdout] note: required by a bound in `PgStream::recv_expect`
[INFO] [stdout]   --> /opt/rustwide/cargo-home/registry/src/index.crates.io-1949cf8c6b5b557f/sqlx-core-0.6.3/src/postgres/connection/stream.rs:64:45
[INFO] [stdout]    |
[INFO] [stdout] 38 | impl PgStream {
[INFO] [stdout] ...
[INFO] [stdout] 64 |     pub(crate) async fn recv_expect<'de, T: Decode<'de>>(
[INFO] [stdout]    |                                             ^^^^^^^^^^^ required by this bound in `PgStream::recv_expect`
[INFO] [stdout] 
[INFO] [stdout] 
[INFO] [stderr]     Checking derive_builder v0.20.2
[INFO] [stdout] error[E0277]: the trait bound `!: io::decode::Decode<'_>` is not satisfied
[INFO] [stdout]    --> /opt/rustwide/cargo-home/registry/src/index.crates.io-1949cf8c6b5b557f/sqlx-core-0.6.3/src/postgres/copy.rs:260:30
[INFO] [stdout]     |
[INFO] [stdout] 260 | ...                   .recv_expect(MessageFormat::ReadyForQuery)
[INFO] [stdout]     |                        ^^^^^^^^^^^ the trait `io::decode::Decode<'_>` is not implemented for `!`
[INFO] [stdout]     |
[INFO] [stdout]     = help: the following other types implement trait `io::decode::Decode<'de, Context>`:
[INFO] [stdout]               ()
[INFO] [stdout]               Authentication
[INFO] [stdout]               AuthenticationSaslContinue
[INFO] [stdout]               AuthenticationSaslFinal
[INFO] [stdout]               BackendKeyData
[INFO] [stdout]               CommandComplete
[INFO] [stdout]               CopyData<bytes::Bytes>
[INFO] [stdout]               CopyDone
[INFO] [stdout]             and 10 others
[INFO] [stdout]     = note: this error might have been caused by changes to Rust's type-inference algorithm (see issue #148922 <https://github.com/rust-lang/rust/issues/148922> for more information)
[INFO] [stdout]     = help: you might have intended to use the type `()` here instead
[INFO] [stdout] note: required by a bound in `PgStream::recv_expect`
[INFO] [stdout]    --> /opt/rustwide/cargo-home/registry/src/index.crates.io-1949cf8c6b5b557f/sqlx-core-0.6.3/src/postgres/connection/stream.rs:64:45
[INFO] [stdout]     |
[INFO] [stdout]  38 | impl PgStream {
[INFO] [stdout] ...
[INFO] [stdout]  64 |     pub(crate) async fn recv_expect<'de, T: Decode<'de>>(
[INFO] [stdout]     |                                             ^^^^^^^^^^^ required by this bound in `PgStream::recv_expect`
[INFO] [stdout] 
[INFO] [stdout] 
[INFO] [stdout] error[E0277]: the trait bound `!: io::decode::Decode<'_>` is not satisfied
[INFO] [stdout]    --> /opt/rustwide/cargo-home/registry/src/index.crates.io-1949cf8c6b5b557f/sqlx-core-0.6.3/src/postgres/copy.rs:261:30
[INFO] [stdout]     |
[INFO] [stdout] 261 | ...                   .await?;
[INFO] [stdout]     |                        ^^^^^ the trait `io::decode::Decode<'_>` is not implemented for `!`
[INFO] [stdout]     |
[INFO] [stdout]     = help: the following other types implement trait `io::decode::Decode<'de, Context>`:
[INFO] [stdout]               ()
[INFO] [stdout]               Authentication
[INFO] [stdout]               AuthenticationSaslContinue
[INFO] [stdout]               AuthenticationSaslFinal
[INFO] [stdout]               BackendKeyData
[INFO] [stdout]               CommandComplete
[INFO] [stdout]               CopyData<bytes::Bytes>
[INFO] [stdout]               CopyDone
[INFO] [stdout]             and 10 others
[INFO] [stdout]     = note: this error might have been caused by changes to Rust's type-inference algorithm (see issue #148922 <https://github.com/rust-lang/rust/issues/148922> for more information)
[INFO] [stdout]     = help: you might have intended to use the type `()` here instead
[INFO] [stdout] note: required by a bound in `PgStream::recv_expect`
[INFO] [stdout]    --> /opt/rustwide/cargo-home/registry/src/index.crates.io-1949cf8c6b5b557f/sqlx-core-0.6.3/src/postgres/connection/stream.rs:64:45
[INFO] [stdout]     |
[INFO] [stdout]  38 | impl PgStream {
[INFO] [stdout] ...
[INFO] [stdout]  64 |     pub(crate) async fn recv_expect<'de, T: Decode<'de>>(
[INFO] [stdout]     |                                             ^^^^^^^^^^^ required by this bound in `PgStream::recv_expect`
[INFO] [stdout] 
[INFO] [stdout] 
[INFO] [stdout] error[E0277]: the trait bound `!: io::decode::Decode<'_>` is not satisfied
[INFO] [stdout]    --> /opt/rustwide/cargo-home/registry/src/index.crates.io-1949cf8c6b5b557f/sqlx-core-0.6.3/src/postgres/copy.rs:287:14
[INFO] [stdout]     |
[INFO] [stdout] 287 |             .recv_expect(MessageFormat::ReadyForQuery)
[INFO] [stdout]     |              ^^^^^^^^^^^ the trait `io::decode::Decode<'_>` is not implemented for `!`
[INFO] [stdout]     |
[INFO] [stdout]     = help: the following other types implement trait `io::decode::Decode<'de, Context>`:
[INFO] [stdout]               ()
[INFO] [stdout]               Authentication
[INFO] [stdout]               AuthenticationSaslContinue
[INFO] [stdout]               AuthenticationSaslFinal
[INFO] [stdout]               BackendKeyData
[INFO] [stdout]               CommandComplete
[INFO] [stdout]               CopyData<bytes::Bytes>
[INFO] [stdout]               CopyDone
[INFO] [stdout]             and 10 others
[INFO] [stdout]     = note: this error might have been caused by changes to Rust's type-inference algorithm (see issue #148922 <https://github.com/rust-lang/rust/issues/148922> for more information)
[INFO] [stdout]     = help: you might have intended to use the type `()` here instead
[INFO] [stdout] note: required by a bound in `PgStream::recv_expect`
[INFO] [stdout]    --> /opt/rustwide/cargo-home/registry/src/index.crates.io-1949cf8c6b5b557f/sqlx-core-0.6.3/src/postgres/connection/stream.rs:64:45
[INFO] [stdout]     |
[INFO] [stdout]  38 | impl PgStream {
[INFO] [stdout] ...
[INFO] [stdout]  64 |     pub(crate) async fn recv_expect<'de, T: Decode<'de>>(
[INFO] [stdout]     |                                             ^^^^^^^^^^^ required by this bound in `PgStream::recv_expect`
[INFO] [stdout] 
[INFO] [stdout] 
[INFO] [stdout] error[E0277]: the trait bound `!: io::decode::Decode<'_>` is not satisfied
[INFO] [stdout]    --> /opt/rustwide/cargo-home/registry/src/index.crates.io-1949cf8c6b5b557f/sqlx-core-0.6.3/src/postgres/copy.rs:288:14
[INFO] [stdout]     |
[INFO] [stdout] 288 |             .await?;
[INFO] [stdout]     |              ^^^^^ the trait `io::decode::Decode<'_>` is not implemented for `!`
[INFO] [stdout]     |
[INFO] [stdout]     = help: the following other types implement trait `io::decode::Decode<'de, Context>`:
[INFO] [stdout]               ()
[INFO] [stdout]               Authentication
[INFO] [stdout]               AuthenticationSaslContinue
[INFO] [stdout]               AuthenticationSaslFinal
[INFO] [stdout]               BackendKeyData
[INFO] [stdout]               CommandComplete
[INFO] [stdout]               CopyData<bytes::Bytes>
[INFO] [stdout]               CopyDone
[INFO] [stdout]             and 10 others
[INFO] [stdout]     = note: this error might have been caused by changes to Rust's type-inference algorithm (see issue #148922 <https://github.com/rust-lang/rust/issues/148922> for more information)
[INFO] [stdout]     = help: you might have intended to use the type `()` here instead
[INFO] [stdout] note: required by a bound in `PgStream::recv_expect`
[INFO] [stdout]    --> /opt/rustwide/cargo-home/registry/src/index.crates.io-1949cf8c6b5b557f/sqlx-core-0.6.3/src/postgres/connection/stream.rs:64:45
[INFO] [stdout]     |
[INFO] [stdout]  38 | impl PgStream {
[INFO] [stdout] ...
[INFO] [stdout]  64 |     pub(crate) async fn recv_expect<'de, T: Decode<'de>>(
[INFO] [stdout]     |                                             ^^^^^^^^^^^ required by this bound in `PgStream::recv_expect`
[INFO] [stdout] 
[INFO] [stdout] 
[INFO] [stdout] error[E0277]: the trait bound `!: io::decode::Decode<'_>` is not satisfied
[INFO] [stdout]    --> /opt/rustwide/cargo-home/registry/src/index.crates.io-1949cf8c6b5b557f/sqlx-core-0.6.3/src/postgres/copy.rs:323:33
[INFO] [stdout]     |
[INFO] [stdout] 323 |                     conn.stream.recv_expect(MessageFormat::CommandComplete).await?;
[INFO] [stdout]     |                                 ^^^^^^^^^^^ the trait `io::decode::Decode<'_>` is not implemented for `!`
[INFO] [stdout]     |
[INFO] [stdout]     = help: the following other types implement trait `io::decode::Decode<'de, Context>`:
[INFO] [stdout]               ()
[INFO] [stdout]               Authentication
[INFO] [stdout]               AuthenticationSaslContinue
[INFO] [stdout]               AuthenticationSaslFinal
[INFO] [stdout]               BackendKeyData
[INFO] [stdout]               CommandComplete
[INFO] [stdout]               CopyData<bytes::Bytes>
[INFO] [stdout]               CopyDone
[INFO] [stdout]             and 10 others
[INFO] [stdout]     = note: this error might have been caused by changes to Rust's type-inference algorithm (see issue #148922 <https://github.com/rust-lang/rust/issues/148922> for more information)
[INFO] [stdout]     = help: you might have intended to use the type `()` here instead
[INFO] [stdout] note: required by a bound in `PgStream::recv_expect`
[INFO] [stdout]    --> /opt/rustwide/cargo-home/registry/src/index.crates.io-1949cf8c6b5b557f/sqlx-core-0.6.3/src/postgres/connection/stream.rs:64:45
[INFO] [stdout]     |
[INFO] [stdout]  38 | impl PgStream {
[INFO] [stdout] ...
[INFO] [stdout]  64 |     pub(crate) async fn recv_expect<'de, T: Decode<'de>>(
[INFO] [stdout]     |                                             ^^^^^^^^^^^ required by this bound in `PgStream::recv_expect`
[INFO] [stdout] 
[INFO] [stdout] 
[INFO] [stdout] error[E0277]: the trait bound `!: io::decode::Decode<'_>` is not satisfied
[INFO] [stdout]    --> /opt/rustwide/cargo-home/registry/src/index.crates.io-1949cf8c6b5b557f/sqlx-core-0.6.3/src/postgres/copy.rs:324:33
[INFO] [stdout]     |
[INFO] [stdout] 324 |                     conn.stream.recv_expect(MessageFormat::ReadyForQuery).await?;
[INFO] [stdout]     |                                 ^^^^^^^^^^^ the trait `io::decode::Decode<'_>` is not implemented for `!`
[INFO] [stdout]     |
[INFO] [stdout]     = help: the following other types implement trait `io::decode::Decode<'de, Context>`:
[INFO] [stdout]               ()
[INFO] [stdout]               Authentication
[INFO] [stdout]               AuthenticationSaslContinue
[INFO] [stdout]               AuthenticationSaslFinal
[INFO] [stdout]               BackendKeyData
[INFO] [stdout]               CommandComplete
[INFO] [stdout]               CopyData<bytes::Bytes>
[INFO] [stdout]               CopyDone
[INFO] [stdout]             and 10 others
[INFO] [stdout]     = note: this error might have been caused by changes to Rust's type-inference algorithm (see issue #148922 <https://github.com/rust-lang/rust/issues/148922> for more information)
[INFO] [stdout]     = help: you might have intended to use the type `()` here instead
[INFO] [stdout] note: required by a bound in `PgStream::recv_expect`
[INFO] [stdout]    --> /opt/rustwide/cargo-home/registry/src/index.crates.io-1949cf8c6b5b557f/sqlx-core-0.6.3/src/postgres/connection/stream.rs:64:45
[INFO] [stdout]     |
[INFO] [stdout]  38 | impl PgStream {
[INFO] [stdout] ...
[INFO] [stdout]  64 |     pub(crate) async fn recv_expect<'de, T: Decode<'de>>(
[INFO] [stdout]     |                                             ^^^^^^^^^^^ required by this bound in `PgStream::recv_expect`
[INFO] [stdout] 
[INFO] [stdout] 
[INFO] [stdout] error[E0277]: the trait bound `!: io::decode::Decode<'_>` is not satisfied
[INFO] [stdout]    --> /opt/rustwide/cargo-home/registry/src/index.crates.io-1949cf8c6b5b557f/sqlx-core-0.6.3/src/postgres/copy.rs:323:77
[INFO] [stdout]     |
[INFO] [stdout] 323 |                     conn.stream.recv_expect(MessageFormat::CommandComplete).await?;
[INFO] [stdout]     |                                                                             ^^^^^ the trait `io::decode::Decode<'_>` is not implemented for `!`
[INFO] [stdout]     |
[INFO] [stdout]     = help: the following other types implement trait `io::decode::Decode<'de, Context>`:
[INFO] [stdout]               ()
[INFO] [stdout]               Authentication
[INFO] [stdout]               AuthenticationSaslContinue
[INFO] [stdout]               AuthenticationSaslFinal
[INFO] [stdout]               BackendKeyData
[INFO] [stdout]               CommandComplete
[INFO] [stdout]               CopyData<bytes::Bytes>
[INFO] [stdout]               CopyDone
[INFO] [stdout]             and 10 others
[INFO] [stdout]     = note: this error might have been caused by changes to Rust's type-inference algorithm (see issue #148922 <https://github.com/rust-lang/rust/issues/148922> for more information)
[INFO] [stdout]     = help: you might have intended to use the type `()` here instead
[INFO] [stdout] note: required by a bound in `PgStream::recv_expect`
[INFO] [stdout]    --> /opt/rustwide/cargo-home/registry/src/index.crates.io-1949cf8c6b5b557f/sqlx-core-0.6.3/src/postgres/connection/stream.rs:64:45
[INFO] [stdout]     |
[INFO] [stdout]  38 | impl PgStream {
[INFO] [stdout] ...
[INFO] [stdout]  64 |     pub(crate) async fn recv_expect<'de, T: Decode<'de>>(
[INFO] [stdout]     |                                             ^^^^^^^^^^^ required by this bound in `PgStream::recv_expect`
[INFO] [stdout] 
[INFO] [stdout] 
[INFO] [stdout] error[E0277]: the trait bound `!: io::decode::Decode<'_>` is not satisfied
[INFO] [stdout]    --> /opt/rustwide/cargo-home/registry/src/index.crates.io-1949cf8c6b5b557f/sqlx-core-0.6.3/src/postgres/copy.rs:324:75
[INFO] [stdout]     |
[INFO] [stdout] 324 |                     conn.stream.recv_expect(MessageFormat::ReadyForQuery).await?;
[INFO] [stdout]     |                                                                           ^^^^^ the trait `io::decode::Decode<'_>` is not implemented for `!`
[INFO] [stdout]     |
[INFO] [stdout]     = help: the following other types implement trait `io::decode::Decode<'de, Context>`:
[INFO] [stdout]               ()
[INFO] [stdout]               Authentication
[INFO] [stdout]               AuthenticationSaslContinue
[INFO] [stdout]               AuthenticationSaslFinal
[INFO] [stdout]               BackendKeyData
[INFO] [stdout]               CommandComplete
[INFO] [stdout]               CopyData<bytes::Bytes>
[INFO] [stdout]               CopyDone
[INFO] [stdout]             and 10 others
[INFO] [stdout]     = note: this error might have been caused by changes to Rust's type-inference algorithm (see issue #148922 <https://github.com/rust-lang/rust/issues/148922> for more information)
[INFO] [stdout]     = help: you might have intended to use the type `()` here instead
[INFO] [stdout] note: required by a bound in `PgStream::recv_expect`
[INFO] [stdout]    --> /opt/rustwide/cargo-home/registry/src/index.crates.io-1949cf8c6b5b557f/sqlx-core-0.6.3/src/postgres/connection/stream.rs:64:45
[INFO] [stdout]     |
[INFO] [stdout]  38 | impl PgStream {
[INFO] [stdout] ...
[INFO] [stdout]  64 |     pub(crate) async fn recv_expect<'de, T: Decode<'de>>(
[INFO] [stdout]     |                                             ^^^^^^^^^^^ required by this bound in `PgStream::recv_expect`
[INFO] [stdout] 
[INFO] [stdout] 
[INFO] [stderr]     Checking hyper-tls v0.6.0
[INFO] [stderr]     Checking rayon v1.12.0
[INFO] [stderr]     Checking arrow-string v58.4.0
[INFO] [stderr]     Checking hashbrown v0.11.2
[INFO] [stderr]     Checking arrow-row v58.4.0
[INFO] [stderr]     Checking arrow-arith v58.4.0
[INFO] [stderr]     Checking rustls-native-certs v0.8.4
[INFO] [stderr]    Compiling heck v0.4.1
[INFO] [stderr]     Checking attohttpc v0.30.1
[INFO] [stderr]     Checking quick-xml v0.38.4
[INFO] [stderr]    Compiling enumflags2_derive v0.7.12
[INFO] [stderr]     Checking num-rational v0.4.2
[INFO] [stderr]    Compiling blake3 v1.8.5
[INFO] [stderr]     Checking toml_datetime v1.1.1+spec-1.1.0
[INFO] [stderr]     Checking serde_spanned v1.1.1
[INFO] [stderr]     Checking rand_core v0.9.5
[INFO] [stderr]     Checking as-slice v0.2.1
[INFO] [stderr]     Checking nibble_vec v0.1.0
[INFO] [stderr]     Checking csv-core v0.1.13
[INFO] [stderr]     Checking jiff-core v0.1.0
[INFO] [stderr]     Checking endian-type v0.2.0
[INFO] [stderr]     Checking clap_lex v1.1.0
[INFO] [stderr]     Checking lazy_static v1.5.0
[INFO] [stderr]     Checking base64 v0.23.0
[INFO] [stdout] For more information about this error, try `rustc --explain E0277`.
[INFO] [stdout] 
[INFO] [stderr]     Checking strsim v0.11.1
[INFO] [stderr] error: could not compile `sqlx-core` (lib) due to 10 previous errors
[INFO] [stderr] warning: build failed, waiting for other jobs to finish...
[INFO] running `Command { std: "docker" "inspect" "e9fabf36c460045f28f7703cfb29f69d037286ce105a48834dee1c74205c03e9", kill_on_drop: false }`
[INFO] running `Command { std: "docker" "rm" "-f" "e9fabf36c460045f28f7703cfb29f69d037286ce105a48834dee1c74205c03e9", kill_on_drop: false }`
[INFO] [stdout] e9fabf36c460045f28f7703cfb29f69d037286ce105a48834dee1c74205c03e9
