[INFO] cloning repository https://github.com/manuu-r/homebrew-tap
[INFO] running `Command { std: "git" "-c" "credential.helper=" "-c" "credential.helper=/workspace/cargo-home/bin/git-credential-null" "clone" "--bare" "https://github.com/manuu-r/homebrew-tap" "/workspace/cache/git-repos/https%3A%2F%2Fgithub.com%2Fmanuu-r%2Fhomebrew-tap", kill_on_drop: false }`
[INFO] [stderr] Cloning into bare repository '/workspace/cache/git-repos/https%3A%2F%2Fgithub.com%2Fmanuu-r%2Fhomebrew-tap'...
[INFO] running `Command { std: "git" "rev-parse" "HEAD", kill_on_drop: false }`
[INFO] [stdout] 6c5f09f0038e0263b398d0962bd783f49b920fba
[INFO] checking manuu-r/homebrew-tap against 3154cc1a3e6424e44f438a95007d043ed5ceaaf6 for pr-133502-30
[INFO] running `Command { std: "git" "clone" "/workspace/cache/git-repos/https%3A%2F%2Fgithub.com%2Fmanuu-r%2Fhomebrew-tap" "/workspace/builds/worker-6-tc2/source", kill_on_drop: false }`
[INFO] [stderr] Cloning into '/workspace/builds/worker-6-tc2/source'...
[INFO] [stderr] done.
[INFO] started tweaking git repo https://github.com/manuu-r/homebrew-tap
[INFO] finished tweaking git repo https://github.com/manuu-r/homebrew-tap
[INFO] tweaked toml for git repo https://github.com/manuu-r/homebrew-tap written to /workspace/builds/worker-6-tc2/source/Cargo.toml
[INFO] validating manifest of git repo https://github.com/manuu-r/homebrew-tap on toolchain 3154cc1a3e6424e44f438a95007d043ed5ceaaf6
[INFO] running `Command { std: CARGO_HOME="/workspace/cargo-home" RUSTUP_HOME="/workspace/rustup-home" "/workspace/cargo-home/bin/cargo" "+3154cc1a3e6424e44f438a95007d043ed5ceaaf6" "metadata" "--manifest-path" "Cargo.toml" "--no-deps", kill_on_drop: false }`
[INFO] crate git repo https://github.com/manuu-r/homebrew-tap already has a lockfile, it will not be regenerated
[INFO] running `Command { std: CARGO_HOME="/workspace/cargo-home" RUSTUP_HOME="/workspace/rustup-home" "/workspace/cargo-home/bin/cargo" "+3154cc1a3e6424e44f438a95007d043ed5ceaaf6" "fetch" "--manifest-path" "Cargo.toml", kill_on_drop: false }`
[INFO] running `Command { std: "docker" "create" "-v" "/var/lib/crater-agent-workspace/builds/worker-6-tc2/source:/opt/rustwide/workdir:ro,Z" "-v" "/var/lib/crater-agent-workspace/builds/worker-6-tc2/target:/opt/rustwide/target:rw,Z" "-v" "/var/lib/crater-agent-workspace/cargo-home:/opt/rustwide/cargo-home:ro,Z" "-v" "/var/lib/crater-agent-workspace/rustup-home:/opt/rustwide/rustup-home:ro,Z" "-m" "1610612736" "--network" "none" "ghcr.io/rust-lang/crates-build-env/linux@sha256:77db811e55d90add9212f6832c23229e3de5f1c1f9905e8cb07319ea15df73ac" "sleep" "infinity", kill_on_drop: false }`
[INFO] [stdout] d1b68b0b92670212576fadddbf725f349a272fbde800d82ffcfaf1188b54bbd8
[INFO] running `Command { std: "docker" "start" "d1b68b0b92670212576fadddbf725f349a272fbde800d82ffcfaf1188b54bbd8", kill_on_drop: false }`
[INFO] running `Command { std: "docker" "inspect" "d1b68b0b92670212576fadddbf725f349a272fbde800d82ffcfaf1188b54bbd8", kill_on_drop: false }`
[INFO] running `Command { std: "docker" "exec" "-e" "SOURCE_DIR=/opt/rustwide/workdir" "-e" "CARGO_HOME=/opt/rustwide/cargo-home" "-e" "RUSTUP_HOME=/opt/rustwide/rustup-home" "-e" "CARGO_TARGET_DIR=/opt/rustwide/target" "-w" "/opt/rustwide/workdir" "--user" "0:0" "d1b68b0b92670212576fadddbf725f349a272fbde800d82ffcfaf1188b54bbd8" "/opt/rustwide/cargo-home/bin/cargo" "+3154cc1a3e6424e44f438a95007d043ed5ceaaf6" "metadata" "--no-deps" "--format-version=1", kill_on_drop: false }`
[INFO] running `Command { std: "docker" "inspect" "d1b68b0b92670212576fadddbf725f349a272fbde800d82ffcfaf1188b54bbd8", kill_on_drop: false }`
[INFO] running `Command { std: "docker" "exec" "-e" "SOURCE_DIR=/opt/rustwide/workdir" "-e" "CARGO_HOME=/opt/rustwide/cargo-home" "-e" "RUSTUP_HOME=/opt/rustwide/rustup-home" "-e" "CARGO_TARGET_DIR=/opt/rustwide/target" "-e" "CARGO_INCREMENTAL=0" "-e" "RUST_BACKTRACE=full" "-e" "RUSTFLAGS=--cap-lints=forbid" "-e" "RUSTDOCFLAGS=--cap-lints=forbid" "-w" "/opt/rustwide/workdir" "--user" "0:0" "d1b68b0b92670212576fadddbf725f349a272fbde800d82ffcfaf1188b54bbd8" "/opt/rustwide/cargo-home/bin/cargo" "+3154cc1a3e6424e44f438a95007d043ed5ceaaf6" "check" "--frozen" "--all" "--all-targets" "--message-format=json", kill_on_drop: false }`
[INFO] [stderr]    Compiling serde_core v1.0.229
[INFO] [stderr]    Compiling pkg-config v0.3.34
[INFO] [stderr]    Compiling serde v1.0.229
[INFO] [stderr]    Compiling libc v0.2.189
[INFO] [stderr]    Compiling proc-macro2 v1.0.107
[INFO] [stderr]    Compiling equivalent v1.0.2
[INFO] [stderr]    Compiling hashbrown v0.17.1
[INFO] [stderr]    Compiling unicode-ident v1.0.24
[INFO] [stderr]    Compiling winnow v0.5.40
[INFO] [stderr]    Compiling quote v1.0.47
[INFO] [stderr]    Compiling target-lexicon v0.12.16
[INFO] [stderr]    Compiling smallvec v1.15.2
[INFO] [stderr]    Compiling heck v0.5.0
[INFO] [stderr]    Compiling version-compare v0.2.1
[INFO] [stderr]     Checking cfg-if v1.0.4
[INFO] [stderr]    Compiling cfg-expr v0.15.8
[INFO] [stderr]    Compiling indexmap v2.14.0
[INFO] [stderr]     Checking once_cell v1.21.4
[INFO] [stderr]    Compiling syn v3.0.3
[INFO] [stderr]     Checking log v0.4.33
[INFO] [stderr]     Checking futures-core v0.3.34
[INFO] [stderr]     Checking pin-project-lite v0.2.17
[INFO] [stderr]     Checking futures-sink v0.3.34
[INFO] [stderr]     Checking slab v0.4.12
[INFO] [stderr]    Compiling version_check v0.9.5
[INFO] [stderr]    Compiling syn v2.0.119
[INFO] [stderr]     Checking memchr v2.8.3
[INFO] [stderr]     Checking futures-channel v0.3.34
[INFO] [stderr]     Checking futures-io v0.3.34
[INFO] [stderr]     Checking futures-task v0.3.34
[INFO] [stderr]    Compiling thiserror v1.0.69
[INFO] [stderr]    Compiling rustix v1.1.4
[INFO] [stderr]    Compiling proc-macro-error-attr v1.0.4
[INFO] [stderr]    Compiling syn v1.0.109
[INFO] [stderr]     Checking linux-raw-sys v0.12.1
[INFO] [stderr]    Compiling proc-macro-error v1.0.4
[INFO] [stderr]     Checking libloading v0.8.9
[INFO] [stderr]    Compiling shlex v2.0.1
[INFO] [stderr]    Compiling find-msvc-tools v0.1.11
[INFO] [stderr]     Checking dlib v0.5.3
[INFO] [stderr]    Compiling cc v1.4.3
[INFO] [stderr]    Compiling wayland-sys v0.31.11
[INFO] [stderr]    Compiling heck v0.4.1
[INFO] [stderr]    Compiling autocfg v1.5.1
[INFO] [stderr]     Checking scoped-tls v1.0.1
[INFO] [stderr]     Checking bitflags v2.13.1
[INFO] [stderr]     Checking downcast-rs v1.2.1
[INFO] [stderr]    Compiling wayland-client v0.31.15
[INFO] [stderr]    Compiling gio v0.18.4
[INFO] [stderr]     Checking socket2 v0.6.5
[INFO] [stderr]    Compiling quick-xml v0.41.0
[INFO] [stderr]    Compiling semver v1.0.28
[INFO] [stderr]    Compiling toml_datetime v0.6.3
[INFO] [stderr]    Compiling serde_spanned v0.6.9
[INFO] [stderr]    Compiling toml_edit v0.20.2
[INFO] [stderr]    Compiling memoffset v0.9.1
[INFO] [stderr]    Compiling rustc_version v0.4.1
[INFO] [stderr]     Checking mio v1.2.2
[INFO] [stderr]    Compiling wayland-backend v0.3.17
[INFO] [stderr]    Compiling libdbus-sys v0.2.7
[INFO] [stderr]    Compiling rustix v0.38.44
[INFO] [stderr]    Compiling crossbeam-utils v0.8.22
[INFO] [stderr]    Compiling thiserror v2.0.20
[INFO] [stderr]    Compiling field-offset v0.3.6
[INFO] [stderr]    Compiling toml_edit v0.19.15
[INFO] [stderr]    Compiling x11 v2.21.0
[INFO] [stderr]     Checking linux-raw-sys v0.4.15
[INFO] [stderr]    Compiling wayland-scanner v0.31.11
[INFO] [stderr]     Checking scopeguard v1.2.0
[INFO] [stderr]     Checking lock_api v0.4.14
[INFO] [stderr]     Checking tokio v1.53.1
[INFO] [stderr]    Compiling futures-macro v0.3.34
[INFO] [stderr]    Compiling thiserror-impl v1.0.69
[INFO] [stderr]    Compiling toml v0.8.2
[INFO] [stderr]     Checking futures-util v0.3.34
[INFO] [stderr]    Compiling system-deps v6.2.2
[INFO] [stderr]    Compiling proc-macro-crate v2.0.2
[INFO] [stderr]    Compiling serde_derive v1.0.229
[INFO] [stderr]    Compiling glib-macros v0.18.5
[INFO] [stderr]    Compiling thiserror-impl v2.0.20
[INFO] [stderr]    Compiling glib-sys v0.18.1
[INFO] [stderr]    Compiling gobject-sys v0.18.0
[INFO] [stderr]    Compiling gio-sys v0.18.1
[INFO] [stderr]    Compiling gdk-sys v0.18.2
[INFO] [stderr]    Compiling gdk-pixbuf-sys v0.18.0
[INFO] [stderr]    Compiling cairo-sys-rs v0.18.2
[INFO] [stderr]    Compiling atk-sys v0.18.2
[INFO] [stderr]    Compiling pango-sys v0.18.0
[INFO] [stderr]    Compiling gtk-sys v0.18.2
[INFO] [stderr]     Checking polling v3.11.0
[INFO] [stderr]    Compiling proc-macro-crate v1.3.1
[INFO] [stderr]    Compiling gtk v0.18.2
[INFO] [stderr]    Compiling libxdo-sys v0.11.0
[INFO] [stderr]    Compiling crc32fast v1.5.0
[INFO] [stderr]     Checking simd-adler32 v0.3.10
[INFO] [stderr]     Checking calloop v0.13.0
[INFO] [stderr]    Compiling gtk3-macros v0.18.2
[INFO] [stderr]     Checking futures-executor v0.3.34
[INFO] [stderr]     Checking dbus v0.9.12
[INFO] [stderr]     Checking cursor-icon v1.2.0
[INFO] [stderr]     Checking xcursor v0.3.11
[INFO] [stderr]     Checking adler2 v2.0.1
[INFO] [stderr]    Compiling getrandom v0.3.4
[INFO] [stderr]     Checking xkeysym v0.2.1
[INFO] [stderr]     Checking ttf-parser v0.25.1
[INFO] [stderr]     Checking arrayref v0.3.9
[INFO] [stderr]    Compiling zerocopy v0.8.56
[INFO] [stderr]     Checking bytemuck v1.25.2
[INFO] [stderr]    Compiling smithay-client-toolkit v0.19.2
[INFO] [stderr]     Checking strict-num v0.1.1
[INFO] [stderr]    Compiling parking_lot_core v0.9.12
[INFO] [stderr]     Checking wayland-protocols v0.32.13
[INFO] [stderr]     Checking wayland-cursor v0.31.14
[INFO] [stderr]     Checking tiny-skia-path v0.11.4
[INFO] [stderr]     Checking calloop-wayland-source v0.3.0
[INFO] [stderr]     Checking miniz_oxide v0.8.9
[INFO] [stderr]     Checking wayland-csd-frame v0.3.0
[INFO] [stderr]     Checking glib v0.18.5
[INFO] [stderr]    Compiling num-traits v0.2.19
[INFO] [stderr]    Compiling ahash v0.8.12
[INFO] [stderr]     Checking memmap2 v0.9.11
[INFO] [stderr]     Checking libloading v0.7.4
[INFO] [stderr]    Compiling x11-dl v2.21.0
[INFO] [stderr]    Compiling zmij v1.0.23
[INFO] [stderr]     Checking option-ext v0.2.0
[INFO] [stderr]     Checking ab_glyph_rasterizer v0.1.10
[INFO] [stderr]     Checking dpi v0.1.2
[INFO] [stderr]     Checking either v1.18.0
[INFO] [stderr]    Compiling cfg_aliases v0.2.2
[INFO] [stderr]     Checking arrayvec v0.7.8
[INFO] [stderr]     Checking xml v1.4.0
[INFO] [stderr]     Checking bytes v1.12.1
[INFO] [stderr]     Checking unicode-segmentation v1.13.3
[INFO] [stderr]     Checking tiny-skia v0.11.4
[INFO] [stderr]     Checking keyboard-types v0.7.0
[INFO] [stderr]     Checking owned_ttf_parser v0.25.1
[INFO] [stderr]     Checking dbus-tokio v0.7.6
[INFO] [stderr]     Checking serde-xml-rs v0.8.2
[INFO] [stderr]     Checking tokio-util v0.7.19
[INFO] [stderr]     Checking ab_glyph v0.2.32
[INFO] [stderr]     Checking bluez-generated v0.4.0
[INFO] [stderr]     Checking itertools v0.14.0
[INFO] [stderr]    Compiling winit v0.30.13
[INFO] [stderr]     Checking dirs-sys v0.5.0
[INFO] [stderr]     Checking libappindicator-sys v0.9.0
[INFO] [stderr]     Checking flate2 v1.1.9
[INFO] [stderr]     Checking libxdo v0.6.0
[INFO] [stderr]     Checking futures v0.3.34
[INFO] [stderr]     Checking fdeflate v0.3.7
[INFO] [stderr]     Checking gethostname v1.1.0
[INFO] [stderr]     Checking crossbeam-channel v0.5.16
[INFO] [stderr]     Checking spin v0.9.9
[INFO] [stderr]     Checking hashbrown v0.14.5
[INFO] [stderr]     Checking tracing-core v0.1.36
[INFO] [stderr]     Checking uuid v1.26.0
[INFO] [stderr]     Checking as-raw-xcb-connection v1.0.1
[INFO] [stderr]     Checking x11rb-protocol v0.13.2
[INFO] [stderr]    Compiling serde_json v1.0.151
[INFO] [stderr]     Checking tracing v0.1.44
[INFO] [stderr]     Checking png v0.18.1
[INFO] [stderr]     Checking flume v0.12.0
[INFO] [stderr]     Checking dashmap v6.2.1
[INFO] [stderr]     Checking bluez-async v0.8.2
[INFO] [stderr]     Checking dirs v6.0.0
[INFO] [stderr]     Checking tokio-stream v0.1.19
[INFO] [stderr]     Checking xkbcommon-dl v0.4.2
[INFO] [stderr]    Compiling async-trait v0.1.92
[INFO] [stderr]     Checking socket-pktinfo v0.4.1
[INFO] [stderr]     Checking if-addrs v0.15.0
[INFO] [stderr]     Checking raw-window-handle v0.6.2
[INFO] [stderr]     Checking static_assertions v1.1.0
[INFO] [stderr]     Checking iana-time-zone v0.1.65
[INFO] [stderr]     Checking fastrand v2.5.0
[INFO] [stderr]     Checking itoa v1.0.18
[INFO] [stderr]     Checking percent-encoding v2.3.2
[INFO] [stderr]     Checking smol_str v0.2.2
[INFO] [stderr]     Checking mdns-sd v0.21.1
[INFO] [stderr]     Checking btleplug v0.12.0
[INFO] [stderr]     Checking chrono v0.4.45
[INFO] [stderr]     Checking subtle v2.6.1
[INFO] [stderr]     Checking wayland-protocols-wlr v0.3.12
[INFO] [stderr]     Checking wayland-protocols-plasma v0.3.12
[INFO] [stderr]     Checking cairo-rs v0.18.5
[INFO] [stderr]     Checking atk v0.18.2
[INFO] [stderr]     Checking sctk-adwaita v0.10.1
[INFO] [stderr]     Checking x11rb v0.13.2
[INFO] [stderr]     Checking pango v0.18.3
[INFO] [stderr]     Checking gdk-pixbuf v0.18.5
[INFO] [stderr]     Checking gdk v0.18.2
[INFO] [stderr]     Checking muda v0.19.3
[INFO] [stderr]     Checking libappindicator v0.9.0
[INFO] [stderr]     Checking tray-icon v0.24.2
[INFO] [stderr]     Checking gauge v0.2.0 (/opt/rustwide/workdir)
[INFO] [stdout] warning: constant `KEYCHAIN_SERVICE` is never used
[INFO] [stdout]   --> src/devices.rs:24:7
[INFO] [stdout]    |
[INFO] [stdout] 24 | const KEYCHAIN_SERVICE: &str = "dev.gauge.accessory";
[INFO] [stdout]    |       ^^^^^^^^^^^^^^^^
[INFO] [stdout]    |
[INFO] [stdout]    = note: `#[warn(dead_code)]` (part of `#[warn(unused)]`) on by default
[INFO] [stdout] 
[INFO] [stdout] 
[INFO] [stdout] warning: function `keychain_account` is never used
[INFO] [stdout]    --> src/devices.rs:141:4
[INFO] [stdout]     |
[INFO] [stdout] 141 | fn keychain_account(device_id: &str) -> String {
[INFO] [stdout]     |    ^^^^^^^^^^^^^^^^
[INFO] [stdout] 
[INFO] [stdout] 
[INFO] [stdout] warning: constant `KEYCHAIN_SERVICE` is never used
[INFO] [stdout]   --> src/devices.rs:24:7
[INFO] [stdout]    |
[INFO] [stdout] 24 | const KEYCHAIN_SERVICE: &str = "dev.gauge.accessory";
[INFO] [stdout]    |       ^^^^^^^^^^^^^^^^
[INFO] [stdout]    |
[INFO] [stdout]    = note: `#[warn(dead_code)]` (part of `#[warn(unused)]`) on by default
[INFO] [stdout] 
[INFO] [stdout] 
[INFO] [stdout] warning: function `keychain_account` is never used
[INFO] [stdout]    --> src/devices.rs:141:4
[INFO] [stdout]     |
[INFO] [stdout] 141 | fn keychain_account(device_id: &str) -> String {
[INFO] [stdout]     |    ^^^^^^^^^^^^^^^^
[INFO] [stdout] 
[INFO] [stdout] 
[INFO] [stdout] error[E0432]: unresolved import `winit::platform::macos`
[INFO] [stdout]   --> src/main.rs:28:15
[INFO] [stdout]    |
[INFO] [stdout] 28 |     platform::macos::{ActivationPolicy, EventLoopBuilderExtMacOS},
[INFO] [stdout]    |               ^^^^^ could not find `macos` in `platform`
[INFO] [stdout]    |
[INFO] [stdout] note: found an item that was configured out
[INFO] [stdout]   --> /opt/rustwide/cargo-home/registry/src/index.crates.io-1949cf8c6b5b557f/winit-0.30.13/src/platform/mod.rs:10:9
[INFO] [stdout]    |
[INFO] [stdout]  9 | #[cfg(any(macos_platform, docsrs))]
[INFO] [stdout]    |          ------------------------ the item is gated here
[INFO] [stdout] 10 | pub mod macos;
[INFO] [stdout]    |         ^^^^^
[INFO] [stdout] 
[INFO] [stdout] 
[INFO] [stdout] error[E0432]: unresolved import `winit::platform::macos`
[INFO] [stdout]   --> src/main.rs:28:15
[INFO] [stdout]    |
[INFO] [stdout] 28 |     platform::macos::{ActivationPolicy, EventLoopBuilderExtMacOS},
[INFO] [stdout]    |               ^^^^^ could not find `macos` in `platform`
[INFO] [stdout]    |
[INFO] [stdout] note: found an item that was configured out
[INFO] [stdout]   --> /opt/rustwide/cargo-home/registry/src/index.crates.io-1949cf8c6b5b557f/winit-0.30.13/src/platform/mod.rs:10:9
[INFO] [stdout]    |
[INFO] [stdout]  9 | #[cfg(any(macos_platform, docsrs))]
[INFO] [stdout]    |          ------------------------ the item is gated here
[INFO] [stdout] 10 | pub mod macos;
[INFO] [stdout]    |         ^^^^^
[INFO] [stdout] 
[INFO] [stdout] 
[INFO] [stdout] error[E0432]: unresolved import `crate::canvas`
[INFO] [stdout]   --> src/activity_window.rs:20:12
[INFO] [stdout]    |
[INFO] [stdout] 20 | use crate::canvas::{self, provider_color, rect, FlippedView, MEDIUM, REGULAR, SEMIBOLD};
[INFO] [stdout]    |            ^^^^^^ could not find `canvas` in the crate root
[INFO] [stdout]    |
[INFO] [stdout] note: found an item that was configured out
[INFO] [stdout]   --> src/main.rs:3:5
[INFO] [stdout]    |
[INFO] [stdout]  2 | #[cfg(target_os = "macos")]
[INFO] [stdout]    |       ------------------- the item is gated behind the `macos` feature
[INFO] [stdout]  3 | mod canvas;
[INFO] [stdout]    |     ^^^^^^
[INFO] [stdout] 
[INFO] [stdout] 
[INFO] [stdout] error[E0433]: cannot find module or crate `objc2` in this scope
[INFO] [stdout]   --> src/activity_window.rs:11:5
[INFO] [stdout]    |
[INFO] [stdout] 11 | use objc2::{define_class, msg_send, rc::Retained, runtime::AnyObject, sel, MainThreadOnly};
[INFO] [stdout]    |     ^^^^^ use of unresolved module or unlinked crate `objc2`
[INFO] [stdout]    |
[INFO] [stdout]    = help: if you wanted to use a crate named `objc2`, use `cargo add objc2` to add it to your `Cargo.toml`
[INFO] [stdout] 
[INFO] [stdout] 
[INFO] [stdout] error[E0432]: unresolved import `objc2`
[INFO] [stdout]   --> src/activity_window.rs:11:5
[INFO] [stdout]    |
[INFO] [stdout] 11 | use objc2::{define_class, msg_send, rc::Retained, runtime::AnyObject, sel, MainThreadOnly};
[INFO] [stdout]    |     ^^^^^ use of unresolved module or unlinked crate `objc2`
[INFO] [stdout]    |
[INFO] [stdout]    = help: if you wanted to use a crate named `objc2`, use `cargo add objc2` to add it to your `Cargo.toml`
[INFO] [stdout] 
[INFO] [stdout] 
[INFO] [stdout] error[E0432]: unresolved import `objc2_app_kit`
[INFO] [stdout]   --> src/activity_window.rs:12:5
[INFO] [stdout]    |
[INFO] [stdout] 12 | use objc2_app_kit::{
[INFO] [stdout]    |     ^^^^^^^^^^^^^ use of unresolved module or unlinked crate `objc2_app_kit`
[INFO] [stdout]    |
[INFO] [stdout]    = help: if you wanted to use a crate named `objc2_app_kit`, use `cargo add objc2_app_kit` to add it to your `Cargo.toml`
[INFO] [stdout] 
[INFO] [stdout] 
[INFO] [stdout] error[E0432]: unresolved import `objc2_foundation`
[INFO] [stdout]   --> src/activity_window.rs:16:5
[INFO] [stdout]    |
[INFO] [stdout] 16 | use objc2_foundation::{
[INFO] [stdout]    |     ^^^^^^^^^^^^^^^^ use of unresolved module or unlinked crate `objc2_foundation`
[INFO] [stdout]    |
[INFO] [stdout]    = help: if you wanted to use a crate named `objc2_foundation`, use `cargo add objc2_foundation` to add it to your `Cargo.toml`
[INFO] [stdout] 
[INFO] [stdout] 
[INFO] [stdout] error[E0432]: unresolved import `crate::canvas`
[INFO] [stdout]   --> src/activity_window.rs:20:12
[INFO] [stdout]    |
[INFO] [stdout] 20 | use crate::canvas::{self, provider_color, rect, FlippedView, MEDIUM, REGULAR, SEMIBOLD};
[INFO] [stdout]    |            ^^^^^^ could not find `canvas` in the crate root
[INFO] [stdout]    |
[INFO] [stdout] note: found an item that was configured out
[INFO] [stdout]   --> src/main.rs:3:5
[INFO] [stdout]    |
[INFO] [stdout]  2 | #[cfg(target_os = "macos")]
[INFO] [stdout]    |       ------------------- the item is gated behind the `macos` feature
[INFO] [stdout]  3 | mod canvas;
[INFO] [stdout]    |     ^^^^^^
[INFO] [stdout] 
[INFO] [stdout] 
[INFO] [stdout] error[E0433]: cannot find module or crate `objc2` in this scope
[INFO] [stdout]   --> src/activity_window.rs:11:5
[INFO] [stdout]    |
[INFO] [stdout] 11 | use objc2::{define_class, msg_send, rc::Retained, runtime::AnyObject, sel, MainThreadOnly};
[INFO] [stdout]    |     ^^^^^ use of unresolved module or unlinked crate `objc2`
[INFO] [stdout]    |
[INFO] [stdout]    = help: if you wanted to use a crate named `objc2`, use `cargo add objc2` to add it to your `Cargo.toml`
[INFO] [stdout] 
[INFO] [stdout] 
[INFO] [stdout] error[E0432]: unresolved import `objc2`
[INFO] [stdout]   --> src/activity_window.rs:11:5
[INFO] [stdout]    |
[INFO] [stdout] 11 | use objc2::{define_class, msg_send, rc::Retained, runtime::AnyObject, sel, MainThreadOnly};
[INFO] [stdout]    |     ^^^^^ use of unresolved module or unlinked crate `objc2`
[INFO] [stdout]    |
[INFO] [stdout]    = help: if you wanted to use a crate named `objc2`, use `cargo add objc2` to add it to your `Cargo.toml`
[INFO] [stdout] 
[INFO] [stdout] 
[INFO] [stdout] error[E0432]: unresolved import `objc2_app_kit`
[INFO] [stdout]   --> src/activity_window.rs:12:5
[INFO] [stdout]    |
[INFO] [stdout] 12 | use objc2_app_kit::{
[INFO] [stdout]    |     ^^^^^^^^^^^^^ use of unresolved module or unlinked crate `objc2_app_kit`
[INFO] [stdout]    |
[INFO] [stdout]    = help: if you wanted to use a crate named `objc2_app_kit`, use `cargo add objc2_app_kit` to add it to your `Cargo.toml`
[INFO] [stdout] 
[INFO] [stdout] 
[INFO] [stdout] error[E0432]: unresolved import `objc2_foundation`
[INFO] [stdout]   --> src/activity_window.rs:16:5
[INFO] [stdout]    |
[INFO] [stdout] 16 | use objc2_foundation::{
[INFO] [stdout]    |     ^^^^^^^^^^^^^^^^ use of unresolved module or unlinked crate `objc2_foundation`
[INFO] [stdout]    |
[INFO] [stdout]    = help: if you wanted to use a crate named `objc2_foundation`, use `cargo add objc2_foundation` to add it to your `Cargo.toml`
[INFO] [stdout] 
[INFO] [stdout] 
[INFO] [stdout] error[E0433]: cannot find module or crate `objc2_app_kit` in this scope
[INFO] [stdout]    --> src/activity_window.rs:331:10
[INFO] [stdout]     |
[INFO] [stdout] 331 |         &objc2_app_kit::NSFont::monospacedDigitSystemFontOfSize_weight(30.0, SEMIBOLD),
[INFO] [stdout]     |          ^^^^^^^^^^^^^ use of unresolved module or unlinked crate `objc2_app_kit`
[INFO] [stdout]     |
[INFO] [stdout]     = help: if you wanted to use a crate named `objc2_app_kit`, use `cargo add objc2_app_kit` to add it to your `Cargo.toml`
[INFO] [stdout] 
[INFO] [stdout] 
[INFO] [stdout] error[E0433]: cannot find module or crate `objc2_app_kit` in this scope
[INFO] [stdout]    --> src/activity_window.rs:331:10
[INFO] [stdout]     |
[INFO] [stdout] 331 |         &objc2_app_kit::NSFont::monospacedDigitSystemFontOfSize_weight(30.0, SEMIBOLD),
[INFO] [stdout]     |          ^^^^^^^^^^^^^ use of unresolved module or unlinked crate `objc2_app_kit`
[INFO] [stdout]     |
[INFO] [stdout]     = help: if you wanted to use a crate named `objc2_app_kit`, use `cargo add objc2_app_kit` to add it to your `Cargo.toml`
[INFO] [stdout] 
[INFO] [stdout] 
[INFO] [stdout] error[E0425]: cannot find type `ActivityTarget` in this scope
[INFO] [stdout]   --> src/activity_window.rs:60:6
[INFO] [stdout]    |
[INFO] [stdout] 60 | impl ActivityTarget {
[INFO] [stdout]    |      ^^^^^^^^^^^^^^ not found in this scope
[INFO] [stdout] 
[INFO] [stdout] 
[INFO] [stdout] error[E0425]: cannot find type `ActivityTarget` in this scope
[INFO] [stdout]   --> src/activity_window.rs:70:22
[INFO] [stdout]    |
[INFO] [stdout] 70 |     target: Retained<ActivityTarget>,
[INFO] [stdout]    |                      ^^^^^^^^^^^^^^ not found in this scope
[INFO] [stdout]    |
[INFO] [stdout] help: you might be missing a type parameter
[INFO] [stdout]    |
[INFO] [stdout] 67 | pub struct ActivityWindow<ActivityTarget> {
[INFO] [stdout]    |                          ++++++++++++++++
[INFO] [stdout] 
[INFO] [stdout] 
[INFO] [stdout] error[E0425]: cannot find type `ActivityTarget` in this scope
[INFO] [stdout]    --> src/activity_window.rs:230:14
[INFO] [stdout]     |
[INFO] [stdout] 230 |     target: &ActivityTarget,
[INFO] [stdout]     |              ^^^^^^^^^^^^^^ not found in this scope
[INFO] [stdout] 
[INFO] [stdout] 
[INFO] [stdout] error[E0425]: cannot find type `PopoverUi` in this scope
[INFO] [stdout]    --> src/main.rs:301:29
[INFO] [stdout]     |
[INFO] [stdout] 301 |     let mut popover: Option<PopoverUi> = None;
[INFO] [stdout]     |                             ^^^^^^^^^ not found in this scope
[INFO] [stdout]     |
[INFO] [stdout] note: found an item that was configured out
[INFO] [stdout]    --> src/main.rs:852:14
[INFO] [stdout]     |
[INFO] [stdout] 851 | #[cfg(target_os = "macos")]
[INFO] [stdout]     |       ------------------- the item is gated behind the `macos` feature
[INFO] [stdout] 852 | use popover::PopoverUi;
[INFO] [stdout]     |              ^^^^^^^^^
[INFO] [stdout] help: you might be missing a type parameter
[INFO] [stdout]     |
[INFO] [stdout] 285 | fn run_tray<PopoverUi>() {
[INFO] [stdout]     |            +++++++++++
[INFO] [stdout] 
[INFO] [stdout] 
[INFO] [stdout] error[E0425]: cannot find type `SettingsWindow` in this scope
[INFO] [stdout]    --> src/main.rs:302:30
[INFO] [stdout]     |
[INFO] [stdout] 302 |     let mut settings: Option<SettingsWindow> = None;
[INFO] [stdout]     |                              ^^^^^^^^^^^^^^ not found in this scope
[INFO] [stdout]     |
[INFO] [stdout] note: found an item that was configured out
[INFO] [stdout]    --> src/main.rs:854:41
[INFO] [stdout]     |
[INFO] [stdout] 853 | #[cfg(target_os = "macos")]
[INFO] [stdout]     |       ------------------- the item is gated behind the `macos` feature
[INFO] [stdout] 854 | use settings_window::{SettingsSnapshot, SettingsWindow};
[INFO] [stdout]     |                                         ^^^^^^^^^^^^^^
[INFO] [stdout] help: you might be missing a type parameter
[INFO] [stdout]     |
[INFO] [stdout] 285 | fn run_tray<SettingsWindow>() {
[INFO] [stdout]     |            ++++++++++++++++
[INFO] [stdout] 
[INFO] [stdout] 
[INFO] [stdout] error[E0425]: cannot find type `PopoverUi` in this scope
[INFO] [stdout]    --> src/main.rs:594:22
[INFO] [stdout]     |
[INFO] [stdout] 594 |     popover: Option<&PopoverUi>,
[INFO] [stdout]     |                      ^^^^^^^^^ not found in this scope
[INFO] [stdout]     |
[INFO] [stdout] note: found an item that was configured out
[INFO] [stdout]    --> src/main.rs:852:14
[INFO] [stdout]     |
[INFO] [stdout] 851 | #[cfg(target_os = "macos")]
[INFO] [stdout]     |       ------------------- the item is gated behind the `macos` feature
[INFO] [stdout] 852 | use popover::PopoverUi;
[INFO] [stdout]     |              ^^^^^^^^^
[INFO] [stdout] help: you might be missing a type parameter
[INFO] [stdout]     |
[INFO] [stdout] 589 | fn refresh_everything<PopoverUi>(
[INFO] [stdout]     |                      +++++++++++
[INFO] [stdout] 
[INFO] [stdout] 
[INFO] [stdout] error[E0425]: cannot find type `SettingsWindow` in this scope
[INFO] [stdout]    --> src/main.rs:595:23
[INFO] [stdout]     |
[INFO] [stdout] 595 |     settings: Option<&SettingsWindow>,
[INFO] [stdout]     |                       ^^^^^^^^^^^^^^ not found in this scope
[INFO] [stdout]     |
[INFO] [stdout] note: found an item that was configured out
[INFO] [stdout]    --> src/main.rs:854:41
[INFO] [stdout]     |
[INFO] [stdout] 853 | #[cfg(target_os = "macos")]
[INFO] [stdout]     |       ------------------- the item is gated behind the `macos` feature
[INFO] [stdout] 854 | use settings_window::{SettingsSnapshot, SettingsWindow};
[INFO] [stdout]     |                                         ^^^^^^^^^^^^^^
[INFO] [stdout] help: you might be missing a type parameter
[INFO] [stdout]     |
[INFO] [stdout] 589 | fn refresh_everything<SettingsWindow>(
[INFO] [stdout]     |                      ++++++++++++++++
[INFO] [stdout] 
[INFO] [stdout] 
[INFO] [stdout] error[E0425]: cannot find type `SettingsSnapshot` in this scope
[INFO] [stdout]    --> src/main.rs:626:61
[INFO] [stdout]     |
[INFO] [stdout] 626 | fn settings_snapshot(device_store: Option<&DeviceStore>) -> SettingsSnapshot {
[INFO] [stdout]     |                                                             ^^^^^^^^^^^^^^^^ not found in this scope
[INFO] [stdout]     |
[INFO] [stdout] note: found an item that was configured out
[INFO] [stdout]    --> src/main.rs:854:23
[INFO] [stdout]     |
[INFO] [stdout] 853 | #[cfg(target_os = "macos")]
[INFO] [stdout]     |       ------------------- the item is gated behind the `macos` feature
[INFO] [stdout] 854 | use settings_window::{SettingsSnapshot, SettingsWindow};
[INFO] [stdout]     |                       ^^^^^^^^^^^^^^^^
[INFO] [stdout] 
[INFO] [stdout] 
[INFO] [stdout] error[E0422]: cannot find struct, variant or union type `SettingsSnapshot` in this scope
[INFO] [stdout]    --> src/main.rs:627:5
[INFO] [stdout]     |
[INFO] [stdout] 627 |     SettingsSnapshot {
[INFO] [stdout]     |     ^^^^^^^^^^^^^^^^ not found in this scope
[INFO] [stdout]     |
[INFO] [stdout] note: found an item that was configured out
[INFO] [stdout]    --> src/main.rs:854:23
[INFO] [stdout]     |
[INFO] [stdout] 853 | #[cfg(target_os = "macos")]
[INFO] [stdout]     |       ------------------- the item is gated behind the `macos` feature
[INFO] [stdout] 854 | use settings_window::{SettingsSnapshot, SettingsWindow};
[INFO] [stdout]     |                       ^^^^^^^^^^^^^^^^
[INFO] [stdout] 
[INFO] [stdout] 
[INFO] [stdout] warning: unused imports: `AppAction` and `post_action`
[INFO] [stdout]   --> src/activity_window.rs:21:13
[INFO] [stdout]    |
[INFO] [stdout] 21 | use crate::{post_action, AppAction};
[INFO] [stdout]    |             ^^^^^^^^^^^  ^^^^^^^^^
[INFO] [stdout]    |
[INFO] [stdout]    = note: `#[warn(unused_imports)]` (part of `#[warn(unused)]`) on by default
[INFO] [stdout] 
[INFO] [stdout] 
[INFO] [stdout] error[E0425]: cannot find type `ActivityTarget` in this scope
[INFO] [stdout]   --> src/activity_window.rs:60:6
[INFO] [stdout]    |
[INFO] [stdout] 60 | impl ActivityTarget {
[INFO] [stdout]    |      ^^^^^^^^^^^^^^ not found in this scope
[INFO] [stdout] 
[INFO] [stdout] 
[INFO] [stdout] error[E0425]: cannot find type `ActivityTarget` in this scope
[INFO] [stdout]   --> src/activity_window.rs:70:22
[INFO] [stdout]    |
[INFO] [stdout] 70 |     target: Retained<ActivityTarget>,
[INFO] [stdout]    |                      ^^^^^^^^^^^^^^ not found in this scope
[INFO] [stdout]    |
[INFO] [stdout] help: you might be missing a type parameter
[INFO] [stdout]    |
[INFO] [stdout] 67 | pub struct ActivityWindow<ActivityTarget> {
[INFO] [stdout]    |                          ++++++++++++++++
[INFO] [stdout] 
[INFO] [stdout] 
[INFO] [stdout] error[E0425]: cannot find type `ActivityTarget` in this scope
[INFO] [stdout]    --> src/activity_window.rs:230:14
[INFO] [stdout]     |
[INFO] [stdout] 230 |     target: &ActivityTarget,
[INFO] [stdout]     |              ^^^^^^^^^^^^^^ not found in this scope
[INFO] [stdout] 
[INFO] [stdout] 
[INFO] [stdout] error[E0425]: cannot find type `PopoverUi` in this scope
[INFO] [stdout]    --> src/main.rs:301:29
[INFO] [stdout]     |
[INFO] [stdout] 301 |     let mut popover: Option<PopoverUi> = None;
[INFO] [stdout]     |                             ^^^^^^^^^ not found in this scope
[INFO] [stdout]     |
[INFO] [stdout] note: found an item that was configured out
[INFO] [stdout]    --> src/main.rs:852:14
[INFO] [stdout]     |
[INFO] [stdout] 851 | #[cfg(target_os = "macos")]
[INFO] [stdout]     |       ------------------- the item is gated behind the `macos` feature
[INFO] [stdout] 852 | use popover::PopoverUi;
[INFO] [stdout]     |              ^^^^^^^^^
[INFO] [stdout] help: you might be missing a type parameter
[INFO] [stdout]     |
[INFO] [stdout] 285 | fn run_tray<PopoverUi>() {
[INFO] [stdout]     |            +++++++++++
[INFO] [stdout] 
[INFO] [stdout] 
[INFO] [stdout] error[E0425]: cannot find type `SettingsWindow` in this scope
[INFO] [stdout]    --> src/main.rs:302:30
[INFO] [stdout]     |
[INFO] [stdout] 302 |     let mut settings: Option<SettingsWindow> = None;
[INFO] [stdout]     |                              ^^^^^^^^^^^^^^ not found in this scope
[INFO] [stdout]     |
[INFO] [stdout] note: found an item that was configured out
[INFO] [stdout]    --> src/main.rs:854:41
[INFO] [stdout]     |
[INFO] [stdout] 853 | #[cfg(target_os = "macos")]
[INFO] [stdout]     |       ------------------- the item is gated behind the `macos` feature
[INFO] [stdout] 854 | use settings_window::{SettingsSnapshot, SettingsWindow};
[INFO] [stdout]     |                                         ^^^^^^^^^^^^^^
[INFO] [stdout] help: you might be missing a type parameter
[INFO] [stdout]     |
[INFO] [stdout] 285 | fn run_tray<SettingsWindow>() {
[INFO] [stdout]     |            ++++++++++++++++
[INFO] [stdout] 
[INFO] [stdout] 
[INFO] [stdout] error[E0425]: cannot find type `PopoverUi` in this scope
[INFO] [stdout]    --> src/main.rs:594:22
[INFO] [stdout]     |
[INFO] [stdout] 594 |     popover: Option<&PopoverUi>,
[INFO] [stdout]     |                      ^^^^^^^^^ not found in this scope
[INFO] [stdout]     |
[INFO] [stdout] note: found an item that was configured out
[INFO] [stdout]    --> src/main.rs:852:14
[INFO] [stdout]     |
[INFO] [stdout] 851 | #[cfg(target_os = "macos")]
[INFO] [stdout]     |       ------------------- the item is gated behind the `macos` feature
[INFO] [stdout] 852 | use popover::PopoverUi;
[INFO] [stdout]     |              ^^^^^^^^^
[INFO] [stdout] help: you might be missing a type parameter
[INFO] [stdout]     |
[INFO] [stdout] 589 | fn refresh_everything<PopoverUi>(
[INFO] [stdout]     |                      +++++++++++
[INFO] [stdout] 
[INFO] [stdout] 
[INFO] [stdout] error[E0425]: cannot find type `SettingsWindow` in this scope
[INFO] [stdout]    --> src/main.rs:595:23
[INFO] [stdout]     |
[INFO] [stdout] 595 |     settings: Option<&SettingsWindow>,
[INFO] [stdout]     |                       ^^^^^^^^^^^^^^ not found in this scope
[INFO] [stdout]     |
[INFO] [stdout] note: found an item that was configured out
[INFO] [stdout]    --> src/main.rs:854:41
[INFO] [stdout]     |
[INFO] [stdout] 853 | #[cfg(target_os = "macos")]
[INFO] [stdout]     |       ------------------- the item is gated behind the `macos` feature
[INFO] [stdout] 854 | use settings_window::{SettingsSnapshot, SettingsWindow};
[INFO] [stdout]     |                                         ^^^^^^^^^^^^^^
[INFO] [stdout] help: you might be missing a type parameter
[INFO] [stdout]     |
[INFO] [stdout] 589 | fn refresh_everything<SettingsWindow>(
[INFO] [stdout]     |                      ++++++++++++++++
[INFO] [stdout] 
[INFO] [stdout] 
[INFO] [stdout] error[E0425]: cannot find type `SettingsSnapshot` in this scope
[INFO] [stdout]    --> src/main.rs:626:61
[INFO] [stdout]     |
[INFO] [stdout] 626 | fn settings_snapshot(device_store: Option<&DeviceStore>) -> SettingsSnapshot {
[INFO] [stdout]     |                                                             ^^^^^^^^^^^^^^^^ not found in this scope
[INFO] [stdout]     |
[INFO] [stdout] note: found an item that was configured out
[INFO] [stdout]    --> src/main.rs:854:23
[INFO] [stdout]     |
[INFO] [stdout] 853 | #[cfg(target_os = "macos")]
[INFO] [stdout]     |       ------------------- the item is gated behind the `macos` feature
[INFO] [stdout] 854 | use settings_window::{SettingsSnapshot, SettingsWindow};
[INFO] [stdout]     |                       ^^^^^^^^^^^^^^^^
[INFO] [stdout] 
[INFO] [stdout] 
[INFO] [stdout] error[E0422]: cannot find struct, variant or union type `SettingsSnapshot` in this scope
[INFO] [stdout]    --> src/main.rs:627:5
[INFO] [stdout]     |
[INFO] [stdout] 627 |     SettingsSnapshot {
[INFO] [stdout]     |     ^^^^^^^^^^^^^^^^ not found in this scope
[INFO] [stdout]     |
[INFO] [stdout] note: found an item that was configured out
[INFO] [stdout]    --> src/main.rs:854:23
[INFO] [stdout]     |
[INFO] [stdout] 853 | #[cfg(target_os = "macos")]
[INFO] [stdout]     |       ------------------- the item is gated behind the `macos` feature
[INFO] [stdout] 854 | use settings_window::{SettingsSnapshot, SettingsWindow};
[INFO] [stdout]     |                       ^^^^^^^^^^^^^^^^
[INFO] [stdout] 
[INFO] [stdout] 
[INFO] [stdout] warning: unused imports: `AppAction` and `post_action`
[INFO] [stdout]   --> src/activity_window.rs:21:13
[INFO] [stdout]    |
[INFO] [stdout] 21 | use crate::{post_action, AppAction};
[INFO] [stdout]    |             ^^^^^^^^^^^  ^^^^^^^^^
[INFO] [stdout]    |
[INFO] [stdout]    = note: `#[warn(unused_imports)]` (part of `#[warn(unused)]`) on by default
[INFO] [stdout] 
[INFO] [stdout] 
[INFO] [stdout] error[E0433]: cannot find type `ActivityTarget` in this scope
[INFO] [stdout]   --> src/activity_window.rs:99:21
[INFO] [stdout]    |
[INFO] [stdout] 99 |             target: ActivityTarget::new(mtm),
[INFO] [stdout]    |                     ^^^^^^^^^^^^^^ use of undeclared type `ActivityTarget`
[INFO] [stdout] 
[INFO] [stdout] 
[INFO] [stdout] error[E0433]: cannot find type `ActivityTarget` in this scope
[INFO] [stdout]   --> src/activity_window.rs:99:21
[INFO] [stdout]    |
[INFO] [stdout] 99 |             target: ActivityTarget::new(mtm),
[INFO] [stdout]    |                     ^^^^^^^^^^^^^^ use of undeclared type `ActivityTarget`
[INFO] [stdout] 
[INFO] [stdout] 
[INFO] [stdout] error[E0599]: no method named `with_activation_policy` found for struct `EventLoopBuilder<T>` in the current scope
[INFO] [stdout]    --> src/main.rs:323:10
[INFO] [stdout]     |
[INFO] [stdout] 322 |     let event_loop = EventLoop::builder()
[INFO] [stdout] 323 |         .with_activation_policy(ActivationPolicy::Accessory)
[INFO] [stdout]     |          ^^^^^^^^^^^^^^^^^^^^^^ method not found in `EventLoopBuilder<()>`
[INFO] [stdout] 
[INFO] [stdout] 
[INFO] [stdout] error[E0433]: cannot find type `PopoverUi` in this scope
[INFO] [stdout]    --> src/main.rs:338:28
[INFO] [stdout]     |
[INFO] [stdout] 338 |             popover = Some(PopoverUi::new(&snapshot));
[INFO] [stdout]     |                            ^^^^^^^^^ use of undeclared type `PopoverUi`
[INFO] [stdout]     |
[INFO] [stdout] note: found an item that was configured out
[INFO] [stdout]    --> src/main.rs:852:14
[INFO] [stdout]     |
[INFO] [stdout] 851 | #[cfg(target_os = "macos")]
[INFO] [stdout]     |       ------------------- the item is gated behind the `macos` feature
[INFO] [stdout] 852 | use popover::PopoverUi;
[INFO] [stdout]     |              ^^^^^^^^^
[INFO] [stdout] 
[INFO] [stdout] 
[INFO] [stdout] error[E0433]: cannot find type `SettingsWindow` in this scope
[INFO] [stdout]    --> src/main.rs:417:42
[INFO] [stdout]     |
[INFO] [stdout] 417 | ...                   let window = SettingsWindow::new(&current);
[INFO] [stdout]     |                                    ^^^^^^^^^^^^^^ use of undeclared type `SettingsWindow`
[INFO] [stdout]     |
[INFO] [stdout] note: found an item that was configured out
[INFO] [stdout]    --> src/main.rs:854:41
[INFO] [stdout]     |
[INFO] [stdout] 853 | #[cfg(target_os = "macos")]
[INFO] [stdout]     |       ------------------- the item is gated behind the `macos` feature
[INFO] [stdout] 854 | use settings_window::{SettingsSnapshot, SettingsWindow};
[INFO] [stdout]     |                                         ^^^^^^^^^^^^^^
[INFO] [stdout] 
[INFO] [stdout] 
[INFO] [stdout] error[E0277]: the size for values of type `str` cannot be known at compilation time
[INFO] [stdout]    --> src/main.rs:474:37
[INFO] [stdout]     |
[INFO] [stdout] 474 | ...                   Err(error) => show_message("Could Not Forget", &error),
[INFO] [stdout]     |                           ^^^^^ doesn't have a size known at compile-time
[INFO] [stdout]     |
[INFO] [stdout]     = help: the trait `Sized` is not implemented for `str`
[INFO] [stdout]     = note: all local variables must have a statically known size
[INFO] [stdout] 
[INFO] [stdout] 
[INFO] [stdout] error[E0599]: no method named `with_activation_policy` found for struct `EventLoopBuilder<T>` in the current scope
[INFO] [stdout]    --> src/main.rs:323:10
[INFO] [stdout]     |
[INFO] [stdout] 322 |     let event_loop = EventLoop::builder()
[INFO] [stdout] 323 |         .with_activation_policy(ActivationPolicy::Accessory)
[INFO] [stdout]     |          ^^^^^^^^^^^^^^^^^^^^^^ method not found in `EventLoopBuilder<()>`
[INFO] [stdout] 
[INFO] [stdout] 
[INFO] [stdout] error[E0433]: cannot find type `PopoverUi` in this scope
[INFO] [stdout]    --> src/main.rs:338:28
[INFO] [stdout]     |
[INFO] [stdout] 338 |             popover = Some(PopoverUi::new(&snapshot));
[INFO] [stdout]     |                            ^^^^^^^^^ use of undeclared type `PopoverUi`
[INFO] [stdout]     |
[INFO] [stdout] note: found an item that was configured out
[INFO] [stdout]    --> src/main.rs:852:14
[INFO] [stdout]     |
[INFO] [stdout] 851 | #[cfg(target_os = "macos")]
[INFO] [stdout]     |       ------------------- the item is gated behind the `macos` feature
[INFO] [stdout] 852 | use popover::PopoverUi;
[INFO] [stdout]     |              ^^^^^^^^^
[INFO] [stdout] 
[INFO] [stdout] 
[INFO] [stdout] error[E0433]: cannot find type `SettingsWindow` in this scope
[INFO] [stdout]    --> src/main.rs:417:42
[INFO] [stdout]     |
[INFO] [stdout] 417 | ...                   let window = SettingsWindow::new(&current);
[INFO] [stdout]     |                                    ^^^^^^^^^^^^^^ use of undeclared type `SettingsWindow`
[INFO] [stdout]     |
[INFO] [stdout] note: found an item that was configured out
[INFO] [stdout]    --> src/main.rs:854:41
[INFO] [stdout]     |
[INFO] [stdout] 853 | #[cfg(target_os = "macos")]
[INFO] [stdout]     |       ------------------- the item is gated behind the `macos` feature
[INFO] [stdout] 854 | use settings_window::{SettingsSnapshot, SettingsWindow};
[INFO] [stdout]     |                                         ^^^^^^^^^^^^^^
[INFO] [stdout] 
[INFO] [stdout] 
[INFO] [stdout] error[E0277]: the size for values of type `str` cannot be known at compilation time
[INFO] [stdout]    --> src/main.rs:474:37
[INFO] [stdout]     |
[INFO] [stdout] 474 | ...                   Err(error) => show_message("Could Not Forget", &error),
[INFO] [stdout]     |                           ^^^^^ doesn't have a size known at compile-time
[INFO] [stdout]     |
[INFO] [stdout]     = help: the trait `Sized` is not implemented for `str`
[INFO] [stdout]     = note: all local variables must have a statically known size
[INFO] [stdout] 
[INFO] [stdout] 
[INFO] [stdout] Some errors have detailed explanations: E0277, E0422, E0425, E0432, E0433, E0599.
[INFO] [stdout] 
[INFO] [stdout] For more information about an error, try `rustc --explain E0277`.
[INFO] [stdout] 
[INFO] [stderr] error: could not compile `gauge` (bin "gauge" test) due to 21 previous errors; 1 warning emitted
[INFO] [stderr] warning: build failed, waiting for other jobs to finish...
[INFO] [stdout] Some errors have detailed explanations: E0277, E0422, E0425, E0432, E0433, E0599.
[INFO] [stdout] 
[INFO] [stdout] For more information about an error, try `rustc --explain E0277`.
[INFO] [stdout] 
[INFO] [stderr] error: could not compile `gauge` (bin "gauge") due to 21 previous errors; 1 warning emitted
[INFO] running `Command { std: "docker" "inspect" "d1b68b0b92670212576fadddbf725f349a272fbde800d82ffcfaf1188b54bbd8", kill_on_drop: false }`
[INFO] running `Command { std: "docker" "rm" "-f" "d1b68b0b92670212576fadddbf725f349a272fbde800d82ffcfaf1188b54bbd8", kill_on_drop: false }`
[INFO] [stdout] d1b68b0b92670212576fadddbf725f349a272fbde800d82ffcfaf1188b54bbd8
