[INFO] cloning repository https://github.com/manishbalayan/omnisec-v-0.1
[INFO] running `Command { std: "git" "-c" "credential.helper=" "-c" "credential.helper=/workspace/cargo-home/bin/git-credential-null" "clone" "--bare" "https://github.com/manishbalayan/omnisec-v-0.1" "/workspace/cache/git-repos/https%3A%2F%2Fgithub.com%2Fmanishbalayan%2Fomnisec-v-0.1", kill_on_drop: false }`
[INFO] [stderr] Cloning into bare repository '/workspace/cache/git-repos/https%3A%2F%2Fgithub.com%2Fmanishbalayan%2Fomnisec-v-0.1'...
[INFO] running `Command { std: "git" "rev-parse" "HEAD", kill_on_drop: false }`
[INFO] [stdout] f51781739642fb03eab4c0763c870692b506cad6
[INFO] checking manishbalayan/omnisec-v-0.1 against 3154cc1a3e6424e44f438a95007d043ed5ceaaf6 for pr-133502-30
[INFO] running `Command { std: "git" "clone" "/workspace/cache/git-repos/https%3A%2F%2Fgithub.com%2Fmanishbalayan%2Fomnisec-v-0.1" "/workspace/builds/worker-5-tc2/source", kill_on_drop: false }`
[INFO] [stderr] Cloning into '/workspace/builds/worker-5-tc2/source'...
[INFO] [stderr] done.
[INFO] removed /workspace/builds/worker-5-tc2/source/.cargo/config.toml
[INFO] started tweaking git repo https://github.com/manishbalayan/omnisec-v-0.1
[INFO] finished tweaking git repo https://github.com/manishbalayan/omnisec-v-0.1
[INFO] tweaked toml for git repo https://github.com/manishbalayan/omnisec-v-0.1 written to /workspace/builds/worker-5-tc2/source/Cargo.toml
[INFO] validating manifest of git repo https://github.com/manishbalayan/omnisec-v-0.1 on toolchain 3154cc1a3e6424e44f438a95007d043ed5ceaaf6
[INFO] running `Command { std: CARGO_HOME="/workspace/cargo-home" RUSTUP_HOME="/workspace/rustup-home" "/workspace/cargo-home/bin/cargo" "+3154cc1a3e6424e44f438a95007d043ed5ceaaf6" "metadata" "--manifest-path" "Cargo.toml" "--no-deps", kill_on_drop: false }`
[INFO] crate git repo https://github.com/manishbalayan/omnisec-v-0.1 already has a lockfile, it will not be regenerated
[INFO] running `Command { std: CARGO_HOME="/workspace/cargo-home" RUSTUP_HOME="/workspace/rustup-home" "/workspace/cargo-home/bin/cargo" "+3154cc1a3e6424e44f438a95007d043ed5ceaaf6" "fetch" "--manifest-path" "Cargo.toml", kill_on_drop: false }`
[INFO] [stderr] warning: profiles for the non root package will be ignored, specify profiles at the workspace root:
[INFO] [stderr] package:   /workspace/builds/worker-5-tc2/source/crates/ebpf-bpf/Cargo.toml
[INFO] [stderr] workspace: /workspace/builds/worker-5-tc2/source/Cargo.toml
[INFO] [stderr] warning: unused workspace dependency `omnisec-alerts`
[INFO] [stderr]   --> Cargo.toml:31:25
[INFO] [stderr]    |
[INFO] [stderr] 31 | [workspace.dependencies.omnisec-alerts]
[INFO] [stderr]    |                         ^^^^^^^^^^^^^^
[INFO] [stderr]    |
[INFO] [stderr]    = note: `cargo::unused_workspace_dependencies` is set to `warn` by default
[INFO] [stderr] help: consider removing the workspace dependency `omnisec-alerts`
[INFO] [stderr] warning: unused workspace dependency `omnisec-chaos`
[INFO] [stderr]   --> Cargo.toml:37:25
[INFO] [stderr]    |
[INFO] [stderr] 37 | [workspace.dependencies.omnisec-chaos]
[INFO] [stderr]    |                         ^^^^^^^^^^^^^
[INFO] [stderr]    |
[INFO] [stderr] help: consider removing the workspace dependency `omnisec-chaos`
[INFO] [stderr] warning: unused workspace dependency `omnisec-discovery`
[INFO] [stderr]   --> Cargo.toml:43:25
[INFO] [stderr]    |
[INFO] [stderr] 43 | [workspace.dependencies.omnisec-discovery]
[INFO] [stderr]    |                         ^^^^^^^^^^^^^^^^^
[INFO] [stderr]    |
[INFO] [stderr] help: consider removing the workspace dependency `omnisec-discovery`
[INFO] [stderr] warning: unused workspace dependency `omnisec-ebpf`
[INFO] [stderr]   --> Cargo.toml:46:25
[INFO] [stderr]    |
[INFO] [stderr] 46 | [workspace.dependencies.omnisec-ebpf]
[INFO] [stderr]    |                         ^^^^^^^^^^^^
[INFO] [stderr]    |
[INFO] [stderr] help: consider removing the workspace dependency `omnisec-ebpf`
[INFO] [stderr] warning: unused workspace dependency `omnisec-ebpf-bpf`
[INFO] [stderr]   --> Cargo.toml:49:25
[INFO] [stderr]    |
[INFO] [stderr] 49 | [workspace.dependencies.omnisec-ebpf-bpf]
[INFO] [stderr]    |                         ^^^^^^^^^^^^^^^^
[INFO] [stderr]    |
[INFO] [stderr] help: consider removing the workspace dependency `omnisec-ebpf-bpf`
[INFO] [stderr] warning: unused workspace dependency `omnisec-ebpf-common`
[INFO] [stderr]   --> Cargo.toml:52:25
[INFO] [stderr]    |
[INFO] [stderr] 52 | [workspace.dependencies.omnisec-ebpf-common]
[INFO] [stderr]    |                         ^^^^^^^^^^^^^^^^^^^
[INFO] [stderr]    |
[INFO] [stderr] help: consider removing the workspace dependency `omnisec-ebpf-common`
[INFO] [stderr] warning: unused workspace dependency `omnisec-enforcement`
[INFO] [stderr]   --> Cargo.toml:55:25
[INFO] [stderr]    |
[INFO] [stderr] 55 | [workspace.dependencies.omnisec-enforcement]
[INFO] [stderr]    |                         ^^^^^^^^^^^^^^^^^^^
[INFO] [stderr]    |
[INFO] [stderr] help: consider removing the workspace dependency `omnisec-enforcement`
[INFO] [stderr] warning: unused workspace dependency `omnisec-intelligence`
[INFO] [stderr]   --> Cargo.toml:67:25
[INFO] [stderr]    |
[INFO] [stderr] 67 | [workspace.dependencies.omnisec-intelligence]
[INFO] [stderr]    |                         ^^^^^^^^^^^^^^^^^^^^
[INFO] [stderr]    |
[INFO] [stderr] help: consider removing the workspace dependency `omnisec-intelligence`
[INFO] [stderr] warning: unused workspace dependency `omnisec-monitoring`
[INFO] [stderr]   --> Cargo.toml:73:25
[INFO] [stderr]    |
[INFO] [stderr] 73 | [workspace.dependencies.omnisec-monitoring]
[INFO] [stderr]    |                         ^^^^^^^^^^^^^^^^^^
[INFO] [stderr]    |
[INFO] [stderr] help: consider removing the workspace dependency `omnisec-monitoring`
[INFO] [stderr] warning: unused workspace dependency `omnisec-reliability`
[INFO] [stderr]   --> Cargo.toml:79:25
[INFO] [stderr]    |
[INFO] [stderr] 79 | [workspace.dependencies.omnisec-reliability]
[INFO] [stderr]    |                         ^^^^^^^^^^^^^^^^^^^
[INFO] [stderr]    |
[INFO] [stderr] help: consider removing the workspace dependency `omnisec-reliability`
[INFO] [stderr] warning: unused workspace dependency `omnisec-runtime`
[INFO] [stderr]   --> Cargo.toml:82:25
[INFO] [stderr]    |
[INFO] [stderr] 82 | [workspace.dependencies.omnisec-runtime]
[INFO] [stderr]    |                         ^^^^^^^^^^^^^^^
[INFO] [stderr]    |
[INFO] [stderr] help: consider removing the workspace dependency `omnisec-runtime`
[INFO] [stderr] warning: unused workspace dependency `omnisec-security`
[INFO] [stderr]   --> Cargo.toml:85:25
[INFO] [stderr]    |
[INFO] [stderr] 85 | [workspace.dependencies.omnisec-security]
[INFO] [stderr]    |                         ^^^^^^^^^^^^^^^^
[INFO] [stderr]    |
[INFO] [stderr] help: consider removing the workspace dependency `omnisec-security`
[INFO] [stderr] warning: unused workspace dependency `omnisec-storage`
[INFO] [stderr]   --> Cargo.toml:88:25
[INFO] [stderr]    |
[INFO] [stderr] 88 | [workspace.dependencies.omnisec-storage]
[INFO] [stderr]    |                         ^^^^^^^^^^^^^^^
[INFO] [stderr]    |
[INFO] [stderr] help: consider removing the workspace dependency `omnisec-storage`
[INFO] [stderr] warning: unused workspace dependency `thiserror`
[INFO] [stderr]   --> Cargo.toml:20:1
[INFO] [stderr]    |
[INFO] [stderr] 20 | thiserror = "1"
[INFO] [stderr]    | ^^^^^^^^^
[INFO] [stderr]    |
[INFO] [stderr] help: consider removing the workspace dependency `thiserror`
[INFO] [stderr] warning: unused field `license` in `workspace.package`
[INFO] [stderr]    --> Cargo.toml:117:1
[INFO] [stderr]     |
[INFO] [stderr] 117 | license = "MIT"
[INFO] [stderr]     | ^^^^^^^
[INFO] [stderr]     |
[INFO] [stderr]     = note: `cargo::unused_workspace_package_fields` is set to `warn` by default
[INFO] [stderr] help: consider removing the field `workspace.package.license`
[INFO] [stderr] warning: workspace (manifest) generated 15 warnings
[INFO] [stderr]     Blocking waiting for file lock on package cache
[INFO] running `Command { std: "docker" "create" "-v" "/var/lib/crater-agent-workspace/builds/worker-5-tc2/source:/opt/rustwide/workdir:ro,Z" "-v" "/var/lib/crater-agent-workspace/builds/worker-5-tc2/target:/opt/rustwide/target:rw,Z" "-v" "/var/lib/crater-agent-workspace/cargo-home:/opt/rustwide/cargo-home:ro,Z" "-v" "/var/lib/crater-agent-workspace/rustup-home:/opt/rustwide/rustup-home:ro,Z" "-m" "1610612736" "--network" "none" "ghcr.io/rust-lang/crates-build-env/linux@sha256:77db811e55d90add9212f6832c23229e3de5f1c1f9905e8cb07319ea15df73ac" "sleep" "infinity", kill_on_drop: false }`
[INFO] [stdout] 362e064e10159b306aa62282bf8f2120b122082dfa79fe9e5493297f6bbb812b
[INFO] running `Command { std: "docker" "start" "362e064e10159b306aa62282bf8f2120b122082dfa79fe9e5493297f6bbb812b", kill_on_drop: false }`
[INFO] running `Command { std: "docker" "inspect" "362e064e10159b306aa62282bf8f2120b122082dfa79fe9e5493297f6bbb812b", kill_on_drop: false }`
[INFO] running `Command { std: "docker" "exec" "-e" "SOURCE_DIR=/opt/rustwide/workdir" "-e" "CARGO_HOME=/opt/rustwide/cargo-home" "-e" "RUSTUP_HOME=/opt/rustwide/rustup-home" "-e" "CARGO_TARGET_DIR=/opt/rustwide/target" "-w" "/opt/rustwide/workdir" "--user" "0:0" "362e064e10159b306aa62282bf8f2120b122082dfa79fe9e5493297f6bbb812b" "/opt/rustwide/cargo-home/bin/cargo" "+3154cc1a3e6424e44f438a95007d043ed5ceaaf6" "metadata" "--no-deps" "--format-version=1", kill_on_drop: false }`
[INFO] running `Command { std: "docker" "inspect" "362e064e10159b306aa62282bf8f2120b122082dfa79fe9e5493297f6bbb812b", kill_on_drop: false }`
[INFO] running `Command { std: "docker" "exec" "-e" "SOURCE_DIR=/opt/rustwide/workdir" "-e" "CARGO_HOME=/opt/rustwide/cargo-home" "-e" "RUSTUP_HOME=/opt/rustwide/rustup-home" "-e" "CARGO_TARGET_DIR=/opt/rustwide/target" "-e" "CARGO_INCREMENTAL=0" "-e" "RUST_BACKTRACE=full" "-e" "RUSTFLAGS=--cap-lints=forbid" "-e" "RUSTDOCFLAGS=--cap-lints=forbid" "-w" "/opt/rustwide/workdir" "--user" "0:0" "362e064e10159b306aa62282bf8f2120b122082dfa79fe9e5493297f6bbb812b" "/opt/rustwide/cargo-home/bin/cargo" "+3154cc1a3e6424e44f438a95007d043ed5ceaaf6" "check" "--frozen" "--all" "--all-targets" "--message-format=json", kill_on_drop: false }`
[INFO] [stderr] warning: profiles for the non root package will be ignored, specify profiles at the workspace root:
[INFO] [stderr] package:   /opt/rustwide/workdir/crates/ebpf-bpf/Cargo.toml
[INFO] [stderr] workspace: /opt/rustwide/workdir/Cargo.toml
[INFO] [stderr] warning: unused workspace dependency `omnisec-alerts`
[INFO] [stderr]   --> Cargo.toml:31:25
[INFO] [stderr]    |
[INFO] [stderr] 31 | [workspace.dependencies.omnisec-alerts]
[INFO] [stderr]    |                         ^^^^^^^^^^^^^^
[INFO] [stderr]    |
[INFO] [stderr]    = note: `cargo::unused_workspace_dependencies` is set to `warn` by default
[INFO] [stderr] help: consider removing the workspace dependency `omnisec-alerts`
[INFO] [stderr] warning: unused workspace dependency `omnisec-chaos`
[INFO] [stderr]   --> Cargo.toml:37:25
[INFO] [stderr]    |
[INFO] [stderr] 37 | [workspace.dependencies.omnisec-chaos]
[INFO] [stderr]    |                         ^^^^^^^^^^^^^
[INFO] [stderr]    |
[INFO] [stderr] help: consider removing the workspace dependency `omnisec-chaos`
[INFO] [stderr] warning: unused workspace dependency `omnisec-discovery`
[INFO] [stderr]   --> Cargo.toml:43:25
[INFO] [stderr]    |
[INFO] [stderr] 43 | [workspace.dependencies.omnisec-discovery]
[INFO] [stderr]    |                         ^^^^^^^^^^^^^^^^^
[INFO] [stderr]    |
[INFO] [stderr] help: consider removing the workspace dependency `omnisec-discovery`
[INFO] [stderr] warning: unused workspace dependency `omnisec-ebpf`
[INFO] [stderr]   --> Cargo.toml:46:25
[INFO] [stderr]    |
[INFO] [stderr] 46 | [workspace.dependencies.omnisec-ebpf]
[INFO] [stderr]    |                         ^^^^^^^^^^^^
[INFO] [stderr]    |
[INFO] [stderr] help: consider removing the workspace dependency `omnisec-ebpf`
[INFO] [stderr] warning: unused workspace dependency `omnisec-ebpf-bpf`
[INFO] [stderr]   --> Cargo.toml:49:25
[INFO] [stderr]    |
[INFO] [stderr] 49 | [workspace.dependencies.omnisec-ebpf-bpf]
[INFO] [stderr]    |                         ^^^^^^^^^^^^^^^^
[INFO] [stderr]    |
[INFO] [stderr] help: consider removing the workspace dependency `omnisec-ebpf-bpf`
[INFO] [stderr] warning: unused workspace dependency `omnisec-ebpf-common`
[INFO] [stderr]   --> Cargo.toml:52:25
[INFO] [stderr]    |
[INFO] [stderr] 52 | [workspace.dependencies.omnisec-ebpf-common]
[INFO] [stderr]    |                         ^^^^^^^^^^^^^^^^^^^
[INFO] [stderr]    |
[INFO] [stderr] help: consider removing the workspace dependency `omnisec-ebpf-common`
[INFO] [stderr] warning: unused workspace dependency `omnisec-enforcement`
[INFO] [stderr]   --> Cargo.toml:55:25
[INFO] [stderr]    |
[INFO] [stderr] 55 | [workspace.dependencies.omnisec-enforcement]
[INFO] [stderr]    |                         ^^^^^^^^^^^^^^^^^^^
[INFO] [stderr]    |
[INFO] [stderr] help: consider removing the workspace dependency `omnisec-enforcement`
[INFO] [stderr] warning: unused workspace dependency `omnisec-intelligence`
[INFO] [stderr]   --> Cargo.toml:67:25
[INFO] [stderr]    |
[INFO] [stderr] 67 | [workspace.dependencies.omnisec-intelligence]
[INFO] [stderr]    |                         ^^^^^^^^^^^^^^^^^^^^
[INFO] [stderr]    |
[INFO] [stderr] help: consider removing the workspace dependency `omnisec-intelligence`
[INFO] [stderr] warning: unused workspace dependency `omnisec-monitoring`
[INFO] [stderr]   --> Cargo.toml:73:25
[INFO] [stderr]    |
[INFO] [stderr] 73 | [workspace.dependencies.omnisec-monitoring]
[INFO] [stderr]    |                         ^^^^^^^^^^^^^^^^^^
[INFO] [stderr]    |
[INFO] [stderr] help: consider removing the workspace dependency `omnisec-monitoring`
[INFO] [stderr] warning: unused workspace dependency `omnisec-reliability`
[INFO] [stderr]   --> Cargo.toml:79:25
[INFO] [stderr]    |
[INFO] [stderr] 79 | [workspace.dependencies.omnisec-reliability]
[INFO] [stderr]    |                         ^^^^^^^^^^^^^^^^^^^
[INFO] [stderr]    |
[INFO] [stderr] help: consider removing the workspace dependency `omnisec-reliability`
[INFO] [stderr] warning: unused workspace dependency `omnisec-runtime`
[INFO] [stderr]   --> Cargo.toml:82:25
[INFO] [stderr]    |
[INFO] [stderr] 82 | [workspace.dependencies.omnisec-runtime]
[INFO] [stderr]    |                         ^^^^^^^^^^^^^^^
[INFO] [stderr]    |
[INFO] [stderr] help: consider removing the workspace dependency `omnisec-runtime`
[INFO] [stderr] warning: unused workspace dependency `omnisec-security`
[INFO] [stderr]   --> Cargo.toml:85:25
[INFO] [stderr]    |
[INFO] [stderr] 85 | [workspace.dependencies.omnisec-security]
[INFO] [stderr]    |                         ^^^^^^^^^^^^^^^^
[INFO] [stderr]    |
[INFO] [stderr] help: consider removing the workspace dependency `omnisec-security`
[INFO] [stderr] warning: unused workspace dependency `omnisec-storage`
[INFO] [stderr]   --> Cargo.toml:88:25
[INFO] [stderr]    |
[INFO] [stderr] 88 | [workspace.dependencies.omnisec-storage]
[INFO] [stderr]    |                         ^^^^^^^^^^^^^^^
[INFO] [stderr]    |
[INFO] [stderr] help: consider removing the workspace dependency `omnisec-storage`
[INFO] [stderr] warning: unused workspace dependency `thiserror`
[INFO] [stderr]   --> Cargo.toml:20:1
[INFO] [stderr]    |
[INFO] [stderr] 20 | thiserror = "1"
[INFO] [stderr]    | ^^^^^^^^^
[INFO] [stderr]    |
[INFO] [stderr] help: consider removing the workspace dependency `thiserror`
[INFO] [stderr] warning: unused field `license` in `workspace.package`
[INFO] [stderr]    --> Cargo.toml:117:1
[INFO] [stderr]     |
[INFO] [stderr] 117 | license = "MIT"
[INFO] [stderr]     | ^^^^^^^
[INFO] [stderr]     |
[INFO] [stderr]     = note: `cargo::unused_workspace_package_fields` is set to `warn` by default
[INFO] [stderr] help: consider removing the field `workspace.package.license`
[INFO] [stderr] warning: workspace (manifest) generated 15 warnings
[INFO] [stderr]    Compiling serde_core v1.0.228
[INFO] [stderr]    Compiling syn v2.0.118
[INFO] [stderr]    Compiling anyhow v1.0.102
[INFO] [stderr]     Checking libc v0.2.186
[INFO] [stderr]    Compiling num-traits v0.2.19
[INFO] [stderr]    Compiling cc v1.2.64
[INFO] [stderr]     Checking smallvec v1.15.2
[INFO] [stderr]     Checking memchr v2.8.2
[INFO] [stderr]     Checking parking_lot_core v0.9.12
[INFO] [stderr]     Checking parking_lot v0.12.5
[INFO] [stderr]     Checking pin-project-lite v0.2.17
[INFO] [stderr]     Checking once_cell v1.21.4
[INFO] [stderr]     Checking itoa v1.0.18
[INFO] [stderr]     Checking getrandom v0.4.3
[INFO] [stderr]     Checking log v0.4.32
[INFO] [stderr]     Checking scopeguard v1.2.0
[INFO] [stderr]     Checking lock_api v0.4.14
[INFO] [stderr]     Checking errno v0.3.14
[INFO] [stderr]     Checking signal-hook-registry v1.4.8
[INFO] [stderr]     Checking socket2 v0.6.4
[INFO] [stderr]     Checking mio v1.2.1
[INFO] [stderr]     Checking tracing-core v0.1.36
[INFO] [stderr]    Compiling getrandom v0.3.4
[INFO] [stderr]    Compiling serde_json v1.0.150
[INFO] [stderr]    Compiling openssl-sys v0.9.117
[INFO] [stderr]    Compiling ahash v0.8.12
[INFO] [stderr]     Checking futures-core v0.3.32
[INFO] [stderr]     Checking zmij v1.0.21
[INFO] [stderr]     Checking stable_deref_trait v1.2.1
[INFO] [stderr]     Checking futures-sink v0.3.32
[INFO] [stderr]    Compiling zerocopy v0.8.52
[INFO] [stderr]     Checking typenum v1.20.1
[INFO] [stderr]    Compiling openssl v0.10.81
[INFO] [stderr]    Compiling native-tls v0.2.18
[INFO] [stderr]     Checking slab v0.4.12
[INFO] [stderr]     Checking iana-time-zone v0.1.65
[INFO] [stderr]     Checking subtle v2.6.1
[INFO] [stderr]     Checking futures-channel v0.3.32
[INFO] [stderr]    Compiling bitflags v2.13.0
[INFO] [stderr]     Checking uuid v1.23.3
[INFO] [stderr]    Compiling semver v1.0.28
[INFO] [stderr]    Compiling ring v0.17.14
[INFO] [stderr]     Checking futures-task v0.3.32
[INFO] [stderr]     Checking futures-io v0.3.32
[INFO] [stderr]     Checking equivalent v1.0.2
[INFO] [stderr]     Checking generic-array v0.14.7
[INFO] [stderr]     Checking getrandom v0.2.17
[INFO] [stderr]     Checking writeable v0.6.3
[INFO] [stderr]    Compiling minimal-lexical v0.2.1
[INFO] [stderr]     Checking block-buffer v0.10.4
[INFO] [stderr]     Checking crypto-common v0.1.7
[INFO] [stderr]     Checking hashbrown v0.17.1
[INFO] [stderr]     Checking litemap v0.8.2
[INFO] [stderr]     Checking digest v0.10.7
[INFO] [stderr]    Compiling nom v7.1.3
[INFO] [stderr]    Compiling form_urlencoded v1.2.2
[INFO] [stderr]    Compiling unicode_categories v0.1.1
[INFO] [stderr]     Checking utf8_iter v1.0.4
[INFO] [stderr]     Checking percent-encoding v2.3.2
[INFO] [stderr]    Compiling chrono v0.4.45
[INFO] [stderr]    Compiling synstructure v0.13.2
[INFO] [stderr]     Checking indexmap v2.14.0
[INFO] [stderr]    Compiling futures-intrusive v0.5.0
[INFO] [stderr]    Compiling atoi v2.0.0
[INFO] [stderr]    Compiling syn v1.0.109
[INFO] [stderr]    Compiling event-listener v2.5.3
[INFO] [stderr]    Compiling rustix v1.1.4
[INFO] [stderr]     Checking rand_chacha v0.3.1
[INFO] [stderr]    Compiling rustc_version v0.4.1
[INFO] [stderr]     Checking icu_normalizer_data v2.2.0
[INFO] [stderr]     Checking icu_properties_data v2.2.0
[INFO] [stderr]    Compiling base64 v0.21.7
[INFO] [stderr]    Compiling serde_derive v1.0.228
[INFO] [stderr]    Compiling tracing-attributes v0.1.31
[INFO] [stderr]    Compiling tokio-macros v2.7.0
[INFO] [stderr]    Compiling zerofrom-derive v0.1.7
[INFO] [stderr]    Compiling yoke-derive v0.8.2
[INFO] [stderr]    Compiling zerovec-derive v0.11.3
[INFO] [stderr]    Compiling displaydoc v0.2.6
[INFO] [stderr]    Compiling futures-macro v0.3.32
[INFO] [stderr]    Compiling openssl-macros v0.1.1
[INFO] [stderr]     Checking tracing v0.1.44
[INFO] [stderr]    Compiling thiserror-impl v1.0.69
[INFO] [stderr]     Checking zerofrom v0.1.8
[INFO] [stderr]     Checking yoke v0.8.3
[INFO] [stderr]    Compiling zerovec v0.11.6
[INFO] [stderr]     Checking futures-util v0.3.32
[INFO] [stderr]     Checking zerotrie v0.2.4
[INFO] [stderr]     Checking tinystr v0.8.3
[INFO] [stderr]     Checking icu_locale_core v2.2.0
[INFO] [stderr]     Checking potential_utf v0.1.5
[INFO] [stderr]     Checking icu_collections v2.2.0
[INFO] [stderr]     Checking icu_provider v2.2.0
[INFO] [stderr]     Checking icu_properties v2.2.0
[INFO] [stderr]     Checking icu_normalizer v2.2.0
[INFO] [stderr]    Compiling hashbrown v0.14.5
[INFO] [stderr]     Checking serde v1.0.228
[INFO] [stderr]     Checking bytes v1.12.0
[INFO] [stderr]     Checking tokio v1.52.3
[INFO] [stderr]     Checking idna_adapter v1.2.2
[INFO] [stderr]     Checking idna v1.1.0
[INFO] [stderr]     Checking url v2.5.8
[INFO] [stderr]    Compiling ppv-lite86 v0.2.21
[INFO] [stderr]    Compiling either v1.16.0
[INFO] [stderr]     Checking omnisec-events v0.1.0 (/opt/rustwide/workdir/crates/events)
[INFO] [stderr]    Compiling hashlink v0.8.4
[INFO] [stderr]    Compiling thiserror v1.0.69
[INFO] [stderr]    Compiling sqlformat v0.2.6
[INFO] [stderr]    Compiling rand v0.8.6
[INFO] [stderr]     Checking zeroize v1.9.0
[INFO] [stderr]    Compiling heck v0.4.1
[INFO] [stderr]    Compiling tempfile v3.27.0
[INFO] [stderr]    Compiling curve25519-dalek v4.1.3
[INFO] [stderr]    Compiling curve25519-dalek-derive v0.1.1
[INFO] [stderr]    Compiling rustversion v1.0.22
[INFO] [stderr]    Compiling camino v1.2.3
[INFO] [stderr]    Compiling thiserror v2.0.18
[INFO] [stderr]     Checking http v1.4.2
[INFO] [stderr]    Compiling thiserror-impl v2.0.18
[INFO] [stderr]     Checking rand_core v0.6.4
[INFO] [stderr]     Checking allocator-api2 v0.2.21
[INFO] [stderr]    Compiling rustls v0.23.40
[INFO] [stderr]     Checking foreign-types-shared v0.1.1
[INFO] [stderr]     Checking cpufeatures v0.2.17
[INFO] [stderr]     Checking foreign-types v0.3.2
[INFO] [stderr]    Compiling cargo-platform v0.3.3
[INFO] [stderr]    Compiling crc32fast v1.5.0
[INFO] [stderr]    Compiling cargo_metadata v0.23.1
[INFO] [stderr]     Checking http-body v1.0.1
[INFO] [stderr]     Checking sha2 v0.10.9
[INFO] [stderr]     Checking aho-corasick v1.1.4
[INFO] [stderr]     Checking regex-syntax v0.8.11
[INFO] [stderr]     Checking openssl-probe v0.2.1
[INFO] [stderr]     Checking rustls-pki-types v1.14.1
[INFO] [stderr]    Compiling aya-build v0.1.3
[INFO] [stderr]    Compiling core-error v0.0.0
[INFO] [stderr]     Checking regex-automata v0.4.14
[INFO] [stderr]    Compiling object v0.36.7
[INFO] [stderr]     Checking tokio-stream v0.1.18
[INFO] [stderr]    Compiling sqlx-core v0.7.4
[INFO] [stderr]     Checking tower-service v0.3.3
[INFO] [stderr]     Checking tokio-util v0.7.18
[INFO] [stderr]    Compiling serde_repr v0.1.20
[INFO] [stderr]     Checking signature v2.2.0
[INFO] [stderr]     Checking base64 v0.22.1
[INFO] [stderr]     Checking base64ct v1.8.3
[INFO] [stderr]     Checking tinyvec_macros v0.1.1
[INFO] [stderr]     Checking pem-rfc7468 v0.7.0
[INFO] [stderr]     Checking h2 v0.4.15
[INFO] [stderr]     Checking tinyvec v1.11.0
[INFO] [stderr]    Compiling aya-ebpf-cty v0.2.3
[INFO] [stderr]     Checking http-body-util v0.1.3
[INFO] [stderr]     Checking crossbeam-utils v0.8.21
[INFO] [stderr]     Checking const-oid v0.9.6
[INFO] [stderr]     Checking untrusted v0.9.0
[INFO] [stderr]     Checking fnv v1.0.7
[INFO] [stderr]     Checking tower-layer v0.3.3
[INFO] [stderr]     Checking try-lock v0.2.5
[INFO] [stderr]     Checking crc-catalog v2.5.0
[INFO] [stderr]     Checking atomic-waker v1.1.2
[INFO] [stderr]     Checking want v0.3.1
[INFO] [stderr]     Checking crc v3.4.0
[INFO] [stderr]     Checking crossbeam-queue v0.3.12
[INFO] [stderr]     Checking der v0.7.10
[INFO] [stderr]    Compiling sqlx-postgres v0.7.4
[INFO] [stderr]     Checking rustls-webpki v0.103.13
[INFO] [stderr]     Checking unicode-normalization v0.1.25
[INFO] [stdout] error[E0277]: the trait bound `!: sqlx_core::io::Decode<'_>` is not satisfied
[INFO] [stdout]   --> /opt/rustwide/cargo-home/registry/src/index.crates.io-1949cf8c6b5b557f/sqlx-postgres-0.7.4/src/connection/executor.rs:66:13
[INFO] [stdout]    |
[INFO] [stdout] 66 |       let _ = conn
[INFO] [stdout]    |  _____________^
[INFO] [stdout] 67 | |         .stream
[INFO] [stdout] 68 | |         .recv_expect(MessageFormat::ParseComplete)
[INFO] [stdout]    | |__________________________________________________^ the trait `sqlx_core::io::Decode<'_>` is not implemented for `!`
[INFO] [stdout]    |
[INFO] [stdout]    = help: the following other types implement trait `sqlx_core::io::Decode<'de, Context>`:
[INFO] [stdout]              ()
[INFO] [stdout]              Authentication
[INFO] [stdout]              AuthenticationSaslContinue
[INFO] [stdout]              AuthenticationSaslFinal
[INFO] [stdout]              BackendKeyData
[INFO] [stdout]              CommandComplete
[INFO] [stdout]              CopyData<sqlx_core::bytes::Bytes>
[INFO] [stdout]              CopyDone
[INFO] [stdout]            and 10 others
[INFO] [stdout]    = note: this error might have been caused by changes to Rust's type-inference algorithm (see issue #148922 <https://github.com/rust-lang/rust/issues/148922> for more information)
[INFO] [stdout]    = help: you might have intended to use the type `()` here instead
[INFO] [stdout] note: required by a bound in `PgStream::recv_expect`
[INFO] [stdout]   --> /opt/rustwide/cargo-home/registry/src/index.crates.io-1949cf8c6b5b557f/sqlx-postgres-0.7.4/src/connection/stream.rs:68:45
[INFO] [stdout]    |
[INFO] [stdout] 41 | impl PgStream {
[INFO] [stdout] ...
[INFO] [stdout] 68 |     pub(crate) async fn recv_expect<'de, T: Decode<'de>>(
[INFO] [stdout]    |                                             ^^^^^^^^^^^ required by this bound in `PgStream::recv_expect`
[INFO] [stdout] 
[INFO] [stdout] 
[INFO] [stderr]     Checking ed25519 v2.2.3
[INFO] [stdout] error[E0277]: the trait bound `!: sqlx_core::io::Decode<'_>` is not satisfied
[INFO] [stdout]    --> /opt/rustwide/cargo-home/registry/src/index.crates.io-1949cf8c6b5b557f/sqlx-postgres-0.7.4/src/copy.rs:279:25
[INFO] [stdout]     |
[INFO] [stdout] 279 | /                         conn.stream
[INFO] [stdout] 280 | |                             .recv_expect(MessageFormat::ReadyForQuery)
[INFO] [stdout]     | |______________________________________________________________________^ the trait `sqlx_core::io::Decode<'_>` is not implemented for `!`
[INFO] [stdout]     |
[INFO] [stdout]     = help: the following other types implement trait `sqlx_core::io::Decode<'de, Context>`:
[INFO] [stdout]               ()
[INFO] [stdout]               Authentication
[INFO] [stdout]               AuthenticationSaslContinue
[INFO] [stdout]               AuthenticationSaslFinal
[INFO] [stdout]               BackendKeyData
[INFO] [stdout]               CommandComplete
[INFO] [stdout]               CopyData<sqlx_core::bytes::Bytes>
[INFO] [stdout]               CopyDone
[INFO] [stdout]             and 10 others
[INFO] [stdout]     = note: this error might have been caused by changes to Rust's type-inference algorithm (see issue #148922 <https://github.com/rust-lang/rust/issues/148922> for more information)
[INFO] [stdout]     = help: you might have intended to use the type `()` here instead
[INFO] [stdout] note: required by a bound in `PgStream::recv_expect`
[INFO] [stdout]    --> /opt/rustwide/cargo-home/registry/src/index.crates.io-1949cf8c6b5b557f/sqlx-postgres-0.7.4/src/connection/stream.rs:68:45
[INFO] [stdout]     |
[INFO] [stdout]  41 | impl PgStream {
[INFO] [stdout] ...
[INFO] [stdout]  68 |     pub(crate) async fn recv_expect<'de, T: Decode<'de>>(
[INFO] [stdout]     |                                             ^^^^^^^^^^^ required by this bound in `PgStream::recv_expect`
[INFO] [stdout] 
[INFO] [stdout] 
[INFO] [stdout] error[E0277]: the trait bound `!: sqlx_core::io::Decode<'_>` is not satisfied
[INFO] [stdout]    --> /opt/rustwide/cargo-home/registry/src/index.crates.io-1949cf8c6b5b557f/sqlx-postgres-0.7.4/src/copy.rs:313:9
[INFO] [stdout]     |
[INFO] [stdout] 313 | /         conn.stream
[INFO] [stdout] 314 | |             .recv_expect(MessageFormat::ReadyForQuery)
[INFO] [stdout]     | |______________________________________________________^ the trait `sqlx_core::io::Decode<'_>` is not implemented for `!`
[INFO] [stdout]     |
[INFO] [stdout]     = help: the following other types implement trait `sqlx_core::io::Decode<'de, Context>`:
[INFO] [stdout]               ()
[INFO] [stdout]               Authentication
[INFO] [stdout]               AuthenticationSaslContinue
[INFO] [stdout]               AuthenticationSaslFinal
[INFO] [stdout]               BackendKeyData
[INFO] [stdout]               CommandComplete
[INFO] [stdout]               CopyData<sqlx_core::bytes::Bytes>
[INFO] [stdout]               CopyDone
[INFO] [stdout]             and 10 others
[INFO] [stdout]     = note: this error might have been caused by changes to Rust's type-inference algorithm (see issue #148922 <https://github.com/rust-lang/rust/issues/148922> for more information)
[INFO] [stdout]     = help: you might have intended to use the type `()` here instead
[INFO] [stdout] note: required by a bound in `PgStream::recv_expect`
[INFO] [stdout]    --> /opt/rustwide/cargo-home/registry/src/index.crates.io-1949cf8c6b5b557f/sqlx-postgres-0.7.4/src/connection/stream.rs:68:45
[INFO] [stdout]     |
[INFO] [stdout]  41 | impl PgStream {
[INFO] [stdout] ...
[INFO] [stdout]  68 |     pub(crate) async fn recv_expect<'de, T: Decode<'de>>(
[INFO] [stdout]     |                                             ^^^^^^^^^^^ required by this bound in `PgStream::recv_expect`
[INFO] [stdout] 
[INFO] [stdout] 
[INFO] [stdout] error[E0277]: the trait bound `!: sqlx_core::io::Decode<'_>` is not satisfied
[INFO] [stdout]    --> /opt/rustwide/cargo-home/registry/src/index.crates.io-1949cf8c6b5b557f/sqlx-postgres-0.7.4/src/copy.rs:350:21
[INFO] [stdout]     |
[INFO] [stdout] 350 |                     conn.stream.recv_expect(MessageFormat::CommandComplete).await?;
[INFO] [stdout]     |                     ^^^^^^^^^^^^^^^^^^^^^^^^^^^^^^^^^^^^^^^^^^^^^^^^^^^^^^^ the trait `sqlx_core::io::Decode<'_>` is not implemented for `!`
[INFO] [stdout]     |
[INFO] [stdout]     = help: the following other types implement trait `sqlx_core::io::Decode<'de, Context>`:
[INFO] [stdout]               ()
[INFO] [stdout]               Authentication
[INFO] [stdout]               AuthenticationSaslContinue
[INFO] [stdout]               AuthenticationSaslFinal
[INFO] [stdout]               BackendKeyData
[INFO] [stdout]               CommandComplete
[INFO] [stdout]               CopyData<sqlx_core::bytes::Bytes>
[INFO] [stdout]               CopyDone
[INFO] [stdout]             and 10 others
[INFO] [stdout]     = note: this error might have been caused by changes to Rust's type-inference algorithm (see issue #148922 <https://github.com/rust-lang/rust/issues/148922> for more information)
[INFO] [stdout]     = help: you might have intended to use the type `()` here instead
[INFO] [stdout] note: required by a bound in `PgStream::recv_expect`
[INFO] [stdout]    --> /opt/rustwide/cargo-home/registry/src/index.crates.io-1949cf8c6b5b557f/sqlx-postgres-0.7.4/src/connection/stream.rs:68:45
[INFO] [stdout]     |
[INFO] [stdout]  41 | impl PgStream {
[INFO] [stdout] ...
[INFO] [stdout]  68 |     pub(crate) async fn recv_expect<'de, T: Decode<'de>>(
[INFO] [stdout]     |                                             ^^^^^^^^^^^ required by this bound in `PgStream::recv_expect`
[INFO] [stdout] 
[INFO] [stdout] 
[INFO] [stdout] error[E0277]: the trait bound `!: sqlx_core::io::Decode<'_>` is not satisfied
[INFO] [stdout]    --> /opt/rustwide/cargo-home/registry/src/index.crates.io-1949cf8c6b5b557f/sqlx-postgres-0.7.4/src/copy.rs:351:21
[INFO] [stdout]     |
[INFO] [stdout] 351 |                     conn.stream.recv_expect(MessageFormat::ReadyForQuery).await?;
[INFO] [stdout]     |                     ^^^^^^^^^^^^^^^^^^^^^^^^^^^^^^^^^^^^^^^^^^^^^^^^^^^^^ the trait `sqlx_core::io::Decode<'_>` is not implemented for `!`
[INFO] [stdout]     |
[INFO] [stdout]     = help: the following other types implement trait `sqlx_core::io::Decode<'de, Context>`:
[INFO] [stdout]               ()
[INFO] [stdout]               Authentication
[INFO] [stdout]               AuthenticationSaslContinue
[INFO] [stdout]               AuthenticationSaslFinal
[INFO] [stdout]               BackendKeyData
[INFO] [stdout]               CommandComplete
[INFO] [stdout]               CopyData<sqlx_core::bytes::Bytes>
[INFO] [stdout]               CopyDone
[INFO] [stdout]             and 10 others
[INFO] [stdout]     = note: this error might have been caused by changes to Rust's type-inference algorithm (see issue #148922 <https://github.com/rust-lang/rust/issues/148922> for more information)
[INFO] [stdout]     = help: you might have intended to use the type `()` here instead
[INFO] [stdout] note: required by a bound in `PgStream::recv_expect`
[INFO] [stdout]    --> /opt/rustwide/cargo-home/registry/src/index.crates.io-1949cf8c6b5b557f/sqlx-postgres-0.7.4/src/connection/stream.rs:68:45
[INFO] [stdout]     |
[INFO] [stdout]  41 | impl PgStream {
[INFO] [stdout] ...
[INFO] [stdout]  68 |     pub(crate) async fn recv_expect<'de, T: Decode<'de>>(
[INFO] [stdout]     |                                             ^^^^^^^^^^^ required by this bound in `PgStream::recv_expect`
[INFO] [stdout] 
[INFO] [stdout] 
[INFO] [stderr]     Checking omnisec-decision v0.1.0 (/opt/rustwide/workdir/crates/decision)
[INFO] [stderr]    Compiling async-trait v0.1.89
[INFO] [stderr]     Checking httparse v1.10.1
[INFO] [stderr]     Checking hmac v0.12.1
[INFO] [stderr]     Checking sync_wrapper v1.0.2
[INFO] [stderr]     Checking unicode-properties v0.1.4
[INFO] [stderr]     Checking ryu v1.0.23
[INFO] [stderr]     Checking lazy_static v1.5.0
[INFO] [stderr]     Checking unicode-bidi v0.3.18
[INFO] [stderr]     Checking httpdate v1.0.3
[INFO] [stderr]     Checking hex v0.4.3
[INFO] [stderr]     Checking byteorder v1.5.0
[INFO] [stderr]     Checking stringprep v0.1.5
[INFO] [stderr]     Checking hyper v1.10.1
[INFO] [stderr]     Checking sharded-slab v0.1.7
[INFO] [stderr]    Compiling clap_derive v4.6.1
[INFO] [stdout] For more information about this error, try `rustc --explain E0277`.
[INFO] [stdout] 
[INFO] [stderr]     Checking tracing-subscriber v0.3.23
[INFO] [stderr] error: could not compile `sqlx-postgres` (lib) due to 5 previous errors
[INFO] [stderr] warning: build failed, waiting for other jobs to finish...
[INFO] running `Command { std: "docker" "inspect" "362e064e10159b306aa62282bf8f2120b122082dfa79fe9e5493297f6bbb812b", kill_on_drop: false }`
[INFO] running `Command { std: "docker" "rm" "-f" "362e064e10159b306aa62282bf8f2120b122082dfa79fe9e5493297f6bbb812b", kill_on_drop: false }`
[INFO] [stdout] 362e064e10159b306aa62282bf8f2120b122082dfa79fe9e5493297f6bbb812b
