[INFO] cloning repository https://github.com/maliklambda/Disk-Based-Hash-Index-POC
[INFO] running `Command { std: "git" "-c" "credential.helper=" "-c" "credential.helper=/workspace/cargo-home/bin/git-credential-null" "clone" "--bare" "https://github.com/maliklambda/Disk-Based-Hash-Index-POC" "/workspace/cache/git-repos/https%3A%2F%2Fgithub.com%2Fmaliklambda%2FDisk-Based-Hash-Index-POC", kill_on_drop: false }`
[INFO] [stderr] Cloning into bare repository '/workspace/cache/git-repos/https%3A%2F%2Fgithub.com%2Fmaliklambda%2FDisk-Based-Hash-Index-POC'...
[INFO] running `Command { std: "git" "rev-parse" "HEAD", kill_on_drop: false }`
[INFO] [stdout] 3028600895ae7f0a1a61e0516ca8730254353954
[INFO] checking maliklambda/Disk-Based-Hash-Index-POC against 3154cc1a3e6424e44f438a95007d043ed5ceaaf6 for pr-133502-30
[INFO] running `Command { std: "git" "clone" "/workspace/cache/git-repos/https%3A%2F%2Fgithub.com%2Fmaliklambda%2FDisk-Based-Hash-Index-POC" "/workspace/builds/worker-3-tc2/source", kill_on_drop: false }`
[INFO] [stderr] Cloning into '/workspace/builds/worker-3-tc2/source'...
[INFO] [stderr] done.
[INFO] started tweaking git repo https://github.com/maliklambda/Disk-Based-Hash-Index-POC
[INFO] finished tweaking git repo https://github.com/maliklambda/Disk-Based-Hash-Index-POC
[INFO] tweaked toml for git repo https://github.com/maliklambda/Disk-Based-Hash-Index-POC written to /workspace/builds/worker-3-tc2/source/Cargo.toml
[INFO] validating manifest of git repo https://github.com/maliklambda/Disk-Based-Hash-Index-POC on toolchain 3154cc1a3e6424e44f438a95007d043ed5ceaaf6
[INFO] running `Command { std: CARGO_HOME="/workspace/cargo-home" RUSTUP_HOME="/workspace/rustup-home" "/workspace/cargo-home/bin/cargo" "+3154cc1a3e6424e44f438a95007d043ed5ceaaf6" "metadata" "--manifest-path" "Cargo.toml" "--no-deps", kill_on_drop: false }`
[INFO] crate git repo https://github.com/maliklambda/Disk-Based-Hash-Index-POC already has a lockfile, it will not be regenerated
[INFO] running `Command { std: CARGO_HOME="/workspace/cargo-home" RUSTUP_HOME="/workspace/rustup-home" "/workspace/cargo-home/bin/cargo" "+3154cc1a3e6424e44f438a95007d043ed5ceaaf6" "fetch" "--manifest-path" "Cargo.toml", kill_on_drop: false }`
[INFO] running `Command { std: "docker" "create" "-v" "/var/lib/crater-agent-workspace/builds/worker-3-tc2/source:/opt/rustwide/workdir:ro,Z" "-v" "/var/lib/crater-agent-workspace/builds/worker-3-tc2/target:/opt/rustwide/target:rw,Z" "-v" "/var/lib/crater-agent-workspace/cargo-home:/opt/rustwide/cargo-home:ro,Z" "-v" "/var/lib/crater-agent-workspace/rustup-home:/opt/rustwide/rustup-home:ro,Z" "-m" "1610612736" "--network" "none" "ghcr.io/rust-lang/crates-build-env/linux@sha256:77db811e55d90add9212f6832c23229e3de5f1c1f9905e8cb07319ea15df73ac" "sleep" "infinity", kill_on_drop: false }`
[INFO] [stdout] dc94a815c48af4837f8dfbfb69d69ba3c5d3544ca0696fd0426a4be06df2e5f4
[INFO] running `Command { std: "docker" "start" "dc94a815c48af4837f8dfbfb69d69ba3c5d3544ca0696fd0426a4be06df2e5f4", kill_on_drop: false }`
[INFO] running `Command { std: "docker" "inspect" "dc94a815c48af4837f8dfbfb69d69ba3c5d3544ca0696fd0426a4be06df2e5f4", kill_on_drop: false }`
[INFO] running `Command { std: "docker" "exec" "-e" "SOURCE_DIR=/opt/rustwide/workdir" "-e" "CARGO_HOME=/opt/rustwide/cargo-home" "-e" "RUSTUP_HOME=/opt/rustwide/rustup-home" "-e" "CARGO_TARGET_DIR=/opt/rustwide/target" "-w" "/opt/rustwide/workdir" "--user" "0:0" "dc94a815c48af4837f8dfbfb69d69ba3c5d3544ca0696fd0426a4be06df2e5f4" "/opt/rustwide/cargo-home/bin/cargo" "+3154cc1a3e6424e44f438a95007d043ed5ceaaf6" "metadata" "--no-deps" "--format-version=1", kill_on_drop: false }`
[INFO] running `Command { std: "docker" "inspect" "dc94a815c48af4837f8dfbfb69d69ba3c5d3544ca0696fd0426a4be06df2e5f4", kill_on_drop: false }`
[INFO] running `Command { std: "docker" "exec" "-e" "SOURCE_DIR=/opt/rustwide/workdir" "-e" "CARGO_HOME=/opt/rustwide/cargo-home" "-e" "RUSTUP_HOME=/opt/rustwide/rustup-home" "-e" "CARGO_TARGET_DIR=/opt/rustwide/target" "-e" "CARGO_INCREMENTAL=0" "-e" "RUST_BACKTRACE=full" "-e" "RUSTFLAGS=--cap-lints=forbid" "-e" "RUSTDOCFLAGS=--cap-lints=forbid" "-w" "/opt/rustwide/workdir" "--user" "0:0" "dc94a815c48af4837f8dfbfb69d69ba3c5d3544ca0696fd0426a4be06df2e5f4" "/opt/rustwide/cargo-home/bin/cargo" "+3154cc1a3e6424e44f438a95007d043ed5ceaaf6" "check" "--frozen" "--all" "--all-targets" "--message-format=json", kill_on_drop: false }`
[INFO] [stderr]    Compiling getrandom v0.4.2
[INFO] [stderr]    Compiling time-core v0.1.8
[INFO] [stderr]     Checking deranged v0.5.8
[INFO] [stderr]     Checking num_threads v0.1.7
[INFO] [stderr]     Checking log v0.4.30
[INFO] [stderr]    Compiling time-macros v0.2.27
[INFO] [stderr]     Checking rand v0.10.1
[INFO] [stderr]     Checking time v0.3.47
[INFO] [stderr]     Checking simple_logger v5.2.0
[INFO] [stderr]     Checking hbt_index v0.1.0 (/opt/rustwide/workdir)
[INFO] [stdout] error[E0308]: mismatched types
[INFO] [stdout]    --> src/db/mod.rs:262:23
[INFO] [stdout]     |
[INFO] [stdout] 262 |         idx.insert(s, *val).unwrap();
[INFO] [stdout]     |             ------    ^^^^ expected `&str`, found `u64`
[INFO] [stdout]     |             |
[INFO] [stdout]     |             arguments to this method are incorrect
[INFO] [stdout]     |
[INFO] [stdout] note: method defined here
[INFO] [stdout]    --> src/db/mod.rs:85:12
[INFO] [stdout]     |
[INFO] [stdout]  85 |     pub fn insert(&mut self, key: &str, val: &str) -> Result<(), ExecuteError> {
[INFO] [stdout]     |            ^^^^^^                       ---------
[INFO] [stdout] 
[INFO] [stdout] 
[INFO] [stdout] error[E0308]: mismatched types
[INFO] [stdout]    --> src/db/mod.rs:267:23
[INFO] [stdout]     |
[INFO] [stdout] 267 |         assert_eq!(v, val);
[INFO] [stdout]     |                       ^^^ expected `(u64, DiskEntry)`, found `u64`
[INFO] [stdout]     |
[INFO] [stdout]     = note: expected tuple `(u64, DiskEntry)`
[INFO] [stdout]                 found type `u64`
[INFO] [stdout] 
[INFO] [stdout] 
[INFO] [stdout] error[E0277]: the trait bound `Vec<(&str, u64)>: Extend<(&str, &str)>` is not satisfied
[INFO] [stdout]    --> src/db/mod.rs:283:12
[INFO] [stdout]     |
[INFO] [stdout] 283 |     values.extend(NON_COLLISION_VALUES);
[INFO] [stdout]     |            ^^^^^^ the trait `Extend<(&str, &str)>` is not implemented for `Vec<(&str, u64)>`
[INFO] [stdout]     |
[INFO] [stdout] help: `Vec<T, A>` implements trait `Extend<T>`
[INFO] [stdout]    --> /rustc/3154cc1a3e6424e44f438a95007d043ed5ceaaf6/library/alloc/src/vec/mod.rs:4093:0
[INFO] [stdout]     |
[INFO] [stdout]     = note: `Extend<T>`
[INFO] [stdout]    ::: /rustc/3154cc1a3e6424e44f438a95007d043ed5ceaaf6/library/alloc/src/vec/mod.rs:4332:0
[INFO] [stdout]     |
[INFO] [stdout]     = note: `Extend<&T>`
[INFO] [stdout] 
[INFO] [stdout] 
[INFO] [stdout] error[E0308]: mismatched types
[INFO] [stdout]    --> src/db/mod.rs:286:23
[INFO] [stdout]     |
[INFO] [stdout] 286 |         idx.insert(s, *val).unwrap();
[INFO] [stdout]     |             ------    ^^^^ expected `&str`, found `u64`
[INFO] [stdout]     |             |
[INFO] [stdout]     |             arguments to this method are incorrect
[INFO] [stdout]     |
[INFO] [stdout] note: method defined here
[INFO] [stdout]    --> src/db/mod.rs:85:12
[INFO] [stdout]     |
[INFO] [stdout]  85 |     pub fn insert(&mut self, key: &str, val: &str) -> Result<(), ExecuteError> {
[INFO] [stdout]     |            ^^^^^^                       ---------
[INFO] [stdout] 
[INFO] [stdout] 
[INFO] [stdout] error[E0308]: mismatched types
[INFO] [stdout]    --> src/db/mod.rs:293:13
[INFO] [stdout]     |
[INFO] [stdout] 293 |             *val,
[INFO] [stdout]     |             ^^^^ expected `(u64, DiskEntry)`, found `u64`
[INFO] [stdout]     |
[INFO] [stdout]     = note: expected tuple `(u64, DiskEntry)`
[INFO] [stdout]                 found type `u64`
[INFO] [stdout] 
[INFO] [stdout] 
[INFO] [stdout] Some errors have detailed explanations: E0277, E0308.
[INFO] [stdout] 
[INFO] [stdout] For more information about an error, try `rustc --explain E0277`.
[INFO] [stdout] 
[INFO] [stderr] error: could not compile `hbt_index` (bin "hbt_index" test) due to 5 previous errors
[INFO] running `Command { std: "docker" "inspect" "dc94a815c48af4837f8dfbfb69d69ba3c5d3544ca0696fd0426a4be06df2e5f4", kill_on_drop: false }`
[INFO] running `Command { std: "docker" "rm" "-f" "dc94a815c48af4837f8dfbfb69d69ba3c5d3544ca0696fd0426a4be06df2e5f4", kill_on_drop: false }`
[INFO] [stdout] dc94a815c48af4837f8dfbfb69d69ba3c5d3544ca0696fd0426a4be06df2e5f4
