[INFO] cloning repository https://github.com/majiayu000/voice-input
[INFO] running `Command { std: "git" "-c" "credential.helper=" "-c" "credential.helper=/workspace/cargo-home/bin/git-credential-null" "clone" "--bare" "https://github.com/majiayu000/voice-input" "/workspace/cache/git-repos/https%3A%2F%2Fgithub.com%2Fmajiayu000%2Fvoice-input", kill_on_drop: false }`
[INFO] [stderr] Cloning into bare repository '/workspace/cache/git-repos/https%3A%2F%2Fgithub.com%2Fmajiayu000%2Fvoice-input'...
[INFO] running `Command { std: "git" "rev-parse" "HEAD", kill_on_drop: false }`
[INFO] [stdout] b9bfe0dd5b36433cea474a7688dd8d88f5a73752
[INFO] checking majiayu000/voice-input against 3154cc1a3e6424e44f438a95007d043ed5ceaaf6 for pr-133502-30
[INFO] running `Command { std: "git" "clone" "/workspace/cache/git-repos/https%3A%2F%2Fgithub.com%2Fmajiayu000%2Fvoice-input" "/workspace/builds/worker-2-tc2/source", kill_on_drop: false }`
[INFO] [stderr] Cloning into '/workspace/builds/worker-2-tc2/source'...
[INFO] [stderr] done.
[INFO] started tweaking git repo https://github.com/majiayu000/voice-input
[INFO] finished tweaking git repo https://github.com/majiayu000/voice-input
[INFO] tweaked toml for git repo https://github.com/majiayu000/voice-input written to /workspace/builds/worker-2-tc2/source/Cargo.toml
[INFO] validating manifest of git repo https://github.com/majiayu000/voice-input on toolchain 3154cc1a3e6424e44f438a95007d043ed5ceaaf6
[INFO] running `Command { std: CARGO_HOME="/workspace/cargo-home" RUSTUP_HOME="/workspace/rustup-home" "/workspace/cargo-home/bin/cargo" "+3154cc1a3e6424e44f438a95007d043ed5ceaaf6" "metadata" "--manifest-path" "Cargo.toml" "--no-deps", kill_on_drop: false }`
[INFO] crate git repo https://github.com/majiayu000/voice-input already has a lockfile, it will not be regenerated
[INFO] running `Command { std: CARGO_HOME="/workspace/cargo-home" RUSTUP_HOME="/workspace/rustup-home" "/workspace/cargo-home/bin/cargo" "+3154cc1a3e6424e44f438a95007d043ed5ceaaf6" "fetch" "--manifest-path" "Cargo.toml", kill_on_drop: false }`
[INFO] running `Command { std: "docker" "create" "-v" "/var/lib/crater-agent-workspace/builds/worker-2-tc2/source:/opt/rustwide/workdir:ro,Z" "-v" "/var/lib/crater-agent-workspace/builds/worker-2-tc2/target:/opt/rustwide/target:rw,Z" "-v" "/var/lib/crater-agent-workspace/cargo-home:/opt/rustwide/cargo-home:ro,Z" "-v" "/var/lib/crater-agent-workspace/rustup-home:/opt/rustwide/rustup-home:ro,Z" "-m" "1610612736" "--network" "none" "ghcr.io/rust-lang/crates-build-env/linux@sha256:77db811e55d90add9212f6832c23229e3de5f1c1f9905e8cb07319ea15df73ac" "sleep" "infinity", kill_on_drop: false }`
[INFO] [stdout] cef16a735d4836c938cf796b9f49a4b4b98a12ae16e9060d779a1690138dc47d
[INFO] running `Command { std: "docker" "start" "cef16a735d4836c938cf796b9f49a4b4b98a12ae16e9060d779a1690138dc47d", kill_on_drop: false }`
[INFO] running `Command { std: "docker" "inspect" "cef16a735d4836c938cf796b9f49a4b4b98a12ae16e9060d779a1690138dc47d", kill_on_drop: false }`
[INFO] running `Command { std: "docker" "exec" "-e" "SOURCE_DIR=/opt/rustwide/workdir" "-e" "CARGO_HOME=/opt/rustwide/cargo-home" "-e" "RUSTUP_HOME=/opt/rustwide/rustup-home" "-e" "CARGO_TARGET_DIR=/opt/rustwide/target" "-w" "/opt/rustwide/workdir" "--user" "0:0" "cef16a735d4836c938cf796b9f49a4b4b98a12ae16e9060d779a1690138dc47d" "/opt/rustwide/cargo-home/bin/cargo" "+3154cc1a3e6424e44f438a95007d043ed5ceaaf6" "metadata" "--no-deps" "--format-version=1", kill_on_drop: false }`
[INFO] running `Command { std: "docker" "inspect" "cef16a735d4836c938cf796b9f49a4b4b98a12ae16e9060d779a1690138dc47d", kill_on_drop: false }`
[INFO] running `Command { std: "docker" "exec" "-e" "SOURCE_DIR=/opt/rustwide/workdir" "-e" "CARGO_HOME=/opt/rustwide/cargo-home" "-e" "RUSTUP_HOME=/opt/rustwide/rustup-home" "-e" "CARGO_TARGET_DIR=/opt/rustwide/target" "-e" "CARGO_INCREMENTAL=0" "-e" "RUST_BACKTRACE=full" "-e" "RUSTFLAGS=--cap-lints=forbid" "-e" "RUSTDOCFLAGS=--cap-lints=forbid" "-w" "/opt/rustwide/workdir" "--user" "0:0" "cef16a735d4836c938cf796b9f49a4b4b98a12ae16e9060d779a1690138dc47d" "/opt/rustwide/cargo-home/bin/cargo" "+3154cc1a3e6424e44f438a95007d043ed5ceaaf6" "check" "--frozen" "--all" "--all-targets" "--message-format=json", kill_on_drop: false }`
[INFO] [stderr]    Compiling syn v3.0.3
[INFO] [stderr]    Compiling rustls v0.23.43
[INFO] [stderr]     Checking tracing v0.1.44
[INFO] [stderr]     Checking rustls-webpki v0.103.14
[INFO] [stderr]     Checking futures-channel v0.3.34
[INFO] [stderr]     Checking sync_wrapper v1.0.2
[INFO] [stderr]     Checking getrandom v0.4.3
[INFO] [stderr]     Checking regex-automata v0.4.18
[INFO] [stderr]     Checking serde_json v1.0.151
[INFO] [stderr]     Checking dirs-sys v0.4.1
[INFO] [stderr]     Checking fs2 v0.4.3
[INFO] [stderr]     Checking sha2 v0.10.9
[INFO] [stderr]     Checking hound v3.5.1
[INFO] [stderr]     Checking rustix v1.1.4
[INFO] [stderr]     Checking dirs v5.0.1
[INFO] [stderr]     Checking uuid v1.24.1
[INFO] [stderr]     Checking tempfile v3.27.0
[INFO] [stderr]     Checking matchers v0.2.0
[INFO] [stderr]     Checking tracing-subscriber v0.3.23
[INFO] [stderr]    Compiling zerovec-derive v0.11.4
[INFO] [stderr]    Compiling displaydoc v0.2.7
[INFO] [stderr]    Compiling tokio-macros v2.7.2
[INFO] [stderr]    Compiling serde_derive v1.0.229
[INFO] [stderr]    Compiling futures-macro v0.3.34
[INFO] [stderr]    Compiling clap_derive v4.6.4
[INFO] [stderr]    Compiling async-trait v0.1.92
[INFO] [stderr]     Checking tokio v1.53.1
[INFO] [stderr]     Checking zerotrie v0.2.5
[INFO] [stderr]     Checking futures-util v0.3.34
[INFO] [stderr]     Checking zerovec v0.11.7
[INFO] [stderr]     Checking clap v4.6.6
[INFO] [stderr]     Checking tinystr v0.8.4
[INFO] [stderr]     Checking potential_utf v0.1.6
[INFO] [stderr]     Checking icu_collections v2.3.0
[INFO] [stderr]     Checking icu_locale_core v2.3.0
[INFO] [stderr]     Checking icu_provider v2.3.0
[INFO] [stderr]     Checking icu_properties v2.3.0
[INFO] [stderr]     Checking icu_normalizer v2.3.0
[INFO] [stderr]     Checking serde v1.0.229
[INFO] [stderr]     Checking toml_datetime v0.6.11
[INFO] [stderr]     Checking serde_spanned v0.6.9
[INFO] [stderr]     Checking serde_urlencoded v0.7.1
[INFO] [stderr]     Checking toml_edit v0.22.27
[INFO] [stderr]     Checking idna_adapter v1.2.2
[INFO] [stderr]     Checking idna v1.1.0
[INFO] [stderr]     Checking url v2.5.8
[INFO] [stderr]     Checking toml v0.8.23
[INFO] [stderr]     Checking hyper v1.11.0
[INFO] [stderr]     Checking tower v0.5.3
[INFO] [stderr]     Checking tokio-rustls v0.26.4
[INFO] [stderr]     Checking tokio-util v0.7.19
[INFO] [stderr]     Checking tower-http v0.6.11
[INFO] [stderr]     Checking hyper-util v0.1.20
[INFO] [stderr]     Checking hyper-rustls v0.27.9
[INFO] [stderr]     Checking reqwest v0.12.28
[INFO] [stderr]     Checking voice-input v0.1.0 (/opt/rustwide/workdir)
[INFO] [stdout] error[E0425]: cannot find type `VadConfig` in this scope
[INFO] [stdout]    --> src/asr.rs:327:45
[INFO] [stdout]     |
[INFO] [stdout] 327 | fn trim_silence(samples: Vec<f32>, config: &VadConfig) -> Vec<f32> {
[INFO] [stdout]     |                                             ^^^^^^^^^ not found in this scope
[INFO] [stdout]     |
[INFO] [stdout] note: similarly named struct `AsrConfig` defined here
[INFO] [stdout]    --> src/config.rs:31:1
[INFO] [stdout]     |
[INFO] [stdout]  31 | pub struct AsrConfig {
[INFO] [stdout]     | ^^^^^^^^^^^^^^^^^^^^
[INFO] [stdout] help: a struct with a similar name exists
[INFO] [stdout]     |
[INFO] [stdout] 327 - fn trim_silence(samples: Vec<f32>, config: &VadConfig) -> Vec<f32> {
[INFO] [stdout] 327 + fn trim_silence(samples: Vec<f32>, config: &AsrConfig) -> Vec<f32> {
[INFO] [stdout]     |
[INFO] [stdout] help: consider importing this struct
[INFO] [stdout]     |
[INFO] [stdout]   1 + use crate::config::VadConfig;
[INFO] [stdout]     |
[INFO] [stdout] 
[INFO] [stdout] 
[INFO] [stdout] error[E0425]: cannot find value `ASR_SAMPLE_RATE` in this scope
[INFO] [stdout]    --> src/asr.rs:331:26
[INFO] [stdout]     |
[INFO] [stdout] 331 |     let frame_samples = (ASR_SAMPLE_RATE as usize * 20) / 1_000;
[INFO] [stdout]     |                          ^^^^^^^^^^^^^^^ not found in this scope
[INFO] [stdout]     |
[INFO] [stdout] help: consider importing this constant
[INFO] [stdout]     |
[INFO] [stdout]   1 + use crate::domain::ASR_SAMPLE_RATE;
[INFO] [stdout]     |
[INFO] [stdout] 
[INFO] [stdout] 
[INFO] [stdout] error[E0425]: cannot find value `ASR_SAMPLE_RATE` in this scope
[INFO] [stdout]    --> src/asr.rs:345:52
[INFO] [stdout]     |
[INFO] [stdout] 345 |     let padding = (config.speech_pad_ms as usize * ASR_SAMPLE_RATE as usize) / 1_000;
[INFO] [stdout]     |                                                    ^^^^^^^^^^^^^^^ not found in this scope
[INFO] [stdout]     |
[INFO] [stdout] help: consider importing this constant
[INFO] [stdout]     |
[INFO] [stdout]   1 + use crate::domain::ASR_SAMPLE_RATE;
[INFO] [stdout]     |
[INFO] [stdout] 
[INFO] [stdout] 
[INFO] [stdout] error[E0425]: cannot find value `ASR_SAMPLE_RATE` in this scope
[INFO] [stdout]    --> src/asr.rs:371:37
[INFO] [stdout]     |
[INFO] [stdout] 371 |         let mut samples = vec![0.0; ASR_SAMPLE_RATE as usize];
[INFO] [stdout]     |                                     ^^^^^^^^^^^^^^^ not found in this scope
[INFO] [stdout]     |
[INFO] [stdout] help: consider importing this constant
[INFO] [stdout]     |
[INFO] [stdout] 367 +     use crate::domain::ASR_SAMPLE_RATE;
[INFO] [stdout]     |
[INFO] [stdout] 
[INFO] [stdout] 
[INFO] [stdout] error[E0425]: cannot find value `ASR_SAMPLE_RATE` in this scope
[INFO] [stdout]    --> src/asr.rs:372:34
[INFO] [stdout]     |
[INFO] [stdout] 372 |         samples.extend(vec![0.2; ASR_SAMPLE_RATE as usize / 5]);
[INFO] [stdout]     |                                  ^^^^^^^^^^^^^^^ not found in this scope
[INFO] [stdout]     |
[INFO] [stdout] help: consider importing this constant
[INFO] [stdout]     |
[INFO] [stdout] 367 +     use crate::domain::ASR_SAMPLE_RATE;
[INFO] [stdout]     |
[INFO] [stdout] 
[INFO] [stdout] 
[INFO] [stdout] error[E0425]: cannot find value `ASR_SAMPLE_RATE` in this scope
[INFO] [stdout]    --> src/asr.rs:373:34
[INFO] [stdout]     |
[INFO] [stdout] 373 |         samples.extend(vec![0.0; ASR_SAMPLE_RATE as usize]);
[INFO] [stdout]     |                                  ^^^^^^^^^^^^^^^ not found in this scope
[INFO] [stdout]     |
[INFO] [stdout] help: consider importing this constant
[INFO] [stdout]     |
[INFO] [stdout] 367 +     use crate::domain::ASR_SAMPLE_RATE;
[INFO] [stdout]     |
[INFO] [stdout] 
[INFO] [stdout] 
[INFO] [stdout] error[E0422]: cannot find struct, variant or union type `VadConfig` in this scope
[INFO] [stdout]    --> src/asr.rs:374:22
[INFO] [stdout]     |
[INFO] [stdout] 374 |         let config = VadConfig {
[INFO] [stdout]     |                      ^^^^^^^^^ not found in this scope
[INFO] [stdout]     |
[INFO] [stdout] note: similarly named struct `AsrConfig` defined here
[INFO] [stdout]    --> src/config.rs:31:1
[INFO] [stdout]     |
[INFO] [stdout]  31 | pub struct AsrConfig {
[INFO] [stdout]     | ^^^^^^^^^^^^^^^^^^^^
[INFO] [stdout] help: a struct with a similar name exists
[INFO] [stdout]     |
[INFO] [stdout] 374 -         let config = VadConfig {
[INFO] [stdout] 374 +         let config = AsrConfig {
[INFO] [stdout]     |
[INFO] [stdout] help: consider importing this struct
[INFO] [stdout]     |
[INFO] [stdout] 367 +     use crate::config::VadConfig;
[INFO] [stdout]     |
[INFO] [stdout] 
[INFO] [stdout] 
[INFO] [stdout] error[E0433]: cannot find type `VadConfig` in this scope
[INFO] [stdout]    --> src/asr.rs:376:15
[INFO] [stdout]     |
[INFO] [stdout] 376 |             ..VadConfig::default()
[INFO] [stdout]     |               ^^^^^^^^^ use of undeclared type `VadConfig`
[INFO] [stdout]     |
[INFO] [stdout] help: a struct with a similar name exists
[INFO] [stdout]     |
[INFO] [stdout] 376 -             ..VadConfig::default()
[INFO] [stdout] 376 +             ..AsrConfig::default()
[INFO] [stdout]     |
[INFO] [stdout] help: consider importing this struct
[INFO] [stdout]     |
[INFO] [stdout] 367 +     use crate::config::VadConfig;
[INFO] [stdout]     |
[INFO] [stdout] 
[INFO] [stdout] 
[INFO] [stdout] error[E0425]: cannot find value `ASR_SAMPLE_RATE` in this scope
[INFO] [stdout]    --> src/asr.rs:381:35
[INFO] [stdout]     |
[INFO] [stdout] 381 |         assert_eq!(trimmed.len(), ASR_SAMPLE_RATE as usize * 4 / 10);
[INFO] [stdout]     |                                   ^^^^^^^^^^^^^^^ not found in this scope
[INFO] [stdout]     |
[INFO] [stdout] help: consider importing this constant
[INFO] [stdout]     |
[INFO] [stdout] 367 +     use crate::domain::ASR_SAMPLE_RATE;
[INFO] [stdout]     |
[INFO] [stdout] 
[INFO] [stdout] 
[INFO] [stdout] error[E0425]: cannot find value `ASR_SAMPLE_RATE` in this scope
[INFO] [stdout]    --> src/asr.rs:386:33
[INFO] [stdout]     |
[INFO] [stdout] 386 |         let samples = vec![0.2; ASR_SAMPLE_RATE as usize / 100];
[INFO] [stdout]     |                                 ^^^^^^^^^^^^^^^ not found in this scope
[INFO] [stdout]     |
[INFO] [stdout] help: consider importing this constant
[INFO] [stdout]     |
[INFO] [stdout] 367 +     use crate::domain::ASR_SAMPLE_RATE;
[INFO] [stdout]     |
[INFO] [stdout] 
[INFO] [stdout] 
[INFO] [stdout] error[E0433]: cannot find type `VadConfig` in this scope
[INFO] [stdout]    --> src/asr.rs:388:40
[INFO] [stdout]     |
[INFO] [stdout] 388 |         assert!(trim_silence(samples, &VadConfig::default()).is_empty());
[INFO] [stdout]     |                                        ^^^^^^^^^ use of undeclared type `VadConfig`
[INFO] [stdout]     |
[INFO] [stdout] help: a struct with a similar name exists
[INFO] [stdout]     |
[INFO] [stdout] 388 -         assert!(trim_silence(samples, &VadConfig::default()).is_empty());
[INFO] [stdout] 388 +         assert!(trim_silence(samples, &AsrConfig::default()).is_empty());
[INFO] [stdout]     |
[INFO] [stdout] help: consider importing this struct
[INFO] [stdout]     |
[INFO] [stdout] 367 +     use crate::config::VadConfig;
[INFO] [stdout]     |
[INFO] [stdout] 
[INFO] [stdout] 
[INFO] [stdout] Some errors have detailed explanations: E0422, E0425, E0433.
[INFO] [stdout] 
[INFO] [stdout] For more information about an error, try `rustc --explain E0422`.
[INFO] [stdout] 
[INFO] [stderr] error: could not compile `voice-input` (lib test) due to 11 previous errors
[INFO] [stderr] warning: build failed, waiting for other jobs to finish...
[INFO] running `Command { std: "docker" "inspect" "cef16a735d4836c938cf796b9f49a4b4b98a12ae16e9060d779a1690138dc47d", kill_on_drop: false }`
[INFO] running `Command { std: "docker" "rm" "-f" "cef16a735d4836c938cf796b9f49a4b4b98a12ae16e9060d779a1690138dc47d", kill_on_drop: false }`
[INFO] [stdout] cef16a735d4836c938cf796b9f49a4b4b98a12ae16e9060d779a1690138dc47d
