[INFO] cloning repository https://github.com/mai1015/tui
[INFO] running `Command { std: "git" "-c" "credential.helper=" "-c" "credential.helper=/workspace/cargo-home/bin/git-credential-null" "clone" "--bare" "https://github.com/mai1015/tui" "/workspace/cache/git-repos/https%3A%2F%2Fgithub.com%2Fmai1015%2Ftui", kill_on_drop: false }`
[INFO] [stderr] Cloning into bare repository '/workspace/cache/git-repos/https%3A%2F%2Fgithub.com%2Fmai1015%2Ftui'...
[INFO] running `Command { std: "git" "rev-parse" "HEAD", kill_on_drop: false }`
[INFO] [stdout] ab4ccc489d32bae029303441f89ad4f443ac098a
[INFO] checking mai1015/tui against 3154cc1a3e6424e44f438a95007d043ed5ceaaf6+rustflags=-Znext-solver=coherence for pr-133502-30
[INFO] running `Command { std: "git" "clone" "/workspace/cache/git-repos/https%3A%2F%2Fgithub.com%2Fmai1015%2Ftui" "/workspace/builds/worker-7-tc1/source", kill_on_drop: false }`
[INFO] [stderr] Cloning into '/workspace/builds/worker-7-tc1/source'...
[INFO] [stderr] done.
[INFO] started tweaking git repo https://github.com/mai1015/tui
[INFO] finished tweaking git repo https://github.com/mai1015/tui
[INFO] tweaked toml for git repo https://github.com/mai1015/tui written to /workspace/builds/worker-7-tc1/source/Cargo.toml
[INFO] validating manifest of git repo https://github.com/mai1015/tui on toolchain 3154cc1a3e6424e44f438a95007d043ed5ceaaf6
[INFO] running `Command { std: CARGO_HOME="/workspace/cargo-home" RUSTUP_HOME="/workspace/rustup-home" "/workspace/cargo-home/bin/cargo" "+3154cc1a3e6424e44f438a95007d043ed5ceaaf6" "metadata" "--manifest-path" "Cargo.toml" "--no-deps", kill_on_drop: false }`
[INFO] crate git repo https://github.com/mai1015/tui already has a lockfile, it will not be regenerated
[INFO] running `Command { std: CARGO_HOME="/workspace/cargo-home" RUSTUP_HOME="/workspace/rustup-home" "/workspace/cargo-home/bin/cargo" "+3154cc1a3e6424e44f438a95007d043ed5ceaaf6" "fetch" "--manifest-path" "Cargo.toml", kill_on_drop: false }`
[INFO] [stderr] warning: unused workspace dependency `tokio-util`
[INFO] [stderr]    --> Cargo.toml:110:25
[INFO] [stderr]     |
[INFO] [stderr] 110 | [workspace.dependencies.tokio-util]
[INFO] [stderr]     |                         ^^^^^^^^^^
[INFO] [stderr]     |
[INFO] [stderr]     = note: `cargo::unused_workspace_dependencies` is set to `warn` by default
[INFO] [stderr] help: consider removing the workspace dependency `tokio-util`
[INFO] [stderr] warning: workspace (manifest) generated 1 warning
[INFO] [stderr]     Updating git repository `https://github.com/mai1015/agent-runtime.git`
[INFO] [stderr]      Locking 7 packages to highest Rust 1.88 compatible versions
[INFO] [stderr]       Adding agent-runtime v0.1.0 (https://github.com/mai1015/agent-runtime.git?rev=5522585950f85a875ce0167393759b17a6db8b84#55225859)
[INFO] [stderr]       Adding agent-runtime-ability v0.1.0 (https://github.com/mai1015/agent-runtime.git?rev=5522585950f85a875ce0167393759b17a6db8b84#55225859)
[INFO] [stderr]       Adding agent-runtime-context v0.1.0 (https://github.com/mai1015/agent-runtime.git?rev=5522585950f85a875ce0167393759b17a6db8b84#55225859)
[INFO] [stderr]       Adding agent-runtime-core v0.1.0 (https://github.com/mai1015/agent-runtime.git?rev=5522585950f85a875ce0167393759b17a6db8b84#55225859)
[INFO] [stderr]       Adding agent-runtime-provider v0.1.0 (https://github.com/mai1015/agent-runtime.git?rev=5522585950f85a875ce0167393759b17a6db8b84#55225859)
[INFO] [stderr]       Adding agent-runtime-registry v0.1.0 (https://github.com/mai1015/agent-runtime.git?rev=5522585950f85a875ce0167393759b17a6db8b84#55225859)
[INFO] [stderr]       Adding agent-runtime-testkit v0.1.0 (https://github.com/mai1015/agent-runtime.git?rev=5522585950f85a875ce0167393759b17a6db8b84#55225859)
[INFO] [stderr]  Downloading crates ...
[INFO] [stderr]   Downloaded ignore v0.4.31
[INFO] [stderr]   Downloaded referencing v0.28.3
[INFO] [stderr]   Downloaded jsonschema v0.28.3
[INFO] [stderr]   Downloaded globset v0.4.19
[INFO] [stderr]   Downloaded instability v0.3.10
[INFO] running `Command { std: "docker" "create" "-v" "/var/lib/crater-agent-workspace/builds/worker-7-tc1/source:/opt/rustwide/workdir:ro,Z" "-v" "/var/lib/crater-agent-workspace/builds/worker-7-tc1/target:/opt/rustwide/target:rw,Z" "-v" "/var/lib/crater-agent-workspace/cargo-home:/opt/rustwide/cargo-home:ro,Z" "-v" "/var/lib/crater-agent-workspace/rustup-home:/opt/rustwide/rustup-home:ro,Z" "-m" "1610612736" "--network" "none" "ghcr.io/rust-lang/crates-build-env/linux@sha256:77db811e55d90add9212f6832c23229e3de5f1c1f9905e8cb07319ea15df73ac" "sleep" "infinity", kill_on_drop: false }`
[INFO] [stdout] 3528c9119549d4d63c4a4c9e2b599d3d2418e57a17e7ca978f540d6160324449
[INFO] running `Command { std: "docker" "start" "3528c9119549d4d63c4a4c9e2b599d3d2418e57a17e7ca978f540d6160324449", kill_on_drop: false }`
[INFO] running `Command { std: "docker" "inspect" "3528c9119549d4d63c4a4c9e2b599d3d2418e57a17e7ca978f540d6160324449", kill_on_drop: false }`
[INFO] running `Command { std: "docker" "exec" "-e" "SOURCE_DIR=/opt/rustwide/workdir" "-e" "CARGO_HOME=/opt/rustwide/cargo-home" "-e" "RUSTUP_HOME=/opt/rustwide/rustup-home" "-e" "CARGO_TARGET_DIR=/opt/rustwide/target" "-w" "/opt/rustwide/workdir" "--user" "0:0" "3528c9119549d4d63c4a4c9e2b599d3d2418e57a17e7ca978f540d6160324449" "/opt/rustwide/cargo-home/bin/cargo" "+3154cc1a3e6424e44f438a95007d043ed5ceaaf6" "metadata" "--no-deps" "--format-version=1", kill_on_drop: false }`
[INFO] running `Command { std: "docker" "inspect" "3528c9119549d4d63c4a4c9e2b599d3d2418e57a17e7ca978f540d6160324449", kill_on_drop: false }`
[INFO] running `Command { std: "docker" "exec" "-e" "SOURCE_DIR=/opt/rustwide/workdir" "-e" "CARGO_HOME=/opt/rustwide/cargo-home" "-e" "RUSTUP_HOME=/opt/rustwide/rustup-home" "-e" "CARGO_TARGET_DIR=/opt/rustwide/target" "-e" "CARGO_INCREMENTAL=0" "-e" "RUST_BACKTRACE=full" "-e" "RUSTFLAGS=--cap-lints=forbid -Znext-solver=coherence" "-e" "RUSTDOCFLAGS=--cap-lints=forbid" "-w" "/opt/rustwide/workdir" "--user" "0:0" "3528c9119549d4d63c4a4c9e2b599d3d2418e57a17e7ca978f540d6160324449" "/opt/rustwide/cargo-home/bin/cargo" "+3154cc1a3e6424e44f438a95007d043ed5ceaaf6" "check" "--frozen" "--all" "--all-targets" "--message-format=json", kill_on_drop: false }`
[INFO] [stderr] warning: unused workspace dependency `tokio-util`
[INFO] [stderr]    --> Cargo.toml:110:25
[INFO] [stderr]     |
[INFO] [stderr] 110 | [workspace.dependencies.tokio-util]
[INFO] [stderr]     |                         ^^^^^^^^^^
[INFO] [stderr]     |
[INFO] [stderr]     = note: `cargo::unused_workspace_dependencies` is set to `warn` by default
[INFO] [stderr] help: consider removing the workspace dependency `tokio-util`
[INFO] [stderr] warning: workspace (manifest) generated 1 warning
[INFO] [stderr]    Compiling zeroize_derive v1.5.0
[INFO] [stderr]    Compiling tokio-macros v2.7.1
[INFO] [stderr]    Compiling thiserror-impl v2.0.19
[INFO] [stderr]    Compiling futures-macro v0.3.33
[INFO] [stderr]    Compiling displaydoc v0.2.6
[INFO] [stderr]     Checking mio v1.2.2
[INFO] [stderr]     Checking serde v1.0.229
[INFO] [stderr]     Checking serde_json v1.0.151
[INFO] [stderr]    Compiling rustix v1.1.4
[INFO] [stderr]    Compiling async-trait v0.1.91
[INFO] [stderr]     Checking crypto-common v0.1.7
[INFO] [stderr]     Checking getrandom v0.4.3
[INFO] [stderr]     Checking aho-corasick v1.1.4
[INFO] [stderr]     Checking getrandom v0.3.4
[INFO] [stderr]    Compiling ref-cast v1.0.26
[INFO] [stderr]    Compiling zerocopy v0.8.55
[INFO] [stderr]     Checking uuid v1.19.0
[INFO] [stderr]     Checking digest v0.10.7
[INFO] [stderr]     Checking num-bigint v0.4.8
[INFO] [stderr]    Compiling ref-cast-impl v1.0.26
[INFO] [stderr]     Checking indexmap v2.14.0
[INFO] [stderr]     Checking sha2 v0.10.9
[INFO] [stderr]     Checking agent-runtime-registry v0.1.0 (https://github.com/mai1015/agent-runtime.git?rev=5522585950f85a875ce0167393759b17a6db8b84#55225859)
[INFO] [stderr]     Checking zeroize v1.9.0
[INFO] [stderr]     Checking borrow-or-share v0.2.4
[INFO] [stderr]     Checking crossbeam-epoch v0.9.20
[INFO] [stderr]     Checking tokio v1.53.1
[INFO] [stderr]    Compiling async-stream-impl v0.3.6
[INFO] [stderr]     Checking futures-util v0.3.33
[INFO] [stderr]     Checking tinystr v0.8.3
[INFO] [stderr]     Checking zerotrie v0.2.4
[INFO] [stderr]     Checking icu_collections v2.2.0
[INFO] [stderr]     Checking icu_locale_core v2.2.0
[INFO] [stderr]     Checking fluent-uri v0.3.2
[INFO] [stderr]     Checking bstr v1.13.0
[INFO] [stderr]     Checking uuid-simd v0.8.0
[INFO] [stderr]     Checking async-stream v0.3.6
[INFO] [stderr]     Checking crossbeam-deque v0.8.7
[INFO] [stderr]     Checking email_address v0.2.9
[INFO] [stderr]    Compiling ring v0.17.14
[INFO] [stderr]     Checking http v1.4.2
[INFO] [stderr]     Checking toml_parser v1.1.2+spec-1.1.0
[INFO] [stderr]     Checking dbus v0.9.12
[INFO] [stderr]     Checking toml_datetime v0.7.5+spec-1.1.0
[INFO] [stderr]     Checking regex-automata v0.4.16
[INFO] [stderr]     Checking toml_writer v1.1.2+spec-1.1.0
[INFO] [stderr]     Checking thiserror v2.0.19
[INFO] [stderr]     Checking crypto-common v0.2.2
[INFO] [stderr]     Checking rustls-pki-types v1.15.1
[INFO] [stderr]    Compiling rustls v0.23.42
[INFO] [stderr]     Checking inout v0.2.2
[INFO] [stderr]     Checking futures-channel v0.3.33
[INFO] [stderr]     Checking serde_urlencoded v0.7.1
[INFO] [stderr]     Checking fs2 v0.4.3
[INFO] [stderr]     Checking either v1.17.0
[INFO] [stderr]     Checking toml v0.9.12+spec-1.1.0
[INFO] [stderr]     Checking toml_edit v0.23.10+spec-1.0.0
[INFO] [stderr]     Checking icu_provider v2.2.0
[INFO] [stderr]     Checking num-rational v0.4.2
[INFO] [stderr]    Compiling strum_macros v0.28.0
[INFO] [stderr]     Checking webpki-roots v1.0.9
[INFO] [stderr]     Checking itertools v0.14.0
[INFO] [stderr]     Checking parking_lot_core v0.9.12
[INFO] [stderr]     Checking icu_properties v2.2.0
[INFO] [stderr]     Checking icu_normalizer v2.2.0
[INFO] [stderr]     Checking num v0.4.3
[INFO] [stderr]     Checking http-body v1.1.0
[INFO] [stderr]     Checking fraction v0.15.4
[INFO] [stderr]     Checking cipher v0.5.2
[INFO] [stderr]     Checking universal-hash v0.6.1
[INFO] [stderr]     Checking poly1305 v0.9.1
[INFO] [stderr]     Checking http-body-util v0.1.4
[INFO] [stderr]     Checking aead v0.6.1
[INFO] [stderr]     Checking chacha20 v0.10.1
[INFO] [stderr]    Compiling darling_macro v0.20.11
[INFO] [stderr]    Compiling instability v0.3.10
[INFO] [stderr]     Checking compact_str v0.9.1
[INFO] [stderr]     Checking kasuari v0.4.12
[INFO] [stderr]    Compiling darling v0.20.11
[INFO] [stderr]     Checking parking_lot v0.12.5
[INFO] [stderr]     Checking chacha20poly1305 v0.11.0
[INFO] [stderr]    Compiling derive_more-impl v2.1.1
[INFO] [stderr]     Checking lru v0.18.1
[INFO] [stderr]     Checking signal-hook-mio v0.2.5
[INFO] [stderr]     Checking line-clipping v0.3.7
[INFO] [stderr]     Checking time v0.3.54
[INFO] [stderr]     Checking x11rb-protocol v0.13.2
[INFO] [stderr]     Checking image v0.25.10
[INFO] [stderr]     Checking derive_more v2.1.1
[INFO] [stderr]     Checking idna_adapter v1.2.2
[INFO] [stderr]     Checking idna v1.1.0
[INFO] [stderr]     Checking dbus-secret-service v4.1.0
[INFO] [stderr]     Checking unicode-truncate v2.0.1
[INFO] [stderr]     Checking strum v0.28.0
[INFO] [stderr]     Checking ratatui-core v0.1.2
[INFO] [stderr]     Checking keyring v3.6.3
[INFO] [stderr]     Checking url v2.5.8
[INFO] [stderr]     Checking fancy-regex v0.14.0
[INFO] [stderr]     Checking globset v0.4.19
[INFO] [stderr]     Checking ignore v0.4.31
[INFO] [stderr]     Checking ratatui-widgets v0.3.2
[INFO] [stderr]     Checking tokio-util v0.7.19
[INFO] [stderr]     Checking tower v0.5.3
[INFO] [stderr]     Checking ahash v0.8.12
[INFO] [stderr]     Checking tempfile v3.27.0
[INFO] [stderr]     Checking crossterm v0.29.0
[INFO] [stderr]     Checking gethostname v1.1.0
[INFO] [stderr]     Checking x11rb v0.13.2
[INFO] [stderr]     Checking referencing v0.28.3
[INFO] [stderr]     Checking tower-http v0.6.11
[INFO] [stderr]     Checking agent-runtime-core v0.1.0 (https://github.com/mai1015/agent-runtime.git?rev=5522585950f85a875ce0167393759b17a6db8b84#55225859)
[INFO] [stderr]     Checking h2 v0.4.15
[INFO] [stderr]     Checking rustls-webpki v0.103.13
[INFO] [stderr]     Checking ratatui-crossterm v0.1.2
[INFO] [stderr]     Checking jsonschema v0.28.3
[INFO] [stderr]     Checking ratatui v0.30.2
[INFO] [stderr]     Checking arboard v3.6.1
[INFO] [stderr]     Checking hyper v1.11.0
[INFO] [stderr]     Checking tokio-rustls v0.26.4
[INFO] [stderr]     Checking hyper-util v0.1.20
[INFO] [stderr]     Checking hyper-rustls v0.27.9
[INFO] [stderr]     Checking reqwest v0.12.28
[INFO] [stderr]     Checking agent-runtime-context v0.1.0 (https://github.com/mai1015/agent-runtime.git?rev=5522585950f85a875ce0167393759b17a6db8b84#55225859)
[INFO] [stderr]     Checking agent-runtime-ability v0.1.0 (https://github.com/mai1015/agent-runtime.git?rev=5522585950f85a875ce0167393759b17a6db8b84#55225859)
[INFO] [stderr]     Checking agent-runtime-provider v0.1.0 (https://github.com/mai1015/agent-runtime.git?rev=5522585950f85a875ce0167393759b17a6db8b84#55225859)
[INFO] [stderr]     Checking smith-host v0.0.1 (/opt/rustwide/workdir/crates/smith-host)
[INFO] [stderr]     Checking smith-tools v0.0.1 (/opt/rustwide/workdir/crates/smith-tools)
[INFO] [stderr]     Checking smith-config v0.0.1 (/opt/rustwide/workdir/crates/smith-config)
[INFO] [stderr]     Checking smith-tui v0.0.1 (/opt/rustwide/workdir/crates/smith-tui)
[INFO] [stderr]     Checking agent-runtime v0.1.0 (https://github.com/mai1015/agent-runtime.git?rev=5522585950f85a875ce0167393759b17a6db8b84#55225859)
[INFO] [stderr]     Checking agent-runtime-testkit v0.1.0 (https://github.com/mai1015/agent-runtime.git?rev=5522585950f85a875ce0167393759b17a6db8b84#55225859)
[INFO] [stderr]     Checking smith-runtime v0.0.1 (/opt/rustwide/workdir/crates/smith-runtime)
[INFO] [stdout] error[E0308]: mismatched types
[INFO] [stdout]     --> crates/smith-runtime/src/factory.rs:1296:25
[INFO] [stdout]      |
[INFO] [stdout] 1296 |         max_tool_steps: loop_config.max_tool_steps,
[INFO] [stdout]      |                         ^^^^^^^^^^^^^^^^^^^^^^^^^^ expected `Option<u32>`, found `u32`
[INFO] [stdout]      |
[INFO] [stdout]      = note: expected enum `std::option::Option<u32>`
[INFO] [stdout]                 found type `u32`
[INFO] [stdout] help: try wrapping the expression in `Some`
[INFO] [stdout]      |
[INFO] [stdout] 1296 |         max_tool_steps: Some(loop_config.max_tool_steps),
[INFO] [stdout]      |                         +++++                          +
[INFO] [stdout] 
[INFO] [stdout] 
[INFO] [stdout] error[E0308]: mismatched types
[INFO] [stdout]     --> crates/smith-runtime/src/factory.rs:2294:34
[INFO] [stdout]      |
[INFO] [stdout] 2294 |     loop_config.max_tool_steps = Some(config.limits.max_tool_steps.value);
[INFO] [stdout]      |     --------------------------   ^^^^^^^^^^^^^^^^^^^^^^^^^^^^^^^^^^^^^^^^ expected `u32`, found `Option<u32>`
[INFO] [stdout]      |     |
[INFO] [stdout]      |     expected due to the type of this binding
[INFO] [stdout]      |
[INFO] [stdout]      = note: expected type `u32`
[INFO] [stdout]                 found enum `std::option::Option<u32>`
[INFO] [stdout] 
[INFO] [stdout] 
[INFO] [stdout] error[E0308]: mismatched types
[INFO] [stdout]     --> crates/smith-runtime/src/factory.rs:1296:25
[INFO] [stdout]      |
[INFO] [stdout] 1296 |         max_tool_steps: loop_config.max_tool_steps,
[INFO] [stdout]      |                         ^^^^^^^^^^^^^^^^^^^^^^^^^^ expected `Option<u32>`, found `u32`
[INFO] [stdout]      |
[INFO] [stdout]      = note: expected enum `std::option::Option<u32>`
[INFO] [stdout]                 found type `u32`
[INFO] [stdout] help: try wrapping the expression in `Some`
[INFO] [stdout]      |
[INFO] [stdout] 1296 |         max_tool_steps: Some(loop_config.max_tool_steps),
[INFO] [stdout]      |                         +++++                          +
[INFO] [stdout] 
[INFO] [stdout] 
[INFO] [stdout] error[E0308]: mismatched types
[INFO] [stdout]     --> crates/smith-runtime/src/factory.rs:2294:34
[INFO] [stdout]      |
[INFO] [stdout] 2294 |     loop_config.max_tool_steps = Some(config.limits.max_tool_steps.value);
[INFO] [stdout]      |     --------------------------   ^^^^^^^^^^^^^^^^^^^^^^^^^^^^^^^^^^^^^^^^ expected `u32`, found `Option<u32>`
[INFO] [stdout]      |     |
[INFO] [stdout]      |     expected due to the type of this binding
[INFO] [stdout]      |
[INFO] [stdout]      = note: expected type `u32`
[INFO] [stdout]                 found enum `std::option::Option<u32>`
[INFO] [stdout] 
[INFO] [stdout] 
[INFO] [stdout] For more information about this error, try `rustc --explain E0308`.
[INFO] [stdout] 
[INFO] [stderr] error: could not compile `smith-runtime` (lib) due to 2 previous errors
[INFO] [stderr] warning: build failed, waiting for other jobs to finish...
[INFO] [stdout] For more information about this error, try `rustc --explain E0308`.
[INFO] [stdout] 
[INFO] [stderr] error: could not compile `smith-runtime` (lib test) due to 2 previous errors
[INFO] running `Command { std: "docker" "inspect" "3528c9119549d4d63c4a4c9e2b599d3d2418e57a17e7ca978f540d6160324449", kill_on_drop: false }`
[INFO] running `Command { std: "docker" "rm" "-f" "3528c9119549d4d63c4a4c9e2b599d3d2418e57a17e7ca978f540d6160324449", kill_on_drop: false }`
[INFO] [stdout] 3528c9119549d4d63c4a4c9e2b599d3d2418e57a17e7ca978f540d6160324449
