[INFO] cloning repository https://github.com/maheshmanvi/dry-cloud
[INFO] running `Command { std: "git" "-c" "credential.helper=" "-c" "credential.helper=/workspace/cargo-home/bin/git-credential-null" "clone" "--bare" "https://github.com/maheshmanvi/dry-cloud" "/workspace/cache/git-repos/https%3A%2F%2Fgithub.com%2Fmaheshmanvi%2Fdry-cloud", kill_on_drop: false }`
[INFO] [stderr] Cloning into bare repository '/workspace/cache/git-repos/https%3A%2F%2Fgithub.com%2Fmaheshmanvi%2Fdry-cloud'...
[INFO] running `Command { std: "git" "rev-parse" "HEAD", kill_on_drop: false }`
[INFO] [stdout] 712a13b7d6d0a27075eab4a6718b3bc96ede6629
[INFO] checking maheshmanvi/dry-cloud against 3154cc1a3e6424e44f438a95007d043ed5ceaaf6+rustflags=-Znext-solver=coherence for pr-133502-30
[INFO] running `Command { std: "git" "clone" "/workspace/cache/git-repos/https%3A%2F%2Fgithub.com%2Fmaheshmanvi%2Fdry-cloud" "/workspace/builds/worker-3-tc1/source", kill_on_drop: false }`
[INFO] [stderr] Cloning into '/workspace/builds/worker-3-tc1/source'...
[INFO] [stderr] done.
[INFO] started tweaking git repo https://github.com/maheshmanvi/dry-cloud
[INFO] finished tweaking git repo https://github.com/maheshmanvi/dry-cloud
[INFO] tweaked toml for git repo https://github.com/maheshmanvi/dry-cloud written to /workspace/builds/worker-3-tc1/source/Cargo.toml
[INFO] validating manifest of git repo https://github.com/maheshmanvi/dry-cloud on toolchain 3154cc1a3e6424e44f438a95007d043ed5ceaaf6
[INFO] running `Command { std: CARGO_HOME="/workspace/cargo-home" RUSTUP_HOME="/workspace/rustup-home" "/workspace/cargo-home/bin/cargo" "+3154cc1a3e6424e44f438a95007d043ed5ceaaf6" "metadata" "--manifest-path" "Cargo.toml" "--no-deps", kill_on_drop: false }`
[INFO] crate git repo https://github.com/maheshmanvi/dry-cloud already has a lockfile, it will not be regenerated
[INFO] running `Command { std: CARGO_HOME="/workspace/cargo-home" RUSTUP_HOME="/workspace/rustup-home" "/workspace/cargo-home/bin/cargo" "+3154cc1a3e6424e44f438a95007d043ed5ceaaf6" "fetch" "--manifest-path" "Cargo.toml", kill_on_drop: false }`
[INFO] running `Command { std: "docker" "create" "-v" "/var/lib/crater-agent-workspace/builds/worker-3-tc1/source:/opt/rustwide/workdir:ro,Z" "-v" "/var/lib/crater-agent-workspace/builds/worker-3-tc1/target:/opt/rustwide/target:rw,Z" "-v" "/var/lib/crater-agent-workspace/cargo-home:/opt/rustwide/cargo-home:ro,Z" "-v" "/var/lib/crater-agent-workspace/rustup-home:/opt/rustwide/rustup-home:ro,Z" "-m" "1610612736" "--network" "none" "ghcr.io/rust-lang/crates-build-env/linux@sha256:77db811e55d90add9212f6832c23229e3de5f1c1f9905e8cb07319ea15df73ac" "sleep" "infinity", kill_on_drop: false }`
[INFO] [stdout] c13100b75de0b5b4a68dd91cf33ef33e8bc13a121d43a8c12259b67b108c2d46
[INFO] running `Command { std: "docker" "start" "c13100b75de0b5b4a68dd91cf33ef33e8bc13a121d43a8c12259b67b108c2d46", kill_on_drop: false }`
[INFO] running `Command { std: "docker" "inspect" "c13100b75de0b5b4a68dd91cf33ef33e8bc13a121d43a8c12259b67b108c2d46", kill_on_drop: false }`
[INFO] running `Command { std: "docker" "exec" "-e" "SOURCE_DIR=/opt/rustwide/workdir" "-e" "CARGO_HOME=/opt/rustwide/cargo-home" "-e" "RUSTUP_HOME=/opt/rustwide/rustup-home" "-e" "CARGO_TARGET_DIR=/opt/rustwide/target" "-w" "/opt/rustwide/workdir" "--user" "0:0" "c13100b75de0b5b4a68dd91cf33ef33e8bc13a121d43a8c12259b67b108c2d46" "/opt/rustwide/cargo-home/bin/cargo" "+3154cc1a3e6424e44f438a95007d043ed5ceaaf6" "metadata" "--no-deps" "--format-version=1", kill_on_drop: false }`
[INFO] running `Command { std: "docker" "inspect" "c13100b75de0b5b4a68dd91cf33ef33e8bc13a121d43a8c12259b67b108c2d46", kill_on_drop: false }`
[INFO] running `Command { std: "docker" "exec" "-e" "SOURCE_DIR=/opt/rustwide/workdir" "-e" "CARGO_HOME=/opt/rustwide/cargo-home" "-e" "RUSTUP_HOME=/opt/rustwide/rustup-home" "-e" "CARGO_TARGET_DIR=/opt/rustwide/target" "-e" "CARGO_INCREMENTAL=0" "-e" "RUST_BACKTRACE=full" "-e" "RUSTFLAGS=--cap-lints=forbid -Znext-solver=coherence" "-e" "RUSTDOCFLAGS=--cap-lints=forbid" "-w" "/opt/rustwide/workdir" "--user" "0:0" "c13100b75de0b5b4a68dd91cf33ef33e8bc13a121d43a8c12259b67b108c2d46" "/opt/rustwide/cargo-home/bin/cargo" "+3154cc1a3e6424e44f438a95007d043ed5ceaaf6" "check" "--frozen" "--all" "--all-targets" "--message-format=json", kill_on_drop: false }`
[INFO] [stderr]    Compiling cc v1.4.0
[INFO] [stderr]    Compiling syn v3.0.3
[INFO] [stderr]    Compiling bytemuck_derive v1.11.0
[INFO] [stderr]    Compiling zerocopy v0.8.55
[INFO] [stderr]     Checking async-executor v1.14.0
[INFO] [stderr]     Checking syn v2.0.119
[INFO] [stderr]     Checking blocking v1.6.2
[INFO] [stderr]    Compiling async-recursion v1.1.1
[INFO] [stderr]    Compiling futures-macro v0.3.33
[INFO] [stderr]     Checking async-process v2.5.0
[INFO] [stderr]     Checking uuid v1.24.0
[INFO] [stderr]    Compiling gl_generator v0.14.0
[INFO] [stderr]     Checking mio v1.2.2
[INFO] [stderr]    Compiling winit v0.30.13
[INFO] [stderr]     Checking futures-channel v0.3.33
[INFO] [stderr]     Checking accesskit_consumer v0.31.0
[INFO] [stderr]     Checking xkbcommon-dl v0.4.2
[INFO] [stderr]     Checking dpi v0.1.2
[INFO] [stderr]     Checking epaint_default_fonts v0.33.3
[INFO] [stderr]     Checking smol_str v0.2.2
[INFO] [stderr]     Checking png v0.18.1
[INFO] [stderr]    Compiling glutin v0.32.3
[INFO] [stderr]    Compiling inotify-sys v0.1.8
[INFO] [stderr]     Checking regex-automata v0.4.18
[INFO] [stderr]    Compiling glutin-winit v0.5.0
[INFO] [stderr]     Checking memoffset v0.9.1
[INFO] [stderr]     Checking async-net v2.0.0
[INFO] [stderr]     Checking async-fs v2.2.0
[INFO] [stderr]    Compiling rfd v0.15.4
[INFO] [stderr]     Checking jiff-core v0.1.0
[INFO] [stderr]     Checking dirs-sys v0.5.0
[INFO] [stderr]     Checking inotify v0.11.4
[INFO] [stderr]     Checking notify-types v2.1.0
[INFO] [stderr]    Compiling glutin_glx_sys v0.6.1
[INFO] [stderr]    Compiling glutin_egl_sys v0.7.1
[INFO] [stderr]     Checking urlencoding v2.1.3
[INFO] [stderr]     Checking dirs v6.0.0
[INFO] [stderr]     Checking futures-util v0.3.33
[INFO] [stderr]     Checking bytemuck v1.25.2
[INFO] [stderr]     Checking notify v8.2.0
[INFO] [stderr]     Checking jiff v0.2.35
[INFO] [stderr]     Checking tiny-skia-path v0.11.4
[INFO] [stderr]     Checking emath v0.33.3
[INFO] [stderr]     Checking image v0.25.10
[INFO] [stderr]    Compiling wayland-backend v0.3.16
[INFO] [stderr]    Compiling ring v0.17.14
[INFO] [stderr]    Compiling libsqlite3-sys v0.35.0
[INFO] [stderr]    Compiling blake3 v1.8.5
[INFO] [stderr]     Checking tiny-skia v0.11.4
[INFO] [stderr]     Checking ecolor v0.33.3
[INFO] [stderr]     Checking regex v1.13.1
[INFO] [stderr]     Checking wayland-client v0.31.15
[INFO] [stderr]     Checking wayland-csd-frame v0.3.0
[INFO] [stderr]     Checking env_filter v2.0.0
[INFO] [stderr]     Checking arboard v3.6.1
[INFO] [stderr]     Checking env_logger v0.11.11
[INFO] [stderr]     Checking wayland-protocols v0.32.13
[INFO] [stderr]     Checking wayland-cursor v0.31.14
[INFO] [stderr]     Checking calloop-wayland-source v0.3.0
[INFO] [stderr]     Checking calloop-wayland-source v0.4.1
[INFO] [stderr]    Compiling serde_derive v1.0.229
[INFO] [stderr]    Compiling displaydoc v0.2.7
[INFO] [stderr]    Compiling serde_repr v0.1.21
[INFO] [stderr]    Compiling async-trait v0.1.91
[INFO] [stderr]    Compiling tokio-macros v2.7.2
[INFO] [stderr]    Compiling thiserror-impl v2.0.19
[INFO] [stderr]    Compiling rustls v0.23.43
[INFO] [stderr]     Checking ahash v0.8.12
[INFO] [stderr]     Checking ppv-lite86 v0.2.21
[INFO] [stderr]     Checking tokio v1.53.1
[INFO] [stderr]     Checking epaint v0.33.3
[INFO] [stderr]     Checking tinystr v0.8.3
[INFO] [stderr]     Checking zerotrie v0.2.4
[INFO] [stderr]     Checking icu_collections v2.2.0
[INFO] [stderr]     Checking icu_locale_core v2.2.0
[INFO] [stderr]     Checking rand_chacha v0.9.0
[INFO] [stderr]     Checking rand v0.9.5
[INFO] [stderr]     Checking thiserror v2.0.19
[INFO] [stderr]     Checking icu_provider v2.2.0
[INFO] [stderr]     Checking rustls-webpki v0.103.13
[INFO] [stderr]     Checking icu_properties v2.2.0
[INFO] [stderr]     Checking icu_normalizer v2.2.0
[INFO] [stderr]     Checking egui v0.33.3
[INFO] [stderr]    Compiling serde v1.0.229
[INFO] [stderr]     Checking zvariant_utils v3.5.0
[INFO] [stderr]     Checking enumflags2 v0.7.12
[INFO] [stderr]     Checking serde_urlencoded v0.7.1
[INFO] [stderr]     Checking idna_adapter v1.2.2
[INFO] [stderr]     Checking idna v1.1.0
[INFO] [stderr]    Compiling zvariant_derive v5.13.1
[INFO] [stderr]     Checking url v2.5.8
[INFO] [stderr]     Checking webbrowser v1.2.4
[INFO] [stderr]    Compiling zvariant v5.13.1
[INFO] [stderr]     Checking egui_glow v0.33.3
[INFO] [stderr]     Checking hyper v1.11.0
[INFO] [stderr]     Checking tokio-rustls v0.26.4
[INFO] [stderr]     Checking tower v0.5.3
[INFO] [stderr]     Checking tower-http v0.6.11
[INFO] [stderr]     Checking hyper-util v0.1.20
[INFO] [stderr]     Checking zbus_names v4.3.4
[INFO] [stderr]     Checking wayland-protocols-wlr v0.3.12
[INFO] [stderr]     Checking wayland-protocols-plasma v0.3.12
[INFO] [stderr]     Checking wayland-protocols-experimental v20250721.0.1
[INFO] [stderr]     Checking wayland-protocols-misc v0.3.12
[INFO] [stderr]     Checking zbus_xml v5.2.1
[INFO] [stderr]     Checking zbus-lockstep v0.5.2
[INFO] [stderr]     Checking hyper-rustls v0.27.9
[INFO] [stderr]     Checking rusqlite v0.37.0
[INFO] [stderr]     Checking reqwest v0.12.28
[INFO] [stderr]    Compiling zbus_macros v5.18.0
[INFO] [stderr]     Checking smithay-client-toolkit v0.19.2
[INFO] [stderr]     Checking smithay-client-toolkit v0.20.0
[INFO] [stderr]    Compiling zbus-lockstep-macros v0.5.2
[INFO] [stderr]     Checking sctk-adwaita v0.10.1
[INFO] [stderr]     Checking zbus v5.18.0
[INFO] [stderr]     Checking smithay-clipboard v0.7.3
[INFO] [stderr]     Checking atspi-common v0.9.0
[INFO] [stderr]     Checking ashpd v0.11.1
[INFO] [stderr]     Checking atspi-proxies v0.9.0
[INFO] [stderr]     Checking accesskit_atspi_common v0.14.2
[INFO] [stderr]     Checking atspi-connection v0.9.0
[INFO] [stderr]     Checking atspi v0.25.0
[INFO] [stderr]     Checking accesskit_unix v0.17.2
[INFO] [stderr]     Checking accesskit_winit v0.29.2
[INFO] [stderr]     Checking egui-winit v0.33.3
[INFO] [stderr]     Checking eframe v0.33.3
[INFO] [stderr]     Checking dry-cloud v1.0.0 (/opt/rustwide/workdir)
[INFO] [stdout] error[E0432]: unresolved import `oauth::DriveAuth`
[INFO] [stdout]  --> src/drive/mod.rs:7:9
[INFO] [stdout]   |
[INFO] [stdout] 7 | pub use oauth::DriveAuth;
[INFO] [stdout]   |         ^^^^^^^---------
[INFO] [stdout]   |                |
[INFO] [stdout]   |                no `DriveAuth` in `drive::oauth`
[INFO] [stdout] 
[INFO] [stdout] 
[INFO] [stdout] error[E0432]: unresolved import `upload::DriveUploader`
[INFO] [stdout]  --> src/drive/mod.rs:9:9
[INFO] [stdout]   |
[INFO] [stdout] 9 | pub use upload::DriveUploader;
[INFO] [stdout]   |         ^^^^^^^^-------------
[INFO] [stdout]   |                 |
[INFO] [stdout]   |                 no `DriveUploader` in `drive::upload`
[INFO] [stdout] 
[INFO] [stdout] 
[INFO] [stdout] error[E0432]: unresolved import `download::DriveDownloader`
[INFO] [stdout]   --> src/drive/mod.rs:10:9
[INFO] [stdout]    |
[INFO] [stdout] 10 | pub use download::DriveDownloader;
[INFO] [stdout]    |         ^^^^^^^^^^---------------
[INFO] [stdout]    |                   |
[INFO] [stdout]    |                   no `DriveDownloader` in `drive::download`
[INFO] [stdout] 
[INFO] [stdout] 
[INFO] [stdout] error[E0432]: unresolved import `changes::DriveChanges`
[INFO] [stdout]   --> src/drive/mod.rs:11:9
[INFO] [stdout]    |
[INFO] [stdout] 11 | pub use changes::DriveChanges;
[INFO] [stdout]    |         ^^^^^^^^^------------
[INFO] [stdout]    |                  |
[INFO] [stdout]    |                  no `DriveChanges` in `drive::changes`
[INFO] [stdout] 
[INFO] [stdout] 
[INFO] [stdout] error[E0432]: unresolved import `oauth::DriveAuth`
[INFO] [stdout]  --> src/drive/mod.rs:7:9
[INFO] [stdout]   |
[INFO] [stdout] 7 | pub use oauth::DriveAuth;
[INFO] [stdout]   |         ^^^^^^^---------
[INFO] [stdout]   |                |
[INFO] [stdout]   |                no `DriveAuth` in `drive::oauth`
[INFO] [stdout] 
[INFO] [stdout] 
[INFO] [stdout] error[E0432]: unresolved import `upload::DriveUploader`
[INFO] [stdout]  --> src/drive/mod.rs:9:9
[INFO] [stdout]   |
[INFO] [stdout] 9 | pub use upload::DriveUploader;
[INFO] [stdout]   |         ^^^^^^^^-------------
[INFO] [stdout]   |                 |
[INFO] [stdout]   |                 no `DriveUploader` in `drive::upload`
[INFO] [stdout] 
[INFO] [stdout] 
[INFO] [stdout] warning: unused import: `api::DriveApi`
[INFO] [stdout]  --> src/drive/mod.rs:8:9
[INFO] [stdout]   |
[INFO] [stdout] 8 | pub use api::DriveApi;
[INFO] [stdout]   |         ^^^^^^^^^^^^^
[INFO] [stdout]   |
[INFO] [stdout]   = note: `#[warn(unused_imports)]` (part of `#[warn(unused)]`) on by default
[INFO] [stdout] 
[INFO] [stdout] 
[INFO] [stdout] error[E0432]: unresolved import `download::DriveDownloader`
[INFO] [stdout]   --> src/drive/mod.rs:10:9
[INFO] [stdout]    |
[INFO] [stdout] 10 | pub use download::DriveDownloader;
[INFO] [stdout]    |         ^^^^^^^^^^---------------
[INFO] [stdout]    |                   |
[INFO] [stdout]    |                   no `DriveDownloader` in `drive::download`
[INFO] [stdout] 
[INFO] [stdout] 
[INFO] [stdout] error[E0432]: unresolved import `changes::DriveChanges`
[INFO] [stdout]   --> src/drive/mod.rs:11:9
[INFO] [stdout]    |
[INFO] [stdout] 11 | pub use changes::DriveChanges;
[INFO] [stdout]    |         ^^^^^^^^^------------
[INFO] [stdout]    |                  |
[INFO] [stdout]    |                  no `DriveChanges` in `drive::changes`
[INFO] [stdout] 
[INFO] [stdout] 
[INFO] [stdout] warning: unused import: `api::DriveApi`
[INFO] [stdout]  --> src/drive/mod.rs:8:9
[INFO] [stdout]   |
[INFO] [stdout] 8 | pub use api::DriveApi;
[INFO] [stdout]   |         ^^^^^^^^^^^^^
[INFO] [stdout]   |
[INFO] [stdout]   = note: `#[warn(unused_imports)]` (part of `#[warn(unused)]`) on by default
[INFO] [stdout] 
[INFO] [stdout] 
[INFO] [stdout] For more information about this error, try `rustc --explain E0432`.
[INFO] [stdout] 
[INFO] [stdout] For more information about this error, try `rustc --explain E0432`.
[INFO] [stdout] 
[INFO] [stderr] error: could not compile `dry-cloud` (bin "dry-cloud" test) due to 4 previous errors; 1 warning emitted
[INFO] [stderr] warning: build failed, waiting for other jobs to finish...
[INFO] [stderr] error: could not compile `dry-cloud` (bin "dry-cloud") due to 4 previous errors; 1 warning emitted
[INFO] running `Command { std: "docker" "inspect" "c13100b75de0b5b4a68dd91cf33ef33e8bc13a121d43a8c12259b67b108c2d46", kill_on_drop: false }`
[INFO] running `Command { std: "docker" "rm" "-f" "c13100b75de0b5b4a68dd91cf33ef33e8bc13a121d43a8c12259b67b108c2d46", kill_on_drop: false }`
[INFO] [stdout] c13100b75de0b5b4a68dd91cf33ef33e8bc13a121d43a8c12259b67b108c2d46
