[INFO] cloning repository https://github.com/m8f1m8f1/jinfu-search
[INFO] running `Command { std: "git" "-c" "credential.helper=" "-c" "credential.helper=/workspace/cargo-home/bin/git-credential-null" "clone" "--bare" "https://github.com/m8f1m8f1/jinfu-search" "/workspace/cache/git-repos/https%3A%2F%2Fgithub.com%2Fm8f1m8f1%2Fjinfu-search", kill_on_drop: false }`
[INFO] [stderr] Cloning into bare repository '/workspace/cache/git-repos/https%3A%2F%2Fgithub.com%2Fm8f1m8f1%2Fjinfu-search'...
[INFO] running `Command { std: "git" "rev-parse" "HEAD", kill_on_drop: false }`
[INFO] [stdout] 7518df9956fa4041a43797f951626fbbc449f096
[INFO] checking m8f1m8f1/jinfu-search against 3154cc1a3e6424e44f438a95007d043ed5ceaaf6 for pr-133502-30
[INFO] running `Command { std: "git" "clone" "/workspace/cache/git-repos/https%3A%2F%2Fgithub.com%2Fm8f1m8f1%2Fjinfu-search" "/workspace/builds/worker-7-tc2/source", kill_on_drop: false }`
[INFO] [stderr] Cloning into '/workspace/builds/worker-7-tc2/source'...
[INFO] [stderr] done.
[INFO] removed /workspace/builds/worker-7-tc2/source/.cargo/config.toml
[INFO] started tweaking git repo https://github.com/m8f1m8f1/jinfu-search
[INFO] finished tweaking git repo https://github.com/m8f1m8f1/jinfu-search
[INFO] tweaked toml for git repo https://github.com/m8f1m8f1/jinfu-search written to /workspace/builds/worker-7-tc2/source/Cargo.toml
[INFO] validating manifest of git repo https://github.com/m8f1m8f1/jinfu-search on toolchain 3154cc1a3e6424e44f438a95007d043ed5ceaaf6
[INFO] running `Command { std: CARGO_HOME="/workspace/cargo-home" RUSTUP_HOME="/workspace/rustup-home" "/workspace/cargo-home/bin/cargo" "+3154cc1a3e6424e44f438a95007d043ed5ceaaf6" "metadata" "--manifest-path" "Cargo.toml" "--no-deps", kill_on_drop: false }`
[INFO] crate git repo https://github.com/m8f1m8f1/jinfu-search already has a lockfile, it will not be regenerated
[INFO] running `Command { std: CARGO_HOME="/workspace/cargo-home" RUSTUP_HOME="/workspace/rustup-home" "/workspace/cargo-home/bin/cargo" "+3154cc1a3e6424e44f438a95007d043ed5ceaaf6" "fetch" "--manifest-path" "Cargo.toml", kill_on_drop: false }`
[INFO] running `Command { std: "docker" "create" "-v" "/var/lib/crater-agent-workspace/builds/worker-7-tc2/source:/opt/rustwide/workdir:ro,Z" "-v" "/var/lib/crater-agent-workspace/builds/worker-7-tc2/target:/opt/rustwide/target:rw,Z" "-v" "/var/lib/crater-agent-workspace/cargo-home:/opt/rustwide/cargo-home:ro,Z" "-v" "/var/lib/crater-agent-workspace/rustup-home:/opt/rustwide/rustup-home:ro,Z" "-m" "1610612736" "--network" "none" "ghcr.io/rust-lang/crates-build-env/linux@sha256:77db811e55d90add9212f6832c23229e3de5f1c1f9905e8cb07319ea15df73ac" "sleep" "infinity", kill_on_drop: false }`
[INFO] [stdout] b3e9b494ec9073b62c166082618eae49d635c2b471ac919958ade2e7b5d9ebe3
[INFO] running `Command { std: "docker" "start" "b3e9b494ec9073b62c166082618eae49d635c2b471ac919958ade2e7b5d9ebe3", kill_on_drop: false }`
[INFO] running `Command { std: "docker" "inspect" "b3e9b494ec9073b62c166082618eae49d635c2b471ac919958ade2e7b5d9ebe3", kill_on_drop: false }`
[INFO] running `Command { std: "docker" "exec" "-e" "SOURCE_DIR=/opt/rustwide/workdir" "-e" "CARGO_HOME=/opt/rustwide/cargo-home" "-e" "RUSTUP_HOME=/opt/rustwide/rustup-home" "-e" "CARGO_TARGET_DIR=/opt/rustwide/target" "-w" "/opt/rustwide/workdir" "--user" "0:0" "b3e9b494ec9073b62c166082618eae49d635c2b471ac919958ade2e7b5d9ebe3" "/opt/rustwide/cargo-home/bin/cargo" "+3154cc1a3e6424e44f438a95007d043ed5ceaaf6" "metadata" "--no-deps" "--format-version=1", kill_on_drop: false }`
[INFO] running `Command { std: "docker" "inspect" "b3e9b494ec9073b62c166082618eae49d635c2b471ac919958ade2e7b5d9ebe3", kill_on_drop: false }`
[INFO] running `Command { std: "docker" "exec" "-e" "SOURCE_DIR=/opt/rustwide/workdir" "-e" "CARGO_HOME=/opt/rustwide/cargo-home" "-e" "RUSTUP_HOME=/opt/rustwide/rustup-home" "-e" "CARGO_TARGET_DIR=/opt/rustwide/target" "-e" "CARGO_INCREMENTAL=0" "-e" "RUST_BACKTRACE=full" "-e" "RUSTFLAGS=--cap-lints=forbid" "-e" "RUSTDOCFLAGS=--cap-lints=forbid" "-w" "/opt/rustwide/workdir" "--user" "0:0" "b3e9b494ec9073b62c166082618eae49d635c2b471ac919958ade2e7b5d9ebe3" "/opt/rustwide/cargo-home/bin/cargo" "+3154cc1a3e6424e44f438a95007d043ed5ceaaf6" "check" "--frozen" "--all" "--all-targets" "--message-format=json", kill_on_drop: false }`
[INFO] [stderr]    Compiling serde v1.0.229
[INFO] [stderr]    Compiling smallvec v1.15.2
[INFO] [stderr]     Checking futures-sink v0.3.33
[INFO] [stderr]    Compiling syn v2.0.119
[INFO] [stderr]    Compiling syn v3.0.3
[INFO] [stderr]    Compiling syn v1.0.109
[INFO] [stderr]    Compiling gio v0.18.4
[INFO] [stderr]    Compiling x11 v2.21.0
[INFO] [stderr]     Checking futures-channel v0.3.33
[INFO] [stderr]    Compiling proc-macro-error-attr v1.0.4
[INFO] [stderr]    Compiling field-offset v0.3.6
[INFO] [stderr]    Compiling gtk v0.18.2
[INFO] [stderr]    Compiling thiserror v2.0.19
[INFO] [stderr]     Checking simd-adler32 v0.3.10
[INFO] [stderr]    Compiling libxdo-sys v0.11.0
[INFO] [stderr]    Compiling winnow v1.0.4
[INFO] [stderr]    Compiling toml_datetime v1.1.1+spec-1.1.0
[INFO] [stderr]    Compiling cfg-expr v0.15.8
[INFO] [stderr]    Compiling serde_json v1.0.151
[INFO] [stderr]    Compiling inotify-sys v0.1.8
[INFO] [stderr]    Compiling ref-cast v1.0.26
[INFO] [stderr]     Checking miniz_oxide v0.8.9
[INFO] [stderr]    Compiling libsqlite3-sys v0.36.0
[INFO] [stderr]     Checking crossbeam-channel v0.5.16
[INFO] [stderr]    Compiling toml_parser v1.1.3+spec-1.1.0
[INFO] [stderr]     Checking libloading v0.7.4
[INFO] [stderr]    Compiling x11-dl v2.21.0
[INFO] [stderr]     Checking percent-encoding v2.3.2
[INFO] [stderr]     Checking regex-syntax v0.8.11
[INFO] [stderr]     Checking hashbrown v0.16.1
[INFO] [stderr]     Checking form_urlencoded v1.2.2
[INFO] [stderr]     Checking dirs-sys v0.5.0
[INFO] [stderr]     Checking fdeflate v0.3.7
[INFO] [stderr]    Compiling rmcp v0.16.0
[INFO] [stderr]    Compiling proc-macro-error v1.0.4
[INFO] [stderr]     Checking clap_builder v4.6.5
[INFO] [stderr]     Checking dirs v6.0.0
[INFO] [stderr]     Checking inotify v0.11.4
[INFO] [stderr]     Checking tracing-log v0.2.0
[INFO] [stderr]     Checking libxdo v0.6.0
[INFO] [stderr]     Checking flate2 v1.1.9
[INFO] [stderr]     Checking notify-types v2.1.0
[INFO] [stderr]     Checking thread_local v1.1.10
[INFO] [stderr]     Checking windows-link v0.2.1
[INFO] [stderr]    Compiling pastey v0.2.3
[INFO] [stderr]    Compiling toml_datetime v0.6.3
[INFO] [stderr]    Compiling serde_spanned v0.6.9
[INFO] [stderr]    Compiling toml v1.1.4+spec-1.1.0
[INFO] [stderr]     Checking png v0.18.1
[INFO] [stderr]     Checking windows-sys v0.61.2
[INFO] [stderr]     Checking rustix v1.1.4
[INFO] [stderr]     Checking getrandom v0.4.3
[INFO] [stderr]     Checking notify v8.2.0
[INFO] [stderr]    Compiling toml_edit v0.20.2
[INFO] [stderr]    Compiling toml_edit v0.19.15
[INFO] [stderr]     Checking hashlink v0.11.1
[INFO] [stderr]     Checking regex-automata v0.4.16
[INFO] [stderr]    Compiling embed-resource v3.0.11
[INFO] [stderr]    Compiling jinfu-search v0.3.1 (/opt/rustwide/workdir)
[INFO] [stderr]     Checking tempfile v3.27.0
[INFO] [stderr]    Compiling proc-macro-crate v1.3.1
[INFO] [stderr]     Checking matchers v0.2.0
[INFO] [stderr]    Compiling toml v0.8.2
[INFO] [stderr]    Compiling proc-macro-crate v2.0.2
[INFO] [stderr]    Compiling serde_derive_internals v0.30.0
[INFO] [stderr]    Compiling system-deps v6.2.2
[INFO] [stderr]    Compiling displaydoc v0.2.7
[INFO] [stderr]    Compiling serde_derive v1.0.229
[INFO] [stderr]    Compiling thiserror-impl v2.0.19
[INFO] [stderr]    Compiling tokio-macros v2.7.2
[INFO] [stderr]    Compiling ref-cast-impl v1.0.26
[INFO] [stderr]    Compiling clap_derive v4.6.4
[INFO] [stderr]    Compiling async-trait v0.1.91
[INFO] [stderr]    Compiling synstructure v0.13.2
[INFO] [stderr]    Compiling darling_core v0.23.0
[INFO] [stderr]    Compiling schemars_derive v1.2.2
[INFO] [stderr]    Compiling glib-sys v0.18.1
[INFO] [stderr]    Compiling gobject-sys v0.18.0
[INFO] [stderr]    Compiling gio-sys v0.18.1
[INFO] [stderr]    Compiling gdk-sys v0.18.2
[INFO] [stderr]    Compiling gdk-pixbuf-sys v0.18.0
[INFO] [stderr]    Compiling cairo-sys-rs v0.18.2
[INFO] [stderr]    Compiling pango-sys v0.18.0
[INFO] [stderr]    Compiling atk-sys v0.18.2
[INFO] [stderr]    Compiling gtk-sys v0.18.2
[INFO] [stderr]    Compiling gdkx11-sys v0.18.2
[INFO] [stderr]     Checking tokio v1.53.1
[INFO] [stderr]    Compiling futures-macro v0.3.33
[INFO] [stderr]    Compiling zerofrom-derive v0.1.7
[INFO] [stderr]    Compiling yoke-derive v0.8.2
[INFO] [stderr]    Compiling thiserror-impl v1.0.69
[INFO] [stderr]    Compiling glib-macros v0.18.5
[INFO] [stderr]    Compiling zerovec-derive v0.11.3
[INFO] [stderr]    Compiling gtk3-macros v0.18.2
[INFO] [stderr]    Compiling tracing-attributes v0.1.31
[INFO] [stderr]    Compiling dlopen2_derive v0.4.3
[INFO] [stderr]     Checking clap v4.6.5
[INFO] [stderr]     Checking dlopen2 v0.8.2
[INFO] [stderr]     Checking futures-util v0.3.33
[INFO] [stderr]     Checking zerofrom v0.1.8
[INFO] [stderr]     Checking yoke v0.8.3
[INFO] [stderr]     Checking tracing v0.1.44
[INFO] [stderr]     Checking thiserror v1.0.69
[INFO] [stderr]     Checking tracing-subscriber v0.3.23
[INFO] [stderr]     Checking zerovec v0.11.6
[INFO] [stderr]     Checking zerotrie v0.2.4
[INFO] [stderr]     Checking gdkwayland-sys v0.18.2
[INFO] [stderr]     Checking tinystr v0.8.3
[INFO] [stderr]     Checking potential_utf v0.1.5
[INFO] [stderr]     Checking icu_collections v2.2.0
[INFO] [stderr]     Checking icu_locale_core v2.2.0
[INFO] [stderr]    Compiling darling_macro v0.23.0
[INFO] [stderr]    Compiling darling v0.23.0
[INFO] [stderr]    Compiling rmcp-macros v0.16.0
[INFO] [stderr]     Checking icu_provider v2.2.0
[INFO] [stderr]     Checking chrono v0.4.45
[INFO] [stderr]     Checking keyboard-types v0.7.0
[INFO] [stderr]     Checking icu_properties v2.2.0
[INFO] [stderr]     Checking icu_normalizer v2.2.0
[INFO] [stderr]     Checking libappindicator-sys v0.9.0
[INFO] [stderr]     Checking idna_adapter v1.2.2
[INFO] [stderr]     Checking idna v1.1.0
[INFO] [stderr]     Checking schemars v1.2.2
[INFO] [stderr]     Checking url v2.5.8
[INFO] [stderr]     Checking rusqlite v0.38.0
[INFO] [stderr]     Checking futures-executor v0.3.33
[INFO] [stderr]     Checking glib v0.18.5
[INFO] [stderr]     Checking futures v0.3.33
[INFO] [stderr]     Checking tokio-util v0.7.19
[INFO] [stderr]     Checking cairo-rs v0.18.5
[INFO] [stderr]     Checking atk v0.18.2
[INFO] [stderr]     Checking gdk-pixbuf v0.18.5
[INFO] [stderr]     Checking pango v0.18.3
[INFO] [stderr]     Checking gdk v0.18.2
[INFO] [stderr]     Checking libappindicator v0.9.0
[INFO] [stderr]     Checking muda v0.19.3
[INFO] [stderr]     Checking tao v0.34.8
[INFO] [stderr]     Checking tray-icon v0.24.2
[INFO] [stdout] warning: unused import: `collections::HashMap`
[INFO] [stdout]  --> src/lib.rs:7:5
[INFO] [stdout]   |
[INFO] [stdout] 7 |     collections::HashMap,
[INFO] [stdout]   |     ^^^^^^^^^^^^^^^^^^^^
[INFO] [stdout]   |
[INFO] [stdout]   = note: `#[warn(unused_imports)]` (part of `#[warn(unused)]`) on by default
[INFO] [stdout] 
[INFO] [stdout] 
[INFO] [stdout] warning: unused import: `collections::HashMap`
[INFO] [stdout]  --> src/lib.rs:7:5
[INFO] [stdout]   |
[INFO] [stdout] 7 |     collections::HashMap,
[INFO] [stdout]   |     ^^^^^^^^^^^^^^^^^^^^
[INFO] [stdout]   |
[INFO] [stdout]   = note: `#[warn(unused_imports)]` (part of `#[warn(unused)]`) on by default
[INFO] [stdout] 
[INFO] [stdout] 
[INFO] [stdout] warning: unused variable: `default_tray_start`
[INFO] [stdout]    --> src/app.rs:261:32
[INFO] [stdout]     |
[INFO] [stdout] 261 | fn report_error(message: &str, default_tray_start: bool, show_dialogs: bool) {
[INFO] [stdout]     |                                ^^^^^^^^^^^^^^^^^^ help: if this is intentional, prefix it with an underscore: `_default_tray_start`
[INFO] [stdout]     |
[INFO] [stdout]     = note: `#[warn(unused_variables)]` (part of `#[warn(unused)]`) on by default
[INFO] [stdout] 
[INFO] [stdout] 
[INFO] [stdout] warning: unused variable: `show_dialogs`
[INFO] [stdout]    --> src/app.rs:261:58
[INFO] [stdout]     |
[INFO] [stdout] 261 | fn report_error(message: &str, default_tray_start: bool, show_dialogs: bool) {
[INFO] [stdout]     |                                                          ^^^^^^^^^^^^ help: if this is intentional, prefix it with an underscore: `_show_dialogs`
[INFO] [stdout] 
[INFO] [stdout] 
[INFO] [stdout] warning: unused variable: `default_tray_start`
[INFO] [stdout]    --> src/app.rs:261:32
[INFO] [stdout]     |
[INFO] [stdout] 261 | fn report_error(message: &str, default_tray_start: bool, show_dialogs: bool) {
[INFO] [stdout]     |                                ^^^^^^^^^^^^^^^^^^ help: if this is intentional, prefix it with an underscore: `_default_tray_start`
[INFO] [stdout]     |
[INFO] [stdout]     = note: `#[warn(unused_variables)]` (part of `#[warn(unused)]`) on by default
[INFO] [stdout] 
[INFO] [stdout] 
[INFO] [stdout] warning: unused variable: `show_dialogs`
[INFO] [stdout]    --> src/app.rs:261:58
[INFO] [stdout]     |
[INFO] [stdout] 261 | fn report_error(message: &str, default_tray_start: bool, show_dialogs: bool) {
[INFO] [stdout]     |                                                          ^^^^^^^^^^^^ help: if this is intentional, prefix it with an underscore: `_show_dialogs`
[INFO] [stdout] 
[INFO] [stdout] 
[INFO] [stdout] error[E0433]: cannot find `mcp` in `jinfu_search`
[INFO] [stdout]   --> src/bin/jinfu-search-mcp.rs:5:33
[INFO] [stdout]    |
[INFO] [stdout]  5 |     let service = jinfu_search::mcp::JinfuSearchMcp::default()
[INFO] [stdout]    |                                 ^^^ could not find `mcp` in `jinfu_search`
[INFO] [stdout]    |
[INFO] [stdout] note: found an item that was configured out
[INFO] [stdout]   --> src/lib.rs:38:9
[INFO] [stdout]    |
[INFO] [stdout] 37 | #[cfg(windows)]
[INFO] [stdout]    |       ------- the item is gated here
[INFO] [stdout] 38 | pub mod mcp;
[INFO] [stdout]    |         ^^^
[INFO] [stdout] 
[INFO] [stdout] 
[INFO] [stdout] warning: method call on a diverging inference variable
[INFO] [stdout]  --> src/bin/jinfu-search-mcp.rs:8:13
[INFO] [stdout]   |
[INFO] [stdout] 8 |     service.waiting().await?;
[INFO] [stdout]   |             ^^^^^^^
[INFO] [stdout]   |
[INFO] [stdout]   = help: consider providing a type annotation
[INFO] [stdout]   = warning: this was previously accepted by the compiler but is being phased out; it will become a hard error in a future release!
[INFO] [stdout]   = note: for more information, see issue #156047 <https://github.com/rust-lang/rust/issues/156047>
[INFO] [stdout]   = note: `#[warn(method_call_on_diverging_infer_var)]` (part of `#[warn(future_incompatible)]`) on by default
[INFO] [stdout] 
[INFO] [stdout] 
[INFO] [stdout] error[E0433]: cannot find `mcp` in `jinfu_search`
[INFO] [stdout]   --> src/bin/jinfu-search-mcp.rs:5:33
[INFO] [stdout]    |
[INFO] [stdout]  5 |     let service = jinfu_search::mcp::JinfuSearchMcp::default()
[INFO] [stdout]    |                                 ^^^ could not find `mcp` in `jinfu_search`
[INFO] [stdout]    |
[INFO] [stdout] note: found an item that was configured out
[INFO] [stdout]   --> src/lib.rs:38:9
[INFO] [stdout]    |
[INFO] [stdout] 37 | #[cfg(windows)]
[INFO] [stdout]    |       ------- the item is gated here
[INFO] [stdout] 38 | pub mod mcp;
[INFO] [stdout]    |         ^^^
[INFO] [stdout] 
[INFO] [stdout] 
[INFO] [stdout] warning: method call on a diverging inference variable
[INFO] [stdout]  --> src/bin/jinfu-search-mcp.rs:8:13
[INFO] [stdout]   |
[INFO] [stdout] 8 |     service.waiting().await?;
[INFO] [stdout]   |             ^^^^^^^
[INFO] [stdout]   |
[INFO] [stdout]   = help: consider providing a type annotation
[INFO] [stdout]   = warning: this was previously accepted by the compiler but is being phased out; it will become a hard error in a future release!
[INFO] [stdout]   = note: for more information, see issue #156047 <https://github.com/rust-lang/rust/issues/156047>
[INFO] [stdout]   = note: `#[warn(method_call_on_diverging_infer_var)]` (part of `#[warn(future_incompatible)]`) on by default
[INFO] [stdout] 
[INFO] [stdout] 
[INFO] [stdout] error[E0599]: no method named `waiting` found for type `!` in the current scope
[INFO] [stdout]  --> src/bin/jinfu-search-mcp.rs:8:13
[INFO] [stdout]   |
[INFO] [stdout] 8 |     service.waiting().await?;
[INFO] [stdout]   |             ^^^^^^^ method not found in `!`
[INFO] [stdout] 
[INFO] [stdout] 
[INFO] [stdout] error[E0599]: no method named `waiting` found for type `!` in the current scope
[INFO] [stdout]  --> src/bin/jinfu-search-mcp.rs:8:13
[INFO] [stdout]   |
[INFO] [stdout] 8 |     service.waiting().await?;
[INFO] [stdout]   |             ^^^^^^^ method not found in `!`
[INFO] [stdout] 
[INFO] [stdout] 
[INFO] [stdout] Some errors have detailed explanations: E0433, E0599.
[INFO] [stdout] 
[INFO] [stdout] For more information about an error, try `rustc --explain E0433`.
[INFO] [stdout] 
[INFO] [stdout] Some errors have detailed explanations: E0433, E0599.
[INFO] [stdout] 
[INFO] [stderr] error: could not compile `jinfu-search` (bin "jinfu-search-mcp" test) due to 2 previous errors; 2 warnings emitted
[INFO] [stdout] For more information about an error, try `rustc --explain E0433`.
[INFO] [stdout] 
[INFO] [stderr] warning: build failed, waiting for other jobs to finish...
[INFO] [stderr] error: could not compile `jinfu-search` (bin "jinfu-search-mcp") due to 2 previous errors; 2 warnings emitted
[INFO] [stderr] warning: unused dependency `notify`
[INFO] [stderr]  --> Cargo.toml:5:1
[INFO] [stderr]   |
[INFO] [stderr] 5 | notify = "8.2"
[INFO] [stderr]   | ^^^^^^^^^^^^^^
[INFO] [stderr]   |
[INFO] [stderr]   = note: `cargo::unused_dependencies` is set to `warn` by default
[INFO] [stderr] help: consider removing the dependency on `notify`
[INFO] [stderr] warning: unused dependency `tao`
[INFO] [stderr]   --> Cargo.toml:28:15
[INFO] [stderr]    |
[INFO] [stderr] 28 | [dependencies.tao]
[INFO] [stderr]    |               ^^^^
[INFO] [stderr]    |
[INFO] [stderr] help: consider removing the dependency on `tao`
[INFO] [stderr] warning: unused dependency `tray-icon`
[INFO] [stderr]   --> Cargo.toml:40:15
[INFO] [stderr]    |
[INFO] [stderr] 40 | [dependencies.tray-icon]
[INFO] [stderr]    |               ^^^^^^^^^^
[INFO] [stderr]    |
[INFO] [stderr] help: consider removing the dependency on `tray-icon`
[INFO] [stderr] warning: unused dependency `windows-sys`
[INFO] [stderr]   --> Cargo.toml:44:15
[INFO] [stderr]    |
[INFO] [stderr] 44 | [dependencies.windows-sys]
[INFO] [stderr]    |               ^^^^^^^^^^^^
[INFO] [stderr]    |
[INFO] [stderr] help: consider removing the dependency on `windows-sys`
[INFO] [stderr] warning: `jinfu-search` (manifest) generated 4 warnings
[INFO] running `Command { std: "docker" "inspect" "b3e9b494ec9073b62c166082618eae49d635c2b471ac919958ade2e7b5d9ebe3", kill_on_drop: false }`
[INFO] running `Command { std: "docker" "rm" "-f" "b3e9b494ec9073b62c166082618eae49d635c2b471ac919958ade2e7b5d9ebe3", kill_on_drop: false }`
[INFO] [stdout] b3e9b494ec9073b62c166082618eae49d635c2b471ac919958ade2e7b5d9ebe3
