[INFO] cloning repository https://github.com/lythienne/rust-site-gen
[INFO] running `Command { std: "git" "-c" "credential.helper=" "-c" "credential.helper=/workspace/cargo-home/bin/git-credential-null" "clone" "--bare" "https://github.com/lythienne/rust-site-gen" "/workspace/cache/git-repos/https%3A%2F%2Fgithub.com%2Flythienne%2Frust-site-gen", kill_on_drop: false }`
[INFO] [stderr] Cloning into bare repository '/workspace/cache/git-repos/https%3A%2F%2Fgithub.com%2Flythienne%2Frust-site-gen'...
[INFO] running `Command { std: "git" "rev-parse" "HEAD", kill_on_drop: false }`
[INFO] [stdout] bef12d6f3978df8a446f06a61c6a53f7a85844f9
[INFO] checking lythienne/rust-site-gen against 3154cc1a3e6424e44f438a95007d043ed5ceaaf6+rustflags=-Znext-solver=coherence for pr-133502-30
[INFO] running `Command { std: "git" "clone" "/workspace/cache/git-repos/https%3A%2F%2Fgithub.com%2Flythienne%2Frust-site-gen" "/workspace/builds/worker-7-tc1/source", kill_on_drop: false }`
[INFO] [stderr] Cloning into '/workspace/builds/worker-7-tc1/source'...
[INFO] [stderr] done.
[INFO] started tweaking git repo https://github.com/lythienne/rust-site-gen
[INFO] finished tweaking git repo https://github.com/lythienne/rust-site-gen
[INFO] tweaked toml for git repo https://github.com/lythienne/rust-site-gen written to /workspace/builds/worker-7-tc1/source/Cargo.toml
[INFO] validating manifest of git repo https://github.com/lythienne/rust-site-gen on toolchain 3154cc1a3e6424e44f438a95007d043ed5ceaaf6
[INFO] running `Command { std: CARGO_HOME="/workspace/cargo-home" RUSTUP_HOME="/workspace/rustup-home" "/workspace/cargo-home/bin/cargo" "+3154cc1a3e6424e44f438a95007d043ed5ceaaf6" "metadata" "--manifest-path" "Cargo.toml" "--no-deps", kill_on_drop: false }`
[INFO] crate git repo https://github.com/lythienne/rust-site-gen already has a lockfile, it will not be regenerated
[INFO] running `Command { std: CARGO_HOME="/workspace/cargo-home" RUSTUP_HOME="/workspace/rustup-home" "/workspace/cargo-home/bin/cargo" "+3154cc1a3e6424e44f438a95007d043ed5ceaaf6" "fetch" "--manifest-path" "Cargo.toml", kill_on_drop: false }`
[INFO] running `Command { std: "docker" "create" "-v" "/var/lib/crater-agent-workspace/builds/worker-7-tc1/source:/opt/rustwide/workdir:ro,Z" "-v" "/var/lib/crater-agent-workspace/builds/worker-7-tc1/target:/opt/rustwide/target:rw,Z" "-v" "/var/lib/crater-agent-workspace/cargo-home:/opt/rustwide/cargo-home:ro,Z" "-v" "/var/lib/crater-agent-workspace/rustup-home:/opt/rustwide/rustup-home:ro,Z" "-m" "1610612736" "--network" "none" "ghcr.io/rust-lang/crates-build-env/linux@sha256:77db811e55d90add9212f6832c23229e3de5f1c1f9905e8cb07319ea15df73ac" "sleep" "infinity", kill_on_drop: false }`
[INFO] [stdout] 77b7deb9b43a78761c45825a78c97926b9af499c1a8ba6e4a1d4fc737e6cf8fb
[INFO] running `Command { std: "docker" "start" "77b7deb9b43a78761c45825a78c97926b9af499c1a8ba6e4a1d4fc737e6cf8fb", kill_on_drop: false }`
[INFO] running `Command { std: "docker" "inspect" "77b7deb9b43a78761c45825a78c97926b9af499c1a8ba6e4a1d4fc737e6cf8fb", kill_on_drop: false }`
[INFO] running `Command { std: "docker" "exec" "-e" "SOURCE_DIR=/opt/rustwide/workdir" "-e" "CARGO_HOME=/opt/rustwide/cargo-home" "-e" "RUSTUP_HOME=/opt/rustwide/rustup-home" "-e" "CARGO_TARGET_DIR=/opt/rustwide/target" "-w" "/opt/rustwide/workdir" "--user" "0:0" "77b7deb9b43a78761c45825a78c97926b9af499c1a8ba6e4a1d4fc737e6cf8fb" "/opt/rustwide/cargo-home/bin/cargo" "+3154cc1a3e6424e44f438a95007d043ed5ceaaf6" "metadata" "--no-deps" "--format-version=1", kill_on_drop: false }`
[INFO] running `Command { std: "docker" "inspect" "77b7deb9b43a78761c45825a78c97926b9af499c1a8ba6e4a1d4fc737e6cf8fb", kill_on_drop: false }`
[INFO] running `Command { std: "docker" "exec" "-e" "SOURCE_DIR=/opt/rustwide/workdir" "-e" "CARGO_HOME=/opt/rustwide/cargo-home" "-e" "RUSTUP_HOME=/opt/rustwide/rustup-home" "-e" "CARGO_TARGET_DIR=/opt/rustwide/target" "-e" "CARGO_INCREMENTAL=0" "-e" "RUST_BACKTRACE=full" "-e" "RUSTFLAGS=--cap-lints=forbid -Znext-solver=coherence" "-e" "RUSTDOCFLAGS=--cap-lints=forbid" "-w" "/opt/rustwide/workdir" "--user" "0:0" "77b7deb9b43a78761c45825a78c97926b9af499c1a8ba6e4a1d4fc737e6cf8fb" "/opt/rustwide/cargo-home/bin/cargo" "+3154cc1a3e6424e44f438a95007d043ed5ceaaf6" "check" "--frozen" "--all" "--all-targets" "--message-format=json", kill_on_drop: false }`
[INFO] [stderr]     Checking site_gen v0.1.0 (/opt/rustwide/workdir)
[INFO] [stdout] error[E0425]: cannot find value `curr` in this scope
[INFO] [stdout]   --> src/lexer.rs:28:23
[INFO] [stdout]    |
[INFO] [stdout] 14 |     curr: Option<char>,
[INFO] [stdout]    |     ---- a field by that name exists in `Self`
[INFO] [stdout] ...
[INFO] [stdout] 28 |         Lexer { curr: curr, chars: chars }
[INFO] [stdout]    |                       ^^^^
[INFO] [stdout] 
[INFO] [stdout] 
[INFO] [stdout] error[E0308]: mismatched types
[INFO] [stdout]   --> src/lexer.rs:60:34
[INFO] [stdout]    |
[INFO] [stdout] 60 |     fn lex_newline(&mut self) -> Token {
[INFO] [stdout]    |        -----------               ^^^^^ expected `Token`, found `()`
[INFO] [stdout]    |        |
[INFO] [stdout]    |        implicitly returns `()` as its body has no tail or `return` expression
[INFO] [stdout] 
[INFO] [stdout] 
[INFO] [stdout] error[E0425]: cannot find value `curr` in this scope
[INFO] [stdout]   --> src/lexer.rs:28:23
[INFO] [stdout]    |
[INFO] [stdout] 14 |     curr: Option<char>,
[INFO] [stdout]    |     ---- a field by that name exists in `Self`
[INFO] [stdout] ...
[INFO] [stdout] 28 |         Lexer { curr: curr, chars: chars }
[INFO] [stdout]    |                       ^^^^
[INFO] [stdout] 
[INFO] [stdout] 
[INFO] [stdout] Some errors have detailed explanations: E0308, E0425.
[INFO] [stdout] 
[INFO] [stdout] For more information about an error, try `rustc --explain E0308`.
[INFO] [stdout] 
[INFO] [stderr] error: could not compile `site_gen` (bin "site_gen" test) due to 2 previous errors
[INFO] [stderr] warning: build failed, waiting for other jobs to finish...
[INFO] [stdout] error[E0308]: mismatched types
[INFO] [stdout]   --> src/lexer.rs:60:34
[INFO] [stdout]    |
[INFO] [stdout] 60 |     fn lex_newline(&mut self) -> Token {
[INFO] [stdout]    |        -----------               ^^^^^ expected `Token`, found `()`
[INFO] [stdout]    |        |
[INFO] [stdout]    |        implicitly returns `()` as its body has no tail or `return` expression
[INFO] [stdout] 
[INFO] [stdout] 
[INFO] [stdout] Some errors have detailed explanations: E0308, E0425.
[INFO] [stdout] 
[INFO] [stdout] For more information about an error, try `rustc --explain E0308`.
[INFO] [stdout] 
[INFO] [stderr] error: could not compile `site_gen` (bin "site_gen") due to 2 previous errors
[INFO] running `Command { std: "docker" "inspect" "77b7deb9b43a78761c45825a78c97926b9af499c1a8ba6e4a1d4fc737e6cf8fb", kill_on_drop: false }`
[INFO] running `Command { std: "docker" "rm" "-f" "77b7deb9b43a78761c45825a78c97926b9af499c1a8ba6e4a1d4fc737e6cf8fb", kill_on_drop: false }`
[INFO] [stdout] 77b7deb9b43a78761c45825a78c97926b9af499c1a8ba6e4a1d4fc737e6cf8fb
