[INFO] cloning repository https://github.com/luoxiprovo/bearmail
[INFO] running `Command { std: "git" "-c" "credential.helper=" "-c" "credential.helper=/workspace/cargo-home/bin/git-credential-null" "clone" "--bare" "https://github.com/luoxiprovo/bearmail" "/workspace/cache/git-repos/https%3A%2F%2Fgithub.com%2Fluoxiprovo%2Fbearmail", kill_on_drop: false }`
[INFO] [stderr] Cloning into bare repository '/workspace/cache/git-repos/https%3A%2F%2Fgithub.com%2Fluoxiprovo%2Fbearmail'...
[INFO] running `Command { std: "git" "rev-parse" "HEAD", kill_on_drop: false }`
[INFO] [stdout] 4fdab2e6f29a801f0c4e4d2e9fdea8de9d6b6198
[INFO] checking luoxiprovo/bearmail/4fdab2e6f29a801f0c4e4d2e9fdea8de9d6b6198 against 3154cc1a3e6424e44f438a95007d043ed5ceaaf6+rustflags=-Znext-solver=coherence for pr-133502-30
[INFO] running `Command { std: "git" "clone" "/workspace/cache/git-repos/https%3A%2F%2Fgithub.com%2Fluoxiprovo%2Fbearmail" "/workspace/builds/worker-4-tc1/source", kill_on_drop: false }`
[INFO] [stderr] Cloning into '/workspace/builds/worker-4-tc1/source'...
[INFO] [stderr] done.
[INFO] [stderr] Updating files:  66% (1199/1793)
Updating files:  67% (1202/1793)
Updating files:  68% (1220/1793)
Updating files:  69% (1238/1793)
Updating files:  70% (1256/1793)
Updating files:  71% (1274/1793)
Updating files:  72% (1291/1793)
Updating files:  73% (1309/1793)
Updating files:  74% (1327/1793)
Updating files:  75% (1345/1793)
Updating files:  76% (1363/1793)
Updating files:  77% (1381/1793)
Updating files:  78% (1399/1793)
Updating files:  79% (1417/1793)
Updating files:  80% (1435/1793)
Updating files:  81% (1453/1793)
Updating files:  82% (1471/1793)
Updating files:  83% (1489/1793)
Updating files:  84% (1507/1793)
Updating files:  85% (1525/1793)
Updating files:  86% (1542/1793)
Updating files:  87% (1560/1793)
Updating files:  88% (1578/1793)
Updating files:  89% (1596/1793)
Updating files:  90% (1614/1793)
Updating files:  91% (1632/1793)
Updating files:  92% (1650/1793)
Updating files:  93% (1668/1793)
Updating files:  94% (1686/1793)
Updating files:  95% (1704/1793)
Updating files:  96% (1722/1793)
Updating files:  97% (1740/1793)
Updating files:  98% (1758/1793)
Updating files:  99% (1776/1793)
Updating files: 100% (1793/1793)
Updating files: 100% (1793/1793), done.
[INFO] started tweaking git repo https://github.com/luoxiprovo/bearmail
[INFO] finished tweaking git repo https://github.com/luoxiprovo/bearmail
[INFO] tweaked toml for git repo https://github.com/luoxiprovo/bearmail written to /workspace/builds/worker-4-tc1/source/Cargo.toml
[INFO] validating manifest of git repo https://github.com/luoxiprovo/bearmail on toolchain 3154cc1a3e6424e44f438a95007d043ed5ceaaf6
[INFO] running `Command { std: CARGO_HOME="/workspace/cargo-home" RUSTUP_HOME="/workspace/rustup-home" "/workspace/cargo-home/bin/cargo" "+3154cc1a3e6424e44f438a95007d043ed5ceaaf6" "metadata" "--manifest-path" "Cargo.toml" "--no-deps", kill_on_drop: false }`
[INFO] crate git repo https://github.com/luoxiprovo/bearmail already has a lockfile, it will not be regenerated
[INFO] running `Command { std: CARGO_HOME="/workspace/cargo-home" RUSTUP_HOME="/workspace/rustup-home" "/workspace/cargo-home/bin/cargo" "+3154cc1a3e6424e44f438a95007d043ed5ceaaf6" "fetch" "--manifest-path" "Cargo.toml", kill_on_drop: false }`
[INFO] [stderr]     Updating crates.io index
[INFO] [stderr]     Updating git repository `https://github.com/stalwartlabs/opentelemetry-rust`
[INFO] [stderr]     Updating git submodule `https://github.com/open-telemetry/opentelemetry-proto`
[INFO] [stderr]     Blocking waiting for file lock on package cache
[INFO] [stderr]  Downloading crates ...
[INFO] [stderr]   Downloaded rand_core v0.10.1
[INFO] [stderr]   Downloaded x509-parser v0.18.1
[INFO] [stderr]   Downloaded oid-registry v0.8.1
[INFO] [stderr]   Downloaded rend v0.5.4
[INFO] [stderr]   Downloaded munge_macro v0.4.7
[INFO] [stderr]   Downloaded ptr_meta v0.3.1
[INFO] [stderr]   Downloaded ptr_meta_derive v0.3.1
[INFO] [stderr]   Downloaded asn1-rs-impl v0.2.0
[INFO] [stderr]   Downloaded sha1_smol v1.0.1
[INFO] [stderr]   Downloaded bytecheck v0.8.2
[INFO] [stderr]   Downloaded rancor v0.1.2
[INFO] [stderr]   Downloaded bytecheck_derive v0.8.2
[INFO] [stderr]   Downloaded munge v0.4.7
[INFO] [stderr]   Downloaded rand_pcg v0.10.2
[INFO] [stderr]   Downloaded asn1-rs-derive v0.6.0
[INFO] [stderr]   Downloaded untrusted v0.7.1
[INFO] [stderr]   Downloaded fs_extra v1.3.0
[INFO] [stderr]   Downloaded cmake v0.1.58
[INFO] [stderr]   Downloaded xxhash-rust v0.8.18
[INFO] [stderr]   Downloaded rkyv_derive v0.8.17
[INFO] [stderr]   Downloaded compression-core v0.4.32
[INFO] [stderr]   Downloaded rustls-native-certs v0.8.4
[INFO] [stderr]   Downloaded cpufeatures v0.3.0
[INFO] [stderr]   Downloaded inout v0.2.2
[INFO] [stderr]   Downloaded mime_guess v2.0.5
[INFO] [stderr]   Downloaded sha1 v0.11.0
[INFO] [stderr]   Downloaded cpubits v0.1.1
[INFO] [stderr]   Downloaded num-iter v0.1.46
[INFO] [stderr]   Downloaded tagptr v0.2.0
[INFO] [stderr]   Downloaded asn1-rs v0.7.2
[INFO] [stderr]   Downloaded der-parser v10.0.0
[INFO] [stderr]   Downloaded data-encoding v2.11.0
[INFO] [stderr]   Downloaded rtrb v0.3.4
[INFO] [stderr]   Downloaded compression-codecs v0.4.38
[INFO] [stderr]   Downloaded rustls-platform-verifier v0.7.0
[INFO] [stderr]   Downloaded quinn-udp v0.5.15
[INFO] [stderr]   Downloaded chacha20 v0.10.1
[INFO] [stderr]   Downloaded cipher v0.5.2
[INFO] [stderr]   Downloaded ctutils v0.4.2
[INFO] [stderr]   Downloaded cmov v0.5.4
[INFO] [stderr]   Downloaded block-padding v0.4.2
[INFO] [stderr]   Downloaded fastbloom v0.17.0
[INFO] [stderr]   Downloaded const-oid v0.10.2
[INFO] [stderr]   Downloaded ppmd-rust v1.4.0
[INFO] [stderr]   Downloaded pbkdf2 v0.13.0
[INFO] [stderr]   Downloaded hmac v0.13.0
[INFO] [stderr]   Downloaded sha2 v0.11.0
[INFO] [stderr]   Downloaded deflate64 v0.1.12
[INFO] [stderr]   Downloaded constant_time_eq v0.4.2
[INFO] [stderr]   Downloaded mail-builder v0.4.4
[INFO] [stderr]   Downloaded resolv-conf v0.7.6
[INFO] [stderr]   Downloaded lru-cache v0.1.2
[INFO] [stderr]   Downloaded psl-types v2.0.11
[INFO] [stderr]   Downloaded async-compression v0.4.43
[INFO] [stderr]   Downloaded quinn v0.11.11
[INFO] [stderr]   Downloaded hashify v0.2.9
[INFO] [stderr]   Downloaded zopfli v0.8.3
[INFO] [stderr]   Downloaded bzip2 v0.6.1
[INFO] [stderr]   Downloaded libbz2-rs-sys v0.2.5
[INFO] [stderr]   Downloaded similar v3.1.1
[INFO] [stderr]   Downloaded rsa v0.9.10
[INFO] [stderr]   Downloaded ipconfig v0.3.4
[INFO] [stderr]   Downloaded prefix-trie v0.8.4
[INFO] [stderr]   Downloaded castaway v0.2.4
[INFO] [stderr]   Downloaded smtp-proto v0.2.2
[INFO] [stderr]   Downloaded rcgen v0.14.8
[INFO] [stderr]   Downloaded yasna v0.6.0
[INFO] [stderr]   Downloaded bit-vec v0.9.1
[INFO] [stderr]   Downloaded pem v3.0.6
[INFO] [stderr]   Downloaded privdrop v0.5.6
[INFO] [stderr]   Downloaded nohash-hasher v0.2.0
[INFO] [stderr]   Downloaded portable-atomic v1.14.0
[INFO] [stderr]   Downloaded rkyv v0.8.17
[INFO] [stderr]   Downloaded webpki-root-certs v1.0.9
[INFO] [stderr]   Downloaded rand v0.10.2
[INFO] [stderr]   Downloaded typed-path v0.12.3
[INFO] [stderr]   Downloaded aes v0.9.2
[INFO] [stderr]   Downloaded num-bigint-dig v0.8.6
[INFO] [stderr]   Downloaded widestring v1.2.1
[INFO] [stderr]   Downloaded compact_str v0.10.0
[INFO] [stderr]   Downloaded base64 v0.23.0
[INFO] [stderr]   Downloaded quick_cache v0.7.0
[INFO] [stderr]   Downloaded pem v4.0.0
[INFO] [stderr]   Downloaded fast-float v0.2.0
[INFO] [stderr]   Downloaded arcstr v1.2.0
[INFO] [stderr]   Downloaded jmap-tools v0.1.6
[INFO] [stderr]   Downloaded schemars_derive v1.2.2
[INFO] [stderr]   Downloaded serde_derive_internals v0.30.0
[INFO] [stderr]   Downloaded aws-lc-rs v1.17.3
[INFO] [stderr]   Downloaded zlib-rs v0.6.6
[INFO] [stderr]   Downloaded quinn-proto v0.11.16
[INFO] [stderr]   Downloaded webpki-roots v1.0.9
[INFO] [stderr]   Downloaded zip v8.6.0
[INFO] [stderr]   Downloaded hickory-resolver v0.26.1
[INFO] [stderr]   Downloaded moka v0.12.15
[INFO] [stderr]   Downloaded hickory-net v0.26.1
[INFO] [stderr]   Downloaded aho-corasick v1.1.4
[INFO] [stderr]   Downloaded psl v2.1.223
[INFO] [stderr]   Downloaded testcontainers v0.27.3
[INFO] [stderr]   Downloaded prost v0.14.4
[INFO] [stderr]   Downloaded twox-hash v2.1.3
[INFO] [stderr]   Downloaded mail-auth v0.11.2
[INFO] [stderr]   Downloaded lzma-rust2 v0.16.5
[INFO] [stderr]   Downloaded bstr v1.13.0
[INFO] [stderr]   Downloaded hickory-proto v0.26.1
[INFO] [stderr]   Downloaded pure-rust-locales v0.8.2
[INFO] [stderr]   Downloaded blake3 v1.8.5
[INFO] [stderr]   Downloaded lz4_flex v0.14.0
[INFO] [stderr]   Downloaded libz-sys v1.1.29
[INFO] [stderr]   Downloaded mail-parser v0.11.5
[INFO] [stderr]   Downloaded zstd-sys v2.0.16+zstd.1.5.7
[INFO] [stderr]   Downloaded regex-automata v0.4.16
[INFO] [stderr]   Downloaded crc16 v0.4.0
[INFO] [stderr]   Downloaded nohash v0.2.0
[INFO] [stderr]   Downloaded maplit v1.0.2
[INFO] [stderr]   Downloaded include-flate-compress v0.3.4
[INFO] [stderr]   Downloaded adler32 v1.2.0
[INFO] [stderr]   Downloaded include-flate-codegen v0.3.4
[INFO] [stderr]   Downloaded proc-macro-error-attr3 v3.1.0
[INFO] [stderr]   Downloaded bincode_derive v2.0.1
[INFO] [stderr]   Downloaded parse-display v0.9.1
[INFO] [stderr]   Downloaded parse-display-derive v0.9.1
[INFO] [stderr]   Downloaded structmeta v0.3.0
[INFO] [stderr]   Downloaded structmeta-derive v0.3.0
[INFO] [stderr]   Downloaded ferroid v2.0.0
[INFO] [stderr]   Downloaded etcetera v0.11.0
[INFO] [stderr]   Downloaded docker_credential v1.4.0
[INFO] [stderr]   Downloaded bollard v0.20.2
[INFO] [stderr]   Downloaded tonic v0.14.6
[INFO] [stderr]   Downloaded hyper-timeout v0.5.2
[INFO] [stderr]   Downloaded matchit v0.8.4
[INFO] [stderr]   Downloaded farmhash v1.1.5
[INFO] [stderr]   Downloaded axum-core v0.5.6
[INFO] [stderr]   Downloaded hyper-named-pipe v0.1.1
[INFO] [stderr]   Downloaded scheduled-thread-pool v0.2.7
[INFO] [stderr]   Downloaded num v0.4.3
[INFO] [stderr]   Downloaded home v0.5.12
[INFO] [stderr]   Downloaded bollard-stubs v1.52.1-rc.29.1.3
[INFO] [stderr]   Downloaded include-flate v0.3.4
[INFO] [stderr]   Downloaded libflate_lz77 v2.3.0
[INFO] [stderr]   Downloaded sha1 v0.10.7
[INFO] [stderr]   Downloaded saturating v0.1.0
[INFO] [stderr]   Downloaded axum v0.8.9
[INFO] [stderr]   Downloaded hyperlocal v0.9.1
[INFO] [stderr]   Downloaded deadpool-runtime v0.3.1
[INFO] [stderr]   Downloaded instant v0.1.13
[INFO] [stderr]   Downloaded manyhow-macros v0.11.4
[INFO] [stderr]   Downloaded serde_bytes v0.11.19
[INFO] [stderr]   Downloaded infer v0.2.3
[INFO] [stderr]   Downloaded aws-lc-sys v0.43.0
[INFO] [stderr]   Downloaded prost-derive v0.14.4
[INFO] [stderr]   Downloaded fallible-iterator v0.2.0
[INFO] [stderr]   Downloaded btoi v0.5.0
[INFO] [stderr]   Downloaded waker-fn v1.2.0
[INFO] [stderr]   Downloaded bollard-buildkit-proto v0.7.0
[INFO] [stderr]   Downloaded ureq v3.3.0
[INFO] [stderr]   Downloaded utf8-zero v0.8.1
[INFO] [stderr]   Downloaded ureq-proto v0.6.0
[INFO] [stderr]   Downloaded tonic-prost v0.14.6
[INFO] [stderr]   Downloaded prost-types v0.14.4
[INFO] [stderr]   Downloaded async-stream v0.3.6
[INFO] [stderr]   Downloaded async-stream-impl v0.3.6
[INFO] [stderr]   Downloaded astral-tokio-tar v0.6.4
[INFO] [stderr]   Downloaded tokio-postgres v0.7.18
[INFO] [stderr]   Downloaded whoami v2.1.2
[INFO] [stderr]   Downloaded wasite v1.0.2
[INFO] [stderr]   Downloaded wasi v0.14.7+wasi-0.2.4
[INFO] [stderr]   Downloaded objc2-system-configuration v0.3.2
[INFO] [stderr]   Downloaded postgres-types v0.2.14
[INFO] [stderr]   Downloaded postgres-protocol v0.6.12
[INFO] [stderr]   Downloaded stringprep v0.1.5
[INFO] [stderr]   Downloaded unicode-normalization v0.1.25
[INFO] [stderr]   Downloaded md-5 v0.11.0
[INFO] [stderr]   Downloaded rust-s3 v0.37.2
[INFO] [stderr]   Downloaded sysinfo v0.37.2
[INFO] [stderr]   Downloaded objc2-io-kit v0.3.2
[INFO] [stderr]   Downloaded quick-xml v0.38.4
[INFO] [stderr]   Downloaded md5 v0.8.1
[INFO] [stderr]   Downloaded maybe-async v0.2.11
[INFO] [stderr]   Downloaded aws-region v0.28.1
[INFO] [stderr]   Downloaded rust-ini v0.21.3
[INFO] [stderr]   Downloaded ordered-multimap v0.7.3
[INFO] [stderr]   Downloaded deadpool-runtime v0.1.4
[INFO] [stderr]   Downloaded ntapi v0.4.3
[INFO] [stderr]   Downloaded aws-creds v0.39.1
[INFO] [stderr]   Downloaded attohttpc v0.30.1
[INFO] [stderr]   Downloaded rusqlite v0.40.1
[INFO] [stderr]   Downloaded rsqlite-vfs v0.1.1
[INFO] [stderr]   Downloaded hashlink v0.12.1
[INFO] [stderr]   Downloaded fallible-streaming-iterator v0.1.9
[INFO] [stderr]   Downloaded fallible-iterator v0.3.0
[INFO] [stderr]   Downloaded rocksdb v0.24.0
[INFO] [stderr]   Downloaded radsort v0.1.1
[INFO] [stderr]   Downloaded keyed_priority_queue v0.4.2
[INFO] [stderr]   Downloaded foundationdb-macros v0.4.0
[INFO] [stderr]   Downloaded fastrand v1.9.0
[INFO] [stderr]   Downloaded derive_builder_macro v0.20.2
[INFO] [stderr]   Downloaded twofish v0.7.1
[INFO] [stderr]   Downloaded tap v1.0.1
[INFO] [stderr]   Downloaded radium v0.7.0
[INFO] [stderr]   Downloaded ocb3 v0.1.0
[INFO] [stderr]   Downloaded try_map v0.3.1
[INFO] [stderr]   Downloaded xml-rs v1.0.0
[INFO] [stderr]   Downloaded block-padding v0.3.3
[INFO] [stderr]   Downloaded serdect v0.2.0
[INFO] [stderr]   Downloaded tracing-serde v0.2.0
[INFO] [stderr]   Downloaded dbl v0.3.2
[INFO] [stderr]   Downloaded r2d2 v0.8.10
[INFO] [stderr]   Downloaded dary_heap v0.3.9
[INFO] [stderr]   Downloaded ml-kem v0.3.2
[INFO] [stderr]   Downloaded module-lattice v0.2.3
[INFO] [stderr]   Downloaded kem v0.3.0
[INFO] [stderr]   Downloaded signature v3.0.0
[INFO] [stderr]   Downloaded sponge-cursor v0.1.0
[INFO] [stderr]   Downloaded memsec v0.7.0
[INFO] [stderr]   Downloaded proc-macro-utils v0.10.0
[INFO] [stderr]   Downloaded lru v0.18.1
[INFO] [stderr]   Downloaded foundationdb-tuple v0.11.0
[INFO] [stderr]   Downloaded deadpool-postgres v0.14.1
[INFO] [stderr]   Downloaded infer v0.22.0
[INFO] [stderr]   Downloaded keccak v0.2.0
[INFO] [stderr]   Downloaded ml-dsa v0.1.1
[INFO] [stderr]   Downloaded lalrpop-util v0.23.1
[INFO] [stderr]   Downloaded lalrpop v0.23.1
[INFO] [stderr]   Downloaded term v1.2.1
[INFO] [stderr]   Downloaded fixedbitset v0.5.7
[INFO] [stderr]   Downloaded ena v0.14.4
[INFO] [stderr]   Downloaded bit-set v0.9.1
[INFO] [stderr]   Downloaded lber v0.5.1
[INFO] [stderr]   Downloaded zenoh-util v1.9.0
[INFO] [stderr]   Downloaded zenoh-result v1.9.0
[INFO] [stderr]   Downloaded zenoh-core v1.9.0
[INFO] [stderr]   Downloaded zenoh-runtime v1.9.0
[INFO] [stderr]   Downloaded zenoh-macros v1.9.0
[INFO] [stderr]   Downloaded zenoh-keyexpr v1.9.0
[INFO] [stderr]   Downloaded token-cell v2.1.1
[INFO] [stderr]   Downloaded keyed-set v1.1.0
[INFO] [stderr]   Downloaded sha3 v0.11.0
[INFO] [stderr]   Downloaded shake v0.1.0
[INFO] [stderr]   Downloaded ron v0.12.2
[INFO] [stderr]   Downloaded zenoh-link-quic v1.9.0
[INFO] [stderr]   Downloaded zenoh-crypto v1.9.0
[INFO] [stderr]   Downloaded ringbuffer-spsc v0.1.15
[INFO] [stderr]   Downloaded crossbeam v0.8.4
[INFO] [stderr]   Downloaded array-init v2.1.0
[INFO] [stderr]   Downloaded lz4_flex v0.10.0
[INFO] [stderr]   Downloaded git-version-macro v0.3.9
[INFO] [stderr]   Downloaded sqlite-wasm-rs v0.5.5
[INFO] [stderr]   Downloaded libflate v2.3.1
[INFO] [stderr]   Downloaded bytecount v0.6.9
[INFO] [stderr]   Downloaded petgraph v0.8.3
[INFO] [stderr]   Downloaded zenoh v1.9.0
[INFO] [stderr]   Downloaded git-version v0.3.9
[INFO] [stderr]   Downloaded vec_map v0.8.2
[INFO] [stderr]   Downloaded librocksdb-sys v0.17.3+10.4.2
[INFO] [stderr]   Downloaded ascii-canvas v4.0.0
[INFO] [stderr]   Downloaded idea v0.5.1
[INFO] [stderr]   Downloaded ecb v0.1.2
[INFO] [stderr]   Downloaded eax v0.5.0
[INFO] [stderr]   Downloaded hmac v0.10.1
[INFO] [stderr]   Downloaded crypto-mac v0.10.0
[INFO] [stderr]   Downloaded blowfish v0.7.0
[INFO] [stderr]   Downloaded cipher v0.2.5
[INFO] [stderr]   Downloaded proxy-header v0.1.2
[INFO] [stderr]   Downloaded prometheus v0.14.0
[INFO] [stderr]   Downloaded tonic-types v0.14.6
[INFO] [stderr]   Downloaded simple_asn1 v0.6.4
[INFO] [stderr]   Downloaded md-5 v0.9.1
[INFO] [stderr]   Downloaded jsonwebtoken v11.0.0
[INFO] [stderr]   Downloaded hostname v0.4.2
[INFO] [stderr]   Downloaded pest_derive v2.8.8
[INFO] [stderr]   Downloaded pest_generator v2.8.8
[INFO] [stderr]   Downloaded pest_meta v2.8.8
[INFO] [stderr]   Downloaded bitpacking v0.9.3
[INFO] [stderr]   Downloaded hybrid-array v0.3.1
[INFO] [stderr]   Downloaded calcard v0.3.8
[INFO] [stderr]   Downloaded mysql-common-derive v0.32.2
[INFO] [stderr]   Downloaded stabby v72.1.16
[INFO] [stderr]   Downloaded stabby-abi v72.1.16
[INFO] [stderr]   Downloaded stabby-macros v72.1.16
[INFO] [stderr]   Downloaded tokio-tungstenite v0.29.0
[INFO] [stderr]   Downloaded tungstenite v0.29.0
[INFO] [stderr]   Downloaded libsqlite3-sys v0.38.1
[INFO] [stderr]   Downloaded wyz v0.5.1
[INFO] [stderr]   Downloaded argon2 v0.5.3
[INFO] [stderr]   Downloaded password-hash v0.5.0
[INFO] [stderr]   Downloaded blake2 v0.10.6
[INFO] [stderr]   Downloaded rasn-pkix v0.28.13
[INFO] [stderr]   Downloaded rasn v0.28.13
[INFO] [stderr]   Downloaded xml-no-std v0.8.26
[INFO] [stderr]   Downloaded rasn-derive v0.28.13
[INFO] [stderr]   Downloaded rasn-derive-impl v0.28.13
[INFO] [stderr]   Downloaded bitvec-nom2 v0.2.1
[INFO] [stderr]   Downloaded rasn-cms v0.28.13
[INFO] [stderr]   Downloaded pwhash v1.0.0
[INFO] [stderr]   Downloaded phf v0.12.1
[INFO] [stderr]   Downloaded phf_shared v0.12.1
[INFO] [stderr]   Downloaded imagesize v0.15.0
[INFO] [stderr]   Downloaded totp-rs v5.7.2
[INFO] [stderr]   Downloaded urlencoding v2.1.3
[INFO] [stderr]   Downloaded derive_builder_core v0.20.2
[INFO] [stderr]   Downloaded sha-1 v0.9.8
[INFO] [stderr]   Downloaded chrono-tz v0.10.4
[INFO] [stderr]   Downloaded base32 v0.5.1
[INFO] [stderr]   Downloaded scrypt v0.11.0
[INFO] [stderr]   Downloaded salsa20 v0.10.2
[INFO] [stderr]   Downloaded pbkdf2 v0.12.2
[INFO] [stderr]   Downloaded ldap3 v0.12.1
[INFO] [stderr]   Downloaded pnet_sys v0.35.0
[INFO] [stderr]   Downloaded pnet_base v0.35.0
[INFO] [stderr]   Downloaded no-std-net v0.6.0
[INFO] [stderr]   Downloaded ipnetwork v0.20.0
[INFO] [stderr]   Downloaded humantime v2.4.0
[INFO] [stderr]   Downloaded nanorand v0.7.0
[INFO] [stderr]   Downloaded zenoh-collections v1.9.0
[INFO] [stderr]   Downloaded pnet_datalink v0.35.0
[INFO] [stderr]   Downloaded const_format v0.2.36
[INFO] [stderr]   Downloaded konst_macro_rules v0.2.19
[INFO] [stderr]   Downloaded const_format_proc_macros v0.2.34
[INFO] [stderr]   Downloaded zenoh-transport v1.9.0
[INFO] [stderr]   Downloaded zenoh-task v1.9.0
[INFO] [stderr]   Downloaded zenoh-sync v1.9.0
[INFO] [stderr]   Downloaded zenoh-buffers v1.9.0
[INFO] [stderr]   Downloaded zenoh-protocol v1.9.0
[INFO] [stderr]   Downloaded uhlc v0.8.2
[INFO] [stderr]   Downloaded validated_struct_macros v2.2.0
[INFO] [stderr]   Downloaded unzip-n v0.1.4
[INFO] [stderr]   Downloaded nonempty-collections v0.3.1
[INFO] [stderr]   Downloaded zenoh-codec v1.9.0
[INFO] [stderr]   Downloaded zenoh-link v1.9.0
[INFO] [stderr]   Downloaded zenoh-link-udp v1.9.0
[INFO] [stderr]   Downloaded zenoh-link-quic_datagram v1.9.0
[INFO] [stderr]   Downloaded zenoh-link-tls v1.9.0
[INFO] [stderr]   Downloaded aead v0.6.1
[INFO] [stderr]   Downloaded azure_storage v0.21.0
[INFO] [stderr]   Downloaded ripemd v0.1.3
[INFO] [stderr]   Downloaded serde_yaml v0.9.34+deprecated
[INFO] [stderr]   Downloaded unsafe-libyaml v0.2.11
[INFO] [stderr]   Downloaded polyval v0.7.3
[INFO] [stderr]   Downloaded shellexpand v3.1.2
[INFO] [stderr]   Downloaded chacha20poly1305 v0.11.0
[INFO] [stderr]   Downloaded poly1305 v0.9.1
[INFO] [stderr]   Downloaded universal-hash v0.6.1
[INFO] [stderr]   Downloaded aes-gcm v0.11.0
[INFO] [stderr]   Downloaded secrecy v0.8.0
[INFO] [stderr]   Downloaded zenoh-plugin-trait v1.9.0
[INFO] [stderr]   Downloaded rdkafka v0.39.0
[INFO] [stderr]   Downloaded ghash v0.6.0
[INFO] [stderr]   Downloaded cbc v0.2.1
[INFO] [stderr]   Downloaded ctr v0.10.1
[INFO] [stderr]   Downloaded twox-hash v1.6.3
[INFO] [stderr]   Downloaded cfb-mode v0.8.2
[INFO] [stderr]   Downloaded dsa v0.6.3
[INFO] [stderr]   Downloaded memory-stats v1.2.0
[INFO] [stderr]   Downloaded virtue v0.0.18
[INFO] [stderr]   Downloaded manyhow v0.11.4
[INFO] [stderr]   Downloaded RustyXML v0.3.0
[INFO] [stderr]   Downloaded futures-lite v1.13.0
[INFO] [stderr]   Downloaded jemalloc-sys v0.5.4+5.3.0-patched
[INFO] [stderr]   Downloaded serde_qs v0.8.5
[INFO] [stderr]   Downloaded unicode-general-category v1.1.0
[INFO] [stderr]   Downloaded serial_test v4.0.1
[INFO] [stderr]   Downloaded serial_test_derive v4.0.1
[INFO] [stderr]   Downloaded jemallocator v0.5.4
[INFO] [stderr]   Downloaded rle-decode-fast v1.0.3
[INFO] [stderr]   Downloaded cedarwood v0.5.0
[INFO] [stderr]   Downloaded webpki-roots v0.26.11
[INFO] [stderr]   Downloaded validated_struct v2.2.0
[INFO] [stderr]   Downloaded blowfish v0.9.1
[INFO] [stderr]   Downloaded funty v2.0.0
[INFO] [stderr]   Downloaded derive_builder v0.20.2
[INFO] [stderr]   Downloaded deadpool v0.13.0
[INFO] [stderr]   Downloaded slh-dsa v0.0.3
[INFO] [stderr]   Downloaded zerocopy-derive v0.7.35
[INFO] [stderr]   Downloaded des v0.8.1
[INFO] [stderr]   Downloaded cbc v0.1.2
[INFO] [stderr]   Downloaded cast5 v0.11.1
[INFO] [stderr]   Downloaded deadpool v0.12.3
[INFO] [stderr]   Downloaded roaring v0.11.4
[INFO] [stderr]   Downloaded tokio-tungstenite v0.30.0
[INFO] [stderr]   Downloaded form-data v0.6.0
[INFO] [stderr]   Downloaded zenoh-link-tcp v1.9.0
[INFO] [stderr]   Downloaded ece v2.3.1
[INFO] [stderr]   Downloaded spin v0.10.1
[INFO] [stderr]   Downloaded generic-array v1.4.4
[INFO] [stderr]   Downloaded cmac v0.7.2
[INFO] [stderr]   Downloaded proc-macro-error3 v3.1.0
[INFO] [stderr]   Downloaded foundationdb-gen v0.11.0
[INFO] [stderr]   Downloaded azure_core v0.21.0
[INFO] [stderr]   Downloaded arc-swap v1.9.2
[INFO] [stderr]   Downloaded xml v1.3.0
[INFO] [stderr]   Downloaded zenoh-config v1.9.0
[INFO] [stderr]   Downloaded buffered-reader v1.4.1
[INFO] [stderr]   Downloaded csv-core v0.1.13
[INFO] [stderr]   Downloaded decancer v3.3.3
[INFO] [stderr]   Downloaded unicode-security v0.1.2
[INFO] [stderr]   Downloaded whatlang v0.18.0
[INFO] [stderr]   Downloaded cfb v0.14.0
[INFO] [stderr]   Downloaded zenoh-link-commons v1.9.0
[INFO] [stderr]   Downloaded tungstenite v0.30.0
[INFO] [stderr]   Downloaded konst v0.2.20
[INFO] [stderr]   Downloaded tls-listener v0.11.2
[INFO] [stderr]   Downloaded x25519-dalek v2.0.1
[INFO] [stderr]   Downloaded azure_storage_blobs v0.21.0
[INFO] [stderr]   Downloaded cx448 v0.1.1
[INFO] [stderr]   Downloaded jmap-client v0.4.2
[INFO] [stderr]   Downloaded biscuit v0.8.0
[INFO] [stderr]   Downloaded camellia v0.1.0
[INFO] [stderr]   Downloaded foundationdb v0.11.0
[INFO] [stderr]   Downloaded foundationdb-sys v0.11.0
[INFO] [stderr]   Downloaded mysql_async v0.37.0
[INFO] [stderr]   Downloaded pest v2.8.8
[INFO] [stderr]   Downloaded p521 v0.13.3
[INFO] [stderr]   Downloaded fancy-regex v0.18.0
[INFO] [stderr]   Downloaded hkdf v0.12.4
[INFO] [stderr]   Downloaded tokio-websockets v0.10.1
[INFO] [stderr]   Downloaded zerocopy v0.7.35
[INFO] [stderr]   Downloaded hkdf v0.13.0
[INFO] [stderr]   Downloaded jieba-macros v0.10.3
[INFO] [stderr]   Downloaded p384 v0.13.1
[INFO] [stderr]   Downloaded bitvec v1.1.1
[INFO] [stderr]   Downloaded sieve-rs v0.7.2
[INFO] [stderr]   Downloaded mysql_common v0.37.3
[INFO] [stderr]   Downloaded azure_svc_blobstorage v0.21.0
[INFO] [stderr]   Downloaded async-nats v0.50.0
[INFO] [stderr]   Downloaded dns-update v0.5.5
[INFO] [stderr]   Downloaded redis v1.5.0
[INFO] [stderr]   Downloaded zxcvbn v3.1.1
[INFO] [stderr]   Downloaded sha1collisiondetection v0.3.4
[INFO] [stderr]   Downloaded csv v1.4.0
[INFO] [stderr]   Downloaded http-types v2.12.0
[INFO] [stderr]   Downloaded rust-stemmers v1.2.0
[INFO] [stderr]   Downloaded sha2-const-stable v0.1.0
[INFO] [stderr]   Downloaded sequoia-openpgp v2.4.1
[INFO] [stderr]   Downloaded jieba-rs v0.10.3
[INFO] [stderr]   Downloaded rdkafka-sys v4.10.0+2.12.1
[INFO] running `Command { std: "docker" "create" "-v" "/var/lib/crater-agent-workspace/builds/worker-4-tc1/source:/opt/rustwide/workdir:ro,Z" "-v" "/var/lib/crater-agent-workspace/builds/worker-4-tc1/target:/opt/rustwide/target:rw,Z" "-v" "/var/lib/crater-agent-workspace/cargo-home:/opt/rustwide/cargo-home:ro,Z" "-v" "/var/lib/crater-agent-workspace/rustup-home:/opt/rustwide/rustup-home:ro,Z" "-m" "1610612736" "--network" "none" "ghcr.io/rust-lang/crates-build-env/linux@sha256:77db811e55d90add9212f6832c23229e3de5f1c1f9905e8cb07319ea15df73ac" "sleep" "infinity", kill_on_drop: false }`
[INFO] [stdout] 405f7b85faa3c57e9d264c4c26543faced8a2f0824140fe155e41b200762e4f7
[INFO] running `Command { std: "docker" "start" "405f7b85faa3c57e9d264c4c26543faced8a2f0824140fe155e41b200762e4f7", kill_on_drop: false }`
[INFO] running `Command { std: "docker" "inspect" "405f7b85faa3c57e9d264c4c26543faced8a2f0824140fe155e41b200762e4f7", kill_on_drop: false }`
[INFO] running `Command { std: "docker" "exec" "-e" "SOURCE_DIR=/opt/rustwide/workdir" "-e" "CARGO_HOME=/opt/rustwide/cargo-home" "-e" "RUSTUP_HOME=/opt/rustwide/rustup-home" "-e" "CARGO_TARGET_DIR=/opt/rustwide/target" "-w" "/opt/rustwide/workdir" "--user" "0:0" "405f7b85faa3c57e9d264c4c26543faced8a2f0824140fe155e41b200762e4f7" "/opt/rustwide/cargo-home/bin/cargo" "+3154cc1a3e6424e44f438a95007d043ed5ceaaf6" "metadata" "--no-deps" "--format-version=1", kill_on_drop: false }`
[INFO] running `Command { std: "docker" "inspect" "405f7b85faa3c57e9d264c4c26543faced8a2f0824140fe155e41b200762e4f7", kill_on_drop: false }`
[INFO] running `Command { std: "docker" "exec" "-e" "SOURCE_DIR=/opt/rustwide/workdir" "-e" "CARGO_HOME=/opt/rustwide/cargo-home" "-e" "RUSTUP_HOME=/opt/rustwide/rustup-home" "-e" "CARGO_TARGET_DIR=/opt/rustwide/target" "-e" "CARGO_INCREMENTAL=0" "-e" "RUST_BACKTRACE=full" "-e" "RUSTFLAGS=--cap-lints=forbid -Znext-solver=coherence" "-e" "RUSTDOCFLAGS=--cap-lints=forbid" "-w" "/opt/rustwide/workdir" "--user" "0:0" "405f7b85faa3c57e9d264c4c26543faced8a2f0824140fe155e41b200762e4f7" "/opt/rustwide/cargo-home/bin/cargo" "+3154cc1a3e6424e44f438a95007d043ed5ceaaf6" "check" "--frozen" "--all" "--all-targets" "--message-format=json", kill_on_drop: false }`
[INFO] [stderr]    Compiling proc-macro2 v1.0.107
[INFO] [stderr]    Compiling quote v1.0.47
[INFO] [stderr]    Compiling unicode-ident v1.0.24
[INFO] [stderr]     Checking cfg-if v1.0.4
[INFO] [stderr]    Compiling libc v0.2.189
[INFO] [stderr]     Checking typenum v1.20.1
[INFO] [stderr]    Compiling find-msvc-tools v0.1.9
[INFO] [stderr]    Compiling shlex v2.0.1
[INFO] [stderr]    Compiling version_check v0.9.5
[INFO] [stderr]     Checking memchr v2.8.3
[INFO] [stderr]    Compiling serde_core v1.0.229
[INFO] [stderr]    Compiling pkg-config v0.3.33
[INFO] [stderr]    Compiling generic-array v0.14.7
[INFO] [stderr]     Checking subtle v2.6.1
[INFO] [stderr]    Compiling serde v1.0.229
[INFO] [stderr]     Checking foldhash v0.2.0
[INFO] [stderr]     Checking smallvec v1.15.2
[INFO] [stderr]     Checking itoa v1.0.18
[INFO] [stderr]     Checking equivalent v1.0.2
[INFO] [stderr]    Compiling portable-atomic v1.14.0
[INFO] [stderr]     Checking hashbrown v0.17.1
[INFO] [stderr]    Compiling syn v2.0.119
[INFO] [stderr]    Compiling syn v3.0.3
[INFO] [stderr]     Checking bytes v1.12.1
[INFO] [stderr]    Compiling jobserver v0.1.35
[INFO] [stderr]    Compiling parking_lot_core v0.9.12
[INFO] [stderr]     Checking critical-section v1.2.0
[INFO] [stderr]     Checking pin-project-lite v0.2.17
[INFO] [stderr]     Checking once_cell v1.21.4
[INFO] [stderr]     Checking indexmap v2.14.0
[INFO] [stderr]     Checking scopeguard v1.2.0
[INFO] [stderr]    Compiling cc v1.4.0
[INFO] [stderr]     Checking lock_api v0.4.14
[INFO] [stderr]    Compiling getrandom v0.4.3
[INFO] [stderr]     Checking getrandom v0.2.17
[INFO] [stderr]     Checking rand_core v0.6.4
[INFO] [stderr]     Checking const-oid v0.9.6
[INFO] [stderr]     Checking parking_lot v0.12.5
[INFO] [stderr]     Checking futures-core v0.3.33
[INFO] [stderr]     Checking rand_core v0.10.1
[INFO] [stderr]     Checking cmov v0.5.4
[INFO] [stderr]     Checking errno v0.3.14
[INFO] [stderr]    Compiling fs_extra v1.3.0
[INFO] [stderr]     Checking ctutils v0.4.2
[INFO] [stderr]    Compiling dunce v1.0.5
[INFO] [stderr]     Checking signal-hook-registry v1.4.8
[INFO] [stderr]     Checking mio v1.2.2
[INFO] [stderr]     Checking socket2 v0.6.5
[INFO] [stderr]    Compiling libm v0.2.16
[INFO] [stderr]    Compiling autocfg v1.5.1
[INFO] [stderr]     Checking http v1.5.0
[INFO] [stderr]     Checking futures-sink v0.3.33
[INFO] [stderr]    Compiling aws-lc-rs v1.17.3
[INFO] [stderr]    Compiling cmake v0.1.58
[INFO] [stderr]     Checking slab v0.4.12
[INFO] [stderr]    Compiling num-traits v0.2.19
[INFO] [stderr]     Checking log v0.4.33
[INFO] [stderr]     Checking futures-channel v0.3.33
[INFO] [stderr]     Checking percent-encoding v2.3.2
[INFO] [stderr]     Checking untrusted v0.7.1
[INFO] [stderr]     Checking futures-io v0.3.33
[INFO] [stderr]     Checking futures-task v0.3.33
[INFO] [stderr]     Checking tracing-core v0.1.36
[INFO] [stderr]    Compiling zmij v1.0.23
[INFO] [stderr]     Checking stable_deref_trait v1.2.1
[INFO] [stderr]     Checking untrusted v0.9.0
[INFO] [stderr]    Compiling thiserror v2.0.19
[INFO] [stderr]     Checking cpufeatures v0.2.17
[INFO] [stderr]    Compiling serde_json v1.0.151
[INFO] [stderr]    Compiling rustls v0.23.43
[INFO] [stderr]    Compiling vcpkg v0.2.15
[INFO] [stderr]    Compiling httparse v1.10.1
[INFO] [stderr]    Compiling aws-lc-sys v0.43.0
[INFO] [stderr]    Compiling ring v0.17.14
[INFO] [stderr]     Checking base64 v0.22.1
[INFO] [stderr]     Checking fnv v1.0.7
[INFO] [stderr]     Checking writeable v0.6.3
[INFO] [stderr]     Checking litemap v0.8.2
[INFO] [stderr]     Checking bitflags v2.13.1
[INFO] [stderr]    Compiling icu_normalizer_data v2.2.0
[INFO] [stderr]     Checking utf8_iter v1.0.4
[INFO] [stderr]    Compiling icu_properties_data v2.2.0
[INFO] [stderr]     Checking http-body v1.1.0
[INFO] [stderr]    Compiling zerocopy v0.8.55
[INFO] [stderr]     Checking atomic-waker v1.1.2
[INFO] [stderr]     Checking tower-service v0.3.3
[INFO] [stderr]    Compiling time-core v0.1.9
[INFO] [stderr]    Compiling num-conv v0.2.2
[INFO] [stderr]     Checking deranged v0.5.8
[INFO] [stderr]    Compiling time-macros v0.2.32
[INFO] [stderr]     Checking powerfmt v0.2.0
[INFO] [stderr]     Checking base64ct v1.8.3
[INFO] [stderr]    Compiling synstructure v0.13.2
[INFO] [stderr]    Compiling serde_derive v1.0.229
[INFO] [stderr]    Compiling tokio-macros v2.7.2
[INFO] [stderr]    Compiling displaydoc v0.2.7
[INFO] [stderr]     Checking tokio v1.53.1
[INFO] [stderr]    Compiling thiserror-impl v2.0.19
[INFO] [stderr]     Checking cpufeatures v0.3.0
[INFO] [stderr]     Checking time v0.3.55
[INFO] [stderr]    Compiling zeroize_derive v1.5.0
[INFO] [stderr]     Checking zeroize v1.9.0
[INFO] [stderr]     Checking hybrid-array v0.4.14
[INFO] [stderr]     Checking crypto-common v0.1.7
[INFO] [stderr]     Checking block-buffer v0.10.4
[INFO] [stderr]     Checking rustls-pki-types v1.15.1
[INFO] [stderr]     Checking digest v0.10.7
[INFO] [stderr]    Compiling futures-macro v0.3.33
[INFO] [stderr]    Compiling zerofrom-derive v0.1.7
[INFO] [stderr]     Checking crypto-common v0.2.2
[INFO] [stderr]    Compiling yoke-derive v0.8.2
[INFO] [stderr]    Compiling tracing-attributes v0.1.31
[INFO] [stderr]     Checking futures-util v0.3.33
[INFO] [stderr]     Checking block-buffer v0.12.1
[INFO] [stderr]    Compiling zerovec-derive v0.11.3
[INFO] [stderr]     Checking zerofrom v0.1.8
[INFO] [stderr]     Checking ipnet v2.12.1
[INFO] [stderr]     Checking try-lock v0.2.5
[INFO] [stderr]     Checking want v0.3.1
[INFO] [stderr]     Checking block-padding v0.4.2
[INFO] [stderr]     Checking num-integer v0.1.46
[INFO] [stderr]     Checking form_urlencoded v1.2.2
[INFO] [stderr]     Checking tokio-util v0.7.19
[INFO] [stderr]     Checking httpdate v1.0.3
[INFO] [stderr]    Compiling crc32fast v1.5.0
[INFO] [stderr]     Checking yoke v0.8.3
[INFO] [stderr]     Checking zerotrie v0.2.4
[INFO] [stderr]     Checking openssl-probe v0.2.1
[INFO] [stderr]     Checking rustls-native-certs v0.8.4
[INFO] [stderr]     Checking inout v0.2.2
[INFO] [stderr]     Checking http-body-util v0.1.4
[INFO] [stderr]     Checking sync_wrapper v1.0.2
[INFO] [stderr]     Checking tracing v0.1.44
[INFO] [stderr]     Checking tower-layer v0.3.3
[INFO] [stderr]     Checking ppv-lite86 v0.2.21
[INFO] [stderr]     Checking zerovec v0.11.6
[INFO] [stderr]    Compiling libz-sys v1.1.29
[INFO] [stderr]    Compiling zstd-sys v2.0.16+zstd.1.5.7
[INFO] [stderr]     Checking cipher v0.5.2
[INFO] [stderr]     Checking h2 v0.4.15
[INFO] [stderr]     Checking pem-rfc7468 v0.7.0
[INFO] [stderr]     Checking const-oid v0.10.2
[INFO] [stderr]    Compiling getrandom v0.3.4
[INFO] [stderr]     Checking mime v0.3.17
[INFO] [stderr]     Checking tinystr v0.8.3
[INFO] [stderr]     Checking potential_utf v0.1.5
[INFO] [stderr]     Checking icu_collections v2.2.0
[INFO] [stderr]     Checking digest v0.11.3
[INFO] [stderr]     Checking icu_locale_core v2.2.0
[INFO] [stderr]     Checking der v0.7.10
[INFO] [stderr]    Compiling async-trait v0.1.91
[INFO] [stderr]     Checking icu_provider v2.2.0
[INFO] [stderr]     Checking tower v0.5.3
[INFO] [stderr]     Checking icu_properties v2.2.0
[INFO] [stderr]     Checking icu_normalizer v2.2.0
[INFO] [stderr]     Checking spki v0.7.3
[INFO] [stderr]     Checking simd-adler32 v0.3.10
[INFO] [stderr]     Checking pkcs8 v0.10.2
[INFO] [stderr]     Checking sha2 v0.10.9
[INFO] [stderr]     Checking adler2 v2.0.1
[INFO] [stderr]     Checking signature v2.2.0
[INFO] [stderr]     Checking miniz_oxide v0.8.9
[INFO] [stderr]     Checking zlib-rs v0.6.6
[INFO] [stderr]     Checking data-encoding v2.11.0
[INFO] [stderr]     Checking either v1.17.0
[INFO] [stderr]     Checking hyper v1.11.0
[INFO] [stderr]     Checking webpki-roots v1.0.9
[INFO] [stderr]    Compiling ptr_meta_derive v0.3.1
[INFO] [stderr]    Compiling zstd-safe v7.2.4
[INFO] [stderr]     Checking spin v0.9.9
[INFO] [stderr]     Checking lazy_static v1.5.0
[INFO] [stderr]     Checking chacha20 v0.10.1
[INFO] [stderr]     Checking ptr_meta v0.3.1
[INFO] [stderr]     Checking idna_adapter v1.2.2
[INFO] [stderr]     Checking num-bigint v0.4.8
[INFO] [stderr]     Checking idna v1.1.0
[INFO] [stderr]     Checking ryu v1.0.23
[INFO] [stderr]     Checking url v2.5.8
[INFO] [stderr]     Checking flate2 v1.1.9
[INFO] [stderr]     Checking rancor v0.1.2
[INFO] [stderr]    Compiling bytecheck_derive v0.8.2
[INFO] [stderr]    Compiling crossbeam-utils v0.8.22
[INFO] [stderr]     Checking hyper-util v0.1.20
[INFO] [stderr]    Compiling rustix v1.1.4
[INFO] [stderr]     Checking minimal-lexical v0.2.1
[INFO] [stderr]     Checking simdutf8 v0.1.5
[INFO] [stderr]     Checking compression-core v0.4.32
[INFO] [stderr]     Checking bytecheck v0.8.2
[INFO] [stderr]     Checking compression-codecs v0.4.38
[INFO] [stderr]     Checking nom v7.1.3
[INFO] [stderr]     Checking serde_urlencoded v0.7.1
[INFO] [stderr]     Checking rand v0.10.2
[INFO] [stderr]    Compiling munge_macro v0.4.7
[INFO] [stderr]     Checking aho-corasick v1.1.4
[INFO] [stderr]    Compiling rustversion v1.0.23
[INFO] [stderr]     Checking regex-syntax v0.8.11
[INFO] [stderr]     Checking linux-raw-sys v0.12.1
[INFO] [stderr]     Checking munge v0.4.7
[INFO] [stderr]     Checking rend v0.5.4
[INFO] [stderr]     Checking async-compression v0.4.43
[INFO] [stderr]     Checking num-iter v0.1.46
[INFO] [stderr]    Compiling rkyv_derive v0.8.17
[INFO] [stderr]     Checking tinyvec_macros v0.1.1
[INFO] [stderr]    Compiling unicase v2.9.0
[INFO] [stderr]    Compiling crossbeam-epoch v0.9.20
[INFO] [stderr]    Compiling mime_guess v2.0.5
[INFO] [stderr]     Checking tinyvec v1.12.0
[INFO] [stderr]     Checking tower-http v0.6.11
[INFO] [stderr]     Checking regex-automata v0.4.16
[INFO] [stderr]     Checking rand_chacha v0.3.1
[INFO] [stderr]     Checking sha1_smol v1.0.1
[INFO] [stderr]     Checking pure-rust-locales v0.8.2
[INFO] [stderr]     Checking iana-time-zone v0.1.65
[INFO] [stderr]     Checking uuid v1.24.0
[INFO] [stderr]     Checking rand v0.8.7
[INFO] [stderr]     Checking cpubits v0.1.1
[INFO] [stderr]    Compiling num-bigint-dig v0.8.6
[INFO] [stderr]    Compiling hashify v0.2.9
[INFO] [stderr]     Checking prefix-trie v0.8.4
[INFO] [stderr]     Checking futures-executor v0.3.33
[INFO] [stderr]    Compiling ahash v0.8.12
[INFO] [stderr]     Checking linked-hash-map v0.5.6
[INFO] [stderr]     Checking lru-cache v0.1.2
[INFO] [stderr]     Checking gethostname v1.1.0
[INFO] [stderr]     Checking sha1 v0.11.0
[INFO] [stderr]     Checking hmac v0.13.0
[INFO] [stderr]     Checking encoding_rs v0.8.35
[INFO] [stderr]     Checking mail-builder v0.4.4
[INFO] [stderr]     Checking aes v0.9.2
[INFO] [stderr]     Checking rusticata-macros v4.1.0
[INFO] [stderr]     Checking crossbeam-channel v0.5.16
[INFO] [stderr]     Checking regex v1.13.1
[INFO] [stderr]     Checking pkcs1 v0.7.5
[INFO] [stderr]     Checking rkyv v0.8.17
[INFO] [stderr]     Checking sha2 v0.11.0
[INFO] [stderr]    Compiling asn1-rs-impl v0.2.0
[INFO] [stderr]    Compiling asn1-rs-derive v0.6.0
[INFO] [stderr]     Checking constant_time_eq v0.4.2
[INFO] [stderr]     Checking bumpalo v3.20.3
[INFO] [stderr]     Checking tagptr v0.2.0
[INFO] [stderr]     Checking libbz2-rs-sys v0.2.5
[INFO] [stderr]     Checking zopfli v0.8.3
[INFO] [stderr]     Checking lzma-rust2 v0.16.5
[INFO] [stderr]     Checking asn1-rs v0.7.2
[INFO] [stderr]     Checking moka v0.12.15
[INFO] [stderr]     Checking bzip2 v0.6.1
[INFO] [stderr]     Checking rsa v0.9.10
[INFO] [stderr]     Checking chrono v0.4.45
[INFO] [stderr]     Checking pbkdf2 v0.13.0
[INFO] [stderr]     Checking quick-xml v0.41.0
[INFO] [stderr]     Checking typed-path v0.12.3
[INFO] [stderr]     Checking resolv-conf v0.7.6
[INFO] [stderr]     Checking deflate64 v0.1.12
[INFO] [stderr]     Checking base64 v0.23.0
[INFO] [stderr]    Compiling cfg_aliases v0.2.2
[INFO] [stderr]    Compiling oid-registry v0.8.1
[INFO] [stderr]     Checking ppmd-rust v1.4.0
[INFO] [stderr]    Compiling nix v0.30.1
[INFO] [stderr]     Checking castaway v0.2.4
[INFO] [stderr]     Checking block-padding v0.3.3
[INFO] [stderr]     Checking similar v3.1.1
[INFO] [stderr]     Checking static_assertions v1.1.0
[INFO] [stderr]     Checking inout v0.1.4
[INFO] [stderr]     Checking der-parser v10.0.0
[INFO] [stderr]     Checking futures v0.3.33
[INFO] [stderr]    Compiling event_macro v0.16.16 (/opt/rustwide/workdir/crates/trc/event-macro)
[INFO] [stderr]     Checking pem v3.0.6
[INFO] [stderr]     Checking mail-parser v0.11.5
[INFO] [stderr]     Checking compact_str v0.10.0
[INFO] [stderr]    Compiling blake3 v1.8.5
[INFO] [stderr]     Checking rtrb v0.3.4
[INFO] [stderr]     Checking cipher v0.4.4
[INFO] [stderr]     Checking yasna v0.6.0
[INFO] [stderr]     Checking psl-types v2.0.11
[INFO] [stderr]     Checking arrayref v0.3.9
[INFO] [stderr]     Checking arrayvec v0.7.8
[INFO] [stderr]     Checking xxhash-rust v0.8.18
[INFO] [stderr]     Checking psl v2.1.223
[INFO] [stderr]     Checking smtp-proto v0.2.2
[INFO] [stderr]     Checking pem v4.0.0
[INFO] [stderr]     Checking rustls-pemfile v2.2.0
[INFO] [stderr]     Checking quick_cache v0.7.0
[INFO] [stderr]     Checking nohash-hasher v0.2.0
[INFO] [stderr]     Checking privdrop v0.5.6
[INFO] [stderr]     Checking farmhash v1.1.5
[INFO] [stderr]     Checking fast-float v0.2.0
[INFO] [stderr]     Checking arcstr v1.2.0
[INFO] [stderr]     Checking hmac v0.12.1
[INFO] [stderr]     Checking siphasher v1.0.3
[INFO] [stderr]    Compiling crunchy v0.2.4
[INFO] [stderr]     Checking jmap-tools v0.1.6
[INFO] [stderr]    Compiling phf_shared v0.13.1
[INFO] [stderr]    Compiling radium v0.7.0
[INFO] [stderr]    Compiling itertools v0.13.0
[INFO] [stderr]     Checking allocator-api2 v0.2.21
[INFO] [stderr]     Checking zstd v0.13.3
[INFO] [stderr]     Checking tap v1.0.1
[INFO] [stderr]     Checking wyz v0.5.1
[INFO] [stderr]     Checking zip v8.6.0
[INFO] [stderr]    Compiling itertools v0.14.0
[INFO] [stderr]     Checking funty v2.0.0
[INFO] [stderr]    Compiling anyhow v1.0.104
[INFO] [stderr]     Checking byteorder v1.5.0
[INFO] [stderr]    Compiling glob v0.3.4
[INFO] [stderr]    Compiling clang-sys v1.9.1
[INFO] [stderr]    Compiling hashbrown v0.16.1
[INFO] [stderr]     Checking bitvec v1.1.1
[INFO] [stderr]    Compiling no_std_io2 v0.9.4
[INFO] [stderr]     Checking tokio-stream v0.1.19
[INFO] [stderr]    Compiling rle-decode-fast v1.0.3
[INFO] [stderr]    Compiling strsim v0.11.1
[INFO] [stderr]    Compiling libflate_lz77 v2.3.0
[INFO] [stderr]    Compiling dary_heap v0.3.9
[INFO] [stderr]    Compiling adler32 v1.2.0
[INFO] [stderr]    Compiling ident_case v1.0.1
[INFO] [stderr]    Compiling libflate v2.3.1
[INFO] [stderr]    Compiling libloading v0.8.9
[INFO] [stderr]    Compiling proc-macro-error-attr3 v3.1.0
[INFO] [stderr]    Compiling bindgen v0.72.1
[INFO] [stderr]    Compiling fastrand v2.5.0
[INFO] [stderr]     Checking opaque-debug v0.3.1
[INFO] [stderr]    Compiling phf_generator v0.13.1
[INFO] [stderr]    Compiling proc-macro-error3 v3.1.0
[INFO] [stderr]    Compiling include-flate-compress v0.3.4
[INFO] [stderr]     Checking rand_core v0.9.5
[INFO] [stderr]    Compiling lz4-sys v1.11.1+lz4-1.10.0
[INFO] [stderr]    Compiling bzip2-sys v0.1.13+1.0.8
[INFO] [stderr]    Compiling shlex v1.3.0
[INFO] [stderr]    Compiling rustc-hash v2.1.3
[INFO] [stderr]     Checking twox-hash v2.1.3
[INFO] [stderr]    Compiling prost-derive v0.14.4
[INFO] [stderr]     Checking lz4_flex v0.14.0
[INFO] [stderr]     Checking rand_chacha v0.9.0
[INFO] [stderr]    Compiling cexpr v0.6.0
[INFO] [stderr]    Compiling include-flate-codegen v0.3.4
[INFO] [stderr]    Compiling phf_codegen v0.13.1
[INFO] [stderr]     Checking axum-core v0.5.6
[INFO] [stderr]    Compiling pin-project-internal v1.1.13
[INFO] [stderr]    Compiling crossbeam-deque v0.8.7
[INFO] [stderr]     Checking matchit v0.8.4
[INFO] [stderr]     Checking base16ct v0.2.0
[INFO] [stderr]     Checking foldhash v0.1.5
[INFO] [stderr]     Checking serdect v0.2.0
[INFO] [stderr]     Checking hashbrown v0.15.5
[INFO] [stderr]     Checking prost v0.14.4
[INFO] [stderr]     Checking phf v0.13.1
[INFO] [stderr]     Checking include-flate v0.3.4
[INFO] [stderr]    Compiling jieba-macros v0.10.3
[INFO] [stderr]     Checking rand v0.9.5
[INFO] [stderr]     Checking pin-project v1.1.13
[INFO] [stderr]     Checking ff v0.13.1
[INFO] [stderr]     Checking hkdf v0.12.4
[INFO] [stderr]     Checking hyper-timeout v0.5.2
[INFO] [stderr]    Compiling libsqlite3-sys v0.38.1
[INFO] [stderr]     Checking cedarwood v0.5.0
[INFO] [stderr]     Checking axum v0.8.9
[INFO] [stderr]     Checking bytecount v0.6.9
[INFO] [stderr]    Compiling rayon-core v1.13.0
[INFO] [stderr]     Checking jieba-rs v0.10.3
[INFO] [stderr]     Checking group v0.13.0
[INFO] [stderr]     Checking whatlang v0.18.0
[INFO] [stderr]     Checking sec1 v0.7.3
[INFO] [stderr]     Checking rust-stemmers v1.2.0
[INFO] [stderr]     Checking crypto-bigint v0.5.5
[INFO] [stderr]     Checking maplit v1.0.2
[INFO] [stderr]     Checking nohash v0.2.0
[INFO] [stderr]     Checking elliptic-curve v0.13.8
[INFO] [stderr]     Checking phf_shared v0.12.1
[INFO] [stderr]     Checking arc-swap v1.9.2
[INFO] [stderr]     Checking digest v0.9.0
[INFO] [stderr]     Checking scheduled-thread-pool v0.2.7
[INFO] [stderr]     Checking num_cpus v1.17.0
[INFO] [stderr]     Checking hashlink v0.12.1
[INFO] [stderr]     Checking bytemuck v1.25.2
[INFO] [stderr]     Checking fallible-iterator v0.3.0
[INFO] [stderr]    Compiling semver v1.0.28
[INFO] [stderr]     Checking fallible-streaming-iterator v0.1.9
[INFO] [stderr]    Compiling chrono-tz v0.10.4
[INFO] [stderr]    Compiling rustc_version v0.4.1
[INFO] [stderr]     Checking roaring v0.11.4
[INFO] [stderr]    Compiling darling_core v0.20.11
[INFO] [stderr]     Checking r2d2 v0.8.10
[INFO] [stderr]     Checking phf v0.12.1
[INFO] [stderr]     Checking bitpacking v0.9.3
[INFO] [stderr]     Checking rayon v1.12.0
[INFO] [stderr]     Checking prost-types v0.14.4
[INFO] [stderr]    Compiling librocksdb-sys v0.17.3+10.4.2
[INFO] [stderr]     Checking rfc6979 v0.4.0
[INFO] [stderr]     Checking sha1 v0.10.7
[INFO] [stderr]     Checking block-buffer v0.9.0
[INFO] [stderr]     Checking password-hash v0.5.0
[INFO] [stderr]     Checking hex v0.4.3
[INFO] [stderr]     Checking radsort v0.1.1
[INFO] [stderr]    Compiling lalrpop-util v0.23.1
[INFO] [stderr]    Compiling darling_macro v0.20.11
[INFO] [stderr]    Compiling curve25519-dalek v4.1.3
[INFO] [stderr]     Checking ctr v0.9.2
[INFO] [stderr]     Checking universal-hash v0.5.1
[INFO] [stderr]     Checking aead v0.5.2
[INFO] [stderr]     Checking keccak v0.2.0
[INFO] [stderr]    Compiling precomputed-hash v0.1.1
[INFO] [stderr]    Compiling term v1.2.1
[INFO] [stderr]    Compiling fixedbitset v0.5.7
[INFO] [stderr]    Compiling new_debug_unreachable v1.0.6
[INFO] [stderr]    Compiling same-file v1.0.6
[INFO] [stderr]    Compiling bit-vec v0.9.1
[INFO] [stderr]    Compiling keccak v0.1.6
[INFO] [stderr]    Compiling heck v0.5.0
[INFO] [stderr]    Compiling sha3 v0.10.9
[INFO] [stderr]    Compiling bit-set v0.9.1
[INFO] [stderr]    Compiling ascii-canvas v4.0.0
[INFO] [stderr]    Compiling snafu-derive v0.8.9
[INFO] [stderr]    Compiling ena v0.14.4
[INFO] [stderr]    Compiling petgraph v0.8.3
[INFO] [stderr]    Compiling walkdir v2.5.0
[INFO] [stderr]    Compiling string_cache v0.9.0
[INFO] [stderr]     Checking polyval v0.6.2
[INFO] [stderr]    Compiling rasn-derive-impl v0.28.13
[INFO] [stderr]    Compiling darling v0.20.11
[INFO] [stderr]     Checking ecdsa v0.16.9
[INFO] [stderr]     Checking primeorder v0.13.6
[INFO] [stderr]     Checking rusqlite v0.40.1
[INFO] [stderr]     Checking opentelemetry v0.31.0 (https://github.com/stalwartlabs/opentelemetry-rust#274b4d32)
[INFO] [stderr]     Checking blake2 v0.10.6
[INFO] [stderr]     Checking crypto-mac v0.10.0
[INFO] [stderr]     Checking cipher v0.2.5
[INFO] [stderr]    Compiling curve25519-dalek-derive v0.1.1
[INFO] [stderr]    Compiling unicode-xid v0.2.6
[INFO] [stderr]     Checking bit-vec v0.8.0
[INFO] [stderr]    Compiling rasn-derive v0.28.13
[INFO] [stderr]     Checking bit-set v0.8.0
[INFO] [stderr]    Compiling lalrpop v0.23.1
[INFO] [stderr]     Checking blowfish v0.7.0
[INFO] [stderr]     Checking hmac v0.10.1
[INFO] [stderr]     Checking argon2 v0.5.3
[INFO] [stderr]    Compiling derive_builder_core v0.20.2
[INFO] [stderr]     Checking snafu v0.8.9
[INFO] [stderr]     Checking pbkdf2 v0.12.2
[INFO] [stderr]     Checking sha2 v0.9.9
[INFO] [stderr]     Checking md-5 v0.9.1
[INFO] [stderr]     Checking sha-1 v0.9.8
[INFO] [stderr]     Checking bitvec-nom2 v0.2.1
[INFO] [stderr]     Checking salsa20 v0.10.2
[INFO] [stderr]     Checking aes v0.8.4
[INFO] [stderr]     Checking lber v0.5.1
[INFO] [stderr]     Checking simple_asn1 v0.6.4
[INFO] [stderr]     Checking deadpool-runtime v0.3.1
[INFO] [stderr]     Checking module-lattice v0.2.3
[INFO] [stderr]     Checking dbl v0.3.2
[INFO] [stderr]    Compiling zerocopy-derive v0.7.35
[INFO] [stderr]     Checking base32 v0.5.1
[INFO] [stderr]     Checking constant_time_eq v0.3.1
[INFO] [stderr]     Checking sponge-cursor v0.1.0
[INFO] [stderr]     Checking xml-no-std v0.8.26
[INFO] [stderr]     Checking urlencoding v2.1.3
[INFO] [stderr]    Compiling sha1collisiondetection v0.3.4
[INFO] [stderr]    Compiling virtue v0.0.18
[INFO] [stderr]     Checking md5 v0.8.1
[INFO] [stderr]     Checking calcard v0.3.8
[INFO] [stderr]     Checking rasn v0.28.13
[INFO] [stderr]     Checking totp-rs v5.7.2
[INFO] [stderr]     Checking zerocopy v0.7.35
[INFO] [stderr]     Checking shake v0.1.0
[INFO] [stderr]     Checking cmac v0.7.2
[INFO] [stderr]    Compiling bincode_derive v2.0.1
[INFO] [stderr]     Checking deadpool v0.13.0
[INFO] [stderr]     Checking pwhash v1.0.0
[INFO] [stderr]     Checking scrypt v0.11.0
[INFO] [stderr]    Compiling derive_builder_macro v0.20.2
[INFO] [stderr]     Checking fancy-regex v0.18.0
[INFO] [stderr]     Checking opentelemetry_sdk v0.31.0 (https://github.com/stalwartlabs/opentelemetry-rust#274b4d32)
[INFO] [stderr]     Checking ghash v0.5.1
[INFO] [stderr]     Checking sha3 v0.11.0
[INFO] [stderr]     Checking generic-array v1.4.4
[INFO] [stderr]     Checking ed25519 v2.2.3
[INFO] [stderr]     Checking signature v3.0.0
[INFO] [stderr]     Checking kem v0.3.0
[INFO] [stderr]    Compiling proc_macros v0.16.16 (/opt/rustwide/workdir/crates/utils/proc-macros)
[INFO] [stderr]     Checking hybrid-array v0.3.1
[INFO] [stderr]     Checking unty v0.0.4
[INFO] [stderr]     Checking web-time v1.1.0
[INFO] [stderr]    Compiling prometheus v0.14.0
[INFO] [stderr]    Compiling decancer v3.3.3
[INFO] [stderr]     Checking cfb v0.14.0
[INFO] [stderr]     Checking slh-dsa v0.0.3
[INFO] [stderr]     Checking bincode v2.0.1
[INFO] [stderr]     Checking ml-kem v0.3.2
[INFO] [stderr]     Checking ml-dsa v0.1.1
[INFO] [stderr]     Checking rasn-pkix v0.28.13
[INFO] [stderr]     Checking ed25519-dalek v2.2.0
[INFO] [stderr]     Checking aes-gcm v0.10.3
[INFO] [stderr]     Checking derive_builder v0.20.2
[INFO] [stderr]     Checking eax v0.5.0
[INFO] [stderr]     Checking x25519-dalek v2.0.1
[INFO] [stderr]     Checking cx448 v0.1.1
[INFO] [stderr]     Checking p256 v0.13.2
[INFO] [stderr]     Checking p521 v0.13.3
[INFO] [stderr]     Checking p384 v0.13.1
[INFO] [stderr]     Checking ocb3 v0.1.0
[INFO] [stderr]     Checking dsa v0.6.3
[INFO] [stderr]     Checking camellia v0.1.0
[INFO] [stderr]     Checking blowfish v0.9.1
[INFO] [stderr]     Checking cfb-mode v0.8.2
[INFO] [stderr]     Checking cbc v0.1.2
[INFO] [stderr]     Checking idea v0.5.1
[INFO] [stderr]     Checking twofish v0.7.1
[INFO] [stderr]     Checking des v0.8.1
[INFO] [stderr]     Checking ecb v0.1.2
[INFO] [stderr]     Checking cast5 v0.11.1
[INFO] [stderr]     Checking unicode-normalization v0.1.25
[INFO] [stderr]     Checking md-5 v0.10.6
[INFO] [stderr]     Checking ripemd v0.1.3
[INFO] [stderr]     Checking buffered-reader v1.4.1
[INFO] [stderr]    Compiling common v0.16.16 (/opt/rustwide/workdir/crates/common)
[INFO] [stderr]     Checking unicode-script v0.5.8
[INFO] [stderr]     Checking memsec v0.7.0
[INFO] [stderr]     Checking dyn-clone v1.0.20
[INFO] [stderr]     Checking rasn-cms v0.28.13
[INFO] [stderr]     Checking zxcvbn v3.1.1
[INFO] [stderr]     Checking unicode-security v0.1.2
[INFO] [stderr]     Checking infer v0.22.0
[INFO] [stderr]     Checking sieve-rs v0.7.2
[INFO] [stderr]     Checking aes-gcm-siv v0.11.1
[INFO] [stderr]     Checking proxy-header v0.1.2
[INFO] [stderr]     Checking hostname v0.4.2
[INFO] [stderr]     Checking imagesize v0.15.0
[INFO] [stderr]     Checking opentelemetry-semantic-conventions v0.31.0 (https://github.com/stalwartlabs/opentelemetry-rust#274b4d32)
[INFO] [stderr]     Checking universal-hash v0.6.1
[INFO] [stderr]    Compiling unicode-general-category v1.1.0
[INFO] [stderr]     Checking polyval v0.7.3
[INFO] [stderr]     Checking aead v0.6.1
[INFO] [stderr]     Checking ghash v0.6.0
[INFO] [stderr]     Checking poly1305 v0.9.1
[INFO] [stderr]     Checking ctr v0.10.1
[INFO] [stderr]     Checking chacha20poly1305 v0.11.0
[INFO] [stderr]     Checking aes-gcm v0.11.0
[INFO] [stderr]     Checking cbc v0.2.1
[INFO] [stderr]    Compiling async-stream-impl v0.3.6
[INFO] [stderr]    Compiling tiny-keccak v2.0.2
[INFO] [stderr]     Checking hkdf v0.13.0
[INFO] [stderr]     Checking memory-stats v1.2.0
[INFO] [stderr]     Checking tungstenite v0.30.0
[INFO] [stderr]     Checking async-stream v0.3.6
[INFO] [stderr]    Compiling jemalloc-sys v0.5.4+5.3.0-patched
[INFO] [stderr]    Compiling const-random-macro v0.1.16
[INFO] [stderr]     Checking const-random v0.1.18
[INFO] [stderr]     Checking tokio-tungstenite v0.30.0
[INFO] [stderr]    Compiling darling_core v0.23.0
[INFO] [stderr]    Compiling openssl-sys v0.9.117
[INFO] [stderr]     Checking ureq-proto v0.6.0
[INFO] [stderr]     Checking utf8-zero v0.8.1
[INFO] [stderr]    Compiling bollard-buildkit-proto v0.7.0
[INFO] [stderr]     Checking dlv-list v0.5.2
[INFO] [stderr]     Checking form-data v0.6.0
[INFO] [stderr]    Compiling structmeta-derive v0.3.0
[INFO] [stderr]    Compiling sequoia-openpgp v2.4.1
[INFO] [stderr]     Checking hashbrown v0.14.5
[INFO] [stderr]     Checking home v0.5.12
[INFO] [stderr]     Checking ordered-multimap v0.7.3
[INFO] [stderr]    Compiling structmeta v0.3.0
[INFO] [stderr]     Checking num-rational v0.4.2
[INFO] [stderr]    Compiling serde_repr v0.1.21
[INFO] [stderr]     Checking num-complex v0.4.6
[INFO] [stderr]    Compiling openssl v0.10.81
[INFO] [stderr]    Compiling darling_macro v0.23.0
[INFO] [stderr]     Checking foreign-types-shared v0.1.1
[INFO] [stderr]    Compiling thiserror v1.0.69
[INFO] [stderr]    Compiling darling v0.23.0
[INFO] [stderr]    Compiling serde_with_macros v3.21.0
[INFO] [stderr]     Checking foreign-types v0.3.2
[INFO] [stderr]     Checking num v0.4.3
[INFO] [stderr]    Compiling parse-display-derive v0.9.1
[INFO] [stderr]     Checking rust-ini v0.21.3
[INFO] [stderr]     Checking hyperlocal v0.9.1
[INFO] [stderr]     Checking xattr v1.6.1
[INFO] [stderr]     Checking quick-xml v0.38.4
[INFO] [stderr]    Compiling openssl-macros v0.1.1
[INFO] [stderr]    Compiling maybe-async v0.2.11
[INFO] [stderr]    Compiling thiserror-impl v1.0.69
[INFO] [stderr]     Checking parse-display v0.9.1
[INFO] [stderr]     Checking astral-tokio-tar v0.6.4
[INFO] [stderr]     Checking rustls-webpki v0.103.13
[INFO] [stderr]     Checking hickory-proto v0.26.1
[INFO] [stderr]     Checking x509-parser v0.18.1
[INFO] [stderr]     Checking rcgen v0.14.8
[INFO] [stderr]     Checking jsonwebtoken v11.0.0
[INFO] [stderr]     Checking serde_with v3.21.0
[INFO] [stderr]     Checking ferroid v2.0.0
[INFO] [stderr]     Checking aws-region v0.28.1
[INFO] [stderr]     Checking docker_credential v1.4.0
[INFO] [stderr]    Compiling serial_test_derive v4.0.1
[INFO] [stderr]     Checking sysinfo v0.37.2
[INFO] [stderr]     Checking csv-core v0.1.13
[INFO] [stderr]     Checking etcetera v0.11.0
[INFO] [stderr]     Checking base64 v0.21.7
[INFO] [stderr]     Checking csv v1.4.0
[INFO] [stderr]     Checking ece v2.3.1
[INFO] [stderr]     Checking serial_test v4.0.1
[INFO] [stderr]     Checking biscuit v0.8.0
[INFO] [stderr]     Checking tokio-rustls v0.26.4
[INFO] [stderr]     Checking hyper-rustls v0.27.9
[INFO] [stderr]     Checking rustls-platform-verifier v0.7.0
[INFO] [stderr]     Checking reqwest v0.13.4
[INFO] [stderr]     Checking hickory-net v0.26.1
[INFO] [stderr]     Checking tonic v0.14.6
[INFO] [stderr] error: could not compile `sequoia-openpgp` (lib)
[INFO] [stderr] 
[INFO] [stderr] Caused by:
[INFO] [stderr]   process didn't exit successfully: `/opt/rustwide/rustup-home/toolchains/3154cc1a3e6424e44f438a95007d043ed5ceaaf6/bin/rustc --crate-name sequoia_openpgp --edition=2021 /opt/rustwide/cargo-home/registry/src/index.crates.io-1949cf8c6b5b557f/sequoia-openpgp-2.4.1/src/lib.rs --error-format=json --json=diagnostic-rendered-ansi,artifacts,future-incompat,unused-externs-silent --crate-type lib --emit=dep-info,metadata -C embed-bitcode=no -C debuginfo=1 -C overflow-checks=off --cfg 'feature="allow-experimental-crypto"' --cfg 'feature="allow-variable-time-crypto"' --cfg 'feature="crypto-rust"' --check-cfg 'cfg(docsrs,test)' --check-cfg 'cfg(feature, values("__implicit-crypto-backend-for-tests", "allow-experimental-crypto", "allow-variable-time-crypto", "compression", "compression-bzip2", "compression-deflate", "crypto-botan", "crypto-botan2", "crypto-cng", "crypto-fuzzing", "crypto-nettle", "crypto-openssl", "crypto-rust", "default"))' -C metadata=0e9efeed37aafd64 -C extra-filename=-19d0b9ac4e096140 --out-dir /opt/rustwide/target/debug/build/sequoia-openpgp/19d0b9ac4e096140/out -L dependency=/opt/rustwide/target/debug/build/aead/fdacbd896e7493ac/out -L dependency=/opt/rustwide/target/debug/build/aes/05c5fad31d4fa4b4/out -L dependency=/opt/rustwide/target/debug/build/aho-corasick/bd21f5ea65ad45ec/out -L dependency=/opt/rustwide/target/debug/build/base16ct/162f7bfdf253c87f/out -L dependency=/opt/rustwide/target/debug/build/base64ct/ea569297b80d3f1c/out -L dependency=/opt/rustwide/target/debug/build/bitvec/061a6de38bf69046/out -L dependency=/opt/rustwide/target/debug/build/blake2/6e91de1fd4a4e476/out -L dependency=/opt/rustwide/target/debug/build/block-buffer/35fd07dbe8a1fef7/out -L dependency=/opt/rustwide/target/debug/build/block-buffer/510aa63d3d58d5dd/out -L dependency=/opt/rustwide/target/debug/build/block-padding/68d708bc1adfb552/out -L dependency=/opt/rustwide/target/debug/build/byteorder/4d6ed48569b5f032/out -L dependency=/opt/rustwide/target/debug/build/cfg-if/ecde91b9c79d68ce/out -L dependency=/opt/rustwide/target/debug/build/cipher/d3655fd9b87e6a87/out -L dependency=/opt/rustwide/target/debug/build/cmac/3677529540317fdd/out -L dependency=/opt/rustwide/target/debug/build/cmov/cbeb1d6382130c05/out -L dependency=/opt/rustwide/target/debug/build/const-oid/72e116ace8ae552f/out -L dependency=/opt/rustwide/target/debug/build/const-oid/7f6aae3d5824b18b/out -L dependency=/opt/rustwide/target/debug/build/cpufeatures/0081a0c3c1c5ea52/out -L dependency=/opt/rustwide/target/debug/build/crypto-bigint/d615ef7b0c1ffe11/out -L dependency=/opt/rustwide/target/debug/build/crypto-common/904a60f900f6d0da/out -L dependency=/opt/rustwide/target/debug/build/crypto-common/e504da02f40babf9/out -L dependency=/opt/rustwide/target/debug/build/ctr/e9703dc41aaadef7/out -L dependency=/opt/rustwide/target/debug/build/ctutils/9f96fe1fe086ee5d/out -L dependency=/opt/rustwide/target/debug/build/curve25519-dalek-derive/ea42c2dca6002283/out -L dependency=/opt/rustwide/target/debug/build/curve25519-dalek/b48643e2a6a2ecb9/out -L dependency=/opt/rustwide/target/debug/build/dbl/e783b9b48092390b/out -L dependency=/opt/rustwide/target/debug/build/der/6e25579760600953/out -L dependency=/opt/rustwide/target/debug/build/digest/380adc31e2727e84/out -L dependency=/opt/rustwide/target/debug/build/digest/5c96f14b7345ce5c/out -L dependency=/opt/rustwide/target/debug/build/displaydoc/faf147203b862332/out -L dependency=/opt/rustwide/target/debug/build/ecdsa/752a801dc69546b0/out -L dependency=/opt/rustwide/target/debug/build/ed25519/776b19751c029ccc/out -L dependency=/opt/rustwide/target/debug/build/elliptic-curve/bc6689907d849d89/out -L dependency=/opt/rustwide/target/debug/build/equivalent/2d4460618455d849/out -L dependency=/opt/rustwide/target/debug/build/ff/ec6a1534338b53f1/out -L dependency=/opt/rustwide/target/debug/build/foldhash/3bcf14eb474c83c4/out -L dependency=/opt/rustwide/target/debug/build/funty/1d6d3eed8250dea4/out -L dependency=/opt/rustwide/target/debug/build/generic-array/b45e2c4556dfe688/out -L dependency=/opt/rustwide/target/debug/build/generic-array/bcd9e6ccaf69ae13/out -L dependency=/opt/rustwide/target/debug/build/getrandom/3d102525b196b7e2/out -L dependency=/opt/rustwide/target/debug/build/getrandom/4452d1210bc5eb0b/out -L dependency=/opt/rustwide/target/debug/build/getrandom/5328ddf977b34845/out -L dependency=/opt/rustwide/target/debug/build/ghash/b165d74a73b35630/out -L dependency=/opt/rustwide/target/debug/build/group/b7e0043c58aa1b8d/out -L dependency=/opt/rustwide/target/debug/build/hashbrown/a5cc9a16d31a0edc/out -L dependency=/opt/rustwide/target/debug/build/hkdf/74197092fba01bac/out -L dependency=/opt/rustwide/target/debug/build/hmac/44e36d39be148f84/out -L dependency=/opt/rustwide/target/debug/build/hybrid-array/86086832b0d046d1/out -L dependency=/opt/rustwide/target/debug/build/hybrid-array/d010f8094875a973/out -L dependency=/opt/rustwide/target/debug/build/icu_collections/04210976e4579fde/out -L dependency=/opt/rustwide/target/debug/build/icu_locale_core/d0c65fd096f4deac/out -L dependency=/opt/rustwide/target/debug/build/icu_normalizer/30226a404f148832/out -L dependency=/opt/rustwide/target/debug/build/icu_normalizer_data/8ea46d352d596926/out -L dependency=/opt/rustwide/target/debug/build/icu_properties/fa5211faf3a9fb8e/out -L dependency=/opt/rustwide/target/debug/build/icu_properties_data/0b9c691fe65cedb4/out -L dependency=/opt/rustwide/target/debug/build/icu_provider/dd9380b4823046e5/out -L dependency=/opt/rustwide/target/debug/build/idna_adapter/29781244adceabf7/out -L dependency=/opt/rustwide/target/debug/build/indexmap/cbd870c1b560597e/out -L dependency=/opt/rustwide/target/debug/build/inout/7244e594b94eaa32/out -L dependency=/opt/rustwide/target/debug/build/itoa/3ee25304a3d7d5e6/out -L dependency=/opt/rustwide/target/debug/build/keccak/233a846ff3a11d62/out -L dependency=/opt/rustwide/target/debug/build/keccak/760bb90039c005ab/out -L dependency=/opt/rustwide/target/debug/build/kem/8709cba56cb70cfa/out -L dependency=/opt/rustwide/target/debug/build/lazy_static/c1d232240c47e64e/out -L dependency=/opt/rustwide/target/debug/build/libc/efdd79776b602ce4/out -L dependency=/opt/rustwide/target/debug/build/libm/c3d8b2cb0203ff78/out -L dependency=/opt/rustwide/target/debug/build/litemap/3f0a74b2fb22cb74/out -L dependency=/opt/rustwide/target/debug/build/memchr/a4d8ebdf90ae0a14/out -L dependency=/opt/rustwide/target/debug/build/module-lattice/d21c8a94ab0bdf2d/out -L dependency=/opt/rustwide/target/debug/build/num-bigint-dig/f443cea28f67fb17/out -L dependency=/opt/rustwide/target/debug/build/num-integer/90be6dfbfcbafb6d/out -L dependency=/opt/rustwide/target/debug/build/num-iter/c4558a70f1551822/out -L dependency=/opt/rustwide/target/debug/build/num-traits/10cbb84dea25aa52/out -L dependency=/opt/rustwide/target/debug/build/opaque-debug/5275a94e4bf8f369/out -L dependency=/opt/rustwide/target/debug/build/password-hash/13b9bdccd73cd026/out -L dependency=/opt/rustwide/target/debug/build/pem-rfc7468/bec01eb35c2cba93/out -L dependency=/opt/rustwide/target/debug/build/pkcs1/eb715f396494679e/out -L dependency=/opt/rustwide/target/debug/build/pkcs8/822382e423de921b/out -L dependency=/opt/rustwide/target/debug/build/polyval/e1e7caaa8dd5fde9/out -L dependency=/opt/rustwide/target/debug/build/potential_utf/f984ba625cdd816b/out -L dependency=/opt/rustwide/target/debug/build/ppv-lite86/6dcb3e99adc66fb9/out -L dependency=/opt/rustwide/target/debug/build/primeorder/560e607a0c4a654c/out -L dependency=/opt/rustwide/target/debug/build/radium/9f8ef97421e51cda/out -L dependency=/opt/rustwide/target/debug/build/rand/e25af47d66632052/out -L dependency=/opt/rustwide/target/debug/build/rand_chacha/c0ceb579032e2760/out -L dependency=/opt/rustwide/target/debug/build/rand_chacha/c1daca35f6e22ac0/out -L dependency=/opt/rustwide/target/debug/build/rand_core/2e24f11641e4966f/out -L dependency=/opt/rustwide/target/debug/build/rand_core/6e93917b90ccb866/out -L dependency=/opt/rustwide/target/debug/build/rand_core/c11d48dca2bc3301/out -L dependency=/opt/rustwide/target/debug/build/regex-automata/6f0fd6b2a4543d38/out -L dependency=/opt/rustwide/target/debug/build/regex-syntax/c09833758dd74705/out -L dependency=/opt/rustwide/target/debug/build/rfc6979/1259502110dffb8a/out -L dependency=/opt/rustwide/target/debug/build/rustversion/ebd6f0690b513a61/out -L dependency=/opt/rustwide/target/debug/build/sec1/635099315a4f737e/out -L dependency=/opt/rustwide/target/debug/build/serde/b5d618954d95033f/out -L dependency=/opt/rustwide/target/debug/build/serde_core/52a6fce99e18a364/out -L dependency=/opt/rustwide/target/debug/build/serde_derive/62fdfef630520366/out -L dependency=/opt/rustwide/target/debug/build/serde_json/401d8c704662ecb6/out -L dependency=/opt/rustwide/target/debug/build/serdect/91c41cd363b15ded/out -L dependency=/opt/rustwide/target/debug/build/sha2/b41f10e7d4e012a6/out -L dependency=/opt/rustwide/target/debug/build/sha3/ce0491490fd3eca5/out -L dependency=/opt/rustwide/target/debug/build/sha3/fc73533b55bd0ff7/out -L dependency=/opt/rustwide/target/debug/build/shake/d5fcd5a44c3914da/out -L dependency=/opt/rustwide/target/debug/build/signature/2542b0d12109904a/out -L dependency=/opt/rustwide/target/debug/build/signature/7cf22e10b1f4691b/out -L dependency=/opt/rustwide/target/debug/build/smallvec/db0689f92b1739e6/out -L dependency=/opt/rustwide/target/debug/build/spin/fc5d99525e526a48/out -L dependency=/opt/rustwide/target/debug/build/spki/2c516bed3aef8dfd/out -L dependency=/opt/rustwide/target/debug/build/sponge-cursor/1470f6365ad5bd29/out -L dependency=/opt/rustwide/target/debug/build/stable_deref_trait/acee957138873a9b/out -L dependency=/opt/rustwide/target/debug/build/subtle/76892034e0bd7043/out -L dependency=/opt/rustwide/target/debug/build/tap/94c78b8561be0ae2/out -L dependency=/opt/rustwide/target/debug/build/thiserror-impl/e3dcaa1eff29babb/out -L dependency=/opt/rustwide/target/debug/build/tinystr/c787c37399fcb67e/out -L dependency=/opt/rustwide/target/debug/build/typenum/4f35844882ff8dcc/out -L dependency=/opt/rustwide/target/debug/build/universal-hash/c2734865a9f70dbb/out -L dependency=/opt/rustwide/target/debug/build/utf8_iter/3b79e74044315a7d/out -L dependency=/opt/rustwide/target/debug/build/writeable/400b07fa03ff1222/out -L dependency=/opt/rustwide/target/debug/build/wyz/b5aad246d6c76f57/out -L dependency=/opt/rustwide/target/debug/build/yoke-derive/fdf24daab4332a88/out -L dependency=/opt/rustwide/target/debug/build/yoke/f89b09357feafbb2/out -L dependency=/opt/rustwide/target/debug/build/zerocopy-derive/47613556eece86d8/out -L dependency=/opt/rustwide/target/debug/build/zerocopy/1e2323f6b975d431/out -L dependency=/opt/rustwide/target/debug/build/zerocopy/cb8ab70bfaf0b133/out -L dependency=/opt/rustwide/target/debug/build/zerofrom-derive/de1b504f63ed08dc/out -L dependency=/opt/rustwide/target/debug/build/zerofrom/69c081715814e3a4/out -L dependency=/opt/rustwide/target/debug/build/zeroize/780f11f88c667564/out -L dependency=/opt/rustwide/target/debug/build/zeroize_derive/75554a1d1732e62e/out -L dependency=/opt/rustwide/target/debug/build/zerotrie/7e30cfeac390e619/out -L dependency=/opt/rustwide/target/debug/build/zerovec-derive/bc327cce8a3bcf8b/out -L dependency=/opt/rustwide/target/debug/build/zerovec/f26f4c0201795249/out -L dependency=/opt/rustwide/target/debug/build/zmij/a90eb2e73af86884/out --extern aes=/opt/rustwide/target/debug/build/aes/05c5fad31d4fa4b4/out/libaes-05c5fad31d4fa4b4.rmeta --extern aes_gcm=/opt/rustwide/target/debug/build/aes-gcm/b41f5aa73dca97f5/out/libaes_gcm-b41f5aa73dca97f5.rmeta --extern anyhow=/opt/rustwide/target/debug/build/anyhow/3a9edb98d426f956/out/libanyhow-3a9edb98d426f956.rmeta --extern argon2=/opt/rustwide/target/debug/build/argon2/3a06a3b4418f5b05/out/libargon2-3a06a3b4418f5b05.rmeta --extern base64=/opt/rustwide/target/debug/build/base64/32560b0b8cf3f626/out/libbase64-32560b0b8cf3f626.rmeta --extern block_padding=/opt/rustwide/target/debug/build/block-padding/68d708bc1adfb552/out/libblock_padding-68d708bc1adfb552.rmeta --extern blowfish=/opt/rustwide/target/debug/build/blowfish/d48a6a59520e7c54/out/libblowfish-d48a6a59520e7c54.rmeta --extern buffered_reader=/opt/rustwide/target/debug/build/buffered-reader/35f3fbaf4edf7a91/out/libbuffered_reader-35f3fbaf4edf7a91.rmeta --extern camellia=/opt/rustwide/target/debug/build/camellia/bdb79f7bc19ca8e3/out/libcamellia-bdb79f7bc19ca8e3.rmeta --extern cast5=/opt/rustwide/target/debug/build/cast5/d06c8f7fcde11fdc/out/libcast5-d06c8f7fcde11fdc.rmeta --extern cbc=/opt/rustwide/target/debug/build/cbc/c937b56b75c4a6ed/out/libcbc-c937b56b75c4a6ed.rmeta --extern cfb_mode=/opt/rustwide/target/debug/build/cfb-mode/d6c82cbbd26223ac/out/libcfb_mode-d6c82cbbd26223ac.rmeta --extern cipher=/opt/rustwide/target/debug/build/cipher/d3655fd9b87e6a87/out/libcipher-d3655fd9b87e6a87.rmeta --extern cx448=/opt/rustwide/target/debug/build/cx448/3a5d8ba029719d97/out/libcx448-3a5d8ba029719d97.rmeta --extern des=/opt/rustwide/target/debug/build/des/69f479b6e4b82e35/out/libdes-69f479b6e4b82e35.rmeta --extern digest=/opt/rustwide/target/debug/build/digest/5c96f14b7345ce5c/out/libdigest-5c96f14b7345ce5c.rmeta --extern dsa=/opt/rustwide/target/debug/build/dsa/ffbaa2bbaf4e94d6/out/libdsa-ffbaa2bbaf4e94d6.rmeta --extern dyn_clone=/opt/rustwide/target/debug/build/dyn-clone/7584bd4575420694/out/libdyn_clone-7584bd4575420694.rmeta --extern eax=/opt/rustwide/target/debug/build/eax/35608d62f5861a5f/out/libeax-35608d62f5861a5f.rmeta --extern ecb=/opt/rustwide/target/debug/build/ecb/eaa13e4a150cfec1/out/libecb-eaa13e4a150cfec1.rmeta --extern ecdsa=/opt/rustwide/target/debug/build/ecdsa/752a801dc69546b0/out/libecdsa-752a801dc69546b0.rmeta --extern ed25519=/opt/rustwide/target/debug/build/ed25519/776b19751c029ccc/out/libed25519-776b19751c029ccc.rmeta --extern ed25519_dalek=/opt/rustwide/target/debug/build/ed25519-dalek/82f6d097ff1312a5/out/libed25519_dalek-82f6d097ff1312a5.rmeta --extern hkdf=/opt/rustwide/target/debug/build/hkdf/74197092fba01bac/out/libhkdf-74197092fba01bac.rmeta --extern idea=/opt/rustwide/target/debug/build/idea/1adc6b73463c672b/out/libidea-1adc6b73463c672b.rmeta --extern idna=/opt/rustwide/target/debug/build/idna/59d95d2e671ef5f8/out/libidna-59d95d2e671ef5f8.rmeta --extern lalrpop_util=/opt/rustwide/target/debug/build/lalrpop-util/1afb7a8bf861d4cb/out/liblalrpop_util-1afb7a8bf861d4cb.rmeta --extern libc=/opt/rustwide/target/debug/build/libc/efdd79776b602ce4/out/liblibc-efdd79776b602ce4.rmeta --extern md5=/opt/rustwide/target/debug/build/md-5/df0b1011a1438304/out/libmd5-df0b1011a1438304.rmeta --extern memsec=/opt/rustwide/target/debug/build/memsec/6e744f691c594bdf/out/libmemsec-6e744f691c594bdf.rmeta --extern ml_dsa=/opt/rustwide/target/debug/build/ml-dsa/9502aa965751704e/out/libml_dsa-9502aa965751704e.rmeta --extern ml_kem=/opt/rustwide/target/debug/build/ml-kem/e16b51672894bb41/out/libml_kem-e16b51672894bb41.rmeta --extern num_bigint_dig=/opt/rustwide/target/debug/build/num-bigint-dig/f443cea28f67fb17/out/libnum_bigint_dig-f443cea28f67fb17.rmeta --extern num_integer=/opt/rustwide/target/debug/build/num-integer/90be6dfbfcbafb6d/out/libnum_integer-90be6dfbfcbafb6d.rmeta --extern ocb3=/opt/rustwide/target/debug/build/ocb3/bc0dc58c7bfd161d/out/libocb3-bc0dc58c7bfd161d.rmeta --extern p256=/opt/rustwide/target/debug/build/p256/785f57d6be2fbfdc/out/libp256-785f57d6be2fbfdc.rmeta --extern p384=/opt/rustwide/target/debug/build/p384/9134e238f1bc36ab/out/libp384-9134e238f1bc36ab.rmeta --extern p521=/opt/rustwide/target/debug/build/p521/8120b4f51f4a3bce/out/libp521-8120b4f51f4a3bce.rmeta --extern rand=/opt/rustwide/target/debug/build/rand/01e2ea0c5bfa049a/out/librand-01e2ea0c5bfa049a.rmeta --extern rand_core=/opt/rustwide/target/debug/build/rand_core/2e24f11641e4966f/out/librand_core-2e24f11641e4966f.rmeta --extern regex=/opt/rustwide/target/debug/build/regex/2be24f064579b8c8/out/libregex-2be24f064579b8c8.rmeta --extern regex_syntax=/opt/rustwide/target/debug/build/regex-syntax/c09833758dd74705/out/libregex_syntax-c09833758dd74705.rmeta --extern ripemd=/opt/rustwide/target/debug/build/ripemd/5fe5bbfa91bdcd5a/out/libripemd-5fe5bbfa91bdcd5a.rmeta --extern rsa=/opt/rustwide/target/debug/build/rsa/5bffb87b2d79d50a/out/librsa-5bffb87b2d79d50a.rmeta --extern sha1collisiondetection=/opt/rustwide/target/debug/build/sha1collisiondetection/fa35263170811f1d/out/libsha1collisiondetection-fa35263170811f1d.rmeta --extern sha2=/opt/rustwide/target/debug/build/sha2/b41f10e7d4e012a6/out/libsha2-b41f10e7d4e012a6.rmeta --extern sha3=/opt/rustwide/target/debug/build/sha3/fc73533b55bd0ff7/out/libsha3-fc73533b55bd0ff7.rmeta --extern slh_dsa=/opt/rustwide/target/debug/build/slh-dsa/0dfb878431ac63ab/out/libslh_dsa-0dfb878431ac63ab.rmeta --extern thiserror=/opt/rustwide/target/debug/build/thiserror/6361c65353d71dd8/out/libthiserror-6361c65353d71dd8.rmeta --extern twofish=/opt/rustwide/target/debug/build/twofish/91af882dfc61b265/out/libtwofish-91af882dfc61b265.rmeta --extern typenum=/opt/rustwide/target/debug/build/typenum/4f35844882ff8dcc/out/libtypenum-4f35844882ff8dcc.rmeta --extern x25519_dalek=/opt/rustwide/target/debug/build/x25519-dalek/5d609ee1380377de/out/libx25519_dalek-5d609ee1380377de.rmeta --extern xxhash_rust=/opt/rustwide/target/debug/build/xxhash-rust/7eee46656c3ecb85/out/libxxhash_rust-7eee46656c3ecb85.rmeta --cap-lints allow --cap-lints=forbid -Znext-solver=coherence --force-warn=unused_crate_dependencies --check-cfg 'cfg(opensslmajorversion, values("1", "3", "4", "5", "6", "7", "8", "9", "10", "11", "12", "13", "14", "15", "16", "17", "18", "19", "20"))'` (signal: 9, SIGKILL: kill)
[INFO] [stderr] warning: build failed, waiting for other jobs to finish...
[INFO] [stderr] error: could not compile `hickory-net` (lib)
[INFO] [stderr] 
[INFO] [stderr] Caused by:
[INFO] [stderr]   process didn't exit successfully: `/opt/rustwide/rustup-home/toolchains/3154cc1a3e6424e44f438a95007d043ed5ceaaf6/bin/rustc --crate-name hickory_net --edition=2021 /opt/rustwide/cargo-home/registry/src/index.crates.io-1949cf8c6b5b557f/hickory-net-0.26.1/src/lib.rs --error-format=json --json=diagnostic-rendered-ansi,artifacts,future-incompat,unused-externs-silent --crate-type lib --emit=dep-info,metadata -C embed-bitcode=no -C debuginfo=1 -C overflow-checks=off --cfg 'feature="__dnssec"' --cfg 'feature="__https"' --cfg 'feature="__tls"' --cfg 'feature="dnssec-aws-lc-rs"' --cfg 'feature="https-aws-lc-rs"' --cfg 'feature="rustls-platform-verifier"' --cfg 'feature="tls-aws-lc-rs"' --cfg 'feature="tokio"' --check-cfg 'cfg(docsrs,test)' --check-cfg 'cfg(feature, values("__dnssec", "__h3", "__https", "__quic", "__tls", "default", "dnssec-aws-lc-rs", "dnssec-ring", "h3-aws-lc-rs", "h3-ring", "https-aws-lc-rs", "https-ring", "mdns", "quic-aws-lc-rs", "quic-ring", "rustls-platform-verifier", "serde", "socket2", "tls-aws-lc-rs", "tls-ring", "tokio", "webpki-roots"))' -C metadata=a840dd1dfa168c25 -C extra-filename=-570eb1722a263ee5 --out-dir /opt/rustwide/target/debug/build/hickory-net/570eb1722a263ee5/out -L dependency=/opt/rustwide/target/debug/build/atomic-waker/b024a3176f4f3fcf/out -L dependency=/opt/rustwide/target/debug/build/aws-lc-rs/9536a4cfb2a8b016/out -L dependency=/opt/rustwide/target/debug/build/aws-lc-sys/aeebd602e5395b2f/out -L dependency=/opt/rustwide/target/debug/build/bitflags/ed8c5b15a733b12b/out -L dependency=/opt/rustwide/target/debug/build/block-buffer/510aa63d3d58d5dd/out -L dependency=/opt/rustwide/target/debug/build/block-padding/500fbf229a2a5a9d/out -L dependency=/opt/rustwide/target/debug/build/bytes/8551688a50fac13a/out -L dependency=/opt/rustwide/target/debug/build/cfg-if/ecde91b9c79d68ce/out -L dependency=/opt/rustwide/target/debug/build/chacha20/df1af9855e0fe1e7/out -L dependency=/opt/rustwide/target/debug/build/cipher/c4e09084a10bc6db/out -L dependency=/opt/rustwide/target/debug/build/cmov/cbeb1d6382130c05/out -L dependency=/opt/rustwide/target/debug/build/cpufeatures/c0f47341d6ed6b10/out -L dependency=/opt/rustwide/target/debug/build/critical-section/9a6243e153ececd4/out -L dependency=/opt/rustwide/target/debug/build/crypto-common/e504da02f40babf9/out -L dependency=/opt/rustwide/target/debug/build/ctutils/9f96fe1fe086ee5d/out -L dependency=/opt/rustwide/target/debug/build/data-encoding/c6fefe0430af7638/out -L dependency=/opt/rustwide/target/debug/build/deranged/ec7d054a22bb95ea/out -L dependency=/opt/rustwide/target/debug/build/displaydoc/faf147203b862332/out -L dependency=/opt/rustwide/target/debug/build/either/9f19729fdffa83c4/out -L dependency=/opt/rustwide/target/debug/build/equivalent/2d4460618455d849/out -L dependency=/opt/rustwide/target/debug/build/errno/a0051b4ebab8d6d9/out -L dependency=/opt/rustwide/target/debug/build/fnv/0e8e6bb19db16556/out -L dependency=/opt/rustwide/target/debug/build/foldhash/3bcf14eb474c83c4/out -L dependency=/opt/rustwide/target/debug/build/form_urlencoded/c5f7cb579bf078ff/out -L dependency=/opt/rustwide/target/debug/build/futures-channel/baeee275383f0673/out -L dependency=/opt/rustwide/target/debug/build/futures-core/2903f03024dfc0ba/out -L dependency=/opt/rustwide/target/debug/build/futures-io/ac34d3024faf8599/out -L dependency=/opt/rustwide/target/debug/build/futures-macro/25fc95b7f415924f/out -L dependency=/opt/rustwide/target/debug/build/futures-sink/f4abde5b4955645f/out -L dependency=/opt/rustwide/target/debug/build/futures-task/cef43fdc6bf1aa36/out -L dependency=/opt/rustwide/target/debug/build/getrandom/4452d1210bc5eb0b/out -L dependency=/opt/rustwide/target/debug/build/getrandom/5328ddf977b34845/out -L dependency=/opt/rustwide/target/debug/build/hashbrown/a5cc9a16d31a0edc/out -L dependency=/opt/rustwide/target/debug/build/http/4fb729e9267da429/out -L dependency=/opt/rustwide/target/debug/build/hybrid-array/86086832b0d046d1/out -L dependency=/opt/rustwide/target/debug/build/icu_collections/04210976e4579fde/out -L dependency=/opt/rustwide/target/debug/build/icu_locale_core/d0c65fd096f4deac/out -L dependency=/opt/rustwide/target/debug/build/icu_normalizer/30226a404f148832/out -L dependency=/opt/rustwide/target/debug/build/icu_normalizer_data/8ea46d352d596926/out -L dependency=/opt/rustwide/target/debug/build/icu_properties/fa5211faf3a9fb8e/out -L dependency=/opt/rustwide/target/debug/build/icu_properties_data/0b9c691fe65cedb4/out -L dependency=/opt/rustwide/target/debug/build/icu_provider/dd9380b4823046e5/out -L dependency=/opt/rustwide/target/debug/build/idna/59d95d2e671ef5f8/out -L dependency=/opt/rustwide/target/debug/build/idna_adapter/29781244adceabf7/out -L dependency=/opt/rustwide/target/debug/build/indexmap/cbd870c1b560597e/out -L dependency=/opt/rustwide/target/debug/build/inout/1ad2cbb76532f035/out -L dependency=/opt/rustwide/target/debug/build/ipnet/d8c41e350c81caef/out -L dependency=/opt/rustwide/target/debug/build/itoa/3ee25304a3d7d5e6/out -L dependency=/opt/rustwide/target/debug/build/libc/efdd79776b602ce4/out -L dependency=/opt/rustwide/target/debug/build/libm/c3d8b2cb0203ff78/out -L dependency=/opt/rustwide/target/debug/build/linked-hash-map/b606f7a2e8fd3a57/out -L dependency=/opt/rustwide/target/debug/build/litemap/3f0a74b2fb22cb74/out -L dependency=/opt/rustwide/target/debug/build/lock_api/cce5bfa6772c5491/out -L dependency=/opt/rustwide/target/debug/build/log/c78dfaba301ad193/out -L dependency=/opt/rustwide/target/debug/build/memchr/a4d8ebdf90ae0a14/out -L dependency=/opt/rustwide/target/debug/build/mio/1715e8c2c3161f23/out -L dependency=/opt/rustwide/target/debug/build/num-conv/eebc560680f2a7a6/out -L dependency=/opt/rustwide/target/debug/build/num-traits/10cbb84dea25aa52/out -L dependency=/opt/rustwide/target/debug/build/once_cell/681292c20da1066f/out -L dependency=/opt/rustwide/target/debug/build/openssl-probe/79a35b0fd081ea5d/out -L dependency=/opt/rustwide/target/debug/build/parking_lot/9d005a03e65a55ba/out -L dependency=/opt/rustwide/target/debug/build/parking_lot_core/253cce002d90d1fb/out -L dependency=/opt/rustwide/target/debug/build/percent-encoding/ce298d2a6cd25d94/out -L dependency=/opt/rustwide/target/debug/build/pin-project-lite/438b927a865d182c/out -L dependency=/opt/rustwide/target/debug/build/portable-atomic/4e5a105a9dc0074d/out -L dependency=/opt/rustwide/target/debug/build/potential_utf/f984ba625cdd816b/out -L dependency=/opt/rustwide/target/debug/build/powerfmt/eaf73906e0c48750/out -L dependency=/opt/rustwide/target/debug/build/prefix-trie/cc97bd3a7df6d47b/out -L dependency=/opt/rustwide/target/debug/build/rand/51f161290b40ddde/out -L dependency=/opt/rustwide/target/debug/build/rand_core/c11d48dca2bc3301/out -L dependency=/opt/rustwide/target/debug/build/ring/29131f7f0963a523/out -L dependency=/opt/rustwide/target/debug/build/rustls-native-certs/1432017213a59855/out -L dependency=/opt/rustwide/target/debug/build/rustls-pki-types/418f738523905427/out -L dependency=/opt/rustwide/target/debug/build/rustls-webpki/7053292a16b3ef26/out -L dependency=/opt/rustwide/target/debug/build/rustls/28677a8639d22a9e/out -L dependency=/opt/rustwide/target/debug/build/scopeguard/c4d10f5ce7f0c452/out -L dependency=/opt/rustwide/target/debug/build/serde/b5d618954d95033f/out -L dependency=/opt/rustwide/target/debug/build/serde_core/52a6fce99e18a364/out -L dependency=/opt/rustwide/target/debug/build/serde_derive/62fdfef630520366/out -L dependency=/opt/rustwide/target/debug/build/signal-hook-registry/1dc3cc32f9c5afc9/out -L dependency=/opt/rustwide/target/debug/build/slab/2f7b8dbc9b0366f8/out -L dependency=/opt/rustwide/target/debug/build/smallvec/db0689f92b1739e6/out -L dependency=/opt/rustwide/target/debug/build/socket2/2869e7955980f228/out -L dependency=/opt/rustwide/target/debug/build/stable_deref_trait/acee957138873a9b/out -L dependency=/opt/rustwide/target/debug/build/subtle/76892034e0bd7043/out -L dependency=/opt/rustwide/target/debug/build/thiserror-impl/e3dcaa1eff29babb/out -L dependency=/opt/rustwide/target/debug/build/thiserror/6361c65353d71dd8/out -L dependency=/opt/rustwide/target/debug/build/time-core/b60effaa1c100777/out -L dependency=/opt/rustwide/target/debug/build/time-macros/9f5abaf5c580fdc8/out -L dependency=/opt/rustwide/target/debug/build/time/d362a0eef919cda2/out -L dependency=/opt/rustwide/target/debug/build/tinystr/c787c37399fcb67e/out -L dependency=/opt/rustwide/target/debug/build/tinyvec/3860bb6689fc11b0/out -L dependency=/opt/rustwide/target/debug/build/tinyvec_macros/31975ddfd79b3cf8/out -L dependency=/opt/rustwide/target/debug/build/tokio-macros/0f7de3d5fd7df0fe/out -L dependency=/opt/rustwide/target/debug/build/tokio-util/7301a82bdfe45ffd/out -L dependency=/opt/rustwide/target/debug/build/tokio/12989e6a032b8415/out -L dependency=/opt/rustwide/target/debug/build/tracing-attributes/7fe391bceabb977b/out -L dependency=/opt/rustwide/target/debug/build/tracing-core/2688820f402dfc6d/out -L dependency=/opt/rustwide/target/debug/build/tracing/b0dd53394043afc1/out -L dependency=/opt/rustwide/target/debug/build/typenum/4f35844882ff8dcc/out -L dependency=/opt/rustwide/target/debug/build/untrusted/ecb7a0aa318544cb/out -L dependency=/opt/rustwide/target/debug/build/untrusted/eeedb7fe10a2517b/out -L dependency=/opt/rustwide/target/debug/build/url/ce97d304a5f2b813/out -L dependency=/opt/rustwide/target/debug/build/utf8_iter/3b79e74044315a7d/out -L dependency=/opt/rustwide/target/debug/build/writeable/400b07fa03ff1222/out -L dependency=/opt/rustwide/target/debug/build/yoke-derive/fdf24daab4332a88/out -L dependency=/opt/rustwide/target/debug/build/yoke/f89b09357feafbb2/out -L dependency=/opt/rustwide/target/debug/build/zerofrom-derive/de1b504f63ed08dc/out -L dependency=/opt/rustwide/target/debug/build/zerofrom/69c081715814e3a4/out -L dependency=/opt/rustwide/target/debug/build/zeroize/780f11f88c667564/out -L dependency=/opt/rustwide/target/debug/build/zeroize_derive/75554a1d1732e62e/out -L dependency=/opt/rustwide/target/debug/build/zerotrie/7e30cfeac390e619/out -L dependency=/opt/rustwide/target/debug/build/zerovec-derive/bc327cce8a3bcf8b/out -L dependency=/opt/rustwide/target/debug/build/zerovec/f26f4c0201795249/out --extern async_trait=/opt/rustwide/target/debug/build/async-trait/fcc745b634f5cd8b/out/libasync_trait-fcc745b634f5cd8b.so --extern aws_lc_rs=/opt/rustwide/target/debug/build/aws-lc-rs/9536a4cfb2a8b016/out/libaws_lc_rs-9536a4cfb2a8b016.rmeta --extern bitflags=/opt/rustwide/target/debug/build/bitflags/ed8c5b15a733b12b/out/libbitflags-ed8c5b15a733b12b.rmeta --extern bytes=/opt/rustwide/target/debug/build/bytes/8551688a50fac13a/out/libbytes-8551688a50fac13a.rmeta --extern cfg_if=/opt/rustwide/target/debug/build/cfg-if/ecde91b9c79d68ce/out/libcfg_if-ecde91b9c79d68ce.rmeta --extern data_encoding=/opt/rustwide/target/debug/build/data-encoding/c6fefe0430af7638/out/libdata_encoding-c6fefe0430af7638.rmeta --extern futures_channel=/opt/rustwide/target/debug/build/futures-channel/baeee275383f0673/out/libfutures_channel-baeee275383f0673.rmeta --extern futures_io=/opt/rustwide/target/debug/build/futures-io/ac34d3024faf8599/out/libfutures_io-ac34d3024faf8599.rmeta --extern futures_util=/opt/rustwide/target/debug/build/futures-util/fc86cb392a34a9a1/out/libfutures_util-fc86cb392a34a9a1.rmeta --extern h2=/opt/rustwide/target/debug/build/h2/bd0a000bf980d5d0/out/libh2-bd0a000bf980d5d0.rmeta --extern hickory_proto=/opt/rustwide/target/debug/build/hickory-proto/3e84c971abac2dea/out/libhickory_proto-3e84c971abac2dea.rmeta --extern http=/opt/rustwide/target/debug/build/http/4fb729e9267da429/out/libhttp-4fb729e9267da429.rmeta --extern idna=/opt/rustwide/target/debug/build/idna/59d95d2e671ef5f8/out/libidna-59d95d2e671ef5f8.rmeta --extern ipnet=/opt/rustwide/target/debug/build/ipnet/d8c41e350c81caef/out/libipnet-d8c41e350c81caef.rmeta --extern lru_cache=/opt/rustwide/target/debug/build/lru-cache/ea4c4d591e27171e/out/liblru_cache-ea4c4d591e27171e.rmeta --extern parking_lot=/opt/rustwide/target/debug/build/parking_lot/9d005a03e65a55ba/out/libparking_lot-9d005a03e65a55ba.rmeta --extern rand=/opt/rustwide/target/debug/build/rand/51f161290b40ddde/out/librand-51f161290b40ddde.rmeta --extern rustls=/opt/rustwide/target/debug/build/rustls/28677a8639d22a9e/out/librustls-28677a8639d22a9e.rmeta --extern rustls_pki_types=/opt/rustwide/target/debug/build/rustls-pki-types/418f738523905427/out/librustls_pki_types-418f738523905427.rmeta --extern rustls_platform_verifier=/opt/rustwide/target/debug/build/rustls-platform-verifier/7b5c9d2da12d1652/out/librustls_platform_verifier-7b5c9d2da12d1652.rmeta --extern thiserror=/opt/rustwide/target/debug/build/thiserror/6361c65353d71dd8/out/libthiserror-6361c65353d71dd8.rmeta --extern time=/opt/rustwide/target/debug/build/time/d362a0eef919cda2/out/libtime-d362a0eef919cda2.rmeta --extern tinyvec=/opt/rustwide/target/debug/build/tinyvec/3860bb6689fc11b0/out/libtinyvec-3860bb6689fc11b0.rmeta --extern tokio=/opt/rustwide/target/debug/build/tokio/12989e6a032b8415/out/libtokio-12989e6a032b8415.rmeta --extern tokio_rustls=/opt/rustwide/target/debug/build/tokio-rustls/b7434c86bbc23932/out/libtokio_rustls-b7434c86bbc23932.rmeta --extern tracing=/opt/rustwide/target/debug/build/tracing/b0dd53394043afc1/out/libtracing-b0dd53394043afc1.rmeta --extern url=/opt/rustwide/target/debug/build/url/ce97d304a5f2b813/out/liburl-ce97d304a5f2b813.rmeta --cap-lints allow --cap-lints=forbid -Znext-solver=coherence --force-warn=unused_crate_dependencies -L native=/opt/rustwide/target/debug/build/aws-lc-sys/019efa1da06f335e/out -L native=/opt/rustwide/target/debug/build/ring/ec6dcc43104c263e/out` (signal: 9, SIGKILL: kill)
[INFO] [stderr] error: could not compile `tonic` (lib)
[INFO] [stderr] 
[INFO] [stderr] Caused by:
[INFO] [stderr]   process didn't exit successfully: `/opt/rustwide/rustup-home/toolchains/3154cc1a3e6424e44f438a95007d043ed5ceaaf6/bin/rustc --crate-name tonic --edition=2024 /opt/rustwide/cargo-home/registry/src/index.crates.io-1949cf8c6b5b557f/tonic-0.14.6/src/lib.rs --error-format=json --json=diagnostic-rendered-ansi,artifacts,future-incompat,unused-externs-silent --crate-type lib --emit=dep-info,metadata -C embed-bitcode=no -C debuginfo=1 -C overflow-checks=off --cfg 'feature="_tls-any"' --cfg 'feature="channel"' --cfg 'feature="codegen"' --cfg 'feature="default"' --cfg 'feature="router"' --cfg 'feature="server"' --cfg 'feature="tls-aws-lc"' --cfg 'feature="tls-connect-info"' --cfg 'feature="tls-native-roots"' --cfg 'feature="transport"' --check-cfg 'cfg(docsrs,test)' --check-cfg 'cfg(feature, values("_tls-any", "channel", "codegen", "default", "deflate", "gzip", "router", "server", "tls-aws-lc", "tls-connect-info", "tls-native-roots", "tls-ring", "tls-webpki-roots", "transport", "zstd"))' -C metadata=54190b9c053610b3 -C extra-filename=-c6dde2f3638dd025 --out-dir /opt/rustwide/target/debug/build/tonic/c6dde2f3638dd025/out -L dependency=/opt/rustwide/target/debug/build/atomic-waker/b024a3176f4f3fcf/out -L dependency=/opt/rustwide/target/debug/build/aws-lc-rs/9536a4cfb2a8b016/out -L dependency=/opt/rustwide/target/debug/build/aws-lc-sys/aeebd602e5395b2f/out -L dependency=/opt/rustwide/target/debug/build/axum-core/24dd8dfbd5049884/out -L dependency=/opt/rustwide/target/debug/build/base64/32560b0b8cf3f626/out -L dependency=/opt/rustwide/target/debug/build/bytes/8551688a50fac13a/out -L dependency=/opt/rustwide/target/debug/build/cfg-if/ecde91b9c79d68ce/out -L dependency=/opt/rustwide/target/debug/build/critical-section/9a6243e153ececd4/out -L dependency=/opt/rustwide/target/debug/build/equivalent/2d4460618455d849/out -L dependency=/opt/rustwide/target/debug/build/errno/a0051b4ebab8d6d9/out -L dependency=/opt/rustwide/target/debug/build/fnv/0e8e6bb19db16556/out -L dependency=/opt/rustwide/target/debug/build/foldhash/3bcf14eb474c83c4/out -L dependency=/opt/rustwide/target/debug/build/futures-channel/baeee275383f0673/out -L dependency=/opt/rustwide/target/debug/build/futures-core/2903f03024dfc0ba/out -L dependency=/opt/rustwide/target/debug/build/futures-io/ac34d3024faf8599/out -L dependency=/opt/rustwide/target/debug/build/futures-macro/25fc95b7f415924f/out -L dependency=/opt/rustwide/target/debug/build/futures-sink/f4abde5b4955645f/out -L dependency=/opt/rustwide/target/debug/build/futures-task/cef43fdc6bf1aa36/out -L dependency=/opt/rustwide/target/debug/build/futures-util/fc86cb392a34a9a1/out -L dependency=/opt/rustwide/target/debug/build/getrandom/4452d1210bc5eb0b/out -L dependency=/opt/rustwide/target/debug/build/h2/bd0a000bf980d5d0/out -L dependency=/opt/rustwide/target/debug/build/hashbrown/a5cc9a16d31a0edc/out -L dependency=/opt/rustwide/target/debug/build/http-body-util/d8eb9ae86873c5eb/out -L dependency=/opt/rustwide/target/debug/build/http-body/06cf7abf9a854f30/out -L dependency=/opt/rustwide/target/debug/build/http/4fb729e9267da429/out -L dependency=/opt/rustwide/target/debug/build/httparse/56a896da71a0d2e7/out -L dependency=/opt/rustwide/target/debug/build/httpdate/32fedb025c14b564/out -L dependency=/opt/rustwide/target/debug/build/hyper-util/e2ed666362c5ef45/out -L dependency=/opt/rustwide/target/debug/build/hyper/41ed3f805de07b23/out -L dependency=/opt/rustwide/target/debug/build/indexmap/cbd870c1b560597e/out -L dependency=/opt/rustwide/target/debug/build/ipnet/d8c41e350c81caef/out -L dependency=/opt/rustwide/target/debug/build/itoa/3ee25304a3d7d5e6/out -L dependency=/opt/rustwide/target/debug/build/libc/efdd79776b602ce4/out -L dependency=/opt/rustwide/target/debug/build/lock_api/cce5bfa6772c5491/out -L dependency=/opt/rustwide/target/debug/build/log/c78dfaba301ad193/out -L dependency=/opt/rustwide/target/debug/build/matchit/fef3c44a860f4244/out -L dependency=/opt/rustwide/target/debug/build/memchr/a4d8ebdf90ae0a14/out -L dependency=/opt/rustwide/target/debug/build/mime/2f4f3f8f93e4d74d/out -L dependency=/opt/rustwide/target/debug/build/mio/1715e8c2c3161f23/out -L dependency=/opt/rustwide/target/debug/build/once_cell/681292c20da1066f/out -L dependency=/opt/rustwide/target/debug/build/openssl-probe/79a35b0fd081ea5d/out -L dependency=/opt/rustwide/target/debug/build/parking_lot/9d005a03e65a55ba/out -L dependency=/opt/rustwide/target/debug/build/parking_lot_core/253cce002d90d1fb/out -L dependency=/opt/rustwide/target/debug/build/percent-encoding/ce298d2a6cd25d94/out -L dependency=/opt/rustwide/target/debug/build/pin-project-internal/8465c4cb47be9318/out -L dependency=/opt/rustwide/target/debug/build/pin-project-lite/438b927a865d182c/out -L dependency=/opt/rustwide/target/debug/build/portable-atomic/4e5a105a9dc0074d/out -L dependency=/opt/rustwide/target/debug/build/ring/29131f7f0963a523/out -L dependency=/opt/rustwide/target/debug/build/rustls-pki-types/418f738523905427/out -L dependency=/opt/rustwide/target/debug/build/rustls-webpki/7053292a16b3ef26/out -L dependency=/opt/rustwide/target/debug/build/rustls/28677a8639d22a9e/out -L dependency=/opt/rustwide/target/debug/build/scopeguard/c4d10f5ce7f0c452/out -L dependency=/opt/rustwide/target/debug/build/serde/b5d618954d95033f/out -L dependency=/opt/rustwide/target/debug/build/serde_core/52a6fce99e18a364/out -L dependency=/opt/rustwide/target/debug/build/serde_derive/62fdfef630520366/out -L dependency=/opt/rustwide/target/debug/build/signal-hook-registry/1dc3cc32f9c5afc9/out -L dependency=/opt/rustwide/target/debug/build/slab/2f7b8dbc9b0366f8/out -L dependency=/opt/rustwide/target/debug/build/smallvec/db0689f92b1739e6/out -L dependency=/opt/rustwide/target/debug/build/socket2/2869e7955980f228/out -L dependency=/opt/rustwide/target/debug/build/subtle/76892034e0bd7043/out -L dependency=/opt/rustwide/target/debug/build/sync_wrapper/c295ba74d5e5f992/out -L dependency=/opt/rustwide/target/debug/build/tokio-macros/0f7de3d5fd7df0fe/out -L dependency=/opt/rustwide/target/debug/build/tokio-util/7301a82bdfe45ffd/out -L dependency=/opt/rustwide/target/debug/build/tokio/12989e6a032b8415/out -L dependency=/opt/rustwide/target/debug/build/tower-layer/83155ab2952a1a14/out -L dependency=/opt/rustwide/target/debug/build/tower-service/3c104ff4ca4f7a89/out -L dependency=/opt/rustwide/target/debug/build/tower/5fc44453505145bd/out -L dependency=/opt/rustwide/target/debug/build/tracing-attributes/7fe391bceabb977b/out -L dependency=/opt/rustwide/target/debug/build/tracing-core/2688820f402dfc6d/out -L dependency=/opt/rustwide/target/debug/build/tracing/b0dd53394043afc1/out -L dependency=/opt/rustwide/target/debug/build/try-lock/07c3d635fbda2893/out -L dependency=/opt/rustwide/target/debug/build/untrusted/ecb7a0aa318544cb/out -L dependency=/opt/rustwide/target/debug/build/untrusted/eeedb7fe10a2517b/out -L dependency=/opt/rustwide/target/debug/build/want/91792277dd4cf47d/out -L dependency=/opt/rustwide/target/debug/build/zeroize/780f11f88c667564/out -L dependency=/opt/rustwide/target/debug/build/zeroize_derive/75554a1d1732e62e/out --extern async_trait=/opt/rustwide/target/debug/build/async-trait/fcc745b634f5cd8b/out/libasync_trait-fcc745b634f5cd8b.so --extern axum=/opt/rustwide/target/debug/build/axum/c5cb80a233461290/out/libaxum-c5cb80a233461290.rmeta --extern base64=/opt/rustwide/target/debug/build/base64/32560b0b8cf3f626/out/libbase64-32560b0b8cf3f626.rmeta --extern bytes=/opt/rustwide/target/debug/build/bytes/8551688a50fac13a/out/libbytes-8551688a50fac13a.rmeta --extern h2=/opt/rustwide/target/debug/build/h2/bd0a000bf980d5d0/out/libh2-bd0a000bf980d5d0.rmeta --extern http=/opt/rustwide/target/debug/build/http/4fb729e9267da429/out/libhttp-4fb729e9267da429.rmeta --extern http_body=/opt/rustwide/target/debug/build/http-body/06cf7abf9a854f30/out/libhttp_body-06cf7abf9a854f30.rmeta --extern http_body_util=/opt/rustwide/target/debug/build/http-body-util/d8eb9ae86873c5eb/out/libhttp_body_util-d8eb9ae86873c5eb.rmeta --extern hyper=/opt/rustwide/target/debug/build/hyper/41ed3f805de07b23/out/libhyper-41ed3f805de07b23.rmeta --extern hyper_timeout=/opt/rustwide/target/debug/build/hyper-timeout/d59d2272cecb5f45/out/libhyper_timeout-d59d2272cecb5f45.rmeta --extern hyper_util=/opt/rustwide/target/debug/build/hyper-util/e2ed666362c5ef45/out/libhyper_util-e2ed666362c5ef45.rmeta --extern percent_encoding=/opt/rustwide/target/debug/build/percent-encoding/ce298d2a6cd25d94/out/libpercent_encoding-ce298d2a6cd25d94.rmeta --extern pin_project=/opt/rustwide/target/debug/build/pin-project/ae0d5c10e9de5bac/out/libpin_project-ae0d5c10e9de5bac.rmeta --extern rustls_native_certs=/opt/rustwide/target/debug/build/rustls-native-certs/1432017213a59855/out/librustls_native_certs-1432017213a59855.rmeta --extern socket2=/opt/rustwide/target/debug/build/socket2/2869e7955980f228/out/libsocket2-2869e7955980f228.rmeta --extern sync_wrapper=/opt/rustwide/target/debug/build/sync_wrapper/c295ba74d5e5f992/out/libsync_wrapper-c295ba74d5e5f992.rmeta --extern tokio=/opt/rustwide/target/debug/build/tokio/12989e6a032b8415/out/libtokio-12989e6a032b8415.rmeta --extern tokio_rustls=/opt/rustwide/target/debug/build/tokio-rustls/b7434c86bbc23932/out/libtokio_rustls-b7434c86bbc23932.rmeta --extern tokio_stream=/opt/rustwide/target/debug/build/tokio-stream/412c291a7e488460/out/libtokio_stream-412c291a7e488460.rmeta --extern tower=/opt/rustwide/target/debug/build/tower/5fc44453505145bd/out/libtower-5fc44453505145bd.rmeta --extern tower_layer=/opt/rustwide/target/debug/build/tower-layer/83155ab2952a1a14/out/libtower_layer-83155ab2952a1a14.rmeta --extern tower_service=/opt/rustwide/target/debug/build/tower-service/3c104ff4ca4f7a89/out/libtower_service-3c104ff4ca4f7a89.rmeta --extern tracing=/opt/rustwide/target/debug/build/tracing/b0dd53394043afc1/out/libtracing-b0dd53394043afc1.rmeta --cap-lints allow --cap-lints=forbid -Znext-solver=coherence --force-warn=unused_crate_dependencies -L native=/opt/rustwide/target/debug/build/aws-lc-sys/019efa1da06f335e/out -L native=/opt/rustwide/target/debug/build/ring/ec6dcc43104c263e/out` (signal: 9, SIGKILL: kill)
[INFO] [stderr] error: failed to run custom build command for `jemalloc-sys v0.5.4+5.3.0-patched`
[INFO] [stderr] note: To improve backtraces for build dependencies, set the CARGO_PROFILE_DEV_BUILD_OVERRIDE_DEBUG=true environment variable to enable debug information generation.
[INFO] [stderr] 
[INFO] [stderr] Caused by:
[INFO] [stderr]   process didn't exit successfully: `/opt/rustwide/target/debug/build/jemalloc-sys/e215835b8e400de3/out/build_script_build` (exit status: 101)
[INFO] [stderr]   --- stdout
[INFO] [stderr]   TARGET=x86_64-unknown-linux-gnu
[INFO] [stderr]   HOST=x86_64-unknown-linux-gnu
[INFO] [stderr]   NUM_JOBS=8
[INFO] [stderr]   OUT_DIR="/opt/rustwide/target/debug/build/jemalloc-sys/88bbe0e4726fabf1/out"
[INFO] [stderr]   BUILD_DIR="/opt/rustwide/target/debug/build/jemalloc-sys/88bbe0e4726fabf1/out/build"
[INFO] [stderr]   SRC_DIR="/opt/rustwide/cargo-home/registry/src/index.crates.io-1949cf8c6b5b557f/jemalloc-sys-0.5.4+5.3.0-patched"
[INFO] [stderr]   cargo:rustc-cfg=prefixed
[INFO] [stderr]   cargo:rerun-if-env-changed=JEMALLOC_OVERRIDE
[INFO] [stderr]   cargo:rerun-if-env-changed=CC_x86_64-unknown-linux-gnu
[INFO] [stderr]   CC_x86_64-unknown-linux-gnu = None
[INFO] [stderr]   cargo:rerun-if-env-changed=CC_x86_64_unknown_linux_gnu
[INFO] [stderr]   CC_x86_64_unknown_linux_gnu = None
[INFO] [stderr]   cargo:rerun-if-env-changed=HOST_CC
[INFO] [stderr]   HOST_CC = None
[INFO] [stderr]   cargo:rerun-if-env-changed=CC
[INFO] [stderr]   CC = None
[INFO] [stderr]   cargo:rerun-if-env-changed=CC_ENABLE_DEBUG_OUTPUT
[INFO] [stderr]   cargo:rerun-if-env-changed=CRATE_CC_NO_DEFAULTS
[INFO] [stderr]   CRATE_CC_NO_DEFAULTS = None
[INFO] [stderr]   cargo:rerun-if-env-changed=CFLAGS
[INFO] [stderr]   CFLAGS = None
[INFO] [stderr]   cargo:rerun-if-env-changed=HOST_CFLAGS
[INFO] [stderr]   HOST_CFLAGS = None
[INFO] [stderr]   cargo:rerun-if-env-changed=CFLAGS_x86_64_unknown_linux_gnu
[INFO] [stderr]   CFLAGS_x86_64_unknown_linux_gnu = None
[INFO] [stderr]   cargo:rerun-if-env-changed=CFLAGS_x86_64-unknown-linux-gnu
[INFO] [stderr]   CFLAGS_x86_64-unknown-linux-gnu = None
[INFO] [stderr]   CC="cc"
[INFO] [stderr]   CFLAGS="-O0 -ffunction-sections -fdata-sections -fPIC -g -gdwarf-4 -fno-omit-frame-pointer -m64 -Wall"
[INFO] [stderr]   JEMALLOC_REPO_DIR="jemalloc"
[INFO] [stderr]   cargo:rerun-if-env-changed=JEMALLOC_SYS_WITH_MALLOC_CONF
[INFO] [stderr]   cargo:rerun-if-env-changed=JEMALLOC_SYS_WITH_LG_PAGE
[INFO] [stderr]   cargo:rerun-if-env-changed=JEMALLOC_SYS_WITH_LG_HUGEPAGE
[INFO] [stderr]   cargo:rerun-if-env-changed=JEMALLOC_SYS_WITH_LG_QUANTUM
[INFO] [stderr]   cargo:rerun-if-env-changed=JEMALLOC_SYS_WITH_LG_VADDR
[INFO] [stderr]   --with-jemalloc-prefix=_rjem_
[INFO] [stderr]   running: cd "/opt/rustwide/target/debug/build/jemalloc-sys/88bbe0e4726fabf1/out/build" && CC="cc" CFLAGS="-O0 -ffunction-sections -fdata-sections -fPIC -g -gdwarf-4 -fno-omit-frame-pointer -m64 -Wall" CPPFLAGS="-O0 -ffunction-sections -fdata-sections -fPIC -g -gdwarf-4 -fno-omit-frame-pointer -m64 -Wall" LDFLAGS="-O0 -ffunction-sections -fdata-sections -fPIC -g -gdwarf-4 -fno-omit-frame-pointer -m64 -Wall" "sh" "/opt/rustwide/target/debug/build/jemalloc-sys/88bbe0e4726fabf1/out/build/configure" "--disable-cxx" "--enable-doc=no" "--enable-shared=no" "--with-jemalloc-prefix=_rjem_" "--with-private-namespace=_rjem_" "--host=x86_64-unknown-linux-gnu" "--build=x86_64-unknown-linux-gnu" "--prefix=/opt/rustwide/target/debug/build/jemalloc-sys/88bbe0e4726fabf1/out"
[INFO] [stderr]   checking for xsltproc... false
[INFO] [stderr]   checking for x86_64-unknown-linux-gnu-gcc... cc
[INFO] [stderr]   checking whether the C compiler works... yes
[INFO] [stderr]   checking for C compiler default output file name... a.out
[INFO] [stderr]   checking for suffix of executables... 
[INFO] [stderr]   checking whether we are cross compiling... no
[INFO] [stderr]   checking for suffix of object files... o
[INFO] [stderr]   checking whether we are using the GNU C compiler... yes
[INFO] [stderr]   checking whether cc accepts -g... yes
[INFO] [stderr]   checking for cc option to accept ISO C89... none needed
[INFO] [stderr]   checking whether compiler is cray... no
[INFO] [stderr]   checking whether compiler supports -std=gnu11... yes
[INFO] [stderr]   checking whether compiler supports -Werror=unknown-warning-option... no
[INFO] [stderr]   checking whether compiler supports -Wall... yes
[INFO] [stderr]   checking whether compiler supports -Wextra... yes
[INFO] [stderr]   checking whether compiler supports -Wshorten-64-to-32... no
[INFO] [stderr]   checking whether compiler supports -Wsign-compare... yes
[INFO] [stderr]   checking whether compiler supports -Wundef... yes
[INFO] [stderr]   checking whether compiler supports -Wno-format-zero-length... yes
[INFO] [stderr]   checking whether compiler supports -Wpointer-arith... yes
[INFO] [stderr]   checking whether compiler supports -Wno-missing-braces... yes
[INFO] [stderr]   checking whether compiler supports -Wno-missing-field-initializers... yes
[INFO] [stderr]   checking whether compiler supports -Wno-missing-attributes... yes
[INFO] [stderr]   checking whether compiler supports -pipe... yes
[INFO] [stderr]   checking whether compiler supports -g3... yes
[INFO] [stderr]   checking how to run the C preprocessor... cc -E
[INFO] [stderr]   checking for grep that handles long lines and -e... /usr/bin/grep
[INFO] [stderr]   checking for egrep... /usr/bin/grep -E
[INFO] [stderr]   checking for ANSI C header files... yes
[INFO] [stderr]   checking for sys/types.h... yes
[INFO] [stderr]   checking for sys/stat.h... yes
[INFO] [stderr]   checking for stdlib.h... yes
[INFO] [stderr]   checking for string.h... yes
[INFO] [stderr]   checking for memory.h... yes
[INFO] [stderr]   checking for strings.h... yes
[INFO] [stderr]   checking for inttypes.h... yes
[INFO] [stderr]   checking for stdint.h... yes
[INFO] [stderr]   checking for unistd.h... yes
[INFO] [stderr]   checking whether byte ordering is bigendian... no
[INFO] [stderr]   checking size of void *... 8
[INFO] [stderr]   checking size of int... 4
[INFO] [stderr]   checking size of long... 8
[INFO] [stderr]   checking size of long long... 8
[INFO] [stderr]   checking size of intmax_t... 8
[INFO] [stderr]   checking build system type... x86_64-unknown-linux-gnu
[INFO] [stderr]   checking host system type... x86_64-unknown-linux-gnu
[INFO] [stderr]   checking whether pause instruction is compilable... yes
[INFO] [stderr]   checking number of significant virtual address bits... 48
[INFO] [stderr]   checking for x86_64-unknown-linux-gnu-ar... no
[INFO] [stderr]   checking for ar... ar
[INFO] [stderr]   checking for x86_64-unknown-linux-gnu-nm... no
[INFO] [stderr]   checking for nm... nm
[INFO] [stderr]   checking for gawk... no
[INFO] [stderr]   checking for mawk... mawk
[INFO] [stderr]   checking malloc.h usability... yes
[INFO] [stderr]   checking malloc.h presence... yes
[INFO] [stderr]   checking for malloc.h... yes
[INFO] [stderr]   checking whether malloc_usable_size definition can use const argument... no
[INFO] [stderr]   checking for library containing log... -lm
[INFO] [stderr]   checking whether __attribute__ syntax is compilable... yes
[INFO] [stderr]   checking whether compiler supports -fvisibility=hidden... yes
[INFO] [stderr]   checking whether compiler supports -fvisibility=hidden... no
[INFO] [stderr]   checking whether compiler supports -Werror... yes
[INFO] [stderr]   checking whether compiler supports -herror_on_warning... no
[INFO] [stderr]   checking whether tls_model attribute is compilable... yes
[INFO] [stderr]   checking whether compiler supports -Werror... yes
[INFO] [stderr]   checking whether compiler supports -herror_on_warning... no
[INFO] [stderr]   checking whether alloc_size attribute is compilable... yes
[INFO] [stderr]   checking whether compiler supports -Werror... yes
[INFO] [stderr]   checking whether compiler supports -herror_on_warning... no
[INFO] [stderr]   checking whether format(gnu_printf, ...) attribute is compilable... yes
[INFO] [stderr]   checking whether compiler supports -Werror... yes
[INFO] [stderr]   checking whether compiler supports -herror_on_warning... no
[INFO] [stderr]   checking whether format(printf, ...) attribute is compilable... yes
[INFO] [stderr]   checking whether compiler supports -Werror... yes
[INFO] [stderr]   checking whether compiler supports -herror_on_warning... no
[INFO] [stderr]   checking whether format(printf, ...) attribute is compilable... yes
[INFO] [stderr]   checking whether compiler supports -Wimplicit-fallthrough... yes
[INFO] [stderr]   checking whether fallthrough attribute is compilable... yes
[INFO] [stderr]   checking whether compiler supports -Wimplicit-fallthrough... yes
[INFO] [stderr]   checking whether compiler supports -Wimplicit-fallthrough... no
[INFO] [stderr]   checking whether compiler supports -Werror... yes
[INFO] [stderr]   checking whether compiler supports -herror_on_warning... no
[INFO] [stderr]   checking whether cold attribute is compilable... yes
[INFO] [stderr]   checking whether vm_make_tag is compilable... no
[INFO] [stderr]   checking for a BSD-compatible install... /usr/bin/install -c
[INFO] [stderr]   checking for x86_64-unknown-linux-gnu-ranlib... no
[INFO] [stderr]   checking for ranlib... ranlib
[INFO] [stderr]   checking for ld... /usr/bin/ld
[INFO] [stderr]   checking for autoconf... /usr/bin/autoconf
[INFO] [stderr]   checking for memalign... yes
[INFO] [stderr]   checking for valloc... yes
[INFO] [stderr]   checking for malloc_size... no
[INFO] [stderr]   checking whether compiler supports -O3... yes
[INFO] [stderr]   checking whether compiler supports -O3... no
[INFO] [stderr]   checking whether compiler supports -funroll-loops... yes
[INFO] [stderr]   checking configured backtracing method... N/A
[INFO] [stderr]   checking for sbrk... yes
[INFO] [stderr]   checking whether utrace(2) is compilable... no
[INFO] [stderr]   checking whether utrace(2) with label is compilable... no
[INFO] [stderr]   checking whether a program using __builtin_unreachable is compilable... yes
[INFO] [stderr]   checking whether a program using __builtin_ffsl is compilable... yes
[INFO] [stderr]   checking whether a program using __builtin_popcountl is compilable... yes
[INFO] [stderr]   checking LG_PAGE... 12
[INFO] [stderr]   checking pthread.h usability... yes
[INFO] [stderr]   checking pthread.h presence... yes
[INFO] [stderr]   checking for pthread.h... yes
[INFO] [stderr]   checking for pthread_create in -lpthread... yes
[INFO] [stderr]   checking dlfcn.h usability... yes
[INFO] [stderr]   checking dlfcn.h presence... yes
[INFO] [stderr]   checking for dlfcn.h... yes
[INFO] [stderr]   checking for dlsym... yes
[INFO] [stderr]   checking whether pthread_atfork(3) is compilable... yes
[INFO] [stderr]   checking whether pthread_setname_np(3) is compilable... yes
[INFO] [stderr]   checking whether pthread_getname_np(3) is compilable... yes
[INFO] [stderr]   checking whether pthread_get_name_np(3) is compilable... no
[INFO] [stderr]   checking for library containing clock_gettime... none required
[INFO] [stderr]   checking whether clock_gettime(CLOCK_MONOTONIC_COARSE, ...) is compilable... yes
[INFO] [stderr]   checking whether clock_gettime(CLOCK_MONOTONIC, ...) is compilable... yes
[INFO] [stderr]   checking whether mach_absolute_time() is compilable... no
[INFO] [stderr]   checking whether clock_gettime(CLOCK_REALTIME, ...) is compilable... yes
[INFO] [stderr]   checking whether compiler supports -Werror... yes
[INFO] [stderr]   checking whether syscall(2) is compilable... yes
[INFO] [stderr]   checking for secure_getenv... yes
[INFO] [stderr]   checking for sched_getcpu... yes
[INFO] [stderr]   checking for sched_setaffinity... yes
[INFO] [stderr]   checking for issetugid... no
[INFO] [stderr]   checking for _malloc_thread_cleanup... no
[INFO] [stderr]   checking for _pthread_mutex_init_calloc_cb... no
[INFO] [stderr]   checking for memcntl... no
[INFO] [stderr]   checking for TLS... yes
[INFO] [stderr]   checking whether C11 atomics is compilable... yes
[INFO] [stderr]   checking whether GCC __atomic atomics is compilable... yes
[INFO] [stderr]   checking whether GCC 8-bit __atomic atomics is compilable... yes
[INFO] [stderr]   checking whether GCC __sync atomics is compilable... yes
[INFO] [stderr]   checking whether GCC 8-bit __sync atomics is compilable... yes
[INFO] [stderr]   checking whether Darwin OSAtomic*() is compilable... no
[INFO] [stderr]   checking whether madvise(2) is compilable... yes
[INFO] [stderr]   checking whether madvise(..., MADV_FREE) is compilable... yes
[INFO] [stderr]   checking whether madvise(..., MADV_DONTNEED) is compilable... yes
[INFO] [stderr]   checking whether madvise(..., MADV_DO[NT]DUMP) is compilable... yes
[INFO] [stderr]   checking whether madvise(..., MADV_[NO]HUGEPAGE) is compilable... yes
[INFO] [stderr]   checking whether madvise(..., MADV_[NO]CORE) is compilable... no
[INFO] [stderr]   checking whether mprotect(2) is compilable... yes
[INFO] [stderr]   checking for __builtin_clz... yes
[INFO] [stderr]   checking whether Darwin os_unfair_lock_*() is compilable... no
[INFO] [stderr]   checking whether glibc malloc hook is compilable... no
[INFO] [stderr]   checking whether glibc memalign hook is compilable... no
[INFO] [stderr]   checking whether pthreads adaptive mutexes is compilable... yes
[INFO] [stderr]   checking whether compiler supports -D_GNU_SOURCE... yes
[INFO] [stderr]   checking whether compiler supports -Werror... yes
[INFO] [stderr]   checking whether compiler supports -herror_on_warning... no
[INFO] [stderr]   checking whether strerror_r returns char with gnu source is compilable... yes
[INFO] [stderr]   checking for stdbool.h that conforms to C99... yes
[INFO] [stderr]   checking for _Bool... yes
[INFO] [stderr]   configure: creating ./config.status
[INFO] [stderr]   config.status: creating Makefile
[INFO] [stderr]   config.status: creating jemalloc.pc
[INFO] [stderr]   config.status: creating doc/html.xsl
[INFO] [stderr]   config.status: creating doc/manpages.xsl
[INFO] [stderr]   config.status: creating doc/jemalloc.xml
[INFO] [stderr]   config.status: creating include/jemalloc/jemalloc_macros.h
[INFO] [stderr]   config.status: creating include/jemalloc/jemalloc_protos.h
[INFO] [stderr]   config.status: creating include/jemalloc/jemalloc_typedefs.h
[INFO] [stderr]   config.status: creating include/jemalloc/internal/jemalloc_preamble.h
[INFO] [stderr]   config.status: creating test/test.sh
[INFO] [stderr]   config.status: creating test/include/test/jemalloc_test.h
[INFO] [stderr]   config.status: creating config.stamp
[INFO] [stderr]   config.status: creating bin/jemalloc-config
[INFO] [stderr]   config.status: creating bin/jemalloc.sh
[INFO] [stderr]   config.status: creating bin/jeprof
[INFO] [stderr]   config.status: creating include/jemalloc/jemalloc_defs.h
[INFO] [stderr]   config.status: creating include/jemalloc/internal/jemalloc_internal_defs.h
[INFO] [stderr]   config.status: creating test/include/test/jemalloc_test_defs.h
[INFO] [stderr]   config.status: executing include/jemalloc/internal/public_symbols.txt commands
[INFO] [stderr]   config.status: executing include/jemalloc/internal/private_symbols.awk commands
[INFO] [stderr]   config.status: executing include/jemalloc/internal/private_symbols_jet.awk commands
[INFO] [stderr]   config.status: executing include/jemalloc/internal/public_namespace.h commands
[INFO] [stderr]   config.status: executing include/jemalloc/internal/public_unnamespace.h commands
[INFO] [stderr]   config.status: executing include/jemalloc/jemalloc_protos_jet.h commands
[INFO] [stderr]   config.status: executing include/jemalloc/jemalloc_rename.h commands
[INFO] [stderr]   config.status: executing include/jemalloc/jemalloc_mangle.h commands
[INFO] [stderr]   config.status: executing include/jemalloc/jemalloc_mangle_jet.h commands
[INFO] [stderr]   config.status: executing include/jemalloc/jemalloc.h commands
[INFO] [stderr]   ===============================================================================
[INFO] [stderr]   jemalloc version   : 5.3.0-0-g54eaed1d8b56b1aa528be3bdd1877e59c56fa90c
[INFO] [stderr]   library revision   : 2
[INFO] [stderr] 
[INFO] [stderr]   CONFIG             : --disable-cxx --enable-doc=no --enable-shared=no --with-jemalloc-prefix=_rjem_ --with-private-namespace=_rjem_ --host=x86_64-unknown-linux-gnu --build=x86_64-unknown-linux-gnu --prefix=/opt/rustwide/target/debug/build/jemalloc-sys/88bbe0e4726fabf1/out build_alias=x86_64-unknown-linux-gnu host_alias=x86_64-unknown-linux-gnu CC=cc 'CFLAGS=-O0 -ffunction-sections -fdata-sections -fPIC -g -gdwarf-4 -fno-omit-frame-pointer -m64 -Wall' 'LDFLAGS=-O0 -ffunction-sections -fdata-sections -fPIC -g -gdwarf-4 -fno-omit-frame-pointer -m64 -Wall' 'CPPFLAGS=-O0 -ffunction-sections -fdata-sections -fPIC -g -gdwarf-4 -fno-omit-frame-pointer -m64 -Wall'
[INFO] [stderr]   CC                 : cc
[INFO] [stderr]   CONFIGURE_CFLAGS   : -std=gnu11 -Wall -Wextra -Wsign-compare -Wundef -Wno-format-zero-length -Wpointer-arith -Wno-missing-braces -Wno-missing-field-initializers -Wno-missing-attributes -pipe -g3 -fvisibility=hidden -Wimplicit-fallthrough -O3 -funroll-loops
[INFO] [stderr]   SPECIFIED_CFLAGS   : -O0 -ffunction-sections -fdata-sections -fPIC -g -gdwarf-4 -fno-omit-frame-pointer -m64 -Wall
[INFO] [stderr]   EXTRA_CFLAGS       : 
[INFO] [stderr]   CPPFLAGS           : -O0 -ffunction-sections -fdata-sections -fPIC -g -gdwarf-4 -fno-omit-frame-pointer -m64 -Wall -D_GNU_SOURCE -D_REENTRANT
[INFO] [stderr]   CXX                : 
[INFO] [stderr]   CONFIGURE_CXXFLAGS : 
[INFO] [stderr]   SPECIFIED_CXXFLAGS : 
[INFO] [stderr]   EXTRA_CXXFLAGS     : 
[INFO] [stderr]   LDFLAGS            : -O0 -ffunction-sections -fdata-sections -fPIC -g -gdwarf-4 -fno-omit-frame-pointer -m64 -Wall
[INFO] [stderr]   EXTRA_LDFLAGS      : 
[INFO] [stderr]   DSO_LDFLAGS        : -shared -Wl,-soname,$(@F)
[INFO] [stderr]   LIBS               : -lm  -pthread
[INFO] [stderr]   RPATH_EXTRA        : 
[INFO] [stderr] 
[INFO] [stderr]   XSLTPROC           : false
[INFO] [stderr]   XSLROOT            : 
[INFO] [stderr] 
[INFO] [stderr]   PREFIX             : /opt/rustwide/target/debug/build/jemalloc-sys/88bbe0e4726fabf1/out
[INFO] [stderr]   BINDIR             : /opt/rustwide/target/debug/build/jemalloc-sys/88bbe0e4726fabf1/out/bin
[INFO] [stderr]   DATADIR            : /opt/rustwide/target/debug/build/jemalloc-sys/88bbe0e4726fabf1/out/share
[INFO] [stderr]   INCLUDEDIR         : /opt/rustwide/target/debug/build/jemalloc-sys/88bbe0e4726fabf1/out/include
[INFO] [stderr]   LIBDIR             : /opt/rustwide/target/debug/build/jemalloc-sys/88bbe0e4726fabf1/out/lib
[INFO] [stderr]   MANDIR             : /opt/rustwide/target/debug/build/jemalloc-sys/88bbe0e4726fabf1/out/share/man
[INFO] [stderr] 
[INFO] [stderr]   srcroot            : 
[INFO] [stderr]   abs_srcroot        : /opt/rustwide/target/debug/build/jemalloc-sys/88bbe0e4726fabf1/out/build/
[INFO] [stderr]   objroot            : 
[INFO] [stderr]   abs_objroot        : /opt/rustwide/target/debug/build/jemalloc-sys/88bbe0e4726fabf1/out/build/
[INFO] [stderr] 
[INFO] [stderr]   JEMALLOC_PREFIX    : _rjem_
[INFO] [stderr]   JEMALLOC_PRIVATE_NAMESPACE
[INFO] [stderr]                      : _rjem_je_
[INFO] [stderr]   install_suffix     : 
[INFO] [stderr]   malloc_conf        : 
[INFO] [stderr]   documentation      : 0
[INFO] [stderr]   shared libs        : 0
[INFO] [stderr]   static libs        : 1
[INFO] [stderr]   autogen            : 0
[INFO] [stderr]   debug              : 0
[INFO] [stderr]   stats              : 1
[INFO] [stderr]   experimental_smallocx : 0
[INFO] [stderr]   prof               : 0
[INFO] [stderr]   prof-libunwind     : 0
[INFO] [stderr]   prof-libgcc        : 0
[INFO] [stderr]   prof-gcc           : 0
[INFO] [stderr]   fill               : 1
[INFO] [stderr]   utrace             : 0
[INFO] [stderr]   xmalloc            : 0
[INFO] [stderr]   log                : 0
[INFO] [stderr]   lazy_lock          : 0
[INFO] [stderr]   cache-oblivious    : 1
[INFO] [stderr]   cxx                : 0
[INFO] [stderr]   ===============================================================================
[INFO] [stderr]   running: cd "/opt/rustwide/target/debug/build/jemalloc-sys/88bbe0e4726fabf1/out/build" && "make" "-j" "8"
[INFO] [stderr]   cc -std=gnu11 -Wall -Wextra -Wsign-compare -Wundef -Wno-format-zero-length -Wpointer-arith -Wno-missing-braces -Wno-missing-field-initializers -Wno-missing-attributes -pipe -g3 -fvisibility=hidden -Wimplicit-fallthrough -O3 -funroll-loops -O0 -ffunction-sections -fdata-sections -fPIC -g -gdwarf-4 -fno-omit-frame-pointer -m64 -Wall -c -O0 -ffunction-sections -fdata-sections -fPIC -g -gdwarf-4 -fno-omit-frame-pointer -m64 -Wall -D_GNU_SOURCE -D_REENTRANT -Iinclude -Iinclude -DJEMALLOC_NO_PRIVATE_NAMESPACE -o src/jemalloc.sym.o src/jemalloc.c
[INFO] [stderr]   cc -std=gnu11 -Wall -Wextra -Wsign-compare -Wundef -Wno-format-zero-length -Wpointer-arith -Wno-missing-braces -Wno-missing-field-initializers -Wno-missing-attributes -pipe -g3 -fvisibility=hidden -Wimplicit-fallthrough -O3 -funroll-loops -O0 -ffunction-sections -fdata-sections -fPIC -g -gdwarf-4 -fno-omit-frame-pointer -m64 -Wall -c -O0 -ffunction-sections -fdata-sections -fPIC -g -gdwarf-4 -fno-omit-frame-pointer -m64 -Wall -D_GNU_SOURCE -D_REENTRANT -Iinclude -Iinclude -DJEMALLOC_NO_PRIVATE_NAMESPACE -o src/arena.sym.o src/arena.c
[INFO] [stderr]   cc -std=gnu11 -Wall -Wextra -Wsign-compare -Wundef -Wno-format-zero-length -Wpointer-arith -Wno-missing-braces -Wno-missing-field-initializers -Wno-missing-attributes -pipe -g3 -fvisibility=hidden -Wimplicit-fallthrough -O3 -funroll-loops -O0 -ffunction-sections -fdata-sections -fPIC -g -gdwarf-4 -fno-omit-frame-pointer -m64 -Wall -c -O0 -ffunction-sections -fdata-sections -fPIC -g -gdwarf-4 -fno-omit-frame-pointer -m64 -Wall -D_GNU_SOURCE -D_REENTRANT -Iinclude -Iinclude -DJEMALLOC_NO_PRIVATE_NAMESPACE -o src/background_thread.sym.o src/background_thread.c
[INFO] [stderr]   cc -std=gnu11 -Wall -Wextra -Wsign-compare -Wundef -Wno-format-zero-length -Wpointer-arith -Wno-missing-braces -Wno-missing-field-initializers -Wno-missing-attributes -pipe -g3 -fvisibility=hidden -Wimplicit-fallthrough -O3 -funroll-loops -O0 -ffunction-sections -fdata-sections -fPIC -g -gdwarf-4 -fno-omit-frame-pointer -m64 -Wall -c -O0 -ffunction-sections -fdata-sections -fPIC -g -gdwarf-4 -fno-omit-frame-pointer -m64 -Wall -D_GNU_SOURCE -D_REENTRANT -Iinclude -Iinclude -DJEMALLOC_NO_PRIVATE_NAMESPACE -o src/base.sym.o src/base.c
[INFO] [stderr]   cc -std=gnu11 -Wall -Wextra -Wsign-compare -Wundef -Wno-format-zero-length -Wpointer-arith -Wno-missing-braces -Wno-missing-field-initializers -Wno-missing-attributes -pipe -g3 -fvisibility=hidden -Wimplicit-fallthrough -O3 -funroll-loops -O0 -ffunction-sections -fdata-sections -fPIC -g -gdwarf-4 -fno-omit-frame-pointer -m64 -Wall -c -O0 -ffunction-sections -fdata-sections -fPIC -g -gdwarf-4 -fno-omit-frame-pointer -m64 -Wall -D_GNU_SOURCE -D_REENTRANT -Iinclude -Iinclude -DJEMALLOC_NO_PRIVATE_NAMESPACE -o src/bitmap.sym.o src/bitmap.c
[INFO] [stderr]   cc -std=gnu11 -Wall -Wextra -Wsign-compare -Wundef -Wno-format-zero-length -Wpointer-arith -Wno-missing-braces -Wno-missing-field-initializers -Wno-missing-attributes -pipe -g3 -fvisibility=hidden -Wimplicit-fallthrough -O3 -funroll-loops -O0 -ffunction-sections -fdata-sections -fPIC -g -gdwarf-4 -fno-omit-frame-pointer -m64 -Wall -c -O0 -ffunction-sections -fdata-sections -fPIC -g -gdwarf-4 -fno-omit-frame-pointer -m64 -Wall -D_GNU_SOURCE -D_REENTRANT -Iinclude -Iinclude -DJEMALLOC_NO_PRIVATE_NAMESPACE -o src/bin.sym.o src/bin.c
[INFO] [stderr]   cc -std=gnu11 -Wall -Wextra -Wsign-compare -Wundef -Wno-format-zero-length -Wpointer-arith -Wno-missing-braces -Wno-missing-field-initializers -Wno-missing-attributes -pipe -g3 -fvisibility=hidden -Wimplicit-fallthrough -O3 -funroll-loops -O0 -ffunction-sections -fdata-sections -fPIC -g -gdwarf-4 -fno-omit-frame-pointer -m64 -Wall -c -O0 -ffunction-sections -fdata-sections -fPIC -g -gdwarf-4 -fno-omit-frame-pointer -m64 -Wall -D_GNU_SOURCE -D_REENTRANT -Iinclude -Iinclude -DJEMALLOC_NO_PRIVATE_NAMESPACE -o src/bin_info.sym.o src/bin_info.c
[INFO] [stderr]   cc -std=gnu11 -Wall -Wextra -Wsign-compare -Wundef -Wno-format-zero-length -Wpointer-arith -Wno-missing-braces -Wno-missing-field-initializers -Wno-missing-attributes -pipe -g3 -fvisibility=hidden -Wimplicit-fallthrough -O3 -funroll-loops -O0 -ffunction-sections -fdata-sections -fPIC -g -gdwarf-4 -fno-omit-frame-pointer -m64 -Wall -c -O0 -ffunction-sections -fdata-sections -fPIC -g -gdwarf-4 -fno-omit-frame-pointer -m64 -Wall -D_GNU_SOURCE -D_REENTRANT -Iinclude -Iinclude -DJEMALLOC_NO_PRIVATE_NAMESPACE -o src/buf_writer.sym.o src/buf_writer.c
[INFO] [stderr]   cc -std=gnu11 -Wall -Wextra -Wsign-compare -Wundef -Wno-format-zero-length -Wpointer-arith -Wno-missing-braces -Wno-missing-field-initializers -Wno-missing-attributes -pipe -g3 -fvisibility=hidden -Wimplicit-fallthrough -O3 -funroll-loops -O0 -ffunction-sections -fdata-sections -fPIC -g -gdwarf-4 -fno-omit-frame-pointer -m64 -Wall -c -O0 -ffunction-sections -fdata-sections -fPIC -g -gdwarf-4 -fno-omit-frame-pointer -m64 -Wall -D_GNU_SOURCE -D_REENTRANT -Iinclude -Iinclude -DJEMALLOC_NO_PRIVATE_NAMESPACE -o src/cache_bin.sym.o src/cache_bin.c
[INFO] [stderr]   cc -std=gnu11 -Wall -Wextra -Wsign-compare -Wundef -Wno-format-zero-length -Wpointer-arith -Wno-missing-braces -Wno-missing-field-initializers -Wno-missing-attributes -pipe -g3 -fvisibility=hidden -Wimplicit-fallthrough -O3 -funroll-loops -O0 -ffunction-sections -fdata-sections -fPIC -g -gdwarf-4 -fno-omit-frame-pointer -m64 -Wall -c -O0 -ffunction-sections -fdata-sections -fPIC -g -gdwarf-4 -fno-omit-frame-pointer -m64 -Wall -D_GNU_SOURCE -D_REENTRANT -Iinclude -Iinclude -DJEMALLOC_NO_PRIVATE_NAMESPACE -o src/ckh.sym.o src/ckh.c
[INFO] [stderr]   cc -std=gnu11 -Wall -Wextra -Wsign-compare -Wundef -Wno-format-zero-length -Wpointer-arith -Wno-missing-braces -Wno-missing-field-initializers -Wno-missing-attributes -pipe -g3 -fvisibility=hidden -Wimplicit-fallthrough -O3 -funroll-loops -O0 -ffunction-sections -fdata-sections -fPIC -g -gdwarf-4 -fno-omit-frame-pointer -m64 -Wall -c -O0 -ffunction-sections -fdata-sections -fPIC -g -gdwarf-4 -fno-omit-frame-pointer -m64 -Wall -D_GNU_SOURCE -D_REENTRANT -Iinclude -Iinclude -DJEMALLOC_NO_PRIVATE_NAMESPACE -o src/counter.sym.o src/counter.c
[INFO] [stderr]   cc -std=gnu11 -Wall -Wextra -Wsign-compare -Wundef -Wno-format-zero-length -Wpointer-arith -Wno-missing-braces -Wno-missing-field-initializers -Wno-missing-attributes -pipe -g3 -fvisibility=hidden -Wimplicit-fallthrough -O3 -funroll-loops -O0 -ffunction-sections -fdata-sections -fPIC -g -gdwarf-4 -fno-omit-frame-pointer -m64 -Wall -c -O0 -ffunction-sections -fdata-sections -fPIC -g -gdwarf-4 -fno-omit-frame-pointer -m64 -Wall -D_GNU_SOURCE -D_REENTRANT -Iinclude -Iinclude -DJEMALLOC_NO_PRIVATE_NAMESPACE -o src/ctl.sym.o src/ctl.c
[INFO] [stderr]   cc -std=gnu11 -Wall -Wextra -Wsign-compare -Wundef -Wno-format-zero-length -Wpointer-arith -Wno-missing-braces -Wno-missing-field-initializers -Wno-missing-attributes -pipe -g3 -fvisibility=hidden -Wimplicit-fallthrough -O3 -funroll-loops -O0 -ffunction-sections -fdata-sections -fPIC -g -gdwarf-4 -fno-omit-frame-pointer -m64 -Wall -c -O0 -ffunction-sections -fdata-sections -fPIC -g -gdwarf-4 -fno-omit-frame-pointer -m64 -Wall -D_GNU_SOURCE -D_REENTRANT -Iinclude -Iinclude -DJEMALLOC_NO_PRIVATE_NAMESPACE -o src/decay.sym.o src/decay.c
[INFO] [stderr]   cc -std=gnu11 -Wall -Wextra -Wsign-compare -Wundef -Wno-format-zero-length -Wpointer-arith -Wno-missing-braces -Wno-missing-field-initializers -Wno-missing-attributes -pipe -g3 -fvisibility=hidden -Wimplicit-fallthrough -O3 -funroll-loops -O0 -ffunction-sections -fdata-sections -fPIC -g -gdwarf-4 -fno-omit-frame-pointer -m64 -Wall -c -O0 -ffunction-sections -fdata-sections -fPIC -g -gdwarf-4 -fno-omit-frame-pointer -m64 -Wall -D_GNU_SOURCE -D_REENTRANT -Iinclude -Iinclude -DJEMALLOC_NO_PRIVATE_NAMESPACE -o src/div.sym.o src/div.c
[INFO] [stderr]   cc -std=gnu11 -Wall -Wextra -Wsign-compare -Wundef -Wno-format-zero-length -Wpointer-arith -Wno-missing-braces -Wno-missing-field-initializers -Wno-missing-attributes -pipe -g3 -fvisibility=hidden -Wimplicit-fallthrough -O3 -funroll-loops -O0 -ffunction-sections -fdata-sections -fPIC -g -gdwarf-4 -fno-omit-frame-pointer -m64 -Wall -c -O0 -ffunction-sections -fdata-sections -fPIC -g -gdwarf-4 -fno-omit-frame-pointer -m64 -Wall -D_GNU_SOURCE -D_REENTRANT -Iinclude -Iinclude -DJEMALLOC_NO_PRIVATE_NAMESPACE -o src/ecache.sym.o src/ecache.c
[INFO] [stderr]   cc -std=gnu11 -Wall -Wextra -Wsign-compare -Wundef -Wno-format-zero-length -Wpointer-arith -Wno-missing-braces -Wno-missing-field-initializers -Wno-missing-attributes -pipe -g3 -fvisibility=hidden -Wimplicit-fallthrough -O3 -funroll-loops -O0 -ffunction-sections -fdata-sections -fPIC -g -gdwarf-4 -fno-omit-frame-pointer -m64 -Wall -c -O0 -ffunction-sections -fdata-sections -fPIC -g -gdwarf-4 -fno-omit-frame-pointer -m64 -Wall -D_GNU_SOURCE -D_REENTRANT -Iinclude -Iinclude -DJEMALLOC_NO_PRIVATE_NAMESPACE -o src/edata.sym.o src/edata.c
[INFO] [stderr]   cc -std=gnu11 -Wall -Wextra -Wsign-compare -Wundef -Wno-format-zero-length -Wpointer-arith -Wno-missing-braces -Wno-missing-field-initializers -Wno-missing-attributes -pipe -g3 -fvisibility=hidden -Wimplicit-fallthrough -O3 -funroll-loops -O0 -ffunction-sections -fdata-sections -fPIC -g -gdwarf-4 -fno-omit-frame-pointer -m64 -Wall -c -O0 -ffunction-sections -fdata-sections -fPIC -g -gdwarf-4 -fno-omit-frame-pointer -m64 -Wall -D_GNU_SOURCE -D_REENTRANT -Iinclude -Iinclude -DJEMALLOC_NO_PRIVATE_NAMESPACE -o src/edata_cache.sym.o src/edata_cache.c
[INFO] [stderr]   cc -std=gnu11 -Wall -Wextra -Wsign-compare -Wundef -Wno-format-zero-length -Wpointer-arith -Wno-missing-braces -Wno-missing-field-initializers -Wno-missing-attributes -pipe -g3 -fvisibility=hidden -Wimplicit-fallthrough -O3 -funroll-loops -O0 -ffunction-sections -fdata-sections -fPIC -g -gdwarf-4 -fno-omit-frame-pointer -m64 -Wall -c -O0 -ffunction-sections -fdata-sections -fPIC -g -gdwarf-4 -fno-omit-frame-pointer -m64 -Wall -D_GNU_SOURCE -D_REENTRANT -Iinclude -Iinclude -DJEMALLOC_NO_PRIVATE_NAMESPACE -o src/ehooks.sym.o src/ehooks.c
[INFO] [stderr]   cc -std=gnu11 -Wall -Wextra -Wsign-compare -Wundef -Wno-format-zero-length -Wpointer-arith -Wno-missing-braces -Wno-missing-field-initializers -Wno-missing-attributes -pipe -g3 -fvisibility=hidden -Wimplicit-fallthrough -O3 -funroll-loops -O0 -ffunction-sections -fdata-sections -fPIC -g -gdwarf-4 -fno-omit-frame-pointer -m64 -Wall -c -O0 -ffunction-sections -fdata-sections -fPIC -g -gdwarf-4 -fno-omit-frame-pointer -m64 -Wall -D_GNU_SOURCE -D_REENTRANT -Iinclude -Iinclude -DJEMALLOC_NO_PRIVATE_NAMESPACE -o src/emap.sym.o src/emap.c
[INFO] [stderr]   cc -std=gnu11 -Wall -Wextra -Wsign-compare -Wundef -Wno-format-zero-length -Wpointer-arith -Wno-missing-braces -Wno-missing-field-initializers -Wno-missing-attributes -pipe -g3 -fvisibility=hidden -Wimplicit-fallthrough -O3 -funroll-loops -O0 -ffunction-sections -fdata-sections -fPIC -g -gdwarf-4 -fno-omit-frame-pointer -m64 -Wall -c -O0 -ffunction-sections -fdata-sections -fPIC -g -gdwarf-4 -fno-omit-frame-pointer -m64 -Wall -D_GNU_SOURCE -D_REENTRANT -Iinclude -Iinclude -DJEMALLOC_NO_PRIVATE_NAMESPACE -o src/eset.sym.o src/eset.c
[INFO] [stderr]   cc -std=gnu11 -Wall -Wextra -Wsign-compare -Wundef -Wno-format-zero-length -Wpointer-arith -Wno-missing-braces -Wno-missing-field-initializers -Wno-missing-attributes -pipe -g3 -fvisibility=hidden -Wimplicit-fallthrough -O3 -funroll-loops -O0 -ffunction-sections -fdata-sections -fPIC -g -gdwarf-4 -fno-omit-frame-pointer -m64 -Wall -c -O0 -ffunction-sections -fdata-sections -fPIC -g -gdwarf-4 -fno-omit-frame-pointer -m64 -Wall -D_GNU_SOURCE -D_REENTRANT -Iinclude -Iinclude -DJEMALLOC_NO_PRIVATE_NAMESPACE -o src/exp_grow.sym.o src/exp_grow.c
[INFO] [stderr]   cc -std=gnu11 -Wall -Wextra -Wsign-compare -Wundef -Wno-format-zero-length -Wpointer-arith -Wno-missing-braces -Wno-missing-field-initializers -Wno-missing-attributes -pipe -g3 -fvisibility=hidden -Wimplicit-fallthrough -O3 -funroll-loops -O0 -ffunction-sections -fdata-sections -fPIC -g -gdwarf-4 -fno-omit-frame-pointer -m64 -Wall -c -O0 -ffunction-sections -fdata-sections -fPIC -g -gdwarf-4 -fno-omit-frame-pointer -m64 -Wall -D_GNU_SOURCE -D_REENTRANT -Iinclude -Iinclude -DJEMALLOC_NO_PRIVATE_NAMESPACE -o src/extent.sym.o src/extent.c
[INFO] [stderr]   cc -std=gnu11 -Wall -Wextra -Wsign-compare -Wundef -Wno-format-zero-length -Wpointer-arith -Wno-missing-braces -Wno-missing-field-initializers -Wno-missing-attributes -pipe -g3 -fvisibility=hidden -Wimplicit-fallthrough -O3 -funroll-loops -O0 -ffunction-sections -fdata-sections -fPIC -g -gdwarf-4 -fno-omit-frame-pointer -m64 -Wall -c -O0 -ffunction-sections -fdata-sections -fPIC -g -gdwarf-4 -fno-omit-frame-pointer -m64 -Wall -D_GNU_SOURCE -D_REENTRANT -Iinclude -Iinclude -DJEMALLOC_NO_PRIVATE_NAMESPACE -o src/extent_dss.sym.o src/extent_dss.c
[INFO] [stderr]   cc -std=gnu11 -Wall -Wextra -Wsign-compare -Wundef -Wno-format-zero-length -Wpointer-arith -Wno-missing-braces -Wno-missing-field-initializers -Wno-missing-attributes -pipe -g3 -fvisibility=hidden -Wimplicit-fallthrough -O3 -funroll-loops -O0 -ffunction-sections -fdata-sections -fPIC -g -gdwarf-4 -fno-omit-frame-pointer -m64 -Wall -c -O0 -ffunction-sections -fdata-sections -fPIC -g -gdwarf-4 -fno-omit-frame-pointer -m64 -Wall -D_GNU_SOURCE -D_REENTRANT -Iinclude -Iinclude -DJEMALLOC_NO_PRIVATE_NAMESPACE -o src/extent_mmap.sym.o src/extent_mmap.c
[INFO] [stderr]   cc -std=gnu11 -Wall -Wextra -Wsign-compare -Wundef -Wno-format-zero-length -Wpointer-arith -Wno-missing-braces -Wno-missing-field-initializers -Wno-missing-attributes -pipe -g3 -fvisibility=hidden -Wimplicit-fallthrough -O3 -funroll-loops -O0 -ffunction-sections -fdata-sections -fPIC -g -gdwarf-4 -fno-omit-frame-pointer -m64 -Wall -c -O0 -ffunction-sections -fdata-sections -fPIC -g -gdwarf-4 -fno-omit-frame-pointer -m64 -Wall -D_GNU_SOURCE -D_REENTRANT -Iinclude -Iinclude -DJEMALLOC_NO_PRIVATE_NAMESPACE -o src/fxp.sym.o src/fxp.c
[INFO] [stderr]   cc -std=gnu11 -Wall -Wextra -Wsign-compare -Wundef -Wno-format-zero-length -Wpointer-arith -Wno-missing-braces -Wno-missing-field-initializers -Wno-missing-attributes -pipe -g3 -fvisibility=hidden -Wimplicit-fallthrough -O3 -funroll-loops -O0 -ffunction-sections -fdata-sections -fPIC -g -gdwarf-4 -fno-omit-frame-pointer -m64 -Wall -c -O0 -ffunction-sections -fdata-sections -fPIC -g -gdwarf-4 -fno-omit-frame-pointer -m64 -Wall -D_GNU_SOURCE -D_REENTRANT -Iinclude -Iinclude -DJEMALLOC_NO_PRIVATE_NAMESPACE -o src/san.sym.o src/san.c
[INFO] [stderr]   cc -std=gnu11 -Wall -Wextra -Wsign-compare -Wundef -Wno-format-zero-length -Wpointer-arith -Wno-missing-braces -Wno-missing-field-initializers -Wno-missing-attributes -pipe -g3 -fvisibility=hidden -Wimplicit-fallthrough -O3 -funroll-loops -O0 -ffunction-sections -fdata-sections -fPIC -g -gdwarf-4 -fno-omit-frame-pointer -m64 -Wall -c -O0 -ffunction-sections -fdata-sections -fPIC -g -gdwarf-4 -fno-omit-frame-pointer -m64 -Wall -D_GNU_SOURCE -D_REENTRANT -Iinclude -Iinclude -DJEMALLOC_NO_PRIVATE_NAMESPACE -o src/san_bump.sym.o src/san_bump.c
[INFO] [stderr]   cc -std=gnu11 -Wall -Wextra -Wsign-compare -Wundef -Wno-format-zero-length -Wpointer-arith -Wno-missing-braces -Wno-missing-field-initializers -Wno-missing-attributes -pipe -g3 -fvisibility=hidden -Wimplicit-fallthrough -O3 -funroll-loops -O0 -ffunction-sections -fdata-sections -fPIC -g -gdwarf-4 -fno-omit-frame-pointer -m64 -Wall -c -O0 -ffunction-sections -fdata-sections -fPIC -g -gdwarf-4 -fno-omit-frame-pointer -m64 -Wall -D_GNU_SOURCE -D_REENTRANT -Iinclude -Iinclude -DJEMALLOC_NO_PRIVATE_NAMESPACE -o src/hook.sym.o src/hook.c
[INFO] [stderr]   cc -std=gnu11 -Wall -Wextra -Wsign-compare -Wundef -Wno-format-zero-length -Wpointer-arith -Wno-missing-braces -Wno-missing-field-initializers -Wno-missing-attributes -pipe -g3 -fvisibility=hidden -Wimplicit-fallthrough -O3 -funroll-loops -O0 -ffunction-sections -fdata-sections -fPIC -g -gdwarf-4 -fno-omit-frame-pointer -m64 -Wall -c -O0 -ffunction-sections -fdata-sections -fPIC -g -gdwarf-4 -fno-omit-frame-pointer -m64 -Wall -D_GNU_SOURCE -D_REENTRANT -Iinclude -Iinclude -DJEMALLOC_NO_PRIVATE_NAMESPACE -o src/hpa.sym.o src/hpa.c
[INFO] [stderr]   cc -std=gnu11 -Wall -Wextra -Wsign-compare -Wundef -Wno-format-zero-length -Wpointer-arith -Wno-missing-braces -Wno-missing-field-initializers -Wno-missing-attributes -pipe -g3 -fvisibility=hidden -Wimplicit-fallthrough -O3 -funroll-loops -O0 -ffunction-sections -fdata-sections -fPIC -g -gdwarf-4 -fno-omit-frame-pointer -m64 -Wall -c -O0 -ffunction-sections -fdata-sections -fPIC -g -gdwarf-4 -fno-omit-frame-pointer -m64 -Wall -D_GNU_SOURCE -D_REENTRANT -Iinclude -Iinclude -DJEMALLOC_NO_PRIVATE_NAMESPACE -o src/hpa_hooks.sym.o src/hpa_hooks.c
[INFO] [stderr]   cc -std=gnu11 -Wall -Wextra -Wsign-compare -Wundef -Wno-format-zero-length -Wpointer-arith -Wno-missing-braces -Wno-missing-field-initializers -Wno-missing-attributes -pipe -g3 -fvisibility=hidden -Wimplicit-fallthrough -O3 -funroll-loops -O0 -ffunction-sections -fdata-sections -fPIC -g -gdwarf-4 -fno-omit-frame-pointer -m64 -Wall -c -O0 -ffunction-sections -fdata-sections -fPIC -g -gdwarf-4 -fno-omit-frame-pointer -m64 -Wall -D_GNU_SOURCE -D_REENTRANT -Iinclude -Iinclude -DJEMALLOC_NO_PRIVATE_NAMESPACE -o src/hpdata.sym.o src/hpdata.c
[INFO] [stderr]   cc -std=gnu11 -Wall -Wextra -Wsign-compare -Wundef -Wno-format-zero-length -Wpointer-arith -Wno-missing-braces -Wno-missing-field-initializers -Wno-missing-attributes -pipe -g3 -fvisibility=hidden -Wimplicit-fallthrough -O3 -funroll-loops -O0 -ffunction-sections -fdata-sections -fPIC -g -gdwarf-4 -fno-omit-frame-pointer -m64 -Wall -c -O0 -ffunction-sections -fdata-sections -fPIC -g -gdwarf-4 -fno-omit-frame-pointer -m64 -Wall -D_GNU_SOURCE -D_REENTRANT -Iinclude -Iinclude -DJEMALLOC_NO_PRIVATE_NAMESPACE -o src/inspect.sym.o src/inspect.c
[INFO] [stderr]   cc -std=gnu11 -Wall -Wextra -Wsign-compare -Wundef -Wno-format-zero-length -Wpointer-arith -Wno-missing-braces -Wno-missing-field-initializers -Wno-missing-attributes -pipe -g3 -fvisibility=hidden -Wimplicit-fallthrough -O3 -funroll-loops -O0 -ffunction-sections -fdata-sections -fPIC -g -gdwarf-4 -fno-omit-frame-pointer -m64 -Wall -c -O0 -ffunction-sections -fdata-sections -fPIC -g -gdwarf-4 -fno-omit-frame-pointer -m64 -Wall -D_GNU_SOURCE -D_REENTRANT -Iinclude -Iinclude -DJEMALLOC_NO_PRIVATE_NAMESPACE -o src/large.sym.o src/large.c
[INFO] [stderr]   cc -std=gnu11 -Wall -Wextra -Wsign-compare -Wundef -Wno-format-zero-length -Wpointer-arith -Wno-missing-braces -Wno-missing-field-initializers -Wno-missing-attributes -pipe -g3 -fvisibility=hidden -Wimplicit-fallthrough -O3 -funroll-loops -O0 -ffunction-sections -fdata-sections -fPIC -g -gdwarf-4 -fno-omit-frame-pointer -m64 -Wall -c -O0 -ffunction-sections -fdata-sections -fPIC -g -gdwarf-4 -fno-omit-frame-pointer -m64 -Wall -D_GNU_SOURCE -D_REENTRANT -Iinclude -Iinclude -DJEMALLOC_NO_PRIVATE_NAMESPACE -o src/log.sym.o src/log.c
[INFO] [stderr]   cc -std=gnu11 -Wall -Wextra -Wsign-compare -Wundef -Wno-format-zero-length -Wpointer-arith -Wno-missing-braces -Wno-missing-field-initializers -Wno-missing-attributes -pipe -g3 -fvisibility=hidden -Wimplicit-fallthrough -O3 -funroll-loops -O0 -ffunction-sections -fdata-sections -fPIC -g -gdwarf-4 -fno-omit-frame-pointer -m64 -Wall -c -O0 -ffunction-sections -fdata-sections -fPIC -g -gdwarf-4 -fno-omit-frame-pointer -m64 -Wall -D_GNU_SOURCE -D_REENTRANT -Iinclude -Iinclude -DJEMALLOC_NO_PRIVATE_NAMESPACE -o src/malloc_io.sym.o src/malloc_io.c
[INFO] [stderr] 
[INFO] [stderr]   --- stderr
[INFO] [stderr]   /opt/rustwide/target/debug/build/jemalloc-sys/88bbe0e4726fabf1/out/build/configure: line 8271: cd: null directory
[INFO] [stderr]   cc: fatal error: Killed signal terminated program cc1
[INFO] [stderr]   compilation terminated.
[INFO] [stderr]   make: *** [Makefile:478: src/jemalloc.sym.o] Error 1
[INFO] [stderr]   make: *** Waiting for unfinished jobs....
[INFO] [stderr] 
[INFO] [stderr]   thread 'main' (6658) panicked at /opt/rustwide/cargo-home/registry/src/index.crates.io-1949cf8c6b5b557f/jemalloc-sys-0.5.4+5.3.0-patched/build.rs:351:9:
[INFO] [stderr]   command did not execute successfully: cd "/opt/rustwide/target/debug/build/jemalloc-sys/88bbe0e4726fabf1/out/build" && "make" "-j" "8"
[INFO] [stderr]   expected success, got: exit status: 2
[INFO] [stderr]   stack backtrace:
[INFO] [stderr]      0:     0x5f31908d2c31 - std[3164a59e47d3bde]::backtrace_rs::backtrace::libunwind::trace
[INFO] [stderr]                                  at /rustc/3154cc1a3e6424e44f438a95007d043ed5ceaaf6/library/std/src/../../backtrace/src/backtrace/libunwind.rs:117:9
[INFO] [stderr]      1:     0x5f31908d2c31 - std[3164a59e47d3bde]::backtrace_rs::backtrace::trace_unsynchronized::<std[3164a59e47d3bde]::sys::backtrace::_print_fmt::{closure#1}>
[INFO] [stderr]                                  at /rustc/3154cc1a3e6424e44f438a95007d043ed5ceaaf6/library/std/src/../../backtrace/src/backtrace/mod.rs:66:14
[INFO] [stderr]      2:     0x5f31908d2c31 - std[3164a59e47d3bde]::sys::backtrace::_print_fmt
[INFO] [stderr]                                  at /rustc/3154cc1a3e6424e44f438a95007d043ed5ceaaf6/library/std/src/sys/backtrace.rs:74:9
[INFO] [stderr]      3:     0x5f31908d2c31 - <<std[3164a59e47d3bde]::sys::backtrace::BacktraceLock>::print::DisplayBacktrace as core[934024a1e6126fb4]::fmt::Display>::fmt
[INFO] [stderr]                                  at /rustc/3154cc1a3e6424e44f438a95007d043ed5ceaaf6/library/std/src/sys/backtrace.rs:44:26
[INFO] [stderr]      4:     0x5f31908e657a - <core[934024a1e6126fb4]::fmt::rt::Argument>::fmt
[INFO] [stderr]                                  at /rustc/3154cc1a3e6424e44f438a95007d043ed5ceaaf6/library/core/src/fmt/rt.rs:152:76
[INFO] [stderr]      5:     0x5f31908e657a - core[934024a1e6126fb4]::fmt::write
[INFO] [stderr]      6:     0x5f31908d861c - core[934024a1e6126fb4]::io::write::default_write_fmt::<std[3164a59e47d3bde]::sys::stdio::unix::Stderr>
[INFO] [stderr]                                  at /rustc/3154cc1a3e6424e44f438a95007d043ed5ceaaf6/library/core/src/io/write.rs:402:11
[INFO] [stderr]      7:     0x5f31908d861c - <std[3164a59e47d3bde]::sys::stdio::unix::Stderr as core[934024a1e6126fb4]::io::write::Write>::write_fmt
[INFO] [stderr]                                  at /rustc/3154cc1a3e6424e44f438a95007d043ed5ceaaf6/library/core/src/io/write.rs:335:13
[INFO] [stderr]      8:     0x5f31908b13d6 - <std[3164a59e47d3bde]::sys::backtrace::BacktraceLock>::print
[INFO] [stderr]                                  at /rustc/3154cc1a3e6424e44f438a95007d043ed5ceaaf6/library/std/src/sys/backtrace.rs:47:9
[INFO] [stderr]      9:     0x5f31908b13d6 - std[3164a59e47d3bde]::panicking::default_hook::{closure#0}
[INFO] [stderr]                                  at /rustc/3154cc1a3e6424e44f438a95007d043ed5ceaaf6/library/std/src/panicking.rs:289:27
[INFO] [stderr]     10:     0x5f31908ccb11 - std[3164a59e47d3bde]::panicking::default_hook
[INFO] [stderr]                                  at /rustc/3154cc1a3e6424e44f438a95007d043ed5ceaaf6/library/std/src/panicking.rs:316:9
[INFO] [stderr]     11:     0x5f31908ccccb - std[3164a59e47d3bde]::panicking::panic_with_hook
[INFO] [stderr]                                  at /rustc/3154cc1a3e6424e44f438a95007d043ed5ceaaf6/library/std/src/panicking.rs:811:13
[INFO] [stderr]     12:     0x5f31908b1482 - std[3164a59e47d3bde]::panicking::panic_handler::{closure#0}
[INFO] [stderr]                                  at /rustc/3154cc1a3e6424e44f438a95007d043ed5ceaaf6/library/std/src/panicking.rs:685:13
[INFO] [stderr]     13:     0x5f31908aa089 - std[3164a59e47d3bde]::sys::backtrace::__rust_end_short_backtrace::<std[3164a59e47d3bde]::panicking::panic_handler::{closure#0}, !>
[INFO] [stderr]                                  at /rustc/3154cc1a3e6424e44f438a95007d043ed5ceaaf6/library/std/src/sys/backtrace.rs:182:18
[INFO] [stderr]     14:     0x5f31908b1c6d - __rustc[2e7b49d4226056d3]::rust_begin_unwind
[INFO] [stderr]                                  at /rustc/3154cc1a3e6424e44f438a95007d043ed5ceaaf6/library/std/src/panicking.rs:676:5
[INFO] [stderr]     15:     0x5f31908e6d6c - core[934024a1e6126fb4]::panicking::panic_fmt
[INFO] [stderr]                                  at /rustc/3154cc1a3e6424e44f438a95007d043ed5ceaaf6/library/core/src/panicking.rs:80:14
[INFO] [stderr]     16:     0x5f3190836bcf - build_script_build[cd48b8df25ebf08c]::execute::<build_script_build[cd48b8df25ebf08c]::run::{closure#0}>
[INFO] [stderr]     17:     0x5f319083a166 - build_script_build[cd48b8df25ebf08c]::run
[INFO] [stderr]     18:     0x5f319083d6a1 - build_script_build[cd48b8df25ebf08c]::main
[INFO] [stderr]     19:     0x5f3190840243 - <fn() as core[934024a1e6126fb4]::ops::function::FnOnce<()>>::call_once
[INFO] [stderr]     20:     0x5f3190838d9e - std[3164a59e47d3bde]::sys::backtrace::__rust_begin_short_backtrace::<fn(), ()>
[INFO] [stderr]     21:     0x5f3190839399 - std[3164a59e47d3bde]::rt::lang_start::<()>::{closure#0}
[INFO] [stderr]     22:     0x5f31908cbe18 - <&dyn core[934024a1e6126fb4]::ops::function::Fn<(), Output = i32> + core[934024a1e6126fb4]::marker::Sync + core[934024a1e6126fb4]::panic::unwind_safe::RefUnwindSafe as core[934024a1e6126fb4]::ops::function::FnOnce<()>>::call_once
[INFO] [stderr]                                  at /rustc/3154cc1a3e6424e44f438a95007d043ed5ceaaf6/library/core/src/ops/function.rs:287:21
[INFO] [stderr]     23:     0x5f31908cbe18 - std[3164a59e47d3bde]::panicking::catch_unwind::do_call::<&dyn core[934024a1e6126fb4]::ops::function::Fn<(), Output = i32> + core[934024a1e6126fb4]::marker::Sync + core[934024a1e6126fb4]::panic::unwind_safe::RefUnwindSafe, i32>
[INFO] [stderr]                                  at /rustc/3154cc1a3e6424e44f438a95007d043ed5ceaaf6/library/std/src/panicking.rs:573:43
[INFO] [stderr]     24:     0x5f31908cbe18 - std[3164a59e47d3bde]::panicking::catch_unwind::<i32, &dyn core[934024a1e6126fb4]::ops::function::Fn<(), Output = i32> + core[934024a1e6126fb4]::marker::Sync + core[934024a1e6126fb4]::panic::unwind_safe::RefUnwindSafe>
[INFO] [stderr]                                  at /rustc/3154cc1a3e6424e44f438a95007d043ed5ceaaf6/library/std/src/panicking.rs:541:19
[INFO] [stderr]     25:     0x5f31908cbe18 - std[3164a59e47d3bde]::panic::catch_unwind::<&dyn core[934024a1e6126fb4]::ops::function::Fn<(), Output = i32> + core[934024a1e6126fb4]::marker::Sync + core[934024a1e6126fb4]::panic::unwind_safe::RefUnwindSafe, i32>
[INFO] [stderr]                                  at /rustc/3154cc1a3e6424e44f438a95007d043ed5ceaaf6/library/std/src/panic.rs:359:14
[INFO] [stderr]     26:     0x5f31908cbe18 - std[3164a59e47d3bde]::rt::lang_start_internal::{closure#0}
[INFO] [stderr]                                  at /rustc/3154cc1a3e6424e44f438a95007d043ed5ceaaf6/library/std/src/rt.rs:175:24
[INFO] [stderr]     27:     0x5f31908cbe18 - std[3164a59e47d3bde]::panicking::catch_unwind::do_call::<std[3164a59e47d3bde]::rt::lang_start_internal::{closure#0}, isize>
[INFO] [stderr]                                  at /rustc/3154cc1a3e6424e44f438a95007d043ed5ceaaf6/library/std/src/panicking.rs:573:43
[INFO] [stderr]     28:     0x5f31908cbe18 - std[3164a59e47d3bde]::panicking::catch_unwind::<isize, std[3164a59e47d3bde]::rt::lang_start_internal::{closure#0}>
[INFO] [stderr]                                  at /rustc/3154cc1a3e6424e44f438a95007d043ed5ceaaf6/library/std/src/panicking.rs:541:19
[INFO] [stderr]     29:     0x5f31908cbe18 - std[3164a59e47d3bde]::panic::catch_unwind::<std[3164a59e47d3bde]::rt::lang_start_internal::{closure#0}, isize>
[INFO] [stderr]                                  at /rustc/3154cc1a3e6424e44f438a95007d043ed5ceaaf6/library/std/src/panic.rs:359:14
[INFO] [stderr]     30:     0x5f31908cbe18 - std[3164a59e47d3bde]::rt::lang_start_internal
[INFO] [stderr]                                  at /rustc/3154cc1a3e6424e44f438a95007d043ed5ceaaf6/library/std/src/rt.rs:171:5
[INFO] [stderr]     31:     0x5f3190838d91 - std[3164a59e47d3bde]::rt::lang_start::<()>
[INFO] [stderr]     32:     0x5f31908402b5 - main
[INFO] [stderr]     33:     0x7c63e5752601 - <unknown>
[INFO] [stderr]     34:     0x7c63e5752718 - __libc_start_main
[INFO] [stderr]     35:     0x5f3190836755 - _start
[INFO] [stderr]     36:                0x0 - <unknown>
[ERROR] error running command: no output for 300 seconds
[INFO] running `Command { std: "docker" "inspect" "405f7b85faa3c57e9d264c4c26543faced8a2f0824140fe155e41b200762e4f7", kill_on_drop: false }`
[INFO] running `Command { std: "docker" "rm" "-f" "405f7b85faa3c57e9d264c4c26543faced8a2f0824140fe155e41b200762e4f7", kill_on_drop: false }`
[INFO] [stdout] 405f7b85faa3c57e9d264c4c26543faced8a2f0824140fe155e41b200762e4f7
