[INFO] cloning repository https://github.com/luoLojic/pt-flow
[INFO] running `Command { std: "git" "-c" "credential.helper=" "-c" "credential.helper=/workspace/cargo-home/bin/git-credential-null" "clone" "--bare" "https://github.com/luoLojic/pt-flow" "/workspace/cache/git-repos/https%3A%2F%2Fgithub.com%2FluoLojic%2Fpt-flow", kill_on_drop: false }`
[INFO] [stderr] Cloning into bare repository '/workspace/cache/git-repos/https%3A%2F%2Fgithub.com%2FluoLojic%2Fpt-flow'...
[INFO] running `Command { std: "git" "rev-parse" "HEAD", kill_on_drop: false }`
[INFO] [stdout] 8c403baf9aac09d52c38d5b557a32e73640b289a
[INFO] checking luoLojic/pt-flow against 3154cc1a3e6424e44f438a95007d043ed5ceaaf6 for pr-133502-30
[INFO] running `Command { std: "git" "clone" "/workspace/cache/git-repos/https%3A%2F%2Fgithub.com%2FluoLojic%2Fpt-flow" "/workspace/builds/worker-2-tc2/source", kill_on_drop: false }`
[INFO] [stderr] Cloning into '/workspace/builds/worker-2-tc2/source'...
[INFO] [stderr] done.
[INFO] started tweaking git repo https://github.com/luoLojic/pt-flow
[INFO] finished tweaking git repo https://github.com/luoLojic/pt-flow
[INFO] tweaked toml for git repo https://github.com/luoLojic/pt-flow written to /workspace/builds/worker-2-tc2/source/Cargo.toml
[INFO] validating manifest of git repo https://github.com/luoLojic/pt-flow on toolchain 3154cc1a3e6424e44f438a95007d043ed5ceaaf6
[INFO] running `Command { std: CARGO_HOME="/workspace/cargo-home" RUSTUP_HOME="/workspace/rustup-home" "/workspace/cargo-home/bin/cargo" "+3154cc1a3e6424e44f438a95007d043ed5ceaaf6" "metadata" "--manifest-path" "Cargo.toml" "--no-deps", kill_on_drop: false }`
[INFO] crate git repo https://github.com/luoLojic/pt-flow already has a lockfile, it will not be regenerated
[INFO] running `Command { std: CARGO_HOME="/workspace/cargo-home" RUSTUP_HOME="/workspace/rustup-home" "/workspace/cargo-home/bin/cargo" "+3154cc1a3e6424e44f438a95007d043ed5ceaaf6" "fetch" "--manifest-path" "Cargo.toml", kill_on_drop: false }`
[INFO] running `Command { std: "docker" "create" "-v" "/var/lib/crater-agent-workspace/builds/worker-2-tc2/source:/opt/rustwide/workdir:ro,Z" "-v" "/var/lib/crater-agent-workspace/builds/worker-2-tc2/target:/opt/rustwide/target:rw,Z" "-v" "/var/lib/crater-agent-workspace/cargo-home:/opt/rustwide/cargo-home:ro,Z" "-v" "/var/lib/crater-agent-workspace/rustup-home:/opt/rustwide/rustup-home:ro,Z" "-m" "1610612736" "--network" "none" "ghcr.io/rust-lang/crates-build-env/linux@sha256:77db811e55d90add9212f6832c23229e3de5f1c1f9905e8cb07319ea15df73ac" "sleep" "infinity", kill_on_drop: false }`
[INFO] [stdout] 066e59f53cf99766617213375d350a6ab435b081d8cc0bc19db6bbd95196d7f8
[INFO] running `Command { std: "docker" "start" "066e59f53cf99766617213375d350a6ab435b081d8cc0bc19db6bbd95196d7f8", kill_on_drop: false }`
[INFO] running `Command { std: "docker" "inspect" "066e59f53cf99766617213375d350a6ab435b081d8cc0bc19db6bbd95196d7f8", kill_on_drop: false }`
[INFO] running `Command { std: "docker" "exec" "-e" "SOURCE_DIR=/opt/rustwide/workdir" "-e" "CARGO_HOME=/opt/rustwide/cargo-home" "-e" "RUSTUP_HOME=/opt/rustwide/rustup-home" "-e" "CARGO_TARGET_DIR=/opt/rustwide/target" "-w" "/opt/rustwide/workdir" "--user" "0:0" "066e59f53cf99766617213375d350a6ab435b081d8cc0bc19db6bbd95196d7f8" "/opt/rustwide/cargo-home/bin/cargo" "+3154cc1a3e6424e44f438a95007d043ed5ceaaf6" "metadata" "--no-deps" "--format-version=1", kill_on_drop: false }`
[INFO] running `Command { std: "docker" "inspect" "066e59f53cf99766617213375d350a6ab435b081d8cc0bc19db6bbd95196d7f8", kill_on_drop: false }`
[INFO] running `Command { std: "docker" "exec" "-e" "SOURCE_DIR=/opt/rustwide/workdir" "-e" "CARGO_HOME=/opt/rustwide/cargo-home" "-e" "RUSTUP_HOME=/opt/rustwide/rustup-home" "-e" "CARGO_TARGET_DIR=/opt/rustwide/target" "-e" "CARGO_INCREMENTAL=0" "-e" "RUST_BACKTRACE=full" "-e" "RUSTFLAGS=--cap-lints=forbid" "-e" "RUSTDOCFLAGS=--cap-lints=forbid" "-w" "/opt/rustwide/workdir" "--user" "0:0" "066e59f53cf99766617213375d350a6ab435b081d8cc0bc19db6bbd95196d7f8" "/opt/rustwide/cargo-home/bin/cargo" "+3154cc1a3e6424e44f438a95007d043ed5ceaaf6" "check" "--frozen" "--all" "--all-targets" "--message-format=json", kill_on_drop: false }`
[INFO] [stderr]    Compiling serde_core v1.0.229
[INFO] [stderr]    Compiling libc v0.2.189
[INFO] [stderr]     Checking futures-core v0.3.33
[INFO] [stderr]     Checking log v0.4.33
[INFO] [stderr]    Compiling syn v3.0.3
[INFO] [stderr]    Compiling zerovec-derive v0.11.3
[INFO] [stderr]    Compiling displaydoc v0.2.6
[INFO] [stderr]     Checking stable_deref_trait v1.2.1
[INFO] [stderr]     Checking futures-sink v0.3.33
[INFO] [stderr]     Checking yoke v0.8.3
[INFO] [stderr]     Checking tracing-core v0.1.36
[INFO] [stderr]    Compiling tokio-macros v2.7.1
[INFO] [stderr]    Compiling futures-macro v0.3.33
[INFO] [stderr]     Checking tracing v0.1.44
[INFO] [stderr]     Checking futures-task v0.3.33
[INFO] [stderr]     Checking futures-io v0.3.33
[INFO] [stderr]    Compiling num-traits v0.2.19
[INFO] [stderr]     Checking tokio v1.53.1
[INFO] [stderr]    Compiling thiserror v2.0.19
[INFO] [stderr]     Checking futures-util v0.3.33
[INFO] [stderr]     Checking zerotrie v0.2.4
[INFO] [stderr]     Checking zerovec v0.11.6
[INFO] [stderr]    Compiling jobserver v0.1.35
[INFO] [stderr]     Checking typenum v1.20.1
[INFO] [stderr]    Compiling cc v1.4.0
[INFO] [stderr]     Checking http-body v1.1.0
[INFO] [stderr]     Checking foldhash v0.2.0
[INFO] [stderr]     Checking hashbrown v0.17.1
[INFO] [stderr]     Checking tinystr v0.8.3
[INFO] [stderr]     Checking icu_locale_core v2.2.0
[INFO] [stderr]     Checking potential_utf v0.1.5
[INFO] [stderr]     Checking icu_collections v2.2.0
[INFO] [stderr]     Checking futures-channel v0.3.33
[INFO] [stderr]    Compiling zerofrom v0.1.8
[INFO] [stderr]     Checking icu_provider v2.2.0
[INFO] [stderr]     Checking icu_properties v2.2.0
[INFO] [stderr]     Checking icu_normalizer v2.2.0
[INFO] [stderr]    Compiling cmake v0.1.58
[INFO] [stderr]    Compiling serde_json v1.0.151
[INFO] [stderr]     Checking indexmap v2.14.0
[INFO] [stderr]    Compiling aws-lc-sys v0.43.0
[INFO] [stderr]     Checking sync_wrapper v1.0.2
[INFO] [stderr]    Compiling time-core v0.1.8
[INFO] [stderr]    Compiling time-macros v0.2.27
[INFO] [stderr]     Checking deranged v0.5.8
[INFO] [stderr]     Checking idna_adapter v1.2.2
[INFO] [stderr]     Checking idna v1.1.0
[INFO] [stderr]     Checking http-body-util v0.1.4
[INFO] [stderr]    Compiling zerocopy v0.8.55
[INFO] [stderr]    Compiling aws-lc-rs v1.17.3
[INFO] [stderr]    Compiling serde_derive v1.0.229
[INFO] [stderr]    Compiling thiserror-impl v2.0.19
[INFO] [stderr]    Compiling unicase v2.9.0
[INFO] [stderr]    Compiling cookie v0.18.1
[INFO] [stderr]     Checking time v0.3.47
[INFO] [stderr]     Checking getrandom v0.3.4
[INFO] [stderr]     Checking rustls-pki-types v1.15.1
[INFO] [stderr]     Checking generic-array v0.14.7
[INFO] [stderr]    Compiling crossbeam-utils v0.8.22
[INFO] [stderr]     Checking tokio-util v0.7.19
[INFO] [stderr]    Compiling rustls v0.23.42
[INFO] [stderr]     Checking h2 v0.4.15
[INFO] [stderr]     Checking block-buffer v0.10.4
[INFO] [stderr]     Checking crypto-common v0.1.7
[INFO] [stderr]     Checking digest v0.10.7
[INFO] [stderr]     Checking ipnet v2.12.0
[INFO] [stderr]     Checking bitflags v2.13.1
[INFO] [stderr]     Checking phf_shared v0.13.1
[INFO] [stderr]    Compiling libsqlite3-sys v0.30.1
[INFO] [stderr]     Checking tower v0.5.3
[INFO] [stderr]    Compiling mime_guess v2.0.5
[INFO] [stderr]    Compiling litrs v1.0.0
[INFO] [stderr]     Checking psl-types v2.0.11
[INFO] [stderr]    Compiling percent-encoding v2.3.2
[INFO] [stderr]    Compiling form_urlencoded v1.2.2
[INFO] [stderr]     Checking serde v1.0.229
[INFO] [stderr]     Checking rustls-native-certs v0.8.4
[INFO] [stderr]     Checking publicsuffix v2.3.0
[INFO] [stderr]     Checking regex-automata v0.4.16
[INFO] [stderr]    Compiling document-features v0.2.12
[INFO] [stderr]     Checking url v2.5.8
[INFO] [stderr]     Checking serde_urlencoded v0.7.1
[INFO] [stderr]     Checking chrono v0.4.45
[INFO] [stderr]    Compiling parking_lot_core v0.9.12
[INFO] [stderr]    Compiling async-trait v0.1.91
[INFO] [stderr]    Compiling phf_macros v0.13.1
[INFO] [stderr]     Checking num-integer v0.1.46
[INFO] [stderr]     Checking hyper v1.11.0
[INFO] [stderr]    Compiling mio v1.2.2
[INFO] [stderr]    Compiling socket2 v0.6.5
[INFO] [stderr]     Checking new_debug_unreachable v1.0.6
[INFO] [stderr]    Compiling slab v0.4.12
[INFO] [stderr]    Compiling allocator-api2 v0.2.21
[INFO] [stderr]     Checking phf v0.13.1
[INFO] [stderr]    Compiling hashbrown v0.15.5
[INFO] [stderr]     Checking pt-flow-core v0.1.0 (/opt/rustwide/workdir/crates/pt-flow-core)
[INFO] [stderr]    Compiling parking_lot v0.12.5
[INFO] [stderr]     Checking cookie_store v0.22.1
[INFO] [stderr]     Checking tower-http v0.6.11
[INFO] [stderr]     Checking hyper-util v0.1.20
[INFO] [stderr]    Compiling string_cache_codegen v0.6.1
[INFO] [stderr]     Checking precomputed-hash v0.1.1
[INFO] [stderr]    Compiling parking v2.2.1
[INFO] [stderr]    Compiling crc-catalog v2.5.0
[INFO] [stderr]    Compiling crc v3.4.0
[INFO] [stderr]    Compiling event-listener v5.4.2
[INFO] [stderr]    Compiling crossbeam-queue v0.3.13
[INFO] [stderr]    Compiling sha2 v0.10.9
[INFO] [stderr]    Compiling web_atoms v0.2.5
[INFO] [stderr]    Compiling hashlink v0.10.0
[INFO] [stderr]    Compiling futures-intrusive v0.5.0
[INFO] [stderr]     Checking num-bigint v0.4.8
[INFO] [stderr]    Compiling either v1.17.0
[INFO] [stderr]     Checking ppv-lite86 v0.2.21
[INFO] [stderr]    Compiling spin v0.9.9
[INFO] [stderr]     Checking rand_core v0.9.5
[INFO] [stderr]     Checking axum-core v0.5.6
[INFO] [stderr]    Compiling ahash v0.8.12
[INFO] [stderr]    Compiling ref-cast v1.0.26
[INFO] [stderr]    Compiling ryu v1.0.23
[INFO] [stderr]    Compiling base64 v0.22.1
[INFO] [stderr]    Compiling futures-executor v0.3.33
[INFO] [stderr]     Checking rand_chacha v0.9.0
[INFO] [stderr]    Compiling atoi v2.0.0
[INFO] [stderr]     Checking num-rational v0.4.2
[INFO] [stderr]    Compiling flume v0.11.1
[INFO] [stderr]     Checking string_cache v0.9.0
[INFO] [stderr]     Checking num-iter v0.1.46
[INFO] [stderr]    Compiling ref-cast-impl v1.0.26
[INFO] [stderr]     Checking num-complex v0.4.6
[INFO] [stderr]    Compiling zmij v1.0.23
[INFO] [stderr]     Checking dtoa v1.0.11
[INFO] [stderr]     Checking num v0.4.3
[INFO] [stderr]     Checking dtoa-short v0.3.5
[INFO] [stderr]    Compiling tokio-stream v0.1.19
[INFO] [stderr]     Checking rand v0.9.5
[INFO] [stderr]    Compiling sqlx-core v0.8.6
[INFO] [stderr]     Checking regex v1.13.1
[INFO] [stderr]     Checking tendril v0.5.1
[INFO] [stderr]    Compiling selectors v0.38.0
[INFO] [stderr]    Compiling hybrid-array v0.4.13
[INFO] [stderr]     Checking futures v0.3.33
[INFO] [stderr]    Compiling cssparser-macros v0.7.0
[INFO] [stderr]    Compiling derive_more-impl v2.1.1
[INFO] [stderr]     Checking getrandom v0.2.17
[INFO] [stderr]    Compiling dotenvy v0.15.7
[INFO] [stderr]     Checking bit-vec v0.8.0
[INFO] [stderr]     Checking borrow-or-share v0.2.4
[INFO] [stderr]    Compiling unicode-general-category v1.1.0
[INFO] [stderr]     Checking bit-set v0.8.0
[INFO] [stderr]     Checking fluent-uri v0.4.1
[INFO] [stderr]     Checking rand_core v0.6.4
[INFO] [stderr]     Checking cssparser v0.37.0
[INFO] [stderr]     Checking tower-sessions-core v0.15.0
[INFO] [stderr]     Checking derive_more v2.1.1
[INFO] [stderr]     Checking markup5ever v0.39.0
[INFO] [stderr]     Checking fraction v0.15.4
[INFO] [stderr]    Compiling strum_macros v0.28.0
[INFO] [stderr]     Checking servo_arc v0.4.3
[INFO] [stderr]     Checking unicode-width v0.2.2
[INFO] [stderr]     Checking base64ct v1.8.3
[INFO] [stderr]     Checking vsimd v0.8.0
[INFO] [stderr]     Checking micromap v0.3.0
[INFO] [stderr]     Checking rustc-hash v2.1.3
[INFO] [stderr]     Checking outref v0.5.2
[INFO] [stderr]     Checking bytecount v0.6.9
[INFO] [stderr]    Compiling sqlx-sqlite v0.8.6
[INFO] [stderr]     Checking num-cmp v0.1.0
[INFO] [stderr]     Checking referencing v0.49.1
[INFO] [stderr]     Checking uuid-simd v0.8.0
[INFO] [stderr]     Checking jsonschema-value v0.49.1
[INFO] [stderr]     Checking password-hash v0.5.0
[INFO] [stderr]     Checking getopts v0.2.24
[INFO] [stderr]     Checking tower-sessions-memory-store v0.15.0
[INFO] [stderr]     Checking html5ever v0.39.0
[INFO] [stderr]     Checking strum v0.28.0
[INFO] [stderr]     Checking fancy-regex v0.18.0
[INFO] [stderr]    Compiling block-buffer v0.12.1
[INFO] [stderr]    Compiling crypto-common v0.2.2
[INFO] [stderr]     Checking tower-cookies v0.11.0
[INFO] [stderr]     Checking email_address v0.2.9
[INFO] [stderr]     Checking jsonschema-regex v0.49.1
[INFO] [stderr]     Checking blake2 v0.10.6
[INFO] [stderr]     Checking data-encoding v2.11.0
[INFO] [stderr]    Compiling const-oid v0.10.2
[INFO] [stderr]     Checking ego-tree v0.11.0
[INFO] [stderr]     Checking argon2 v0.5.3
[INFO] [stderr]     Checking tower-sessions v0.15.0
[INFO] [stderr]     Checking scraper v0.27.0
[INFO] [stderr]    Compiling sqlx-macros-core v0.8.6
[INFO] [stderr]    Compiling digest v0.11.3
[INFO] [stderr]     Checking sha1 v0.10.7
[INFO] [stderr]    Compiling cpufeatures v0.3.0
[INFO] [stderr]    Compiling sha2 v0.11.0
[INFO] [stderr]    Compiling mime v0.3.17
[INFO] [stderr]     Checking matchers v0.2.0
[INFO] [stderr]     Checking serde_path_to_error v0.1.20
[INFO] [stderr]     Checking tracing-log v0.2.0
[INFO] [stderr]     Checking thread_local v1.1.10
[INFO] [stderr]     Checking tracing-subscriber v0.3.23
[INFO] [stderr]     Checking axum v0.8.9
[INFO] [stderr]    Compiling rust-embed-utils v8.12.0
[INFO] [stderr]    Compiling rust-embed-impl v8.12.0
[INFO] [stderr]    Compiling sqlx-macros v0.8.6
[INFO] [stderr]     Checking rust-embed v8.12.0
[INFO] [stderr]     Checking sqlx v0.8.6
[INFO] [stderr]     Checking pt-flow-db v0.1.0 (/opt/rustwide/workdir/crates/pt-flow-db)
[INFO] [stderr]     Checking rustls-webpki v0.103.13
[INFO] [stderr]     Checking tokio-rustls v0.26.4
[INFO] [stderr]     Checking rustls-platform-verifier v0.7.0
[INFO] [stderr]     Checking hyper-rustls v0.27.9
[INFO] [stderr]     Checking reqwest v0.13.4
[INFO] [stderr]     Checking jsonschema v0.49.1
[INFO] [stderr]     Checking pt-flow-downloader v0.1.0 (/opt/rustwide/workdir/crates/pt-flow-downloader)
[INFO] [stderr]     Checking pt-flow-site v0.1.0 (/opt/rustwide/workdir/crates/pt-flow-site)
[INFO] [stderr]     Checking pt-flow-config v0.1.0 (/opt/rustwide/workdir/crates/pt-flow-config)
[INFO] [stderr]     Checking pt-flow-engine v0.1.0 (/opt/rustwide/workdir/crates/pt-flow-engine)
[INFO] [stderr]     Checking pt-flow-web v0.1.0 (/opt/rustwide/workdir/crates/pt-flow-web)
[INFO] [stdout] warning: use of deprecated method `std::sync::atomic::Atomic::<usize>::fetch_update`: renamed to `try_update` for consistency
[INFO] [stdout]     --> crates/pt-flow-engine/src/lib.rs:1641:18
[INFO] [stdout]      |
[INFO] [stdout] 1641 |                 .fetch_update(
[INFO] [stdout]      |                  ^^^^^^^^^^^^
[INFO] [stdout]      |
[INFO] [stdout]      = note: `#[warn(deprecated)]` on by default
[INFO] [stdout] help: replace the use of the deprecated method
[INFO] [stdout]      |
[INFO] [stdout] 1641 -                 .fetch_update(
[INFO] [stdout] 1641 +                 .try_update(
[INFO] [stdout]      |
[INFO] [stdout] 
[INFO] [stdout] 
[INFO] [stdout] error: #[derive(RustEmbed)] folder '/opt/rustwide/workdir/crates/pt-flow-web/../../frontend/dist' does not exist. cwd: '/opt/rustwide/workdir'
[INFO] [stdout]    --> crates/pt-flow-web/src/main.rs:114:1
[INFO] [stdout]     |
[INFO] [stdout] 114 | / #[folder = "../../frontend/dist"]
[INFO] [stdout] 115 | | struct FrontendAssets;
[INFO] [stdout]     | |______________________^
[INFO] [stdout] 
[INFO] [stdout] 
[INFO] [stdout] error: #[derive(RustEmbed)] folder '/opt/rustwide/workdir/crates/pt-flow-web/../../frontend/dist' does not exist. cwd: '/opt/rustwide/workdir'
[INFO] [stdout]    --> crates/pt-flow-web/src/main.rs:114:1
[INFO] [stdout]     |
[INFO] [stdout] 114 | / #[folder = "../../frontend/dist"]
[INFO] [stdout] 115 | | struct FrontendAssets;
[INFO] [stdout]     | |______________________^
[INFO] [stdout] 
[INFO] [stdout] 
[INFO] [stdout] error[E0599]: no associated function or constant named `get` found for struct `FrontendAssets` in the current scope
[INFO] [stdout]     --> crates/pt-flow-web/src/main.rs:1113:42
[INFO] [stdout]      |
[INFO] [stdout]  115 | struct FrontendAssets;
[INFO] [stdout]      | --------------------- associated function or constant `get` not found for this struct
[INFO] [stdout] ...
[INFO] [stdout] 1113 |     if let Some(asset) = FrontendAssets::get(path) {
[INFO] [stdout]      |                                          ^^^ associated function or constant not found in `FrontendAssets`
[INFO] [stdout]      |
[INFO] [stdout]      = help: items from traits can only be used if the trait is implemented and in scope
[INFO] [stdout]      = note: the following traits define an item `get`, perhaps you need to implement one of them:
[INFO] [stdout]              candidate #1: `Embed`
[INFO] [stdout]              candidate #2: `SliceIndex`
[INFO] [stdout]              candidate #3: `icu_collections::codepointtrie::cptrie::TypedCodePointTrie`
[INFO] [stdout]              candidate #4: `icu_properties::names::PropertyEnumToValueNameLookup`
[INFO] [stdout]              candidate #5: `icu_provider::baked::DataStore`
[INFO] [stdout]              candidate #6: `jsonschema_value::Object`
[INFO] [stdout]              candidate #7: `rustls::server::server_conn::StoresServerSessions`
[INFO] [stdout]              candidate #8: `sqlx_core::row::Row`
[INFO] [stdout]              candidate #9: `string_cache::static_sets::StaticAtomSet`
[INFO] [stdout]              candidate #10: `tower_sessions::service::CookieController`
[INFO] [stdout] 
[INFO] [stdout] 
[INFO] [stdout] error[E0599]: no associated function or constant named `get` found for struct `FrontendAssets` in the current scope
[INFO] [stdout]     --> crates/pt-flow-web/src/main.rs:1113:42
[INFO] [stdout]      |
[INFO] [stdout]  115 | struct FrontendAssets;
[INFO] [stdout]      | --------------------- associated function or constant `get` not found for this struct
[INFO] [stdout] ...
[INFO] [stdout] 1113 |     if let Some(asset) = FrontendAssets::get(path) {
[INFO] [stdout]      |                                          ^^^ associated function or constant not found in `FrontendAssets`
[INFO] [stdout]      |
[INFO] [stdout]      = help: items from traits can only be used if the trait is implemented and in scope
[INFO] [stdout]      = note: the following traits define an item `get`, perhaps you need to implement one of them:
[INFO] [stdout]              candidate #1: `Embed`
[INFO] [stdout]              candidate #2: `SliceIndex`
[INFO] [stdout]              candidate #3: `icu_collections::codepointtrie::cptrie::TypedCodePointTrie`
[INFO] [stdout]              candidate #4: `icu_properties::names::PropertyEnumToValueNameLookup`
[INFO] [stdout]              candidate #5: `icu_provider::baked::DataStore`
[INFO] [stdout]              candidate #6: `jsonschema_value::Object`
[INFO] [stdout]              candidate #7: `rustls::server::server_conn::StoresServerSessions`
[INFO] [stdout]              candidate #8: `sqlx_core::row::Row`
[INFO] [stdout]              candidate #9: `string_cache::static_sets::StaticAtomSet`
[INFO] [stdout]              candidate #10: `tower_sessions::service::CookieController`
[INFO] [stdout] 
[INFO] [stdout] 
[INFO] [stdout] error[E0599]: no associated function or constant named `get` found for struct `FrontendAssets` in the current scope
[INFO] [stdout]     --> crates/pt-flow-web/src/main.rs:1116:42
[INFO] [stdout]      |
[INFO] [stdout]  115 | struct FrontendAssets;
[INFO] [stdout]      | --------------------- associated function or constant `get` not found for this struct
[INFO] [stdout] ...
[INFO] [stdout] 1116 |     if let Some(index) = FrontendAssets::get("index.html") {
[INFO] [stdout]      |                                          ^^^ associated function or constant not found in `FrontendAssets`
[INFO] [stdout]      |
[INFO] [stdout]      = help: items from traits can only be used if the trait is implemented and in scope
[INFO] [stdout]      = note: the following traits define an item `get`, perhaps you need to implement one of them:
[INFO] [stdout]              candidate #1: `Embed`
[INFO] [stdout]              candidate #2: `SliceIndex`
[INFO] [stdout]              candidate #3: `icu_collections::codepointtrie::cptrie::TypedCodePointTrie`
[INFO] [stdout]              candidate #4: `icu_properties::names::PropertyEnumToValueNameLookup`
[INFO] [stdout]              candidate #5: `icu_provider::baked::DataStore`
[INFO] [stdout]              candidate #6: `jsonschema_value::Object`
[INFO] [stdout]              candidate #7: `rustls::server::server_conn::StoresServerSessions`
[INFO] [stdout]              candidate #8: `sqlx_core::row::Row`
[INFO] [stdout]              candidate #9: `string_cache::static_sets::StaticAtomSet`
[INFO] [stdout]              candidate #10: `tower_sessions::service::CookieController`
[INFO] [stdout] 
[INFO] [stdout] 
[INFO] [stdout] error[E0599]: no associated function or constant named `get` found for struct `FrontendAssets` in the current scope
[INFO] [stdout]     --> crates/pt-flow-web/src/main.rs:1116:42
[INFO] [stdout]      |
[INFO] [stdout]  115 | struct FrontendAssets;
[INFO] [stdout]      | --------------------- associated function or constant `get` not found for this struct
[INFO] [stdout] ...
[INFO] [stdout] 1116 |     if let Some(index) = FrontendAssets::get("index.html") {
[INFO] [stdout]      |                                          ^^^ associated function or constant not found in `FrontendAssets`
[INFO] [stdout]      |
[INFO] [stdout]      = help: items from traits can only be used if the trait is implemented and in scope
[INFO] [stdout]      = note: the following traits define an item `get`, perhaps you need to implement one of them:
[INFO] [stdout]              candidate #1: `Embed`
[INFO] [stdout]              candidate #2: `SliceIndex`
[INFO] [stdout]              candidate #3: `icu_collections::codepointtrie::cptrie::TypedCodePointTrie`
[INFO] [stdout]              candidate #4: `icu_properties::names::PropertyEnumToValueNameLookup`
[INFO] [stdout]              candidate #5: `icu_provider::baked::DataStore`
[INFO] [stdout]              candidate #6: `jsonschema_value::Object`
[INFO] [stdout]              candidate #7: `rustls::server::server_conn::StoresServerSessions`
[INFO] [stdout]              candidate #8: `sqlx_core::row::Row`
[INFO] [stdout]              candidate #9: `string_cache::static_sets::StaticAtomSet`
[INFO] [stdout]              candidate #10: `tower_sessions::service::CookieController`
[INFO] [stdout] 
[INFO] [stdout] 
[INFO] [stdout] For more information about this error, try `rustc --explain E0599`.
[INFO] [stdout] 
[INFO] [stderr] error: could not compile `pt-flow-web` (bin "pt-flow-web" test) due to 3 previous errors
[INFO] [stderr] warning: build failed, waiting for other jobs to finish...
[INFO] [stdout] For more information about this error, try `rustc --explain E0599`.
[INFO] [stdout] 
[INFO] [stderr] error: could not compile `pt-flow-web` (bin "pt-flow-web") due to 3 previous errors
[INFO] [stderr] warning: unused dependency `pt-flow-core`
[INFO] [stderr]   --> crates/pt-flow-downloader/Cargo.toml:12:1
[INFO] [stderr]    |
[INFO] [stderr] 12 | pt-flow-core = { path = "../pt-flow-core" }
[INFO] [stderr]    | ^^^^^^^^^^^^^^^^^^^^^^^^^^^^^^^^^^^^^^^^^^^
[INFO] [stderr]    |
[INFO] [stderr]    = note: `cargo::unused_dependencies` is set to `warn` by default
[INFO] [stderr] help: consider removing the dependency on `pt-flow-core`
[INFO] [stderr] warning: `pt-flow-downloader` (manifest) generated 1 warning
[INFO] [stderr] warning: unused dependency `pt-flow-core`
[INFO] [stderr]   --> crates/pt-flow-site/Cargo.toml:12:1
[INFO] [stderr]    |
[INFO] [stderr] 12 | pt-flow-core = { path = "../pt-flow-core" }
[INFO] [stderr]    | ^^^^^^^^^^^^^^^^^^^^^^^^^^^^^^^^^^^^^^^^^^^
[INFO] [stderr]    |
[INFO] [stderr]    = note: `cargo::unused_dependencies` is set to `warn` by default
[INFO] [stderr] help: consider removing the dependency on `pt-flow-core`
[INFO] [stderr] warning: `pt-flow-site` (manifest) generated 1 warning
[INFO] running `Command { std: "docker" "inspect" "066e59f53cf99766617213375d350a6ab435b081d8cc0bc19db6bbd95196d7f8", kill_on_drop: false }`
[INFO] running `Command { std: "docker" "rm" "-f" "066e59f53cf99766617213375d350a6ab435b081d8cc0bc19db6bbd95196d7f8", kill_on_drop: false }`
[INFO] [stdout] 066e59f53cf99766617213375d350a6ab435b081d8cc0bc19db6bbd95196d7f8
