[INFO] cloning repository https://github.com/lukasa1993/Bluetemp
[INFO] running `Command { std: "git" "-c" "credential.helper=" "-c" "credential.helper=/workspace/cargo-home/bin/git-credential-null" "clone" "--bare" "https://github.com/lukasa1993/Bluetemp" "/workspace/cache/git-repos/https%3A%2F%2Fgithub.com%2Flukasa1993%2FBluetemp", kill_on_drop: false }`
[INFO] [stderr] Cloning into bare repository '/workspace/cache/git-repos/https%3A%2F%2Fgithub.com%2Flukasa1993%2FBluetemp'...
[INFO] running `Command { std: "git" "rev-parse" "HEAD", kill_on_drop: false }`
[INFO] [stdout] 415df41b3646b0feacba6c1324adf9838cd248f9
[INFO] checking lukasa1993/Bluetemp against 3154cc1a3e6424e44f438a95007d043ed5ceaaf6+rustflags=-Znext-solver=coherence for pr-133502-30
[INFO] running `Command { std: "git" "clone" "/workspace/cache/git-repos/https%3A%2F%2Fgithub.com%2Flukasa1993%2FBluetemp" "/workspace/builds/worker-1-tc1/source", kill_on_drop: false }`
[INFO] [stderr] Cloning into '/workspace/builds/worker-1-tc1/source'...
[INFO] [stderr] done.
[INFO] removed /workspace/builds/worker-1-tc1/source/.cargo/config.toml
[INFO] removed /workspace/builds/worker-1-tc1/source/rust-toolchain.toml
[INFO] started tweaking git repo https://github.com/lukasa1993/Bluetemp
[INFO] finished tweaking git repo https://github.com/lukasa1993/Bluetemp
[INFO] tweaked toml for git repo https://github.com/lukasa1993/Bluetemp written to /workspace/builds/worker-1-tc1/source/Cargo.toml
[INFO] validating manifest of git repo https://github.com/lukasa1993/Bluetemp on toolchain 3154cc1a3e6424e44f438a95007d043ed5ceaaf6
[INFO] running `Command { std: CARGO_HOME="/workspace/cargo-home" RUSTUP_HOME="/workspace/rustup-home" "/workspace/cargo-home/bin/cargo" "+3154cc1a3e6424e44f438a95007d043ed5ceaaf6" "metadata" "--manifest-path" "Cargo.toml" "--no-deps", kill_on_drop: false }`
[INFO] crate git repo https://github.com/lukasa1993/Bluetemp already has a lockfile, it will not be regenerated
[INFO] running `Command { std: CARGO_HOME="/workspace/cargo-home" RUSTUP_HOME="/workspace/rustup-home" "/workspace/cargo-home/bin/cargo" "+3154cc1a3e6424e44f438a95007d043ed5ceaaf6" "fetch" "--manifest-path" "Cargo.toml", kill_on_drop: false }`
[INFO] [stderr]     Updating crates.io index
[INFO] [stderr]     Blocking waiting for file lock on package cache
[INFO] [stderr]  Downloading crates ...
[INFO] [stderr]   Downloaded static_cell v2.1.1
[INFO] [stderr]   Downloaded task-watchdog v0.1.2
[INFO] [stderr]   Downloaded sht4x v0.2.0
[INFO] [stderr]   Downloaded sensirion-i2c v0.4.0
[INFO] [stderr]   Downloaded const-sha1 v0.3.0
[INFO] [stderr]   Downloaded sha1 v0.11.0
[INFO] [stderr]   Downloaded picoserve_derive v0.2.0
[INFO] [stderr]   Downloaded embedded-nal-async v0.9.0
[INFO] [stderr]   Downloaded managed v0.8.0
[INFO] [stderr]   Downloaded embassy-net-driver v0.2.0
[INFO] [stderr]   Downloaded block-device-driver v0.2.0
[INFO] [stderr]   Downloaded embassy-embedded-hal v0.6.0
[INFO] [stderr]   Downloaded embassy-executor-timer-queue v0.1.0
[INFO] [stderr]   Downloaded embassy-time-driver v0.2.2
[INFO] [stderr]   Downloaded embedded-nal v0.9.0
[INFO] [stderr]   Downloaded esp-riscv-rt v0.15.0
[INFO] [stderr]   Downloaded embassy-time-queue-utils v0.3.2
[INFO] [stderr]   Downloaded esp-sync v0.3.0
[INFO] [stderr]   Downloaded bitfield-macros v0.19.5
[INFO] [stderr]   Downloaded embassy-executor-macros v0.8.0
[INFO] [stderr]   Downloaded jiff-static v0.2.37
[INFO] [stderr]   Downloaded esp-println v0.18.0
[INFO] [stderr]   Downloaded esp-backtrace v0.20.0
[INFO] [stderr]   Downloaded embedded-hal-nb v1.0.0
[INFO] [stderr]   Downloaded instability v0.3.13
[INFO] [stderr]   Downloaded bitfield v0.19.5
[INFO] [stderr]   Downloaded somni-template v0.3.2
[INFO] [stderr]   Downloaded esp-storage v0.10.0
[INFO] [stderr]   Downloaded esp-hal-procmacros v0.23.0
[INFO] [stderr]   Downloaded xtensa-lx-rt v0.23.0
[INFO] [stderr]   Downloaded enumset v1.1.14
[INFO] [stderr]   Downloaded embassy-hal-internal v0.4.0
[INFO] [stderr]   Downloaded embassy-time v0.5.1
[INFO] [stderr]   Downloaded somni-parser v0.3.1
[INFO] [stderr]   Downloaded esp-alloc v0.11.0
[INFO] [stderr]   Downloaded serde-json-core v0.6.0
[INFO] [stderr]   Downloaded hybrid-array v0.4.15
[INFO] [stderr]   Downloaded embassy-net v0.9.1
[INFO] [stderr]   Downloaded somni-expr v0.3.2
[INFO] [stderr]   Downloaded esp-config v0.8.0
[INFO] [stderr]   Downloaded linked_list_allocator v0.10.6
[INFO] [stderr]   Downloaded generator v0.8.9
[INFO] [stderr]   Downloaded sdio v0.5.1
[INFO] [stderr]   Downloaded fugit v0.5.0
[INFO] [stderr]   Downloaded enumset_derive v0.15.0
[INFO] [stderr]   Downloaded rlsf v0.2.3
[INFO] [stderr]   Downloaded embassy-sync v0.8.0
[INFO] [stderr]   Downloaded embedded-hal-mock v0.11.1
[INFO] [stderr]   Downloaded embassy-executor v0.10.0
[INFO] [stderr]   Downloaded cordyceps v0.3.5
[INFO] [stderr]   Downloaded esp-bootloader-esp-idf v0.6.0
[INFO] [stderr]   Downloaded esp-rtos v0.4.0
[INFO] [stderr]   Downloaded semihosting v0.1.25
[INFO] [stderr]   Downloaded picoserve v0.20.0
[INFO] [stderr]   Downloaded heapless v0.9.3
[INFO] [stderr]   Downloaded loom v0.7.2
[INFO] [stderr]   Downloaded cc v1.4.6
[INFO] [stderr]   Downloaded zerocopy-derive v0.8.57
[INFO] [stderr]   Downloaded jiff-core v0.1.1
[INFO] [stderr]   Downloaded fixed v1.31.0
[INFO] [stderr]   Downloaded esp-rom-sys v0.1.5
[INFO] [stderr]   Downloaded esp32c2 v0.30.0
[INFO] [stderr]   Downloaded zerocopy v0.8.57
[INFO] [stderr]   Downloaded smoltcp v0.13.1
[INFO] [stderr]   Downloaded esp32c3 v0.33.0
[INFO] [stderr]   Downloaded esp-metadata-generated v0.5.1
[INFO] [stderr]   Downloaded esp32 v0.41.0
[INFO] [stderr]   Downloaded esp32s2 v0.32.0
[INFO] [stderr]   Downloaded esp32h2 v0.20.0
[INFO] [stderr]   Downloaded esp32c61 v0.4.0
[INFO] [stderr]   Downloaded esp32s3 v0.36.0
[INFO] [stderr]   Downloaded esp32c6 v0.24.0
[INFO] [stderr]   Downloaded jiff v0.2.37
[INFO] [stderr]   Downloaded esp32c5 v0.3.0
[INFO] [stderr]   Downloaded esp-hal v1.2.1
[INFO] [stderr]   Downloaded esp32p4 v0.3.0
[INFO] [stderr]   Downloaded esp32s31 v0.2.0
[INFO] running `Command { std: "docker" "create" "-v" "/var/lib/crater-agent-workspace/builds/worker-1-tc1/source:/opt/rustwide/workdir:ro,Z" "-v" "/var/lib/crater-agent-workspace/builds/worker-1-tc1/target:/opt/rustwide/target:rw,Z" "-v" "/var/lib/crater-agent-workspace/cargo-home:/opt/rustwide/cargo-home:ro,Z" "-v" "/var/lib/crater-agent-workspace/rustup-home:/opt/rustwide/rustup-home:ro,Z" "-m" "1610612736" "--network" "none" "ghcr.io/rust-lang/crates-build-env/linux@sha256:77db811e55d90add9212f6832c23229e3de5f1c1f9905e8cb07319ea15df73ac" "sleep" "infinity", kill_on_drop: false }`
[INFO] [stdout] d96be2dfd83ac3d05e9cff31bdd4240d3a7b93ddde015766a56dc82161ccc6c1
[INFO] running `Command { std: "docker" "start" "d96be2dfd83ac3d05e9cff31bdd4240d3a7b93ddde015766a56dc82161ccc6c1", kill_on_drop: false }`
[INFO] running `Command { std: "docker" "inspect" "d96be2dfd83ac3d05e9cff31bdd4240d3a7b93ddde015766a56dc82161ccc6c1", kill_on_drop: false }`
[INFO] running `Command { std: "docker" "exec" "-e" "SOURCE_DIR=/opt/rustwide/workdir" "-e" "CARGO_HOME=/opt/rustwide/cargo-home" "-e" "RUSTUP_HOME=/opt/rustwide/rustup-home" "-e" "CARGO_TARGET_DIR=/opt/rustwide/target" "-w" "/opt/rustwide/workdir" "--user" "0:0" "d96be2dfd83ac3d05e9cff31bdd4240d3a7b93ddde015766a56dc82161ccc6c1" "/opt/rustwide/cargo-home/bin/cargo" "+3154cc1a3e6424e44f438a95007d043ed5ceaaf6" "metadata" "--no-deps" "--format-version=1", kill_on_drop: false }`
[INFO] running `Command { std: "docker" "inspect" "d96be2dfd83ac3d05e9cff31bdd4240d3a7b93ddde015766a56dc82161ccc6c1", kill_on_drop: false }`
[INFO] running `Command { std: "docker" "exec" "-e" "SOURCE_DIR=/opt/rustwide/workdir" "-e" "CARGO_HOME=/opt/rustwide/cargo-home" "-e" "RUSTUP_HOME=/opt/rustwide/rustup-home" "-e" "CARGO_TARGET_DIR=/opt/rustwide/target" "-e" "CARGO_INCREMENTAL=0" "-e" "RUST_BACKTRACE=full" "-e" "RUSTFLAGS=--cap-lints=forbid -Znext-solver=coherence" "-e" "RUSTDOCFLAGS=--cap-lints=forbid" "-w" "/opt/rustwide/workdir" "--user" "0:0" "d96be2dfd83ac3d05e9cff31bdd4240d3a7b93ddde015766a56dc82161ccc6c1" "/opt/rustwide/cargo-home/bin/cargo" "+3154cc1a3e6424e44f438a95007d043ed5ceaaf6" "check" "--frozen" "--all" "--all-targets" "--message-format=json", kill_on_drop: false }`
[INFO] [stderr]    Compiling proc-macro2 v1.0.107
[INFO] [stderr]    Compiling serde_core v1.0.229
[INFO] [stderr]     Checking typenum v1.20.1
[INFO] [stderr]    Compiling serde v1.0.229
[INFO] [stderr]     Checking embedded-hal v1.0.0
[INFO] [stderr]     Checking byteorder v1.5.0
[INFO] [stderr]    Compiling somni-parser v0.3.1
[INFO] [stderr]    Compiling winnow v1.0.4
[INFO] [stderr]    Compiling generic-array v0.14.7
[INFO] [stderr]    Compiling embedded-hal-async v1.0.0
[INFO] [stderr]    Compiling ryu v1.0.23
[INFO] [stderr]     Checking subtle v2.6.1
[INFO] [stderr]    Compiling jiff-core v0.1.1
[INFO] [stderr]    Compiling toml_datetime v1.1.1+spec-1.1.0
[INFO] [stderr]    Compiling heapless v0.9.3
[INFO] [stderr]    Compiling esp-metadata-generated v0.5.1
[INFO] [stderr]    Compiling libc v0.2.189
[INFO] [stderr]     Checking nb v1.1.0
[INFO] [stderr]     Checking embedded-io v0.7.1
[INFO] [stderr]    Compiling zerocopy v0.8.57
[INFO] [stderr]     Checking embedded-io-async v0.7.0
[INFO] [stderr]     Checking hash32 v0.3.1
[INFO] [stderr]    Compiling heapless v0.8.0
[INFO] [stderr]     Checking futures-core v0.3.34
[INFO] [stderr]     Checking crc-catalog v2.5.0
[INFO] [stderr]     Checking critical-section v1.2.0
[INFO] [stderr]     Checking cpufeatures v0.3.1
[INFO] [stderr]     Checking esp-config v0.8.0
[INFO] [stderr]    Compiling embassy-time-driver v0.2.2
[INFO] [stderr]     Checking embedded-storage v0.3.1
[INFO] [stderr]    Compiling portable-atomic v1.15.0
[INFO] [stderr]     Checking crc v3.4.0
[INFO] [stderr]    Compiling fixed v1.31.0
[INFO] [stderr]    Compiling embassy-time-queue-utils v0.3.2
[INFO] [stderr]    Compiling thiserror v2.0.20
[INFO] [stderr]     Checking nb v0.1.3
[INFO] [stderr]     Checking az v1.3.0
[INFO] [stderr]     Checking hex v0.4.3
[INFO] [stderr]     Checking bytemuck v1.25.2
[INFO] [stderr]     Checking futures-task v0.3.34
[INFO] [stderr]    Compiling somni-expr v0.3.2
[INFO] [stderr]    Compiling embassy-sync v0.8.0
[INFO] [stderr]     Checking embassy-executor-timer-queue v0.1.0
[INFO] [stderr]     Checking bytes v1.12.1
[INFO] [stderr]    Compiling quote v1.0.47
[INFO] [stderr]     Checking void v1.0.2
[INFO] [stderr]     Checking futures-util v0.3.34
[INFO] [stderr]     Checking embedded-hal v0.2.7
[INFO] [stderr]    Compiling syn v3.0.5
[INFO] [stderr]    Compiling syn v2.0.119
[INFO] [stderr]    Compiling jiff v0.2.37
[INFO] [stderr]     Checking sensirion-i2c v0.4.0
[INFO] [stderr]     Checking const-sha1 v0.3.0
[INFO] [stderr]     Checking futures-sink v0.3.34
[INFO] [stderr]    Compiling zmij v1.0.23
[INFO] [stderr]    Compiling serde_json v1.0.151
[INFO] [stderr]     Checking mio v1.2.3
[INFO] [stderr]     Checking socket2 v0.6.5
[INFO] [stderr]     Checking embedded-hal-nb v1.0.0
[INFO] [stderr]     Checking memchr v2.8.3
[INFO] [stderr]     Checking embedded-hal-mock v0.11.1
[INFO] [stderr]     Checking task-watchdog v0.1.2
[INFO] [stderr]     Checking hybrid-array v0.4.15
[INFO] [stderr]     Checking crypto-common v0.1.7
[INFO] [stderr]     Checking block-buffer v0.10.4
[INFO] [stderr]    Compiling toml_parser v1.1.3+spec-1.1.0
[INFO] [stderr]     Checking digest v0.10.7
[INFO] [stderr]     Checking block-buffer v0.12.1
[INFO] [stderr]     Checking crypto-common v0.2.2
[INFO] [stderr]     Checking md-5 v0.10.6
[INFO] [stderr]     Checking sha2 v0.10.9
[INFO] [stderr]     Checking hmac v0.12.1
[INFO] [stderr]    Compiling toml_edit v0.25.15+spec-1.1.0
[INFO] [stderr]     Checking digest v0.11.3
[INFO] [stderr]     Checking sha2 v0.11.0
[INFO] [stderr]    Compiling strum_macros v0.27.2
[INFO] [stderr]    Compiling zerocopy-derive v0.8.57
[INFO] [stderr]    Compiling pin-project-internal v1.1.13
[INFO] [stderr]    Compiling proc-macro-crate v3.5.0
[INFO] [stderr]    Compiling serde_derive v1.0.229
[INFO] [stderr]    Compiling thiserror-impl v2.0.20
[INFO] [stderr]    Compiling tokio-macros v2.7.2
[INFO] [stderr]    Compiling picoserve_derive v0.2.0
[INFO] [stderr]    Compiling esp-hal-procmacros v0.23.0
[INFO] [stderr]     Checking tokio v1.53.1
[INFO] [stderr]     Checking pin-project v1.1.13
[INFO] [stderr]     Checking embassy-time v0.5.1
[INFO] [stderr]     Checking strum v0.27.2
[INFO] [stderr]    Compiling serde_yaml v0.9.34+deprecated
[INFO] [stderr]     Checking serde-json-core v0.6.0
[INFO] [stderr]     Checking picoserve v0.20.0
[INFO] [stderr]    Compiling esp-bootloader-esp-idf v0.6.0
[INFO] [stderr]     Checking bluetemp-ota v0.1.0 (/opt/rustwide/workdir/crates/bluetemp-ota)
[INFO] [stderr]     Checking half v2.7.1
[INFO] [stderr]     Checking sht4x v0.2.0
[INFO] [stderr]     Checking bluetemp v0.1.0 (/opt/rustwide/workdir)
[INFO] [stdout] error[E0433]: cannot find module or crate `esp_hal` in this scope
[INFO] [stdout]  --> src/board.rs:3:5
[INFO] [stdout]   |
[INFO] [stdout] 3 | use esp_hal::{
[INFO] [stdout]   |     ^^^^^^^ use of unresolved module or unlinked crate `esp_hal`
[INFO] [stdout]   |
[INFO] [stdout]   = help: if you wanted to use a crate named `esp_hal`, use `cargo add esp_hal` to add it to your `Cargo.toml`
[INFO] [stdout] 
[INFO] [stdout] 
[INFO] [stdout] error[E0432]: unresolved import `esp_storage`
[INFO] [stdout]   --> src/board.rs:10:5
[INFO] [stdout]    |
[INFO] [stdout] 10 | use esp_storage::FlashStorage;
[INFO] [stdout]    |     ^^^^^^^^^^^ use of unresolved module or unlinked crate `esp_storage`
[INFO] [stdout]    |
[INFO] [stdout]    = help: if you wanted to use a crate named `esp_storage`, use `cargo add esp_storage` to add it to your `Cargo.toml`
[INFO] [stdout] 
[INFO] [stdout] 
[INFO] [stdout] error[E0432]: unresolved import `static_cell`
[INFO] [stdout]   --> src/board.rs:11:5
[INFO] [stdout]    |
[INFO] [stdout] 11 | use static_cell::ConstStaticCell;
[INFO] [stdout]    |     ^^^^^^^^^^^ use of unresolved module or unlinked crate `static_cell`
[INFO] [stdout]    |
[INFO] [stdout]    = help: if you wanted to use a crate named `static_cell`, use `cargo add static_cell` to add it to your `Cargo.toml`
[INFO] [stdout] 
[INFO] [stdout] 
[INFO] [stdout] error[E0432]: unresolved import `embassy_executor`
[INFO] [stdout]  --> src/http.rs:9:5
[INFO] [stdout]   |
[INFO] [stdout] 9 | use embassy_executor::Spawner;
[INFO] [stdout]   |     ^^^^^^^^^^^^^^^^ use of unresolved module or unlinked crate `embassy_executor`
[INFO] [stdout]   |
[INFO] [stdout]   = help: if you wanted to use a crate named `embassy_executor`, use `cargo add embassy_executor` to add it to your `Cargo.toml`
[INFO] [stdout] 
[INFO] [stdout] 
[INFO] [stdout] error[E0433]: cannot find module or crate `embassy_net` in this scope
[INFO] [stdout]   --> src/http.rs:10:5
[INFO] [stdout]    |
[INFO] [stdout] 10 | use embassy_net::{Stack, tcp::TcpSocket};
[INFO] [stdout]    |     ^^^^^^^^^^^ use of unresolved module or unlinked crate `embassy_net`
[INFO] [stdout]    |
[INFO] [stdout]    = help: if you wanted to use a crate named `embassy_net`, use `cargo add embassy_net` to add it to your `Cargo.toml`
[INFO] [stdout] 
[INFO] [stdout] 
[INFO] [stdout] error[E0432]: unresolved import `embassy_net`
[INFO] [stdout]   --> src/http.rs:10:5
[INFO] [stdout]    |
[INFO] [stdout] 10 | use embassy_net::{Stack, tcp::TcpSocket};
[INFO] [stdout]    |     ^^^^^^^^^^^ use of unresolved module or unlinked crate `embassy_net`
[INFO] [stdout]    |
[INFO] [stdout]    = help: if you wanted to use a crate named `embassy_net`, use `cargo add embassy_net` to add it to your `Cargo.toml`
[INFO] [stdout] 
[INFO] [stdout] 
[INFO] [stdout] error[E0432]: unresolved import `esp_storage`
[INFO] [stdout]   --> src/http.rs:14:5
[INFO] [stdout]    |
[INFO] [stdout] 14 | use esp_storage::FlashStorage;
[INFO] [stdout]    |     ^^^^^^^^^^^ use of unresolved module or unlinked crate `esp_storage`
[INFO] [stdout]    |
[INFO] [stdout]    = help: if you wanted to use a crate named `esp_storage`, use `cargo add esp_storage` to add it to your `Cargo.toml`
[INFO] [stdout] 
[INFO] [stdout] 
[INFO] [stdout] error[E0432]: unresolved import `static_cell`
[INFO] [stdout]   --> src/http.rs:15:5
[INFO] [stdout]    |
[INFO] [stdout] 15 | use static_cell::StaticCell;
[INFO] [stdout]    |     ^^^^^^^^^^^ use of unresolved module or unlinked crate `static_cell`
[INFO] [stdout]    |
[INFO] [stdout]    = help: if you wanted to use a crate named `static_cell`, use `cargo add static_cell` to add it to your `Cargo.toml`
[INFO] [stdout] 
[INFO] [stdout] 
[INFO] [stdout] error[E0433]: cannot find module or crate `embassy_futures` in this scope
[INFO] [stdout]  --> src/network.rs:3:5
[INFO] [stdout]   |
[INFO] [stdout] 3 | use embassy_futures::select::select;
[INFO] [stdout]   |     ^^^^^^^^^^^^^^^ use of unresolved module or unlinked crate `embassy_futures`
[INFO] [stdout]   |
[INFO] [stdout] help: there is a crate or module with a similar name
[INFO] [stdout]   |
[INFO] [stdout] 3 - use embassy_futures::select::select;
[INFO] [stdout] 3 + use embassy_time::select::select;
[INFO] [stdout]   |
[INFO] [stdout] 
[INFO] [stdout] 
[INFO] [stdout] error[E0432]: unresolved import `embassy_executor`
[INFO] [stdout]  --> src/network.rs:2:5
[INFO] [stdout]   |
[INFO] [stdout] 2 | use embassy_executor::Spawner;
[INFO] [stdout]   |     ^^^^^^^^^^^^^^^^ use of unresolved module or unlinked crate `embassy_executor`
[INFO] [stdout]   |
[INFO] [stdout]   = help: if you wanted to use a crate named `embassy_executor`, use `cargo add embassy_executor` to add it to your `Cargo.toml`
[INFO] [stdout] 
[INFO] [stdout] 
[INFO] [stdout] error[E0432]: unresolved import `embassy_net`
[INFO] [stdout]  --> src/network.rs:4:5
[INFO] [stdout]   |
[INFO] [stdout] 4 | use embassy_net::{Runner, Stack, StackResources};
[INFO] [stdout]   |     ^^^^^^^^^^^ use of unresolved module or unlinked crate `embassy_net`
[INFO] [stdout]   |
[INFO] [stdout]   = help: if you wanted to use a crate named `embassy_net`, use `cargo add embassy_net` to add it to your `Cargo.toml`
[INFO] [stdout] 
[INFO] [stdout] 
[INFO] [stdout] error[E0432]: unresolved import `static_cell`
[INFO] [stdout]  --> src/network.rs:5:5
[INFO] [stdout]   |
[INFO] [stdout] 5 | use static_cell::StaticCell;
[INFO] [stdout]   |     ^^^^^^^^^^^ use of unresolved module or unlinked crate `static_cell`
[INFO] [stdout]   |
[INFO] [stdout]   = help: if you wanted to use a crate named `static_cell`, use `cargo add static_cell` to add it to your `Cargo.toml`
[INFO] [stdout] 
[INFO] [stdout] 
[INFO] [stdout] error[E0433]: cannot find module or crate `esp_hal` in this scope
[INFO] [stdout]  --> src/phy.rs:4:5
[INFO] [stdout]   |
[INFO] [stdout] 4 | use esp_hal::ethernet::{
[INFO] [stdout]   |     ^^^^^^^ use of unresolved module or unlinked crate `esp_hal`
[INFO] [stdout]   |
[INFO] [stdout]   = help: if you wanted to use a crate named `esp_hal`, use `cargo add esp_hal` to add it to your `Cargo.toml`
[INFO] [stdout] 
[INFO] [stdout] 
[INFO] [stdout] error[E0433]: cannot find module or crate `esp_hal` in this scope
[INFO] [stdout]  --> src/watchdog.rs:6:5
[INFO] [stdout]   |
[INFO] [stdout] 6 | use esp_hal::rtc_cntl::{Rwdt, RwdtStage};
[INFO] [stdout]   |     ^^^^^^^ use of unresolved module or unlinked crate `esp_hal`
[INFO] [stdout]   |
[INFO] [stdout]   = help: if you wanted to use a crate named `esp_hal`, use `cargo add esp_hal` to add it to your `Cargo.toml`
[INFO] [stdout] 
[INFO] [stdout] 
[INFO] [stdout] error[E0432]: unresolved import `esp_storage`
[INFO] [stdout]  --> src/ota.rs:7:5
[INFO] [stdout]   |
[INFO] [stdout] 7 | use esp_storage::FlashStorage;
[INFO] [stdout]   |     ^^^^^^^^^^^ use of unresolved module or unlinked crate `esp_storage`
[INFO] [stdout]   |
[INFO] [stdout]   = help: if you wanted to use a crate named `esp_storage`, use `cargo add esp_storage` to add it to your `Cargo.toml`
[INFO] [stdout] 
[INFO] [stdout] 
[INFO] [stdout] error[E0432]: unresolved import `embassy_executor`
[INFO] [stdout]   --> src/main.rs:13:5
[INFO] [stdout]    |
[INFO] [stdout] 13 | use embassy_executor::Spawner;
[INFO] [stdout]    |     ^^^^^^^^^^^^^^^^ use of unresolved module or unlinked crate `embassy_executor`
[INFO] [stdout]    |
[INFO] [stdout]    = help: if you wanted to use a crate named `embassy_executor`, use `cargo add embassy_executor` to add it to your `Cargo.toml`
[INFO] [stdout] 
[INFO] [stdout] 
[INFO] [stdout] error[E0432]: unresolved import `esp_backtrace`
[INFO] [stdout]   --> src/main.rs:15:5
[INFO] [stdout]    |
[INFO] [stdout] 15 | use esp_backtrace as _;
[INFO] [stdout]    |     -------------^^^^^
[INFO] [stdout]    |     |
[INFO] [stdout]    |     no external crate `esp_backtrace`
[INFO] [stdout] 
[INFO] [stdout] 
[INFO] [stdout] error[E0433]: cannot find module or crate `esp_println` in this scope
[INFO] [stdout]   --> src/board.rs:31:5
[INFO] [stdout]    |
[INFO] [stdout] 31 |     esp_println::println!(
[INFO] [stdout]    |     ^^^^^^^^^^^ use of unresolved module or unlinked crate `esp_println`
[INFO] [stdout] 
[INFO] [stdout] 
[INFO] [stdout] error[E0433]: cannot find module or crate `esp_println` in this scope
[INFO] [stdout]   --> src/board.rs:36:5
[INFO] [stdout]    |
[INFO] [stdout] 36 |     esp_println::println!(
[INFO] [stdout]    |     ^^^^^^^^^^^ use of unresolved module or unlinked crate `esp_println`
[INFO] [stdout] 
[INFO] [stdout] 
[INFO] [stdout] error[E0433]: cannot find module or crate `esp_println` in this scope
[INFO] [stdout]   --> src/board.rs:49:5
[INFO] [stdout]    |
[INFO] [stdout] 49 |     esp_println::println!("Ethernet MAC {:02x?}", mac);
[INFO] [stdout]    |     ^^^^^^^^^^^ use of unresolved module or unlinked crate `esp_println`
[INFO] [stdout] 
[INFO] [stdout] 
[INFO] [stdout] error[E0433]: cannot find module or crate `embassy_executor` in this scope
[INFO] [stdout]   --> src/http.rs:64:3
[INFO] [stdout]    |
[INFO] [stdout] 64 | #[embassy_executor::task(pool_size = 2)]
[INFO] [stdout]    |   ^^^^^^^^^^^^^^^^ use of unresolved module or unlinked crate `embassy_executor`
[INFO] [stdout] 
[INFO] [stdout] 
[INFO] [stdout] error[E0433]: cannot find module or crate `embassy_executor` in this scope
[INFO] [stdout]   --> src/http.rs:95:3
[INFO] [stdout]    |
[INFO] [stdout] 95 | #[embassy_executor::task]
[INFO] [stdout]    |   ^^^^^^^^^^^^^^^^ use of unresolved module or unlinked crate `embassy_executor`
[INFO] [stdout] 
[INFO] [stdout] 
[INFO] [stdout] error[E0433]: cannot find module or crate `esp_println` in this scope
[INFO] [stdout]    --> src/http.rs:105:9
[INFO] [stdout]     |
[INFO] [stdout] 105 |         esp_println::println!("HTTP {:?}: connection failed or timed out", id);
[INFO] [stdout]     |         ^^^^^^^^^^^ use of unresolved module or unlinked crate `esp_println`
[INFO] [stdout] 
[INFO] [stdout] 
[INFO] [stdout] error[E0433]: cannot find module or crate `esp_println` in this scope
[INFO] [stdout]    --> src/http.rs:111:9
[INFO] [stdout]     |
[INFO] [stdout] 111 |         esp_println::println!("OTA failed: {:?}", error);
[INFO] [stdout]     |         ^^^^^^^^^^^ use of unresolved module or unlinked crate `esp_println`
[INFO] [stdout] 
[INFO] [stdout] 
[INFO] [stdout] error[E0433]: cannot find module or crate `embassy_executor` in this scope
[INFO] [stdout]   --> src/network.rs:22:3
[INFO] [stdout]    |
[INFO] [stdout] 22 | #[embassy_executor::task]
[INFO] [stdout]    |   ^^^^^^^^^^^^^^^^ use of unresolved module or unlinked crate `embassy_executor`
[INFO] [stdout] 
[INFO] [stdout] 
[INFO] [stdout] error[E0433]: cannot find module or crate `esp_println` in this scope
[INFO] [stdout]   --> src/network.rs:28:5
[INFO] [stdout]    |
[INFO] [stdout] 28 |     esp_println::println!("Ethernet started; waiting for link and DHCP");
[INFO] [stdout]    |     ^^^^^^^^^^^ use of unresolved module or unlinked crate `esp_println`
[INFO] [stdout] 
[INFO] [stdout] 
[INFO] [stdout] error[E0433]: cannot find module or crate `esp_println` in this scope
[INFO] [stdout]   --> src/network.rs:31:9
[INFO] [stdout]    |
[INFO] [stdout] 31 |         esp_println::println!("Network link={} IPv4={:?}", status.0, status.1);
[INFO] [stdout]    |         ^^^^^^^^^^^ use of unresolved module or unlinked crate `esp_println`
[INFO] [stdout] 
[INFO] [stdout] 
[INFO] [stdout] error[E0433]: cannot find module or crate `esp_println` in this scope
[INFO] [stdout]   --> src/ota.rs:14:5
[INFO] [stdout]    |
[INFO] [stdout] 14 |     esp_println::println!("OTA: {} bytes requested", request.content_length);
[INFO] [stdout]    |     ^^^^^^^^^^^ use of unresolved module or unlinked crate `esp_println`
[INFO] [stdout] 
[INFO] [stdout] 
[INFO] [stdout] error[E0433]: cannot find module or crate `embassy_executor` in this scope
[INFO] [stdout]   --> src/sensor.rs:13:3
[INFO] [stdout]    |
[INFO] [stdout] 13 | #[embassy_executor::task]
[INFO] [stdout]    |   ^^^^^^^^^^^^^^^^ use of unresolved module or unlinked crate `embassy_executor`
[INFO] [stdout] 
[INFO] [stdout] 
[INFO] [stdout] error[E0433]: cannot find module or crate `esp_println` in this scope
[INFO] [stdout]   --> src/sensor.rs:61:9
[INFO] [stdout]    |
[INFO] [stdout] 61 |         esp_println::println!("sensor read failed; errors={}", reading.errors);
[INFO] [stdout]    |         ^^^^^^^^^^^ use of unresolved module or unlinked crate `esp_println`
[INFO] [stdout] 
[INFO] [stdout] 
[INFO] [stdout] error[E0433]: cannot find module or crate `embassy_executor` in this scope
[INFO] [stdout]   --> src/watchdog.rs:50:3
[INFO] [stdout]    |
[INFO] [stdout] 50 | #[embassy_executor::task]
[INFO] [stdout]    |   ^^^^^^^^^^^^^^^^ use of unresolved module or unlinked crate `embassy_executor`
[INFO] [stdout] 
[INFO] [stdout] 
[INFO] [stdout] error[E0433]: cannot find module or crate `esp_println` in this scope
[INFO] [stdout]   --> src/watchdog.rs:62:9
[INFO] [stdout]    |
[INFO] [stdout] 62 |         esp_println::println!("WATCHDOG: task progress deadline missed; waiting for RTC reset");
[INFO] [stdout]    |         ^^^^^^^^^^^ use of unresolved module or unlinked crate `esp_println`
[INFO] [stdout] 
[INFO] [stdout] 
[INFO] [stdout] error[E0433]: cannot find module or crate `esp_bootloader_esp_idf` in this scope
[INFO] [stdout]   --> src/main.rs:17:1
[INFO] [stdout]    |
[INFO] [stdout] 17 | esp_bootloader_esp_idf::esp_app_desc!();
[INFO] [stdout]    | ^^^^^^^^^^^^^^^^^^^^^^ use of unresolved module or unlinked crate `esp_bootloader_esp_idf`
[INFO] [stdout] 
[INFO] [stdout] 
[INFO] [stdout] error[E0433]: cannot find module or crate `esp_rtos` in this scope
[INFO] [stdout]   --> src/main.rs:19:3
[INFO] [stdout]    |
[INFO] [stdout] 19 | #[esp_rtos::main]
[INFO] [stdout]    |   ^^^^^^^^ use of unresolved module or unlinked crate `esp_rtos`
[INFO] [stdout] 
[INFO] [stdout] 
[INFO] [stdout] error[E0433]: cannot find module or crate `embassy_executor` in this scope
[INFO] [stdout]   --> src/main.rs:33:3
[INFO] [stdout]    |
[INFO] [stdout] 33 | #[embassy_executor::task]
[INFO] [stdout]    |   ^^^^^^^^^^^^^^^^ use of unresolved module or unlinked crate `embassy_executor`
[INFO] [stdout] 
[INFO] [stdout] 
[INFO] [stdout] error[E0433]: cannot find module or crate `esp_println` in this scope
[INFO] [stdout]   --> src/main.rs:38:9
[INFO] [stdout]    |
[INFO] [stdout] 38 |         esp_println::println!(
[INFO] [stdout]    |         ^^^^^^^^^^^ use of unresolved module or unlinked crate `esp_println`
[INFO] [stdout] 
[INFO] [stdout] 
[INFO] [stdout] error[E0433]: cannot find module or crate `esp_hal` in this scope
[INFO] [stdout]   --> src/board.rs:30:27
[INFO] [stdout]    |
[INFO] [stdout] 30 |     crate::watchdog::init(esp_hal::rtc_cntl::Rtc::new(p.RTC_TIMER).rwdt);
[INFO] [stdout]    |                           ^^^^^^^ use of unresolved module or unlinked crate `esp_hal`
[INFO] [stdout]    |
[INFO] [stdout]    = help: if you wanted to use a crate named `esp_hal`, use `cargo add esp_hal` to add it to your `Cargo.toml`
[INFO] [stdout] 
[INFO] [stdout] 
[INFO] [stdout] error[E0433]: cannot find module or crate `esp_hal` in this scope
[INFO] [stdout]   --> src/board.rs:46:25
[INFO] [stdout]    |
[INFO] [stdout] 46 |     mac.copy_from_slice(esp_hal::efuse::base_mac_address().as_bytes());
[INFO] [stdout]    |                         ^^^^^^^ use of unresolved module or unlinked crate `esp_hal`
[INFO] [stdout]    |
[INFO] [stdout]    = help: if you wanted to use a crate named `esp_hal`, use `cargo add esp_hal` to add it to your `Cargo.toml`
[INFO] [stdout] 
[INFO] [stdout] 
[INFO] [stdout] error[E0433]: cannot find module or crate `esp_hal` in this scope
[INFO] [stdout]   --> src/http.rs:28:29
[INFO] [stdout]    |
[INFO] [stdout] 28 |         mac.copy_from_slice(esp_hal::efuse::base_mac_address().as_bytes());
[INFO] [stdout]    |                             ^^^^^^^ use of unresolved module or unlinked crate `esp_hal`
[INFO] [stdout]    |
[INFO] [stdout]    = help: if you wanted to use a crate named `esp_hal`, use `cargo add esp_hal` to add it to your `Cargo.toml`
[INFO] [stdout] 
[INFO] [stdout] 
[INFO] [stdout] error[E0433]: cannot find module or crate `esp_hal` in this scope
[INFO] [stdout]    --> src/http.rs:100:5
[INFO] [stdout]     |
[INFO] [stdout] 100 |     esp_hal::system::software_reset();
[INFO] [stdout]     |     ^^^^^^^ use of unresolved module or unlinked crate `esp_hal`
[INFO] [stdout]     |
[INFO] [stdout]     = help: if you wanted to use a crate named `esp_hal`, use `cargo add esp_hal` to add it to your `Cargo.toml`
[INFO] [stdout] 
[INFO] [stdout] 
[INFO] [stdout] error[E0433]: cannot find module or crate `esp_hal` in this scope
[INFO] [stdout]   --> src/watchdog.rs:24:9
[INFO] [stdout]    |
[INFO] [stdout] 24 |         esp_hal::system::software_reset()
[INFO] [stdout]    |         ^^^^^^^ use of unresolved module or unlinked crate `esp_hal`
[INFO] [stdout]    |
[INFO] [stdout]    = help: if you wanted to use a crate named `esp_hal`, use `cargo add esp_hal` to add it to your `Cargo.toml`
[INFO] [stdout] 
[INFO] [stdout] 
[INFO] [stdout] error[E0433]: cannot find module or crate `esp_println` in this scope
[INFO] [stdout]   --> src/main.rs:21:5
[INFO] [stdout]    |
[INFO] [stdout] 21 |     esp_println::logger::init_logger_from_env();
[INFO] [stdout]    |     ^^^^^^^^^^^ use of unresolved module or unlinked crate `esp_println`
[INFO] [stdout]    |
[INFO] [stdout]    = help: if you wanted to use a crate named `esp_println`, use `cargo add esp_println` to add it to your `Cargo.toml`
[INFO] [stdout] 
[INFO] [stdout] 
[INFO] [stdout] error[E0433]: cannot find module or crate `esp_hal` in this scope
[INFO] [stdout]   --> src/board.rs:28:27
[INFO] [stdout]    |
[INFO] [stdout] 28 |     let p = esp_hal::init(esp_hal::Config::default().with_cpu_clock(CpuClock::_160MHz));
[INFO] [stdout]    |                           ^^^^^^^ use of unresolved module or unlinked crate `esp_hal`
[INFO] [stdout]    |
[INFO] [stdout]    = help: if you wanted to use a crate named `esp_hal`, use `cargo add esp_hal` to add it to your `Cargo.toml`
[INFO] [stdout] help: consider importing this struct
[INFO] [stdout]    |
[INFO] [stdout]  2 + use picoserve::Config;
[INFO] [stdout]    |
[INFO] [stdout] help: if you import `Config`, refer to it directly
[INFO] [stdout]    |
[INFO] [stdout] 28 -     let p = esp_hal::init(esp_hal::Config::default().with_cpu_clock(CpuClock::_160MHz));
[INFO] [stdout] 28 +     let p = esp_hal::init(Config::default().with_cpu_clock(CpuClock::_160MHz));
[INFO] [stdout]    |
[INFO] [stdout] 
[INFO] [stdout] 
[INFO] [stdout] error[E0433]: cannot find module or crate `esp_hal` in this scope
[INFO] [stdout]   --> src/network.rs:10:15
[INFO] [stdout]    |
[INFO] [stdout] 10 |     let rng = esp_hal::rng::Rng::new();
[INFO] [stdout]    |               ^^^^^^^ use of unresolved module or unlinked crate `esp_hal`
[INFO] [stdout]    |
[INFO] [stdout]    = help: if you wanted to use a crate named `esp_hal`, use `cargo add esp_hal` to add it to your `Cargo.toml`
[INFO] [stdout] help: consider importing this trait
[INFO] [stdout]    |
[INFO] [stdout]  1 + use core::random::Rng;
[INFO] [stdout]    |
[INFO] [stdout] help: if you import `Rng`, refer to it directly
[INFO] [stdout]    |
[INFO] [stdout] 10 -     let rng = esp_hal::rng::Rng::new();
[INFO] [stdout] 10 +     let rng = Rng::new();
[INFO] [stdout]    |
[INFO] [stdout] 
[INFO] [stdout] 
[INFO] [stdout] error[E0433]: cannot find module or crate `embassy_net` in this scope
[INFO] [stdout]   --> src/network.rs:14:9
[INFO] [stdout]    |
[INFO] [stdout] 14 |         embassy_net::Config::dhcpv4(Default::default()),
[INFO] [stdout]    |         ^^^^^^^^^^^ use of unresolved module or unlinked crate `embassy_net`
[INFO] [stdout]    |
[INFO] [stdout]    = help: if you wanted to use a crate named `embassy_net`, use `cargo add embassy_net` to add it to your `Cargo.toml`
[INFO] [stdout] help: consider importing this struct
[INFO] [stdout]    |
[INFO] [stdout]  1 + use picoserve::Config;
[INFO] [stdout]    |
[INFO] [stdout] help: if you import `Config`, refer to it directly
[INFO] [stdout]    |
[INFO] [stdout] 14 -         embassy_net::Config::dhcpv4(Default::default()),
[INFO] [stdout] 14 +         Config::dhcpv4(Default::default()),
[INFO] [stdout]    |
[INFO] [stdout] 
[INFO] [stdout] 
[INFO] [stdout] error[E0433]: cannot find module or crate `esp_hal` in this scope
[INFO] [stdout]   --> src/watchdog.rs:14:13
[INFO] [stdout]    |
[INFO] [stdout] 14 |             esp_hal::time::Duration::from_micros(timeout.as_micros()),
[INFO] [stdout]    |             ^^^^^^^ use of unresolved module or unlinked crate `esp_hal`
[INFO] [stdout]    |
[INFO] [stdout]    = help: if you wanted to use a crate named `esp_hal`, use `cargo add esp_hal` to add it to your `Cargo.toml`
[INFO] [stdout] help: consider importing one of these structs
[INFO] [stdout]    |
[INFO] [stdout]  2 + use crate::Duration;
[INFO] [stdout]    |
[INFO] [stdout]  2 + use core::time::Duration;
[INFO] [stdout]    |
[INFO] [stdout]  2 + use embassy_time::Duration;
[INFO] [stdout]    |
[INFO] [stdout]  2 + use picoserve::time::Duration;
[INFO] [stdout]    |
[INFO] [stdout] help: if you import `Duration`, refer to it directly
[INFO] [stdout]    |
[INFO] [stdout] 14 -             esp_hal::time::Duration::from_micros(timeout.as_micros()),
[INFO] [stdout] 14 +             Duration::from_micros(timeout.as_micros()),
[INFO] [stdout]    |
[INFO] [stdout] 
[INFO] [stdout] 
[INFO] [stdout] error[E0433]: cannot find module or crate `esp_hal` in this scope
[INFO] [stdout]   --> src/board.rs:15:40
[INFO] [stdout]    |
[INFO] [stdout] 15 | pub type EthDriver = Ethernet<'static, esp_hal::Async, TimedPhy>;
[INFO] [stdout]    |                                        ^^^^^^^ use of unresolved module or unlinked crate `esp_hal`
[INFO] [stdout]    |
[INFO] [stdout]    = help: if you wanted to use a crate named `esp_hal`, use `cargo add esp_hal` to add it to your `Cargo.toml`
[INFO] [stdout] 
[INFO] [stdout] 
[INFO] [stdout] error[E0433]: cannot find module or crate `esp_hal` in this scope
[INFO] [stdout]   --> src/board.rs:16:38
[INFO] [stdout]    |
[INFO] [stdout] 16 | pub type SensorBus = UartRx<'static, esp_hal::Async>;
[INFO] [stdout]    |                                      ^^^^^^^ use of unresolved module or unlinked crate `esp_hal`
[INFO] [stdout]    |
[INFO] [stdout]    = help: if you wanted to use a crate named `esp_hal`, use `cargo add esp_hal` to add it to your `Cargo.toml`
[INFO] [stdout] 
[INFO] [stdout] 
[INFO] [stdout] error[E0433]: cannot find module or crate `esp_hal` in this scope
[INFO] [stdout]   --> src/board.rs:28:13
[INFO] [stdout]    |
[INFO] [stdout] 28 |     let p = esp_hal::init(esp_hal::Config::default().with_cpu_clock(CpuClock::_160MHz));
[INFO] [stdout]    |             ^^^^^^^ use of unresolved module or unlinked crate `esp_hal`
[INFO] [stdout]    |
[INFO] [stdout]    = help: if you wanted to use a crate named `esp_hal`, use `cargo add esp_hal` to add it to your `Cargo.toml`
[INFO] [stdout] 
[INFO] [stdout] 
[INFO] [stdout] error[E0433]: cannot find module or crate `esp_rtos` in this scope
[INFO] [stdout]   --> src/board.rs:41:5
[INFO] [stdout]    |
[INFO] [stdout] 41 |     esp_rtos::start(timers.timer0, p.FROM_CPU_INTR0);
[INFO] [stdout]    |     ^^^^^^^^ use of unresolved module or unlinked crate `esp_rtos`
[INFO] [stdout]    |
[INFO] [stdout]    = help: if you wanted to use a crate named `esp_rtos`, use `cargo add esp_rtos` to add it to your `Cargo.toml`
[INFO] [stdout] 
[INFO] [stdout] 
[INFO] [stdout] error[E0433]: cannot find module or crate `embassy_net` in this scope
[INFO] [stdout]   --> src/network.rs:12:27
[INFO] [stdout]    |
[INFO] [stdout] 12 |     let (stack, runner) = embassy_net::new(
[INFO] [stdout]    |                           ^^^^^^^^^^^ use of unresolved module or unlinked crate `embassy_net`
[INFO] [stdout]    |
[INFO] [stdout]    = help: if you wanted to use a crate named `embassy_net`, use `cargo add embassy_net` to add it to your `Cargo.toml`
[INFO] [stdout] 
[INFO] [stdout] 
[INFO] [stdout] error[E0433]: cannot find module or crate `embassy_net` in this scope
[INFO] [stdout]   --> src/main.rs:34:26
[INFO] [stdout]    |
[INFO] [stdout] 34 | async fn periodic(stack: embassy_net::Stack<'static>) {
[INFO] [stdout]    |                          ^^^^^^^^^^^ use of unresolved module or unlinked crate `embassy_net`
[INFO] [stdout]    |
[INFO] [stdout]    = help: if you wanted to use a crate named `embassy_net`, use `cargo add embassy_net` to add it to your `Cargo.toml`
[INFO] [stdout] 
[INFO] [stdout] 
[INFO] [stdout] Some errors have detailed explanations: E0432, E0433.
[INFO] [stdout] 
[INFO] [stdout] For more information about an error, try `rustc --explain E0432`.
[INFO] [stdout] 
[INFO] [stderr] error: could not compile `bluetemp` (bin "bluetemp") due to 52 previous errors
[INFO] [stderr] warning: build failed, waiting for other jobs to finish...
[INFO] running `Command { std: "docker" "inspect" "d96be2dfd83ac3d05e9cff31bdd4240d3a7b93ddde015766a56dc82161ccc6c1", kill_on_drop: false }`
[INFO] running `Command { std: "docker" "rm" "-f" "d96be2dfd83ac3d05e9cff31bdd4240d3a7b93ddde015766a56dc82161ccc6c1", kill_on_drop: false }`
[INFO] [stdout] d96be2dfd83ac3d05e9cff31bdd4240d3a7b93ddde015766a56dc82161ccc6c1
