[INFO] cloning repository https://github.com/luisoncpp/meetings-myself
[INFO] running `Command { std: "git" "-c" "credential.helper=" "-c" "credential.helper=/workspace/cargo-home/bin/git-credential-null" "clone" "--bare" "https://github.com/luisoncpp/meetings-myself" "/workspace/cache/git-repos/https%3A%2F%2Fgithub.com%2Fluisoncpp%2Fmeetings-myself", kill_on_drop: false }`
[INFO] [stderr] Cloning into bare repository '/workspace/cache/git-repos/https%3A%2F%2Fgithub.com%2Fluisoncpp%2Fmeetings-myself'...
[INFO] running `Command { std: "git" "rev-parse" "HEAD", kill_on_drop: false }`
[INFO] [stdout] cefc6b800e0349d718c24f22d7aaa49b391db258
[INFO] checking luisoncpp/meetings-myself against 3154cc1a3e6424e44f438a95007d043ed5ceaaf6 for pr-133502-30
[INFO] running `Command { std: "git" "clone" "/workspace/cache/git-repos/https%3A%2F%2Fgithub.com%2Fluisoncpp%2Fmeetings-myself" "/workspace/builds/worker-7-tc2/source", kill_on_drop: false }`
[INFO] [stderr] Cloning into '/workspace/builds/worker-7-tc2/source'...
[INFO] [stderr] done.
[INFO] removed /workspace/builds/worker-7-tc2/source/.cargo/config.toml
[INFO] started tweaking git repo https://github.com/luisoncpp/meetings-myself
[INFO] finished tweaking git repo https://github.com/luisoncpp/meetings-myself
[INFO] tweaked toml for git repo https://github.com/luisoncpp/meetings-myself written to /workspace/builds/worker-7-tc2/source/Cargo.toml
[INFO] validating manifest of git repo https://github.com/luisoncpp/meetings-myself on toolchain 3154cc1a3e6424e44f438a95007d043ed5ceaaf6
[INFO] running `Command { std: CARGO_HOME="/workspace/cargo-home" RUSTUP_HOME="/workspace/rustup-home" "/workspace/cargo-home/bin/cargo" "+3154cc1a3e6424e44f438a95007d043ed5ceaaf6" "metadata" "--manifest-path" "Cargo.toml" "--no-deps", kill_on_drop: false }`
[INFO] crate git repo https://github.com/luisoncpp/meetings-myself already has a lockfile, it will not be regenerated
[INFO] running `Command { std: CARGO_HOME="/workspace/cargo-home" RUSTUP_HOME="/workspace/rustup-home" "/workspace/cargo-home/bin/cargo" "+3154cc1a3e6424e44f438a95007d043ed5ceaaf6" "fetch" "--manifest-path" "Cargo.toml", kill_on_drop: false }`
[INFO] running `Command { std: "docker" "create" "-v" "/var/lib/crater-agent-workspace/builds/worker-7-tc2/source:/opt/rustwide/workdir:ro,Z" "-v" "/var/lib/crater-agent-workspace/builds/worker-7-tc2/target:/opt/rustwide/target:rw,Z" "-v" "/var/lib/crater-agent-workspace/cargo-home:/opt/rustwide/cargo-home:ro,Z" "-v" "/var/lib/crater-agent-workspace/rustup-home:/opt/rustwide/rustup-home:ro,Z" "-m" "1610612736" "--network" "none" "ghcr.io/rust-lang/crates-build-env/linux@sha256:77db811e55d90add9212f6832c23229e3de5f1c1f9905e8cb07319ea15df73ac" "sleep" "infinity", kill_on_drop: false }`
[INFO] [stdout] c3b88bc00b174d478642e00240ea459326206e206908d81a2ba64132d37e8fcd
[INFO] running `Command { std: "docker" "start" "c3b88bc00b174d478642e00240ea459326206e206908d81a2ba64132d37e8fcd", kill_on_drop: false }`
[INFO] running `Command { std: "docker" "inspect" "c3b88bc00b174d478642e00240ea459326206e206908d81a2ba64132d37e8fcd", kill_on_drop: false }`
[INFO] running `Command { std: "docker" "exec" "-e" "SOURCE_DIR=/opt/rustwide/workdir" "-e" "CARGO_HOME=/opt/rustwide/cargo-home" "-e" "RUSTUP_HOME=/opt/rustwide/rustup-home" "-e" "CARGO_TARGET_DIR=/opt/rustwide/target" "-w" "/opt/rustwide/workdir" "--user" "0:0" "c3b88bc00b174d478642e00240ea459326206e206908d81a2ba64132d37e8fcd" "/opt/rustwide/cargo-home/bin/cargo" "+3154cc1a3e6424e44f438a95007d043ed5ceaaf6" "metadata" "--no-deps" "--format-version=1", kill_on_drop: false }`
[INFO] running `Command { std: "docker" "inspect" "c3b88bc00b174d478642e00240ea459326206e206908d81a2ba64132d37e8fcd", kill_on_drop: false }`
[INFO] running `Command { std: "docker" "exec" "-e" "SOURCE_DIR=/opt/rustwide/workdir" "-e" "CARGO_HOME=/opt/rustwide/cargo-home" "-e" "RUSTUP_HOME=/opt/rustwide/rustup-home" "-e" "CARGO_TARGET_DIR=/opt/rustwide/target" "-e" "CARGO_INCREMENTAL=0" "-e" "RUST_BACKTRACE=full" "-e" "RUSTFLAGS=--cap-lints=forbid" "-e" "RUSTDOCFLAGS=--cap-lints=forbid" "-w" "/opt/rustwide/workdir" "--user" "0:0" "c3b88bc00b174d478642e00240ea459326206e206908d81a2ba64132d37e8fcd" "/opt/rustwide/cargo-home/bin/cargo" "+3154cc1a3e6424e44f438a95007d043ed5ceaaf6" "check" "--frozen" "--all" "--all-targets" "--message-format=json", kill_on_drop: false }`
[INFO] [stderr]    Compiling proc-macro2 v1.0.107
[INFO] [stderr]    Compiling smallvec v1.15.2
[INFO] [stderr]    Compiling serde_core v1.0.229
[INFO] [stderr]    Compiling serde v1.0.229
[INFO] [stderr]    Compiling phf_shared v0.13.1
[INFO] [stderr]     Checking bitflags v2.13.1
[INFO] [stderr]    Compiling serde_json v1.0.151
[INFO] [stderr]    Compiling winnow v1.0.4
[INFO] [stderr]     Checking parking_lot v0.12.5
[INFO] [stderr]    Compiling percent-encoding v2.3.2
[INFO] [stderr]    Compiling form_urlencoded v1.2.2
[INFO] [stderr]    Compiling cfg-expr v0.15.8
[INFO] [stderr]    Compiling parking_lot_core v0.9.12
[INFO] [stderr]    Compiling tendril v0.5.1
[INFO] [stderr]    Compiling phf_generator v0.13.1
[INFO] [stderr]    Compiling toml_parser v1.1.3+spec-1.1.0
[INFO] [stderr]    Compiling indexmap v1.9.3
[INFO] [stderr]    Compiling phf_codegen v0.13.1
[INFO] [stderr]    Compiling camino v1.2.5
[INFO] [stderr]    Compiling selectors v0.36.1
[INFO] [stderr]    Compiling alloc-stdlib v0.2.4
[INFO] [stderr]    Compiling quote v1.0.47
[INFO] [stderr]    Compiling syn v1.0.109
[INFO] [stderr]    Compiling string_cache v0.9.0
[INFO] [stderr]    Compiling time-macros v0.2.32
[INFO] [stderr]    Compiling time v0.3.55
[INFO] [stderr]    Compiling syn v3.0.3
[INFO] [stderr]    Compiling syn v2.0.119
[INFO] [stderr]    Compiling string_cache_codegen v0.6.1
[INFO] [stderr]    Compiling proc-macro-error-attr v1.0.4
[INFO] [stderr]    Compiling proc-macro-error v1.0.4
[INFO] [stderr]    Compiling brotli-decompressor v5.0.3
[INFO] [stderr]    Compiling web_atoms v0.2.5
[INFO] [stderr]    Compiling http v1.5.0
[INFO] [stderr]    Compiling heapless v0.8.0
[INFO] [stderr]    Compiling brotli v8.0.4
[INFO] [stderr]     Checking i_float v1.15.0
[INFO] [stderr]     Checking semver v1.0.28
[INFO] [stderr]     Checking i_shape v1.14.0
[INFO] [stderr]     Checking itertools v0.11.0
[INFO] [stderr]     Checking approx v0.5.1
[INFO] [stderr]    Compiling serde_spanned v1.1.1
[INFO] [stderr]    Compiling rustc_version v0.4.1
[INFO] [stderr]    Compiling uuid v1.24.0
[INFO] [stderr]    Compiling toml_datetime v1.1.1+spec-1.1.0
[INFO] [stderr]    Compiling cfb v0.7.3
[INFO] [stderr]    Compiling toml v1.1.4+spec-1.1.0
[INFO] [stderr]    Compiling erased-serde v0.4.10
[INFO] [stderr]     Checking robust v1.2.0
[INFO] [stderr]    Compiling infer v0.19.0
[INFO] [stderr]     Checking arrayvec v0.7.8
[INFO] [stderr]    Compiling rust_decimal v1.42.1
[INFO] [stderr]    Compiling serde-untagged v0.1.9
[INFO] [stderr]     Checking i_tree v0.16.0
[INFO] [stderr]     Checking i_key_sort v0.6.0
[INFO] [stderr]    Compiling either v1.17.0
[INFO] [stderr]     Checking spade v2.15.1
[INFO] [stderr]     Checking earcutr v0.4.3
[INFO] [stderr]     Checking i_overlay v4.0.7
[INFO] [stderr]    Compiling itertools v0.14.0
[INFO] [stderr]    Compiling field-offset v0.3.6
[INFO] [stderr]    Compiling toml_datetime v0.7.5+spec-1.1.0
[INFO] [stderr]    Compiling synstructure v0.13.2
[INFO] [stderr]    Compiling serde_derive v1.0.229
[INFO] [stderr]    Compiling displaydoc v0.2.7
[INFO] [stderr]    Compiling thiserror-impl v2.0.19
[INFO] [stderr]    Compiling tokio-macros v2.7.2
[INFO] [stderr]    Compiling darling_core v0.23.0
[INFO] [stderr]    Compiling bytemuck_derive v1.12.0
[INFO] [stderr]    Compiling serde_derive_internals v0.29.1
[INFO] [stderr]    Compiling async-trait v0.1.91
[INFO] [stderr]     Checking num-integer v0.1.46
[INFO] [stderr]     Checking thiserror v2.0.19
[INFO] [stderr]    Compiling zerofrom-derive v0.1.7
[INFO] [stderr]    Compiling yoke-derive v0.8.2
[INFO] [stderr]    Compiling zerovec-derive v0.11.3
[INFO] [stderr]    Compiling futures-macro v0.3.33
[INFO] [stderr]    Compiling thiserror-impl v1.0.69
[INFO] [stderr]    Compiling phf_macros v0.13.1
[INFO] [stderr]     Checking futures-util v0.3.33
[INFO] [stderr]    Compiling zerocopy-derive v0.8.56
[INFO] [stderr]    Compiling zerofrom v0.1.8
[INFO] [stderr]    Compiling yoke v0.8.3
[INFO] [stderr]     Checking thiserror v1.0.69
[INFO] [stderr]    Compiling phf v0.13.1
[INFO] [stderr]    Compiling cssparser-macros v0.6.1
[INFO] [stderr]    Compiling zerovec v0.11.6
[INFO] [stderr]    Compiling zerotrie v0.2.4
[INFO] [stderr]    Compiling darling_macro v0.23.0
[INFO] [stderr]     Checking tinystr v0.8.3
[INFO] [stderr]    Compiling potential_utf v0.1.5
[INFO] [stderr]    Compiling icu_collections v2.2.0
[INFO] [stderr]     Checking icu_locale_core v2.2.0
[INFO] [stderr]     Checking bytes v1.12.1
[INFO] [stderr]    Compiling toml_datetime v0.6.3
[INFO] [stderr]    Compiling serde_spanned v0.6.9
[INFO] [stderr]    Compiling darling v0.23.0
[INFO] [stderr]    Compiling toml_edit v0.20.2
[INFO] [stderr]     Checking zerocopy v0.8.56
[INFO] [stderr]    Compiling serde_with_macros v3.21.0
[INFO] [stderr]     Checking icu_provider v2.2.0
[INFO] [stderr]     Checking tokio v1.53.1
[INFO] [stderr]     Checking icu_properties v2.2.0
[INFO] [stderr]    Compiling icu_normalizer v2.2.0
[INFO] [stderr]     Checking futures-executor v0.3.33
[INFO] [stderr]    Compiling derive_more-impl v2.1.1
[INFO] [stderr]    Compiling markup5ever v0.38.0
[INFO] [stderr]     Checking chrono v0.4.45
[INFO] [stderr]    Compiling cssparser v0.36.0
[INFO] [stderr]     Checking idna_adapter v1.2.2
[INFO] [stderr]     Checking idna v1.1.0
[INFO] [stderr]    Compiling tracing-attributes v0.1.31
[INFO] [stderr]    Compiling derive_more v2.1.1
[INFO] [stderr]    Compiling toml v0.8.2
[INFO] [stderr]    Compiling proc-macro-crate v2.0.2
[INFO] [stderr]    Compiling system-deps v6.2.2
[INFO] [stderr]     Checking url v2.5.8
[INFO] [stderr]     Checking tracing v0.1.44
[INFO] [stderr]    Compiling html5ever v0.38.0
[INFO] [stderr]    Compiling glib-macros v0.18.5
[INFO] [stderr]    Compiling glib-sys v0.18.1
[INFO] [stderr]    Compiling gobject-sys v0.18.0
[INFO] [stderr]    Compiling gio-sys v0.18.1
[INFO] [stderr]    Compiling gdk-sys v0.18.2
[INFO] [stderr]    Compiling gdk-pixbuf-sys v0.18.0
[INFO] [stderr]    Compiling atk-sys v0.18.2
[INFO] [stderr]    Compiling pango-sys v0.18.0
[INFO] [stderr]    Compiling cairo-sys-rs v0.18.2
[INFO] [stderr]    Compiling gtk-sys v0.18.2
[INFO] [stderr]    Compiling jsonptr v0.6.3
[INFO] [stderr]    Compiling cargo-platform v0.1.9
[INFO] [stderr]     Checking bytemuck v1.25.2
[INFO] [stderr]    Compiling schemars_derive v0.8.22
[INFO] [stderr]    Compiling json-patch v3.0.1
[INFO] [stderr]    Compiling cargo_metadata v0.19.2
[INFO] [stderr]    Compiling dom_query v0.27.0
[INFO] [stderr]     Checking ppv-lite86 v0.2.21
[INFO] [stderr]    Compiling urlpattern v0.3.0
[INFO] [stderr]     Checking rand_chacha v0.9.0
[INFO] [stderr]     Checking tokio-util v0.7.19
[INFO] [stderr]     Checking rand v0.9.5
[INFO] [stderr]     Checking http-body v1.1.0
[INFO] [stderr]    Compiling serde_with v3.21.0
[INFO] [stderr]    Compiling schemars v0.8.22
[INFO] [stderr]    Compiling plist v1.10.0
[INFO] [stderr]     Checking rand_chacha v0.3.1
[INFO] [stderr]     Checking rand v0.8.7
[INFO] [stderr]     Checking rand_distr v0.5.1
[INFO] [stderr]     Checking h2 v0.4.15
[INFO] [stderr]     Checking glib v0.18.5
[INFO] [stderr]     Checking rstar v0.12.2
[INFO] [stderr]     Checking half v2.7.1
[INFO] [stderr]     Checking http-body-util v0.1.4
[INFO] [stderr]     Checking geo-types v0.7.20
[INFO] [stderr]    Compiling toml_edit v0.19.15
[INFO] [stderr]     Checking geographiclib-rs v0.2.7
[INFO] [stderr]     Checking float_next_after v1.0.0
[INFO] [stderr]     Checking sif-itree v0.4.1
[INFO] [stderr]    Compiling dirs-sys v0.5.0
[INFO] [stderr]    Compiling toml v0.9.12+spec-1.1.0
[INFO] [stderr]    Compiling aws-lc-sys v0.44.0
[INFO] [stderr]     Checking geo v0.32.0
[INFO] [stderr]    Compiling tauri-utils v2.9.3
[INFO] [stderr]     Checking axum-core v0.5.6
[INFO] [stderr]     Checking tower v0.5.3
[INFO] [stderr]    Compiling javascriptcore-rs-sys v1.1.1
[INFO] [stderr]    Compiling soup3-sys v0.5.0
[INFO] [stderr]     Checking hyper v1.11.0
[INFO] [stderr]    Compiling proc-macro-crate v1.3.1
[INFO] [stderr]    Compiling prost-derive v0.14.4
[INFO] [stderr]    Compiling pin-project-internal v1.1.13
[INFO] [stderr]    Compiling embed-resource v3.0.11
[INFO] [stderr]     Checking hyper-util v0.1.20
[INFO] [stderr]     Checking precomputed-hash v0.1.1
[INFO] [stderr]    Compiling gtk v0.18.2
[INFO] [stderr]     Checking axum v0.8.9
[INFO] [stderr]    Compiling tauri-winres v0.3.6
[INFO] [stderr]     Checking pin-project v1.1.13
[INFO] [stderr]    Compiling gtk3-macros v0.18.2
[INFO] [stderr]     Checking prost v0.14.4
[INFO] [stderr]    Compiling cargo_toml v0.22.3
[INFO] [stderr]    Compiling dirs v6.0.0
[INFO] [stderr]     Checking tokio-stream v0.1.19
[INFO] [stderr]     Checking hyper-timeout v0.5.2
[INFO] [stderr]    Compiling webkit2gtk-sys v2.0.2
[INFO] [stderr]    Compiling zeroize_derive v1.5.0
[INFO] [stderr]    Compiling flatbuffers v25.12.19
[INFO] [stderr]    Compiling matrixmultiply v0.3.11
[INFO] [stderr]     Checking password-hash v0.5.0
[INFO] [stderr]     Checking event-listener v5.4.2
[INFO] [stderr]     Checking rustix v1.1.4
[INFO] [stderr]     Checking zeroize v1.9.0
[INFO] [stderr]     Checking diskann-wide v0.54.0
[INFO] [stderr]     Checking roaring v0.11.4
[INFO] [stderr]     Checking gio v0.18.4
[INFO] [stdout] error[E0283]: type annotations needed
[INFO] [stdout]    --> /opt/rustwide/cargo-home/registry/src/index.crates.io-1949cf8c6b5b557f/diskann-wide-0.54.0/src/arch/x86_64/v3/mod.rs:435:82
[INFO] [stdout]     |
[INFO] [stdout] 435 |         let f: unsafe fn(Self, T0::Of<'_>) -> R = Self::run_function_with_1::<F, _, _>;
[INFO] [stdout]     |                                                                                  ^ cannot infer type
[INFO] [stdout]     |
[INFO] [stdout]     = note: the type must implement `AddLifetime`
[INFO] [stdout]     = help: the following types implement trait `AddLifetime`:
[INFO] [stdout]               As<T>
[INFO] [stdout]               Mut<T>
[INFO] [stdout]               String
[INFO] [stdout]               bool
[INFO] [stdout]               f32
[INFO] [stdout]               f64
[INFO] [stdout]               half::f16
[INFO] [stdout]               i16
[INFO] [stdout]             and 9 others
[INFO] [stdout] note: required by a bound in `V3::run_function_with_1`
[INFO] [stdout]    --> /opt/rustwide/cargo-home/registry/src/index.crates.io-1949cf8c6b5b557f/diskann-wide-0.54.0/src/arch/x86_64/v3/mod.rs:296:17
[INFO] [stdout]     |
[INFO] [stdout] 111 | impl V3 {
[INFO] [stdout] ...
[INFO] [stdout] 294 |         pub(super) unsafe fn run_function_with_1<F, T0, R>(self, x0: T0::Of<'_>) -> R
[INFO] [stdout] 295 |         where
[INFO] [stdout] 296 |             T0: AddLifetime,
[INFO] [stdout]     |                 ^^^^^^^^^^^ required by this bound in `V3::run_function_with_1`
[INFO] [stdout] 
[INFO] [stdout] 
[INFO] [stdout] error[E0283]: type annotations needed
[INFO] [stdout]    --> /opt/rustwide/cargo-home/registry/src/index.crates.io-1949cf8c6b5b557f/diskann-wide-0.54.0/src/arch/x86_64/v3/mod.rs:450:44
[INFO] [stdout]     |
[INFO] [stdout] 450 |             Self::run_function_with_2::<F, _, _, _>;
[INFO] [stdout]     |                                            ^ cannot infer type
[INFO] [stdout]     |
[INFO] [stdout]     = note: the type must implement `AddLifetime`
[INFO] [stdout]     = help: the following types implement trait `AddLifetime`:
[INFO] [stdout]               As<T>
[INFO] [stdout]               Mut<T>
[INFO] [stdout]               String
[INFO] [stdout]               bool
[INFO] [stdout]               f32
[INFO] [stdout]               f64
[INFO] [stdout]               half::f16
[INFO] [stdout]               i16
[INFO] [stdout]             and 9 others
[INFO] [stdout] note: required by a bound in `V3::run_function_with_2`
[INFO] [stdout]    --> /opt/rustwide/cargo-home/registry/src/index.crates.io-1949cf8c6b5b557f/diskann-wide-0.54.0/src/arch/x86_64/v3/mod.rs:313:17
[INFO] [stdout]     |
[INFO] [stdout] 111 | impl V3 {
[INFO] [stdout] ...
[INFO] [stdout] 307 |         pub(super) unsafe fn run_function_with_2<F, T0, T1, R>(
[INFO] [stdout] ...
[INFO] [stdout] 313 |             T0: AddLifetime,
[INFO] [stdout]     |                 ^^^^^^^^^^^ required by this bound in `V3::run_function_with_2`
[INFO] [stdout] 
[INFO] [stdout] 
[INFO] [stdout] error[E0283]: type annotations needed
[INFO] [stdout]    --> /opt/rustwide/cargo-home/registry/src/index.crates.io-1949cf8c6b5b557f/diskann-wide-0.54.0/src/arch/x86_64/v3/mod.rs:466:44
[INFO] [stdout]     |
[INFO] [stdout] 466 |             Self::run_function_with_3::<F, _, _, _, _>;
[INFO] [stdout]     |                                            ^ cannot infer type
[INFO] [stdout]     |
[INFO] [stdout]     = note: the type must implement `AddLifetime`
[INFO] [stdout]     = help: the following types implement trait `AddLifetime`:
[INFO] [stdout]               As<T>
[INFO] [stdout]               Mut<T>
[INFO] [stdout]               String
[INFO] [stdout]               bool
[INFO] [stdout]               f32
[INFO] [stdout]               f64
[INFO] [stdout]               half::f16
[INFO] [stdout]               i16
[INFO] [stdout]             and 9 others
[INFO] [stdout] note: required by a bound in `V3::run_function_with_3`
[INFO] [stdout]    --> /opt/rustwide/cargo-home/registry/src/index.crates.io-1949cf8c6b5b557f/diskann-wide-0.54.0/src/arch/x86_64/v3/mod.rs:332:17
[INFO] [stdout]     |
[INFO] [stdout] 111 | impl V3 {
[INFO] [stdout] ...
[INFO] [stdout] 325 |         pub(super) unsafe fn run_function_with_3<F, T0, T1, T2, R>(
[INFO] [stdout] ...
[INFO] [stdout] 332 |             T0: AddLifetime,
[INFO] [stdout]     |                 ^^^^^^^^^^^ required by this bound in `V3::run_function_with_3`
[INFO] [stdout] 
[INFO] [stdout] 
[INFO] [stdout] error[E0283]: type annotations needed
[INFO] [stdout]    --> /opt/rustwide/cargo-home/registry/src/index.crates.io-1949cf8c6b5b557f/diskann-wide-0.54.0/src/arch/x86_64/v4/mod.rs:540:82
[INFO] [stdout]     |
[INFO] [stdout] 540 |         let f: unsafe fn(Self, T0::Of<'_>) -> R = Self::run_function_with_1::<F, _, _>;
[INFO] [stdout]     |                                                                                  ^ cannot infer type
[INFO] [stdout]     |
[INFO] [stdout]     = note: the type must implement `AddLifetime`
[INFO] [stdout]     = help: the following types implement trait `AddLifetime`:
[INFO] [stdout]               As<T>
[INFO] [stdout]               Mut<T>
[INFO] [stdout]               String
[INFO] [stdout]               bool
[INFO] [stdout]               f32
[INFO] [stdout]               f64
[INFO] [stdout]               half::f16
[INFO] [stdout]               i16
[INFO] [stdout]             and 9 others
[INFO] [stdout] note: required by a bound in `v4::V4::run_function_with_1`
[INFO] [stdout]    --> /opt/rustwide/cargo-home/registry/src/index.crates.io-1949cf8c6b5b557f/diskann-wide-0.54.0/src/arch/x86_64/v4/mod.rs:401:17
[INFO] [stdout]     |
[INFO] [stdout] 213 | impl V4 {
[INFO] [stdout] ...
[INFO] [stdout] 399 |         pub(super) unsafe fn run_function_with_1<F, T0, R>(self, x0: T0::Of<'_>) -> R
[INFO] [stdout] 400 |         where
[INFO] [stdout] 401 |             T0: AddLifetime,
[INFO] [stdout]     |                 ^^^^^^^^^^^ required by this bound in `V4::run_function_with_1`
[INFO] [stdout] 
[INFO] [stdout] 
[INFO] [stdout] error[E0283]: type annotations needed
[INFO] [stdout]    --> /opt/rustwide/cargo-home/registry/src/index.crates.io-1949cf8c6b5b557f/diskann-wide-0.54.0/src/arch/x86_64/v4/mod.rs:555:44
[INFO] [stdout]     |
[INFO] [stdout] 555 |             Self::run_function_with_2::<F, _, _, _>;
[INFO] [stdout]     |                                            ^ cannot infer type
[INFO] [stdout]     |
[INFO] [stdout]     = note: the type must implement `AddLifetime`
[INFO] [stdout]     = help: the following types implement trait `AddLifetime`:
[INFO] [stdout]               As<T>
[INFO] [stdout]               Mut<T>
[INFO] [stdout]               String
[INFO] [stdout]               bool
[INFO] [stdout]               f32
[INFO] [stdout]               f64
[INFO] [stdout]               half::f16
[INFO] [stdout]               i16
[INFO] [stdout]             and 9 others
[INFO] [stdout] note: required by a bound in `v4::V4::run_function_with_2`
[INFO] [stdout]    --> /opt/rustwide/cargo-home/registry/src/index.crates.io-1949cf8c6b5b557f/diskann-wide-0.54.0/src/arch/x86_64/v4/mod.rs:418:17
[INFO] [stdout]     |
[INFO] [stdout] 213 | impl V4 {
[INFO] [stdout] ...
[INFO] [stdout] 412 |         pub(super) unsafe fn run_function_with_2<F, T0, T1, R>(
[INFO] [stdout] ...
[INFO] [stdout] 418 |             T0: AddLifetime,
[INFO] [stdout]     |                 ^^^^^^^^^^^ required by this bound in `V4::run_function_with_2`
[INFO] [stdout] 
[INFO] [stdout] 
[INFO] [stdout] error[E0283]: type annotations needed
[INFO] [stdout]    --> /opt/rustwide/cargo-home/registry/src/index.crates.io-1949cf8c6b5b557f/diskann-wide-0.54.0/src/arch/x86_64/v4/mod.rs:571:44
[INFO] [stdout]     |
[INFO] [stdout] 571 |             Self::run_function_with_3::<F, _, _, _, _>;
[INFO] [stdout]     |                                            ^ cannot infer type
[INFO] [stdout]     |
[INFO] [stdout]     = note: the type must implement `AddLifetime`
[INFO] [stdout]     = help: the following types implement trait `AddLifetime`:
[INFO] [stdout]               As<T>
[INFO] [stdout]               Mut<T>
[INFO] [stdout]               String
[INFO] [stdout]               bool
[INFO] [stdout]               f32
[INFO] [stdout]               f64
[INFO] [stdout]               half::f16
[INFO] [stdout]               i16
[INFO] [stdout]             and 9 others
[INFO] [stdout] note: required by a bound in `v4::V4::run_function_with_3`
[INFO] [stdout]    --> /opt/rustwide/cargo-home/registry/src/index.crates.io-1949cf8c6b5b557f/diskann-wide-0.54.0/src/arch/x86_64/v4/mod.rs:437:17
[INFO] [stdout]     |
[INFO] [stdout] 213 | impl V4 {
[INFO] [stdout] ...
[INFO] [stdout] 430 |         pub(super) unsafe fn run_function_with_3<F, T0, T1, T2, R>(
[INFO] [stdout] ...
[INFO] [stdout] 437 |             T0: AddLifetime,
[INFO] [stdout]     |                 ^^^^^^^^^^^ required by this bound in `V4::run_function_with_3`
[INFO] [stdout] 
[INFO] [stdout] 
[INFO] [stderr]     Checking cairo-rs v0.18.5
[INFO] [stderr]     Checking atk v0.18.2
[INFO] [stdout] For more information about this error, try `rustc --explain E0283`.
[INFO] [stdout] 
[INFO] [stderr] error: could not compile `diskann-wide` (lib) due to 6 previous errors
[INFO] [stderr] warning: build failed, waiting for other jobs to finish...
[INFO] running `Command { std: "docker" "inspect" "c3b88bc00b174d478642e00240ea459326206e206908d81a2ba64132d37e8fcd", kill_on_drop: false }`
[INFO] running `Command { std: "docker" "rm" "-f" "c3b88bc00b174d478642e00240ea459326206e206908d81a2ba64132d37e8fcd", kill_on_drop: false }`
[INFO] [stdout] c3b88bc00b174d478642e00240ea459326206e206908d81a2ba64132d37e8fcd
